[INFO] fetching crate absurdler 0.1.1...
[INFO] testing absurdler-0.1.1 against 1.69.0 for beta-1.70-1
[INFO] extracting crate absurdler 0.1.1 into /workspace/builds/worker-5-tc1/source
[INFO] validating manifest of crates.io crate absurdler 0.1.1 on toolchain 1.69.0
[INFO] running `Command { std: CARGO_HOME="/workspace/cargo-home" RUSTUP_HOME="/workspace/rustup-home" "/workspace/cargo-home/bin/cargo" "+1.69.0" "metadata" "--manifest-path" "Cargo.toml" "--no-deps", kill_on_drop: false }`
[INFO] started tweaking crates.io crate absurdler 0.1.1
[INFO] finished tweaking crates.io crate absurdler 0.1.1
[INFO] tweaked toml for crates.io crate absurdler 0.1.1 written to /workspace/builds/worker-5-tc1/source/Cargo.toml
[INFO] crate crates.io crate absurdler 0.1.1 already has a lockfile, it will not be regenerated
[INFO] running `Command { std: CARGO_HOME="/workspace/cargo-home" RUSTUP_HOME="/workspace/rustup-home" "/workspace/cargo-home/bin/cargo" "+1.69.0" "fetch" "--manifest-path" "Cargo.toml", kill_on_drop: false }`
[INFO] [stderr]     Blocking waiting for file lock on package cache
[INFO] [stderr]  Downloading crates ...
[INFO] [stderr]   Downloaded terminal_size v0.1.17
[INFO] [stderr]   Downloaded number_prefix v0.4.0
[INFO] [stderr]   Downloaded console v0.15.0
[INFO] [stderr]   Downloaded once_cell v1.10.0
[INFO] [stderr]   Downloaded indicatif v0.16.2
[INFO] [stderr]   Downloaded encode_unicode v0.3.6
[INFO] [stderr]   Downloaded regex v1.5.5
[INFO] [stderr]   Downloaded libc v0.2.121
[INFO] running `Command { std: "docker" "create" "-v" "/var/lib/crater-agent-workspace/builds/worker-5-tc1/target:/opt/rustwide/target:rw,Z" "-v" "/var/lib/crater-agent-workspace/builds/worker-5-tc1/source:/opt/rustwide/workdir:ro,Z" "-v" "/var/lib/crater-agent-workspace/cargo-home:/opt/rustwide/cargo-home:ro,Z" "-v" "/var/lib/crater-agent-workspace/rustup-home:/opt/rustwide/rustup-home:ro,Z" "-e" "SOURCE_DIR=/opt/rustwide/workdir" "-e" "CARGO_TARGET_DIR=/opt/rustwide/target" "-e" "CARGO_HOME=/opt/rustwide/cargo-home" "-e" "RUSTUP_HOME=/opt/rustwide/rustup-home" "-w" "/opt/rustwide/workdir" "-m" "1610612736" "--user" "0:0" "--network" "none" "ghcr.io/rust-lang/crates-build-env/linux@sha256:5ff2268d62e97bff2cde7d5815dd6ed5b47097566f13b8d0ca110b04b60e07ed" "/opt/rustwide/cargo-home/bin/cargo" "+1.69.0" "metadata" "--no-deps" "--format-version=1", kill_on_drop: false }`
[INFO] [stdout] 320246a6bfb5c6568f80f2c14392585d5a452ed7db591ee65740f3fce041f0cb
[INFO] running `Command { std: "docker" "start" "-a" "320246a6bfb5c6568f80f2c14392585d5a452ed7db591ee65740f3fce041f0cb", kill_on_drop: false }`
[INFO] running `Command { std: "docker" "inspect" "320246a6bfb5c6568f80f2c14392585d5a452ed7db591ee65740f3fce041f0cb", kill_on_drop: false }`
[INFO] running `Command { std: "docker" "rm" "-f" "320246a6bfb5c6568f80f2c14392585d5a452ed7db591ee65740f3fce041f0cb", kill_on_drop: false }`
[INFO] [stdout] 320246a6bfb5c6568f80f2c14392585d5a452ed7db591ee65740f3fce041f0cb
[INFO] running `Command { std: "docker" "create" "-v" "/var/lib/crater-agent-workspace/builds/worker-5-tc1/target:/opt/rustwide/target:rw,Z" "-v" "/var/lib/crater-agent-workspace/builds/worker-5-tc1/source:/opt/rustwide/workdir:ro,Z" "-v" "/var/lib/crater-agent-workspace/cargo-home:/opt/rustwide/cargo-home:ro,Z" "-v" "/var/lib/crater-agent-workspace/rustup-home:/opt/rustwide/rustup-home:ro,Z" "-e" "SOURCE_DIR=/opt/rustwide/workdir" "-e" "CARGO_TARGET_DIR=/opt/rustwide/target" "-e" "CARGO_INCREMENTAL=0" "-e" "RUST_BACKTRACE=full" "-e" "RUSTFLAGS=--cap-lints=warn" "-e" "RUSTDOCFLAGS=--cap-lints=warn" "-e" "CARGO_HOME=/opt/rustwide/cargo-home" "-e" "RUSTUP_HOME=/opt/rustwide/rustup-home" "-w" "/opt/rustwide/workdir" "-m" "1610612736" "--user" "0:0" "--network" "none" "ghcr.io/rust-lang/crates-build-env/linux@sha256:5ff2268d62e97bff2cde7d5815dd6ed5b47097566f13b8d0ca110b04b60e07ed" "/opt/rustwide/cargo-home/bin/cargo" "+1.69.0" "build" "--frozen" "--message-format=json", kill_on_drop: false }`
[INFO] [stdout] efecff4be4ebcd449c471f2cca63a8fcf1dd2dca6c03a73283ef9a4f07ef789c
[INFO] running `Command { std: "docker" "start" "-a" "efecff4be4ebcd449c471f2cca63a8fcf1dd2dca6c03a73283ef9a4f07ef789c", kill_on_drop: false }`
[INFO] [stderr]    Compiling libc v0.2.121
[INFO] [stderr]    Compiling once_cell v1.10.0
[INFO] [stderr]    Compiling regex-syntax v0.6.25
[INFO] [stderr]    Compiling number_prefix v0.4.0
[INFO] [stderr]    Compiling lazy_static v1.4.0
[INFO] [stderr]    Compiling terminal_size v0.1.17
[INFO] [stderr]    Compiling console v0.15.0
[INFO] [stderr]    Compiling regex v1.5.5
[INFO] [stderr]    Compiling indicatif v0.16.2
[INFO] [stderr]    Compiling absurdler v0.1.1 (/opt/rustwide/workdir)
[INFO] [stderr]     Finished dev [unoptimized + debuginfo] target(s) in 4.87s
[INFO] running `Command { std: "docker" "inspect" "efecff4be4ebcd449c471f2cca63a8fcf1dd2dca6c03a73283ef9a4f07ef789c", kill_on_drop: false }`
[INFO] running `Command { std: "docker" "rm" "-f" "efecff4be4ebcd449c471f2cca63a8fcf1dd2dca6c03a73283ef9a4f07ef789c", kill_on_drop: false }`
[INFO] [stdout] efecff4be4ebcd449c471f2cca63a8fcf1dd2dca6c03a73283ef9a4f07ef789c
[INFO] running `Command { std: "docker" "create" "-v" "/var/lib/crater-agent-workspace/builds/worker-5-tc1/target:/opt/rustwide/target:rw,Z" "-v" "/var/lib/crater-agent-workspace/builds/worker-5-tc1/source:/opt/rustwide/workdir:ro,Z" "-v" "/var/lib/crater-agent-workspace/cargo-home:/opt/rustwide/cargo-home:ro,Z" "-v" "/var/lib/crater-agent-workspace/rustup-home:/opt/rustwide/rustup-home:ro,Z" "-e" "SOURCE_DIR=/opt/rustwide/workdir" "-e" "CARGO_TARGET_DIR=/opt/rustwide/target" "-e" "CARGO_INCREMENTAL=0" "-e" "RUST_BACKTRACE=full" "-e" "RUSTFLAGS=--cap-lints=warn" "-e" "RUSTDOCFLAGS=--cap-lints=warn" "-e" "CARGO_HOME=/opt/rustwide/cargo-home" "-e" "RUSTUP_HOME=/opt/rustwide/rustup-home" "-w" "/opt/rustwide/workdir" "-m" "1610612736" "--user" "0:0" "--network" "none" "ghcr.io/rust-lang/crates-build-env/linux@sha256:5ff2268d62e97bff2cde7d5815dd6ed5b47097566f13b8d0ca110b04b60e07ed" "/opt/rustwide/cargo-home/bin/cargo" "+1.69.0" "test" "--frozen" "--no-run" "--message-format=json", kill_on_drop: false }`
[INFO] [stdout] 3c2d67d30743a8d295ec2fa9676d958436c7071777a6eeb9375501a76c02ee35
[INFO] running `Command { std: "docker" "start" "-a" "3c2d67d30743a8d295ec2fa9676d958436c7071777a6eeb9375501a76c02ee35", kill_on_drop: false }`
[INFO] [stderr]    Compiling absurdler v0.1.1 (/opt/rustwide/workdir)
[INFO] [stdout] error[E0425]: cannot find function `guess_entropy` in module `words`
[INFO] [stdout]   --> tests/test0.rs:35:31
[INFO] [stdout]    |
[INFO] [stdout] 35 |     let entropy: f64 = words::guess_entropy(guess.clone(), wordlist.clone());
[INFO] [stdout]    |                               ^^^^^^^^^^^^^ not found in `words`
[INFO] [stdout] 
[INFO] [stdout] 
[INFO] [stdout] warning: unused import: `std::env`
[INFO] [stdout]  --> tests/test0.rs:4:5
[INFO] [stdout]   |
[INFO] [stdout] 4 | use std::env;
[INFO] [stdout]   |     ^^^^^^^^
[INFO] [stdout]   |
[INFO] [stdout]   = note: `#[warn(unused_imports)]` on by default
[INFO] [stdout] 
[INFO] [stdout] 
[INFO] [stdout] error[E0061]: this function takes 0 arguments but 1 argument was supplied
[INFO] [stdout]   --> tests/test0.rs:23:20
[INFO] [stdout]    |
[INFO] [stdout] 23 |     let wordlist = words::get_words("src/words/words.txt");
[INFO] [stdout]    |                    ^^^^^^^^^^^^^^^^ ---------------------
[INFO] [stdout]    |                                     |
[INFO] [stdout]    |                                     unexpected argument of type `&'static str`
[INFO] [stdout]    |                                     help: remove the extra argument
[INFO] [stdout]    |
[INFO] [stdout] note: function defined here
[INFO] [stdout]   --> /opt/rustwide/workdir/src/util/words.rs:13:8
[INFO] [stdout]    |
[INFO] [stdout] 13 | pub fn get_words() -> Vec<String> {
[INFO] [stdout]    |        ^^^^^^^^^
[INFO] [stdout] 
[INFO] [stdout] 
[INFO] [stdout] error[E0061]: this function takes 0 arguments but 1 argument was supplied
[INFO] [stdout]   --> tests/test0.rs:33:20
[INFO] [stdout]    |
[INFO] [stdout] 33 |     let wordlist = words::get_words("src/words/words.txt");
[INFO] [stdout]    |                    ^^^^^^^^^^^^^^^^ ---------------------
[INFO] [stdout]    |                                     |
[INFO] [stdout]    |                                     unexpected argument of type `&'static str`
[INFO] [stdout]    |                                     help: remove the extra argument
[INFO] [stdout]    |
[INFO] [stdout] note: function defined here
[INFO] [stdout]   --> /opt/rustwide/workdir/src/util/words.rs:13:8
[INFO] [stdout]    |
[INFO] [stdout] 13 | pub fn get_words() -> Vec<String> {
[INFO] [stdout]    |        ^^^^^^^^^
[INFO] [stdout] 
[INFO] [stdout] 
[INFO] [stdout] error: aborting due to 3 previous errors; 1 warning emitted
[INFO] [stdout] 
[INFO] [stdout] 
[INFO] [stderr] error: could not compile `absurdler` due to 4 previous errors; 1 warning emitted
[INFO] [stdout] Some errors have detailed explanations: E0061, E0425.
[INFO] [stdout] 
[INFO] [stderr] warning: build failed, waiting for other jobs to finish...
[INFO] [stdout] For more information about an error, try `rustc --explain E0061`.
[INFO] [stdout] 
[INFO] running `Command { std: "docker" "inspect" "3c2d67d30743a8d295ec2fa9676d958436c7071777a6eeb9375501a76c02ee35", kill_on_drop: false }`
[INFO] running `Command { std: "docker" "rm" "-f" "3c2d67d30743a8d295ec2fa9676d958436c7071777a6eeb9375501a76c02ee35", kill_on_drop: false }`
[INFO] [stdout] 3c2d67d30743a8d295ec2fa9676d958436c7071777a6eeb9375501a76c02ee35
