[INFO] fetching crate abstract-os-factory 0.12.0...
[INFO] testing abstract-os-factory-0.12.0 against beta-2023-04-20 for beta-1.70-1
[INFO] extracting crate abstract-os-factory 0.12.0 into /workspace/builds/worker-1-tc2/source
[INFO] validating manifest of crates.io crate abstract-os-factory 0.12.0 on toolchain beta-2023-04-20
[INFO] running `Command { std: CARGO_HOME="/workspace/cargo-home" RUSTUP_HOME="/workspace/rustup-home" "/workspace/cargo-home/bin/cargo" "+beta-2023-04-20" "metadata" "--manifest-path" "Cargo.toml" "--no-deps", kill_on_drop: false }`
[INFO] removed /workspace/builds/worker-1-tc2/source/.cargo/config
[INFO] started tweaking crates.io crate abstract-os-factory 0.12.0
[INFO] finished tweaking crates.io crate abstract-os-factory 0.12.0
[INFO] tweaked toml for crates.io crate abstract-os-factory 0.12.0 written to /workspace/builds/worker-1-tc2/source/Cargo.toml
[INFO] crate crates.io crate abstract-os-factory 0.12.0 already has a lockfile, it will not be regenerated
[INFO] running `Command { std: CARGO_HOME="/workspace/cargo-home" RUSTUP_HOME="/workspace/rustup-home" "/workspace/cargo-home/bin/cargo" "+beta-2023-04-20" "fetch" "--manifest-path" "Cargo.toml", kill_on_drop: false }`
[INFO] [stderr]     Updating crates.io index
[INFO] [stderr]  Downloading crates ...
[INFO] [stderr]   Downloaded crunchy v0.2.2
[INFO] [stderr]   Downloaded block-buffer v0.10.4
[INFO] [stderr]   Downloaded serde-json-wasm v0.5.0
[INFO] [stderr]   Downloaded typenum v1.16.0
[INFO] [stderr]   Downloaded generic-array v0.14.6
[INFO] [stderr]   Downloaded serde v1.0.154
[INFO] [stderr]   Downloaded cosmwasm-schema v1.2.2
[INFO] [stderr]   Downloaded group v0.12.1
[INFO] [stderr]   Downloaded semver v1.0.16
[INFO] [stderr]   Downloaded unicode-ident v1.0.8
[INFO] [stderr]   Downloaded cosmwasm-crypto v1.2.2
[INFO] [stderr]   Downloaded prost-derive v0.9.0
[INFO] [stderr]   Downloaded rfc6979 v0.3.1
[INFO] [stderr]   Downloaded cw-asset v3.0.0
[INFO] [stderr]   Downloaded sha2 v0.9.9
[INFO] [stderr]   Downloaded prost v0.9.0
[INFO] [stderr]   Downloaded rand_core v0.5.1
[INFO] [stderr]   Downloaded either v1.8.1
[INFO] [stderr]   Downloaded convert_case v0.6.0
[INFO] [stderr]   Downloaded pkcs8 v0.9.0
[INFO] [stderr]   Downloaded ff v0.12.1
[INFO] [stderr]   Downloaded anyhow v1.0.69
[INFO] [stderr]   Downloaded cosmwasm-schema-derive v1.2.2
[INFO] [stderr]   Downloaded signature v1.6.4
[INFO] [stderr]   Downloaded block-buffer v0.9.0
[INFO] [stderr]   Downloaded unicode-segmentation v1.10.1
[INFO] [stderr]   Downloaded schemars v0.8.12
[INFO] [stderr]   Downloaded cw-semver v1.0.14
[INFO] [stderr]   Downloaded cw-address-like v1.0.4
[INFO] [stderr]   Downloaded spki v0.6.0
[INFO] [stderr]   Downloaded base16ct v0.1.1
[INFO] [stderr]   Downloaded cw-multi-test v0.16.2
[INFO] [stderr]   Downloaded hashbrown v0.12.3
[INFO] [stderr]   Downloaded cw-storage-plus v1.0.1
[INFO] [stderr]   Downloaded cosmwasm-std v1.2.2
[INFO] [stderr]   Downloaded serde_json v1.0.94
[INFO] [stderr]   Downloaded crypto-common v0.1.6
[INFO] [stderr]   Downloaded curve25519-dalek v3.2.0
[INFO] [stderr]   Downloaded itertools v0.10.5
[INFO] [stderr]   Downloaded opaque-debug v0.3.0
[INFO] [stderr]   Downloaded sec1 v0.3.0
[INFO] [stderr]   Downloaded syn v1.0.109
[INFO] [stderr]   Downloaded cw2 v1.0.1
[INFO] [stderr]   Downloaded cpufeatures v0.2.5
[INFO] [stderr]   Downloaded sha2 v0.10.6
[INFO] [stderr]   Downloaded base64 v0.13.1
[INFO] [stderr]   Downloaded num-bigint v0.4.3
[INFO] [stderr]   Downloaded num-rational v0.4.1
[INFO] [stderr]   Downloaded ahash v0.7.6
[INFO] [stderr]   Downloaded subtle v2.4.1
[INFO] [stderr]   Downloaded uint v0.9.5
[INFO] [stderr]   Downloaded cw20-base v1.0.1
[INFO] [stderr]   Downloaded cw-controllers v1.0.1
[INFO] [stderr]   Downloaded static_assertions v1.1.0
[INFO] [stderr]   Downloaded schemars_derive v0.8.12
[INFO] [stderr]   Downloaded proc-macro2 v1.0.51
[INFO] [stderr]   Downloaded serde_derive_internals v0.26.0
[INFO] [stderr]   Downloaded protobuf v2.28.0
[INFO] [stderr]   Downloaded serde_derive v1.0.154
[INFO] [stderr]   Downloaded ed25519-zebra v3.1.0
[INFO] [stderr]   Downloaded const-oid v0.9.2
[INFO] [stderr]   Downloaded getrandom v0.2.8
[INFO] [stderr]   Downloaded thiserror-impl v1.0.39
[INFO] [stderr]   Downloaded forward_ref v1.0.0
[INFO] [stderr]   Downloaded cw20 v1.0.1
[INFO] [stderr]   Downloaded bytes v1.4.0
[INFO] [stderr]   Downloaded thiserror v1.0.39
[INFO] [stderr]   Downloaded k256 v0.11.6
[INFO] [stderr]   Downloaded cw-utils v1.0.1
[INFO] [stderr]   Downloaded speculoos v0.11.0
[INFO] [stderr]   Downloaded derivative v2.2.0
[INFO] [stderr]   Downloaded cosmwasm-derive v1.2.2
[INFO] [stderr]   Downloaded digest v0.9.0
[INFO] [stderr]   Downloaded der v0.6.1
[INFO] [stderr]   Downloaded zeroize v1.5.7
[INFO] [stderr]   Downloaded abstract-macros v0.11.0
[INFO] [stderr]   Downloaded num-iter v0.1.43
[INFO] [stderr]   Downloaded once_cell v1.17.1
[INFO] [stderr]   Downloaded crypto-bigint v0.4.9
[INFO] [stderr]   Downloaded digest v0.10.6
[INFO] [stderr]   Downloaded ryu v1.0.13
[INFO] [stderr]   Downloaded abstract-ica v0.11.0
[INFO] [stderr]   Downloaded num-complex v0.4.3
[INFO] [stderr]   Downloaded boot-contract-derive v0.8.0-beta.1
[INFO] [stderr]   Downloaded ecdsa v0.14.8
[INFO] [stderr]   Downloaded rand_core v0.6.4
[INFO] [stderr]   Downloaded hex v0.4.3
[INFO] [stderr]   Downloaded itoa v1.0.6
[INFO] [stderr]   Downloaded base64ct v1.6.0
[INFO] [stderr]   Downloaded hmac v0.12.1
[INFO] [stderr]   Downloaded elliptic-curve v0.12.3
[INFO] [stderr]   Downloaded dyn-clone v1.0.11
[INFO] [stderr]   Downloaded num v0.4.0
[INFO] [stderr]   Downloaded abstract-os v0.12.0
[INFO] [stderr]   Downloaded boot-fns-derive v0.8.0-beta.1
[INFO] [stderr]   Downloaded abstract-sdk v0.12.0
[INFO] [stderr]   Downloaded boot-core v0.8.0-beta.1
[INFO] running `Command { std: "docker" "create" "-v" "/var/lib/crater-agent-workspace/builds/worker-1-tc2/target:/opt/rustwide/target:rw,Z" "-v" "/var/lib/crater-agent-workspace/builds/worker-1-tc2/source:/opt/rustwide/workdir:ro,Z" "-v" "/var/lib/crater-agent-workspace/cargo-home:/opt/rustwide/cargo-home:ro,Z" "-v" "/var/lib/crater-agent-workspace/rustup-home:/opt/rustwide/rustup-home:ro,Z" "-e" "SOURCE_DIR=/opt/rustwide/workdir" "-e" "CARGO_TARGET_DIR=/opt/rustwide/target" "-e" "CARGO_HOME=/opt/rustwide/cargo-home" "-e" "RUSTUP_HOME=/opt/rustwide/rustup-home" "-w" "/opt/rustwide/workdir" "-m" "1610612736" "--user" "0:0" "--network" "none" "ghcr.io/rust-lang/crates-build-env/linux@sha256:5ff2268d62e97bff2cde7d5815dd6ed5b47097566f13b8d0ca110b04b60e07ed" "/opt/rustwide/cargo-home/bin/cargo" "+beta-2023-04-20" "metadata" "--no-deps" "--format-version=1", kill_on_drop: false }`
[INFO] [stdout] 628682311bb372141da050d2e06ed21dae859bb6826946b85a4773c21ad89c1c
[INFO] running `Command { std: "docker" "start" "-a" "628682311bb372141da050d2e06ed21dae859bb6826946b85a4773c21ad89c1c", kill_on_drop: false }`
[INFO] running `Command { std: "docker" "inspect" "628682311bb372141da050d2e06ed21dae859bb6826946b85a4773c21ad89c1c", kill_on_drop: false }`
[INFO] running `Command { std: "docker" "rm" "-f" "628682311bb372141da050d2e06ed21dae859bb6826946b85a4773c21ad89c1c", kill_on_drop: false }`
[INFO] [stdout] 628682311bb372141da050d2e06ed21dae859bb6826946b85a4773c21ad89c1c
[INFO] running `Command { std: "docker" "create" "-v" "/var/lib/crater-agent-workspace/builds/worker-1-tc2/target:/opt/rustwide/target:rw,Z" "-v" "/var/lib/crater-agent-workspace/builds/worker-1-tc2/source:/opt/rustwide/workdir:ro,Z" "-v" "/var/lib/crater-agent-workspace/cargo-home:/opt/rustwide/cargo-home:ro,Z" "-v" "/var/lib/crater-agent-workspace/rustup-home:/opt/rustwide/rustup-home:ro,Z" "-e" "SOURCE_DIR=/opt/rustwide/workdir" "-e" "CARGO_TARGET_DIR=/opt/rustwide/target" "-e" "CARGO_INCREMENTAL=0" "-e" "RUST_BACKTRACE=full" "-e" "RUSTFLAGS=--cap-lints=warn" "-e" "RUSTDOCFLAGS=--cap-lints=warn" "-e" "CARGO_HOME=/opt/rustwide/cargo-home" "-e" "RUSTUP_HOME=/opt/rustwide/rustup-home" "-w" "/opt/rustwide/workdir" "-m" "1610612736" "--user" "0:0" "--network" "none" "ghcr.io/rust-lang/crates-build-env/linux@sha256:5ff2268d62e97bff2cde7d5815dd6ed5b47097566f13b8d0ca110b04b60e07ed" "/opt/rustwide/cargo-home/bin/cargo" "+beta-2023-04-20" "build" "--frozen" "--message-format=json", kill_on_drop: false }`
[INFO] [stdout] 3ea088b2fdcdce90278028b31e6bfe62949bfbb2def57d61bf979c652822d259
[INFO] running `Command { std: "docker" "start" "-a" "3ea088b2fdcdce90278028b31e6bfe62949bfbb2def57d61bf979c652822d259", kill_on_drop: false }`
[INFO] [stderr]    Compiling version_check v0.9.4
[INFO] [stderr]    Compiling proc-macro2 v1.0.51
[INFO] [stderr]    Compiling quote v1.0.23
[INFO] [stderr]    Compiling unicode-ident v1.0.8
[INFO] [stderr]    Compiling typenum v1.16.0
[INFO] [stderr]    Compiling syn v1.0.109
[INFO] [stderr]    Compiling cfg-if v1.0.0
[INFO] [stderr]    Compiling libc v0.2.139
[INFO] [stderr]    Compiling subtle v2.4.1
[INFO] [stderr]    Compiling zeroize v1.5.7
[INFO] [stderr]    Compiling serde_derive v1.0.154
[INFO] [stderr]    Compiling serde v1.0.154
[INFO] [stderr]    Compiling const-oid v0.9.2
[INFO] [stderr]    Compiling base64ct v1.6.0
[INFO] [stderr]    Compiling generic-array v0.14.6
[INFO] [stderr]    Compiling der v0.6.1
[INFO] [stderr]    Compiling ahash v0.7.6
[INFO] [stderr]    Compiling cpufeatures v0.2.5
[INFO] [stderr]    Compiling base16ct v0.1.1
[INFO] [stderr]    Compiling once_cell v1.17.1
[INFO] [stderr]    Compiling serde_json v1.0.94
[INFO] [stderr]    Compiling thiserror v1.0.39
[INFO] [stderr]    Compiling byteorder v1.4.3
[INFO] [stderr]    Compiling getrandom v0.2.8
[INFO] [stderr]    Compiling rand_core v0.5.1
[INFO] [stderr]    Compiling spki v0.6.0
[INFO] [stderr]    Compiling rand_core v0.6.4
[INFO] [stderr]    Compiling crunchy v0.2.2
[INFO] [stderr]    Compiling schemars v0.8.12
[INFO] [stderr]    Compiling ff v0.12.1
[INFO] [stderr]    Compiling pkcs8 v0.9.0
[INFO] [stderr]    Compiling itoa v1.0.6
[INFO] [stderr]    Compiling hex v0.4.3
[INFO] [stderr]    Compiling opaque-debug v0.3.0
[INFO] [stderr]    Compiling ryu v1.0.13
[INFO] [stderr]    Compiling group v0.12.1
[INFO] [stderr]    Compiling hashbrown v0.12.3
[INFO] [stderr]    Compiling dyn-clone v1.0.11
[INFO] [stderr]    Compiling static_assertions v1.1.0
[INFO] [stderr]    Compiling forward_ref v1.0.0
[INFO] [stderr]    Compiling uint v0.9.5
[INFO] [stderr]    Compiling base64 v0.13.1
[INFO] [stderr]    Compiling semver v1.0.16
[INFO] [stderr]    Compiling cw-semver v1.0.14
[INFO] [stderr]    Compiling protobuf v2.28.0
[INFO] [stderr]    Compiling crypto-common v0.1.6
[INFO] [stderr]    Compiling block-buffer v0.10.4
[INFO] [stderr]    Compiling crypto-bigint v0.4.9
[INFO] [stderr]    Compiling digest v0.10.6
[INFO] [stderr]    Compiling digest v0.9.0
[INFO] [stderr]    Compiling sec1 v0.3.0
[INFO] [stderr]    Compiling block-buffer v0.9.0
[INFO] [stderr]    Compiling curve25519-dalek v3.2.0
[INFO] [stderr]    Compiling hmac v0.12.1
[INFO] [stderr]    Compiling signature v1.6.4
[INFO] [stderr]    Compiling sha2 v0.9.9
[INFO] [stderr]    Compiling sha2 v0.10.6
[INFO] [stderr]    Compiling bytes v1.4.0
[INFO] [stderr]    Compiling rfc6979 v0.3.1
[INFO] [stderr]    Compiling elliptic-curve v0.12.3
[INFO] [stderr]    Compiling ecdsa v0.14.8
[INFO] [stderr]    Compiling k256 v0.11.6
[INFO] [stderr]    Compiling serde_derive_internals v0.26.0
[INFO] [stderr]    Compiling thiserror-impl v1.0.39
[INFO] [stderr]    Compiling derivative v2.2.0
[INFO] [stderr]    Compiling cosmwasm-derive v1.2.2
[INFO] [stderr]    Compiling cosmwasm-schema-derive v1.2.2
[INFO] [stderr]    Compiling abstract-macros v0.11.0
[INFO] [stderr]    Compiling schemars_derive v0.8.12
[INFO] [stderr]    Compiling ed25519-zebra v3.1.0
[INFO] [stderr]    Compiling serde-json-wasm v0.5.0
[INFO] [stderr]    Compiling cosmwasm-crypto v1.2.2
[INFO] [stderr]    Compiling cosmwasm-std v1.2.2
[INFO] [stderr]    Compiling cosmwasm-schema v1.2.2
[INFO] [stderr]    Compiling cw-storage-plus v1.0.1
[INFO] [stderr]    Compiling cw-address-like v1.0.4
[INFO] [stderr]    Compiling abstract-ica v0.11.0
[INFO] [stderr]    Compiling cw2 v1.0.1
[INFO] [stderr]    Compiling cw-utils v1.0.1
[INFO] [stderr]    Compiling cw20 v1.0.1
[INFO] [stderr]    Compiling cw-controllers v1.0.1
[INFO] [stderr]    Compiling cw-asset v3.0.0
[INFO] [stderr]    Compiling cw20-base v1.0.1
[INFO] [stderr]    Compiling abstract-os v0.12.0
[INFO] [stderr]    Compiling abstract-sdk v0.12.0
[INFO] [stderr]    Compiling abstract-os-factory v0.12.0 (/opt/rustwide/workdir)
[INFO] [stderr]     Finished dev [unoptimized + debuginfo] target(s) in 58.78s
[INFO] running `Command { std: "docker" "inspect" "3ea088b2fdcdce90278028b31e6bfe62949bfbb2def57d61bf979c652822d259", kill_on_drop: false }`
[INFO] running `Command { std: "docker" "rm" "-f" "3ea088b2fdcdce90278028b31e6bfe62949bfbb2def57d61bf979c652822d259", kill_on_drop: false }`
[INFO] [stdout] 3ea088b2fdcdce90278028b31e6bfe62949bfbb2def57d61bf979c652822d259
[INFO] running `Command { std: "docker" "create" "-v" "/var/lib/crater-agent-workspace/builds/worker-1-tc2/target:/opt/rustwide/target:rw,Z" "-v" "/var/lib/crater-agent-workspace/builds/worker-1-tc2/source:/opt/rustwide/workdir:ro,Z" "-v" "/var/lib/crater-agent-workspace/cargo-home:/opt/rustwide/cargo-home:ro,Z" "-v" "/var/lib/crater-agent-workspace/rustup-home:/opt/rustwide/rustup-home:ro,Z" "-e" "SOURCE_DIR=/opt/rustwide/workdir" "-e" "CARGO_TARGET_DIR=/opt/rustwide/target" "-e" "CARGO_INCREMENTAL=0" "-e" "RUST_BACKTRACE=full" "-e" "RUSTFLAGS=--cap-lints=warn" "-e" "RUSTDOCFLAGS=--cap-lints=warn" "-e" "CARGO_HOME=/opt/rustwide/cargo-home" "-e" "RUSTUP_HOME=/opt/rustwide/rustup-home" "-w" "/opt/rustwide/workdir" "-m" "1610612736" "--user" "0:0" "--network" "none" "ghcr.io/rust-lang/crates-build-env/linux@sha256:5ff2268d62e97bff2cde7d5815dd6ed5b47097566f13b8d0ca110b04b60e07ed" "/opt/rustwide/cargo-home/bin/cargo" "+beta-2023-04-20" "test" "--frozen" "--no-run" "--message-format=json", kill_on_drop: false }`
[INFO] [stdout] abdbc608018c9b1e819dc19c9ed91f6ac04b303cf5c7798de4e5800a19d9665b
[INFO] running `Command { std: "docker" "start" "-a" "abdbc608018c9b1e819dc19c9ed91f6ac04b303cf5c7798de4e5800a19d9665b", kill_on_drop: false }`
[INFO] [stderr]    Compiling syn v1.0.109
[INFO] [stderr]    Compiling autocfg v1.1.0
[INFO] [stderr]    Compiling anyhow v1.0.69
[INFO] [stderr]    Compiling either v1.8.1
[INFO] [stderr]    Compiling log v0.4.17
[INFO] [stderr]    Compiling unicode-segmentation v1.10.1
[INFO] [stderr]    Compiling itertools v0.10.5
[INFO] [stderr]    Compiling num-traits v0.2.15
[INFO] [stderr]    Compiling num-integer v0.1.45
[INFO] [stderr]    Compiling num-bigint v0.4.3
[INFO] [stderr]    Compiling num-iter v0.1.43
[INFO] [stderr]    Compiling num-rational v0.4.1
[INFO] [stderr]    Compiling convert_case v0.6.0
[INFO] [stderr]    Compiling num-complex v0.4.3
[INFO] [stderr]    Compiling num v0.4.0
[INFO] [stderr]    Compiling speculoos v0.11.0
[INFO] [stderr]    Compiling serde_derive_internals v0.26.0
[INFO] [stderr]    Compiling serde_derive v1.0.154
[INFO] [stderr]    Compiling thiserror-impl v1.0.39
[INFO] [stderr]    Compiling derivative v2.2.0
[INFO] [stderr]    Compiling cosmwasm-derive v1.2.2
[INFO] [stderr]    Compiling cosmwasm-schema-derive v1.2.2
[INFO] [stderr]    Compiling prost-derive v0.9.0
[INFO] [stderr]    Compiling abstract-macros v0.11.0
[INFO] [stderr]    Compiling schemars_derive v0.8.12
[INFO] [stderr]    Compiling boot-fns-derive v0.8.0-beta.1
[INFO] [stderr]    Compiling boot-contract-derive v0.8.0-beta.1
[INFO] [stderr]    Compiling thiserror v1.0.39
[INFO] [stderr]    Compiling prost v0.9.0
[INFO] [stderr]    Compiling serde v1.0.154
[INFO] [stderr]    Compiling serde_json v1.0.94
[INFO] [stderr]    Compiling ed25519-zebra v3.1.0
[INFO] [stderr]    Compiling serde-json-wasm v0.5.0
[INFO] [stderr]    Compiling semver v1.0.16
[INFO] [stderr]    Compiling cw-semver v1.0.14
[INFO] [stderr]    Compiling cosmwasm-crypto v1.2.2
[INFO] [stderr]    Compiling schemars v0.8.12
[INFO] [stderr]    Compiling cosmwasm-std v1.2.2
[INFO] [stderr]    Compiling cosmwasm-schema v1.2.2
[INFO] [stderr]    Compiling cw-storage-plus v1.0.1
[INFO] [stderr]    Compiling cw-address-like v1.0.4
[INFO] [stderr]    Compiling abstract-ica v0.11.0
[INFO] [stderr]    Compiling cw2 v1.0.1
[INFO] [stderr]    Compiling cw-utils v1.0.1
[INFO] [stderr]    Compiling cw20 v1.0.1
[INFO] [stderr]    Compiling cw-controllers v1.0.1
[INFO] [stderr]    Compiling cw-multi-test v0.16.2
[INFO] [stderr]    Compiling boot-core v0.8.0-beta.1
[INFO] [stderr]    Compiling cw-asset v3.0.0
[INFO] [stderr]    Compiling cw20-base v1.0.1
[INFO] [stderr]    Compiling abstract-os v0.12.0
[INFO] [stderr]    Compiling abstract-sdk v0.12.0
[INFO] [stderr]    Compiling abstract-os-factory v0.12.0 (/opt/rustwide/workdir)
[INFO] [stdout] error[E0432]: unresolved import `abstract_boot`
[INFO] [stdout]  --> tests/common/mod.rs:1:5
[INFO] [stdout]   |
[INFO] [stdout] 1 | use abstract_boot::{
[INFO] [stdout]   |     ^^^^^^^^^^^^^ use of undeclared crate or module `abstract_boot`
[INFO] [stdout]   |
[INFO] [stdout] help: there is a crate or module with a similar name
[INFO] [stdout]   |
[INFO] [stdout] 1 | use abstract_os::{
[INFO] [stdout]   |     ~~~~~~~~~~~
[INFO] [stdout] 
[INFO] [stdout] 
[INFO] [stdout] error[E0432]: unresolved import `abstract_boot`
[INFO] [stdout]  --> tests/create_os.rs:2:5
[INFO] [stdout]   |
[INFO] [stdout] 2 | use abstract_boot::{OsFactoryExecFns, OsFactoryQueryFns, VCQueryFns, OS, *};
[INFO] [stdout]   |     ^^^^^^^^^^^^^ use of undeclared crate or module `abstract_boot`
[INFO] [stdout]   |
[INFO] [stdout] help: there is a crate or module with a similar name
[INFO] [stdout]   |
[INFO] [stdout] 2 | use abstract_os::{OsFactoryExecFns, OsFactoryQueryFns, VCQueryFns, OS, *};
[INFO] [stdout]   |     ~~~~~~~~~~~
[INFO] [stdout] 
[INFO] [stdout] 
[INFO] [stdout] error[E0433]: failed to resolve: could not find `ans_host` in the list of imported crates
[INFO] [stdout]   --> tests/common/mod.rs:21:15
[INFO] [stdout]    |
[INFO] [stdout] 21 |             ::ans_host::contract::execute,
[INFO] [stdout]    |               ^^^^^^^^ could not find `ans_host` in the list of imported crates
[INFO] [stdout] 
[INFO] [stdout] 
[INFO] [stdout] error[E0433]: failed to resolve: could not find `ans_host` in the list of imported crates
[INFO] [stdout]   --> tests/common/mod.rs:22:15
[INFO] [stdout]    |
[INFO] [stdout] 22 |             ::ans_host::contract::instantiate,
[INFO] [stdout]    |               ^^^^^^^^ could not find `ans_host` in the list of imported crates
[INFO] [stdout] 
[INFO] [stdout] 
[INFO] [stdout] error[E0433]: failed to resolve: could not find `ans_host` in the list of imported crates
[INFO] [stdout]   --> tests/common/mod.rs:23:15
[INFO] [stdout]    |
[INFO] [stdout] 23 |             ::ans_host::contract::query,
[INFO] [stdout]    |               ^^^^^^^^ could not find `ans_host` in the list of imported crates
[INFO] [stdout] 
[INFO] [stdout] 
[INFO] [stdout] error[E0433]: failed to resolve: could not find `module_factory` in the list of imported crates
[INFO] [stdout]   --> tests/common/mod.rs:37:15
[INFO] [stdout]    |
[INFO] [stdout] 37 |             ::module_factory::contract::execute,
[INFO] [stdout]    |               ^^^^^^^^^^^^^^ could not find `module_factory` in the list of imported crates
[INFO] [stdout] 
[INFO] [stdout] 
[INFO] [stdout] error[E0433]: failed to resolve: could not find `module_factory` in the list of imported crates
[INFO] [stdout]   --> tests/common/mod.rs:38:15
[INFO] [stdout]    |
[INFO] [stdout] 38 |             ::module_factory::contract::instantiate,
[INFO] [stdout]    |               ^^^^^^^^^^^^^^ could not find `module_factory` in the list of imported crates
[INFO] [stdout] 
[INFO] [stdout] 
[INFO] [stdout] error[E0433]: failed to resolve: could not find `module_factory` in the list of imported crates
[INFO] [stdout]   --> tests/common/mod.rs:39:15
[INFO] [stdout]    |
[INFO] [stdout] 39 |             ::module_factory::contract::query,
[INFO] [stdout]    |               ^^^^^^^^^^^^^^ could not find `module_factory` in the list of imported crates
[INFO] [stdout] 
[INFO] [stdout] 
[INFO] [stdout] error[E0433]: failed to resolve: could not find `module_factory` in the list of imported crates
[INFO] [stdout]   --> tests/common/mod.rs:41:29
[INFO] [stdout]    |
[INFO] [stdout] 41 |         .with_reply_empty(::module_factory::contract::reply),
[INFO] [stdout]    |                             ^^^^^^^^^^^^^^ could not find `module_factory` in the list of imported crates
[INFO] [stdout] 
[INFO] [stdout] 
[INFO] [stdout] error[E0433]: failed to resolve: could not find `version_control` in the list of imported crates
[INFO] [stdout]   --> tests/common/mod.rs:46:15
[INFO] [stdout]    |
[INFO] [stdout] 46 |             ::version_control::contract::execute,
[INFO] [stdout]    |               ^^^^^^^^^^^^^^^ could not find `version_control` in the list of imported crates
[INFO] [stdout] 
[INFO] [stdout] 
[INFO] [stdout] error[E0433]: failed to resolve: could not find `version_control` in the list of imported crates
[INFO] [stdout]   --> tests/common/mod.rs:47:15
[INFO] [stdout]    |
[INFO] [stdout] 47 |             ::version_control::contract::instantiate,
[INFO] [stdout]    |               ^^^^^^^^^^^^^^^ could not find `version_control` in the list of imported crates
[INFO] [stdout] 
[INFO] [stdout] 
[INFO] [stdout] error[E0433]: failed to resolve: could not find `version_control` in the list of imported crates
[INFO] [stdout]   --> tests/common/mod.rs:48:15
[INFO] [stdout]    |
[INFO] [stdout] 48 |             ::version_control::contract::query,
[INFO] [stdout]    |               ^^^^^^^^^^^^^^^ could not find `version_control` in the list of imported crates
[INFO] [stdout] 
[INFO] [stdout] 
[INFO] [stdout] error[E0433]: failed to resolve: could not find `manager` in the list of imported crates
[INFO] [stdout]   --> tests/common/mod.rs:55:15
[INFO] [stdout]    |
[INFO] [stdout] 55 |             ::manager::contract::execute,
[INFO] [stdout]    |               ^^^^^^^ could not find `manager` in the list of imported crates
[INFO] [stdout] 
[INFO] [stdout] 
[INFO] [stdout] error[E0433]: failed to resolve: could not find `manager` in the list of imported crates
[INFO] [stdout]   --> tests/common/mod.rs:56:15
[INFO] [stdout]    |
[INFO] [stdout] 56 |             ::manager::contract::instantiate,
[INFO] [stdout]    |               ^^^^^^^ could not find `manager` in the list of imported crates
[INFO] [stdout] 
[INFO] [stdout] 
[INFO] [stdout] error[E0433]: failed to resolve: could not find `manager` in the list of imported crates
[INFO] [stdout]   --> tests/common/mod.rs:57:15
[INFO] [stdout]    |
[INFO] [stdout] 57 |             ::manager::contract::query,
[INFO] [stdout]    |               ^^^^^^^ could not find `manager` in the list of imported crates
[INFO] [stdout] 
[INFO] [stdout] 
[INFO] [stdout] error[E0433]: failed to resolve: could not find `proxy` in the list of imported crates
[INFO] [stdout]   --> tests/common/mod.rs:63:15
[INFO] [stdout]    |
[INFO] [stdout] 63 |             ::proxy::contract::execute,
[INFO] [stdout]    |               ^^^^^ could not find `proxy` in the list of imported crates
[INFO] [stdout] 
[INFO] [stdout] 
[INFO] [stdout] error[E0433]: failed to resolve: could not find `proxy` in the list of imported crates
[INFO] [stdout]   --> tests/common/mod.rs:64:15
[INFO] [stdout]    |
[INFO] [stdout] 64 |             ::proxy::contract::instantiate,
[INFO] [stdout]    |               ^^^^^ could not find `proxy` in the list of imported crates
[INFO] [stdout] 
[INFO] [stdout] 
[INFO] [stdout] error[E0433]: failed to resolve: could not find `proxy` in the list of imported crates
[INFO] [stdout]   --> tests/common/mod.rs:65:15
[INFO] [stdout]    |
[INFO] [stdout] 65 |             ::proxy::contract::query,
[INFO] [stdout]    |               ^^^^^ could not find `proxy` in the list of imported crates
[INFO] [stdout] 
[INFO] [stdout] 
[INFO] [stdout] warning: unused import: `ContractInstance`
[INFO] [stdout]  --> tests/common/mod.rs:6:17
[INFO] [stdout]   |
[INFO] [stdout] 6 | use boot_core::{ContractInstance, Mock};
[INFO] [stdout]   |                 ^^^^^^^^^^^^^^^^
[INFO] [stdout]   |
[INFO] [stdout]   = note: `#[warn(unused_imports)]` on by default
[INFO] [stdout] 
[INFO] [stdout] 
[INFO] [stdout] warning: unused import: `ContractInstance`
[INFO] [stdout]  --> tests/create_os.rs:7:51
[INFO] [stdout]   |
[INFO] [stdout] 7 |     IndexResponse, {instantiate_default_mock_env, ContractInstance},
[INFO] [stdout]   |                                                   ^^^^^^^^^^^^^^^^
[INFO] [stdout] 
[INFO] [stdout] 
[INFO] [stdout] warning: unused import: `IndexResponse`
[INFO] [stdout]  --> tests/create_os.rs:7:5
[INFO] [stdout]   |
[INFO] [stdout] 7 |     IndexResponse, {instantiate_default_mock_env, ContractInstance},
[INFO] [stdout]   |     ^^^^^^^^^^^^^
[INFO] [stdout] 
[INFO] [stdout] 
[INFO] [stdout] error: aborting due to 18 previous errors; 3 warnings emitted
[INFO] [stdout] 
[INFO] [stdout] 
[INFO] [stdout] Some errors have detailed explanations: E0432, E0433.
[INFO] [stdout] 
[INFO] [stdout] For more information about an error, try `rustc --explain E0432`.
[INFO] [stdout] 
[INFO] [stderr] error: could not compile `abstract-os-factory` (test "create_os") due to 19 previous errors; 3 warnings emitted
[INFO] [stderr] warning: build failed, waiting for other jobs to finish...
[INFO] running `Command { std: "docker" "inspect" "abdbc608018c9b1e819dc19c9ed91f6ac04b303cf5c7798de4e5800a19d9665b", kill_on_drop: false }`
[INFO] running `Command { std: "docker" "rm" "-f" "abdbc608018c9b1e819dc19c9ed91f6ac04b303cf5c7798de4e5800a19d9665b", kill_on_drop: false }`
[INFO] [stdout] abdbc608018c9b1e819dc19c9ed91f6ac04b303cf5c7798de4e5800a19d9665b
