[INFO] fetching crate PowerSession 0.1.7...
[INFO] testing PowerSession-0.1.7 against 1.69.0 for beta-1.70-1
[INFO] extracting crate PowerSession 0.1.7 into /workspace/builds/worker-5-tc1/source
[INFO] validating manifest of crates.io crate PowerSession 0.1.7 on toolchain 1.69.0
[INFO] running `Command { std: CARGO_HOME="/workspace/cargo-home" RUSTUP_HOME="/workspace/rustup-home" "/workspace/cargo-home/bin/cargo" "+1.69.0" "metadata" "--manifest-path" "Cargo.toml" "--no-deps", kill_on_drop: false }`
[INFO] started tweaking crates.io crate PowerSession 0.1.7
[INFO] finished tweaking crates.io crate PowerSession 0.1.7
[INFO] tweaked toml for crates.io crate PowerSession 0.1.7 written to /workspace/builds/worker-5-tc1/source/Cargo.toml
[INFO] crate crates.io crate PowerSession 0.1.7 already has a lockfile, it will not be regenerated
[INFO] running `Command { std: CARGO_HOME="/workspace/cargo-home" RUSTUP_HOME="/workspace/rustup-home" "/workspace/cargo-home/bin/cargo" "+1.69.0" "fetch" "--manifest-path" "Cargo.toml", kill_on_drop: false }`
[INFO] [stderr]  Downloading crates ...
[INFO] [stderr]   Downloaded wasm-bindgen-macro v0.2.80
[INFO] [stderr]   Downloaded rustc_version v0.2.3
[INFO] [stderr]   Downloaded serde_derive v1.0.144
[INFO] [stderr]   Downloaded serde v1.0.144
[INFO] [stderr]   Downloaded wasm-bindgen v0.2.80
[INFO] [stderr]   Downloaded http-body v0.4.5
[INFO] [stderr]   Downloaded wasm-bindgen-backend v0.2.80
[INFO] [stderr]   Downloaded windows_x86_64_gnu v0.37.0
[INFO] [stderr]   Downloaded dirs-sys-next v0.1.2
[INFO] [stderr]   Downloaded try-lock v0.2.3
[INFO] [stderr]   Downloaded uuid v1.1.2
[INFO] [stderr]   Downloaded dirs-next v1.0.2
[INFO] [stderr]   Downloaded wasm-bindgen-macro-support v0.2.80
[INFO] [stderr]   Downloaded hashbrown v0.11.2
[INFO] [stderr]   Downloaded clap_lex v0.2.2
[INFO] [stderr]   Downloaded windows_x86_64_msvc v0.37.0
[INFO] [stderr]   Downloaded colored v1.9.3
[INFO] [stderr]   Downloaded futures-io v0.3.21
[INFO] [stderr]   Downloaded futures-sink v0.3.21
[INFO] [stderr]   Downloaded futures-core v0.3.21
[INFO] [stderr]   Downloaded base64 v0.13.0
[INFO] [stderr]   Downloaded httpdate v1.0.2
[INFO] [stderr]   Downloaded rustc_version_runtime v0.2.1
[INFO] [stderr]   Downloaded bumpalo v3.9.1
[INFO] [stderr]   Downloaded fastrand v1.7.0
[INFO] [stderr]   Downloaded futures-task v0.3.21
[INFO] [stderr]   Downloaded slab v0.4.6
[INFO] [stderr]   Downloaded httparse v1.7.1
[INFO] [stderr]   Downloaded form_urlencoded v1.0.1
[INFO] [stderr]   Downloaded winreg v0.10.1
[INFO] [stderr]   Downloaded percent-encoding v2.1.0
[INFO] [stderr]   Downloaded ppv-lite86 v0.2.16
[INFO] [stderr]   Downloaded rand_chacha v0.3.1
[INFO] [stderr]   Downloaded tracing-attributes v0.1.21
[INFO] [stderr]   Downloaded clap v3.2.17
[INFO] [stderr]   Downloaded thiserror v1.0.31
[INFO] [stderr]   Downloaded openssl-sys v0.9.73
[INFO] [stderr]   Downloaded tokio-util v0.7.2
[INFO] [stderr]   Downloaded http v0.2.7
[INFO] [stderr]   Downloaded vcpkg v0.2.15
[INFO] [stderr]   Downloaded h2 v0.3.13
[INFO] [stderr]   Downloaded semver-parser v0.7.0
[INFO] [stderr]   Downloaded hyper v0.14.19
[INFO] [stderr]   Downloaded openssl v0.10.40
[INFO] [stderr]   Downloaded windows_aarch64_msvc v0.36.1
[INFO] [stderr]   Downloaded version_check v0.9.3
[INFO] [stderr]   Downloaded uuid-macro-internal v1.1.2
[INFO] [stderr]   Downloaded reqwest v0.11.11
[INFO] [stderr]   Downloaded matches v0.1.9
[INFO] [stderr]   Downloaded mime v0.3.16
[INFO] [stderr]   Downloaded num_cpus v1.13.1
[INFO] [stderr]   Downloaded thiserror-impl v1.0.31
[INFO] [stderr]   Downloaded getrandom v0.2.6
[INFO] [stderr]   Downloaded futures-channel v0.3.21
[INFO] [stderr]   Downloaded wasi v0.10.2+wasi-snapshot-preview1
[INFO] [stderr]   Downloaded strsim v0.10.0
[INFO] [stderr]   Downloaded ipnet v2.5.0
[INFO] [stderr]   Downloaded wasi v0.11.0+wasi-snapshot-preview1
[INFO] [stderr]   Downloaded unicode-bidi v0.3.8
[INFO] [stderr]   Downloaded cc v1.0.73
[INFO] [stderr]   Downloaded rand_core v0.6.3
[INFO] [stderr]   Downloaded indexmap v1.7.0
[INFO] [stderr]   Downloaded termcolor v1.1.2
[INFO] [stderr]   Downloaded tracing v0.1.34
[INFO] [stderr]   Downloaded hermit-abi v0.1.19
[INFO] [stderr]   Downloaded unicode-normalization v0.1.19
[INFO] [stderr]   Downloaded windows_i686_gnu v0.37.0
[INFO] [stderr]   Downloaded tempfile v3.3.0
[INFO] [stderr]   Downloaded quote v1.0.18
[INFO] [stderr]   Downloaded futures-util v0.3.21
[INFO] [stderr]   Downloaded wasm-bindgen-futures v0.4.30
[INFO] [stderr]   Downloaded rand v0.8.5
[INFO] [stderr]   Downloaded core-foundation-sys v0.8.3
[INFO] [stderr]   Downloaded instant v0.1.12
[INFO] [stderr]   Downloaded security-framework-sys v2.6.1
[INFO] [stderr]   Downloaded fern v0.6.1
[INFO] [stderr]   Downloaded wasm-bindgen-shared v0.2.80
[INFO] [stderr]   Downloaded itoa v1.0.2
[INFO] [stderr]   Downloaded schannel v0.1.20
[INFO] [stderr]   Downloaded tokio-native-tls v0.3.0
[INFO] [stderr]   Downloaded semver v0.9.0
[INFO] [stderr]   Downloaded proc-macro2 v1.0.39
[INFO] [stderr]   Downloaded ryu v1.0.5
[INFO] [stderr]   Downloaded tower-service v0.3.1
[INFO] [stderr]   Downloaded textwrap v0.15.0
[INFO] [stderr]   Downloaded redox_users v0.4.3
[INFO] [stderr]   Downloaded os_str_bytes v6.1.0
[INFO] [stderr]   Downloaded winapi-util v0.1.5
[INFO] [stderr]   Downloaded hyper-tls v0.5.0
[INFO] [stderr]   Downloaded os_info v3.5.0
[INFO] [stderr]   Downloaded core-foundation v0.9.3
[INFO] [stderr]   Downloaded once_cell v1.12.0
[INFO] [stderr]   Downloaded native-tls v0.2.10
[INFO] [stderr]   Downloaded unicode-ident v1.0.0
[INFO] [stderr]   Downloaded url v2.2.2
[INFO] [stderr]   Downloaded tinyvec_macros v0.1.0
[INFO] [stderr]   Downloaded tracing-core v0.1.26
[INFO] [stderr]   Downloaded socket2 v0.4.4
[INFO] [stderr]   Downloaded openssl-macros v0.1.0
[INFO] [stderr]   Downloaded bytes v1.1.0
[INFO] [stderr]   Downloaded windows_i686_msvc v0.37.0
[INFO] [stderr]   Downloaded pkg-config v0.3.25
[INFO] [stderr]   Downloaded redox_syscall v0.2.13
[INFO] [stderr]   Downloaded security-framework v2.6.1
[INFO] [stderr]   Downloaded js-sys v0.3.57
[INFO] [stderr]   Downloaded serde_json v1.0.85
[INFO] [stderr]   Downloaded windows_aarch64_msvc v0.37.0
[INFO] [stderr]   Downloaded idna v0.2.3
[INFO] [stderr]   Downloaded syn v1.0.95
[INFO] [stderr]   Downloaded tokio v1.18.2
[INFO] [stderr]   Downloaded libc v0.2.132
[INFO] [stderr]   Downloaded platform-dirs v0.3.0
[INFO] [stderr]   Downloaded windows_i686_msvc v0.36.1
[INFO] [stderr]   Downloaded windows_x86_64_gnu v0.36.1
[INFO] [stderr]   Downloaded windows_x86_64_msvc v0.36.1
[INFO] [stderr]   Downloaded web-sys v0.3.57
[INFO] [stderr]   Downloaded winapi v0.3.9
[INFO] [stderr]   Downloaded windows_i686_gnu v0.36.1
[INFO] [stderr]   Downloaded encoding_rs v0.8.31
[INFO] [stderr]   Downloaded mio v0.8.3
[INFO] [stderr]   Downloaded winapi-i686-pc-windows-gnu v0.4.0
[INFO] [stderr]   Downloaded windows-sys v0.36.1
[INFO] [stderr]   Downloaded winapi-x86_64-pc-windows-gnu v0.4.0
[INFO] [stderr]   Downloaded windows v0.37.0
[INFO] running `Command { std: "docker" "create" "-v" "/var/lib/crater-agent-workspace/builds/worker-5-tc1/target:/opt/rustwide/target:rw,Z" "-v" "/var/lib/crater-agent-workspace/builds/worker-5-tc1/source:/opt/rustwide/workdir:ro,Z" "-v" "/var/lib/crater-agent-workspace/cargo-home:/opt/rustwide/cargo-home:ro,Z" "-v" "/var/lib/crater-agent-workspace/rustup-home:/opt/rustwide/rustup-home:ro,Z" "-e" "SOURCE_DIR=/opt/rustwide/workdir" "-e" "CARGO_TARGET_DIR=/opt/rustwide/target" "-e" "CARGO_HOME=/opt/rustwide/cargo-home" "-e" "RUSTUP_HOME=/opt/rustwide/rustup-home" "-w" "/opt/rustwide/workdir" "-m" "1610612736" "--user" "0:0" "--network" "none" "ghcr.io/rust-lang/crates-build-env/linux@sha256:5ff2268d62e97bff2cde7d5815dd6ed5b47097566f13b8d0ca110b04b60e07ed" "/opt/rustwide/cargo-home/bin/cargo" "+1.69.0" "metadata" "--no-deps" "--format-version=1", kill_on_drop: false }`
[INFO] [stdout] 9c3b04f05873d280f1ab1349062e10b898effaebc1d1b1d5c4252b355cbe1886
[INFO] running `Command { std: "docker" "start" "-a" "9c3b04f05873d280f1ab1349062e10b898effaebc1d1b1d5c4252b355cbe1886", kill_on_drop: false }`
[INFO] running `Command { std: "docker" "inspect" "9c3b04f05873d280f1ab1349062e10b898effaebc1d1b1d5c4252b355cbe1886", kill_on_drop: false }`
[INFO] running `Command { std: "docker" "rm" "-f" "9c3b04f05873d280f1ab1349062e10b898effaebc1d1b1d5c4252b355cbe1886", kill_on_drop: false }`
[INFO] [stdout] 9c3b04f05873d280f1ab1349062e10b898effaebc1d1b1d5c4252b355cbe1886
[INFO] running `Command { std: "docker" "create" "-v" "/var/lib/crater-agent-workspace/builds/worker-5-tc1/target:/opt/rustwide/target:rw,Z" "-v" "/var/lib/crater-agent-workspace/builds/worker-5-tc1/source:/opt/rustwide/workdir:ro,Z" "-v" "/var/lib/crater-agent-workspace/cargo-home:/opt/rustwide/cargo-home:ro,Z" "-v" "/var/lib/crater-agent-workspace/rustup-home:/opt/rustwide/rustup-home:ro,Z" "-e" "SOURCE_DIR=/opt/rustwide/workdir" "-e" "CARGO_TARGET_DIR=/opt/rustwide/target" "-e" "CARGO_INCREMENTAL=0" "-e" "RUST_BACKTRACE=full" "-e" "RUSTFLAGS=--cap-lints=warn" "-e" "RUSTDOCFLAGS=--cap-lints=warn" "-e" "CARGO_HOME=/opt/rustwide/cargo-home" "-e" "RUSTUP_HOME=/opt/rustwide/rustup-home" "-w" "/opt/rustwide/workdir" "-m" "1610612736" "--user" "0:0" "--network" "none" "ghcr.io/rust-lang/crates-build-env/linux@sha256:5ff2268d62e97bff2cde7d5815dd6ed5b47097566f13b8d0ca110b04b60e07ed" "/opt/rustwide/cargo-home/bin/cargo" "+1.69.0" "build" "--frozen" "--message-format=json", kill_on_drop: false }`
[INFO] [stdout] e2483a996f55cf29c507c9ec3b61af69afeb63605ece9226639ec92fa032bd19
[INFO] running `Command { std: "docker" "start" "-a" "e2483a996f55cf29c507c9ec3b61af69afeb63605ece9226639ec92fa032bd19", kill_on_drop: false }`
[INFO] [stderr]    Compiling libc v0.2.132
[INFO] [stderr]    Compiling cfg-if v1.0.0
[INFO] [stderr]    Compiling proc-macro2 v1.0.39
[INFO] [stderr]    Compiling unicode-ident v1.0.0
[INFO] [stderr]    Compiling syn v1.0.95
[INFO] [stderr]    Compiling autocfg v1.1.0
[INFO] [stderr]    Compiling log v0.4.17
[INFO] [stderr]    Compiling cc v1.0.73
[INFO] [stderr]    Compiling pkg-config v0.3.25
[INFO] [stderr]    Compiling memchr v2.5.0
[INFO] [stderr]    Compiling pin-project-lite v0.2.9
[INFO] [stderr]    Compiling once_cell v1.12.0
[INFO] [stderr]    Compiling lazy_static v1.4.0
[INFO] [stderr]    Compiling futures-core v0.3.21
[INFO] [stderr]    Compiling bytes v1.1.0
[INFO] [stderr]    Compiling itoa v1.0.2
[INFO] [stderr]    Compiling indexmap v1.7.0
[INFO] [stderr]    Compiling quote v1.0.18
[INFO] [stderr]    Compiling mio v0.8.3
[INFO] [stderr]    Compiling socket2 v0.4.4
[INFO] [stderr]    Compiling openssl-sys v0.9.73
[INFO] [stderr]    Compiling num_cpus v1.13.1
[INFO] [stderr]    Compiling serde_derive v1.0.144
[INFO] [stderr]    Compiling version_check v0.9.3
[INFO] [stderr]    Compiling futures-task v0.3.21
[INFO] [stderr]    Compiling unicase v2.6.0
[INFO] [stderr]    Compiling tokio v1.18.2
[INFO] [stderr]    Compiling tracing-core v0.1.26
[INFO] [stderr]    Compiling serde v1.0.144
[INFO] [stderr]    Compiling openssl v0.10.40
[INFO] [stderr]    Compiling fnv v1.0.7
[INFO] [stderr]    Compiling bitflags v1.3.2
[INFO] [stderr]    Compiling futures-util v0.3.21
[INFO] [stderr]    Compiling foreign-types-shared v0.1.1
[INFO] [stderr]    Compiling hashbrown v0.11.2
[INFO] [stderr]    Compiling foreign-types v0.3.2
[INFO] [stderr]    Compiling http v0.2.7
[INFO] [stderr]    Compiling tinyvec_macros v0.1.0
[INFO] [stderr]    Compiling futures-channel v0.3.21
[INFO] [stderr]    Compiling pin-utils v0.1.0
[INFO] [stderr]    Compiling semver-parser v0.7.0
[INFO] [stderr]    Compiling futures-sink v0.3.21
[INFO] [stderr]    Compiling futures-io v0.3.21
[INFO] [stderr]    Compiling httparse v1.7.1
[INFO] [stderr]    Compiling slab v0.4.6
[INFO] [stderr]    Compiling native-tls v0.2.10
[INFO] [stderr]    Compiling ryu v1.0.5
[INFO] [stderr]    Compiling matches v0.1.9
[INFO] [stderr]    Compiling semver v0.9.0
[INFO] [stderr]    Compiling tinyvec v1.6.0
[INFO] [stderr]    Compiling getrandom v0.2.6
[INFO] [stderr]    Compiling try-lock v0.2.3
[INFO] [stderr]    Compiling openssl-probe v0.1.5
[INFO] [stderr]    Compiling percent-encoding v2.1.0
[INFO] [stderr]    Compiling want v0.3.0
[INFO] [stderr]    Compiling form_urlencoded v1.0.1
[INFO] [stderr]    Compiling rand_core v0.6.3
[INFO] [stderr]    Compiling unicode-normalization v0.1.19
[INFO] [stderr]    Compiling mime_guess v2.0.4
[INFO] [stderr]    Compiling rustc_version v0.2.3
[INFO] [stderr]    Compiling http-body v0.4.5
[INFO] [stderr]    Compiling atty v0.2.14
[INFO] [stderr]    Compiling ppv-lite86 v0.2.16
[INFO] [stderr]    Compiling httpdate v1.0.2
[INFO] [stderr]    Compiling unicode-bidi v0.3.8
[INFO] [stderr]    Compiling tower-service v0.3.1
[INFO] [stderr]    Compiling encoding_rs v0.8.31
[INFO] [stderr]    Compiling rustc_version_runtime v0.2.1
[INFO] [stderr]    Compiling idna v0.2.3
[INFO] [stderr]    Compiling rand_chacha v0.3.1
[INFO] [stderr]    Compiling dirs-sys-next v0.1.2
[INFO] [stderr]    Compiling serde_json v1.0.85
[INFO] [stderr]    Compiling mime v0.3.16
[INFO] [stderr]    Compiling os_str_bytes v6.1.0
[INFO] [stderr]    Compiling url v2.2.2
[INFO] [stderr]    Compiling clap_lex v0.2.2
[INFO] [stderr]    Compiling dirs-next v1.0.2
[INFO] [stderr]    Compiling rand v0.8.5
[INFO] [stderr]    Compiling colored v1.9.3
[INFO] [stderr]    Compiling textwrap v0.15.0
[INFO] [stderr]    Compiling ipnet v2.5.0
[INFO] [stderr]    Compiling strsim v0.10.0
[INFO] [stderr]    Compiling base64 v0.13.0
[INFO] [stderr]    Compiling termcolor v1.1.2
[INFO] [stderr]    Compiling fern v0.6.1
[INFO] [stderr]    Compiling platform-dirs v0.3.0
[INFO] [stderr]    Compiling windows v0.37.0
[INFO] [stderr]    Compiling clap v3.2.17
[INFO] [stdout] error[E0433]: failed to resolve: could not find `windows` in `os`
[INFO] [stdout]   --> /opt/rustwide/cargo-home/registry/src/github.com-1ecc6299db9ec823/windows-0.37.0/src/core/pcwstr.rs:64:24
[INFO] [stdout]    |
[INFO] [stdout] 64 |         use ::std::os::windows::ffi::OsStrExt;
[INFO] [stdout]    |                        ^^^^^^^ could not find `windows` in `os`
[INFO] [stdout] 
[INFO] [stdout] 
[INFO] [stderr]    Compiling tracing-attributes v0.1.21
[INFO] [stderr]    Compiling openssl-macros v0.1.0
[INFO] [stdout] error[E0433]: failed to resolve: could not find `windows` in `os`
[INFO] [stdout]   --> /opt/rustwide/cargo-home/registry/src/github.com-1ecc6299db9ec823/windows-0.37.0/src/core/hstring.rs:53:18
[INFO] [stdout]    |
[INFO] [stdout] 53 |         std::os::windows::ffi::OsStringExt::from_wide(self.as_wide())
[INFO] [stdout]    |                  ^^^^^^^ could not find `windows` in `os`
[INFO] [stdout]    |
[INFO] [stdout] help: consider importing this trait
[INFO] [stdout]    |
[INFO] [stdout] 1  | use std::os::unix::prelude::OsStringExt;
[INFO] [stdout]    |
[INFO] [stdout] help: if you import `OsStringExt`, refer to it directly
[INFO] [stdout]    |
[INFO] [stdout] 53 -         std::os::windows::ffi::OsStringExt::from_wide(self.as_wide())
[INFO] [stdout] 53 +         OsStringExt::from_wide(self.as_wide())
[INFO] [stdout]    |
[INFO] [stdout] 
[INFO] [stdout] 
[INFO] [stdout] error[E0433]: failed to resolve: could not find `windows` in `os`
[INFO] [stdout]    --> /opt/rustwide/cargo-home/registry/src/github.com-1ecc6299db9ec823/windows-0.37.0/src/core/hstring.rs:173:48
[INFO] [stdout]     |
[INFO] [stdout] 173 |         unsafe { Self::from_wide_iter(std::os::windows::ffi::OsStrExt::encode_wide(value), value.len() as u32) }
[INFO] [stdout]     |                                                ^^^^^^^ could not find `windows` in `os`
[INFO] [stdout]     |
[INFO] [stdout] help: consider importing this trait
[INFO] [stdout]     |
[INFO] [stdout] 1   | use std::os::unix::prelude::OsStrExt;
[INFO] [stdout]     |
[INFO] [stdout] help: if you import `OsStrExt`, refer to it directly
[INFO] [stdout]     |
[INFO] [stdout] 173 -         unsafe { Self::from_wide_iter(std::os::windows::ffi::OsStrExt::encode_wide(value), value.len() as u32) }
[INFO] [stdout] 173 +         unsafe { Self::from_wide_iter(OsStrExt::encode_wide(value), value.len() as u32) }
[INFO] [stdout]     |
[INFO] [stdout] 
[INFO] [stdout] 
[INFO] [stdout] error[E0433]: failed to resolve: could not find `windows` in `os`
[INFO] [stdout]    --> /opt/rustwide/cargo-home/registry/src/github.com-1ecc6299db9ec823/windows-0.37.0/src/core/hstring.rs:287:52
[INFO] [stdout]     |
[INFO] [stdout] 287 |         self.as_wide().iter().copied().eq(std::os::windows::ffi::OsStrExt::encode_wide(other))
[INFO] [stdout]     |                                                    ^^^^^^^ could not find `windows` in `os`
[INFO] [stdout]     |
[INFO] [stdout] help: consider importing this trait
[INFO] [stdout]     |
[INFO] [stdout] 1   | use std::os::unix::prelude::OsStrExt;
[INFO] [stdout]     |
[INFO] [stdout] help: if you import `OsStrExt`, refer to it directly
[INFO] [stdout]     |
[INFO] [stdout] 287 -         self.as_wide().iter().copied().eq(std::os::windows::ffi::OsStrExt::encode_wide(other))
[INFO] [stdout] 287 +         self.as_wide().iter().copied().eq(OsStrExt::encode_wide(other))
[INFO] [stdout]     |
[INFO] [stdout] 
[INFO] [stdout] 
[INFO] [stderr]    Compiling uuid-macro-internal v1.1.2
[INFO] [stderr]    Compiling uuid v1.1.2
[INFO] [stderr]    Compiling tracing v0.1.34
[INFO] [stderr]    Compiling tokio-util v0.7.2
[INFO] [stdout] error[E0599]: no method named `encode_wide` found for reference `&OsStr` in the current scope
[INFO] [stdout]   --> /opt/rustwide/cargo-home/registry/src/github.com-1ecc6299db9ec823/windows-0.37.0/src/core/pcwstr.rs:65:50
[INFO] [stdout]    |
[INFO] [stdout] 65 |         Param::Boxed(PCWSTR(alloc_from_iter(self.encode_wide().chain(core::iter::once(0)), self.len() + 1)))
[INFO] [stdout]    |                                                  ^^^^^^^^^^^ method not found in `&OsStr`
[INFO] [stdout] 
[INFO] [stdout] 
[INFO] [stdout] error: aborting due to 5 previous errors
[INFO] [stdout] 
[INFO] [stdout] 
[INFO] [stdout] Some errors have detailed explanations: E0433, E0599.
[INFO] [stdout] 
[INFO] [stdout] For more information about an error, try `rustc --explain E0433`.
[INFO] [stdout] 
[INFO] [stderr] error: could not compile `windows` due to 6 previous errors
[INFO] [stderr] warning: build failed, waiting for other jobs to finish...
[INFO] running `Command { std: "docker" "inspect" "e2483a996f55cf29c507c9ec3b61af69afeb63605ece9226639ec92fa032bd19", kill_on_drop: false }`
[INFO] running `Command { std: "docker" "rm" "-f" "e2483a996f55cf29c507c9ec3b61af69afeb63605ece9226639ec92fa032bd19", kill_on_drop: false }`
[INFO] [stdout] e2483a996f55cf29c507c9ec3b61af69afeb63605ece9226639ec92fa032bd19
