[INFO] cloning repository https://github.com/harana-oss/glommio-stream-body
[INFO] running `Command { std: "git" "-c" "credential.helper=" "-c" "credential.helper=/workspace/cargo-home/bin/git-credential-null" "clone" "--bare" "https://github.com/harana-oss/glommio-stream-body" "/workspace/cache/git-repos/https%3A%2F%2Fgithub.com%2Fharana-oss%2Fglommio-stream-body", kill_on_drop: false }`
[INFO] [stderr] Cloning into bare repository '/workspace/cache/git-repos/https%3A%2F%2Fgithub.com%2Fharana-oss%2Fglommio-stream-body'...
[INFO] running `Command { std: "git" "rev-parse" "HEAD", kill_on_drop: false }`
[INFO] [stdout] 259ca5ad5675a5835b980357ee88aa98f3968934
[INFO] testing harana-oss/glommio-stream-body against beta-2023-04-20 for beta-1.70-1
[INFO] running `Command { std: "git" "clone" "/workspace/cache/git-repos/https%3A%2F%2Fgithub.com%2Fharana-oss%2Fglommio-stream-body" "/workspace/builds/worker-3-tc2/source", kill_on_drop: false }`
[INFO] [stderr] Cloning into '/workspace/builds/worker-3-tc2/source'...
[INFO] [stderr] done.
[INFO] validating manifest of git repo https://github.com/harana-oss/glommio-stream-body on toolchain beta-2023-04-20
[INFO] running `Command { std: CARGO_HOME="/workspace/cargo-home" RUSTUP_HOME="/workspace/rustup-home" "/workspace/cargo-home/bin/cargo" "+beta-2023-04-20" "metadata" "--manifest-path" "Cargo.toml" "--no-deps", kill_on_drop: false }`
[INFO] started tweaking git repo https://github.com/harana-oss/glommio-stream-body
[INFO] finished tweaking git repo https://github.com/harana-oss/glommio-stream-body
[INFO] tweaked toml for git repo https://github.com/harana-oss/glommio-stream-body written to /workspace/builds/worker-3-tc2/source/Cargo.toml
[INFO] crate git repo https://github.com/harana-oss/glommio-stream-body already has a lockfile, it will not be regenerated
[INFO] running `Command { std: CARGO_HOME="/workspace/cargo-home" RUSTUP_HOME="/workspace/rustup-home" "/workspace/cargo-home/bin/cargo" "+beta-2023-04-20" "fetch" "--manifest-path" "Cargo.toml", kill_on_drop: false }`
[INFO] [stderr]     Updating git repository `https://github.com/harana-oss/async-pipe-rs`
[INFO] [stderr]     Updating crates.io index
[INFO] [stderr]  Downloading crates ...
[INFO] [stderr]   Downloaded membarrier v0.2.2
[INFO] [stderr]   Downloaded enclose v1.1.8
[INFO] [stderr]   Downloaded buddy-alloc v0.4.1
[INFO] [stderr]   Downloaded ahash v0.5.10
[INFO] [stderr]   Downloaded rlimit v0.5.4
[INFO] [stderr]   Downloaded intrusive-collections v0.9.2
[INFO] [stderr]   Downloaded glommio v0.5.0
[INFO] running `Command { std: "docker" "create" "-v" "/var/lib/crater-agent-workspace/builds/worker-3-tc2/target:/opt/rustwide/target:rw,Z" "-v" "/var/lib/crater-agent-workspace/builds/worker-3-tc2/source:/opt/rustwide/workdir:ro,Z" "-v" "/var/lib/crater-agent-workspace/cargo-home:/opt/rustwide/cargo-home:ro,Z" "-v" "/var/lib/crater-agent-workspace/rustup-home:/opt/rustwide/rustup-home:ro,Z" "-e" "SOURCE_DIR=/opt/rustwide/workdir" "-e" "CARGO_TARGET_DIR=/opt/rustwide/target" "-e" "CARGO_HOME=/opt/rustwide/cargo-home" "-e" "RUSTUP_HOME=/opt/rustwide/rustup-home" "-w" "/opt/rustwide/workdir" "-m" "1610612736" "--user" "0:0" "--network" "none" "ghcr.io/rust-lang/crates-build-env/linux@sha256:5ff2268d62e97bff2cde7d5815dd6ed5b47097566f13b8d0ca110b04b60e07ed" "/opt/rustwide/cargo-home/bin/cargo" "+beta-2023-04-20" "metadata" "--no-deps" "--format-version=1", kill_on_drop: false }`
[INFO] [stdout] e83326f8891437e91291e0c55b5cd67e8eb6ff8c04c6592fb8ab538b1d1dfa6f
[INFO] running `Command { std: "docker" "start" "-a" "e83326f8891437e91291e0c55b5cd67e8eb6ff8c04c6592fb8ab538b1d1dfa6f", kill_on_drop: false }`
[INFO] running `Command { std: "docker" "inspect" "e83326f8891437e91291e0c55b5cd67e8eb6ff8c04c6592fb8ab538b1d1dfa6f", kill_on_drop: false }`
[INFO] running `Command { std: "docker" "rm" "-f" "e83326f8891437e91291e0c55b5cd67e8eb6ff8c04c6592fb8ab538b1d1dfa6f", kill_on_drop: false }`
[INFO] [stdout] e83326f8891437e91291e0c55b5cd67e8eb6ff8c04c6592fb8ab538b1d1dfa6f
[INFO] running `Command { std: "docker" "create" "-v" "/var/lib/crater-agent-workspace/builds/worker-3-tc2/target:/opt/rustwide/target:rw,Z" "-v" "/var/lib/crater-agent-workspace/builds/worker-3-tc2/source:/opt/rustwide/workdir:ro,Z" "-v" "/var/lib/crater-agent-workspace/cargo-home:/opt/rustwide/cargo-home:ro,Z" "-v" "/var/lib/crater-agent-workspace/rustup-home:/opt/rustwide/rustup-home:ro,Z" "-e" "SOURCE_DIR=/opt/rustwide/workdir" "-e" "CARGO_TARGET_DIR=/opt/rustwide/target" "-e" "CARGO_INCREMENTAL=0" "-e" "RUST_BACKTRACE=full" "-e" "RUSTFLAGS=--cap-lints=warn" "-e" "RUSTDOCFLAGS=--cap-lints=warn" "-e" "CARGO_HOME=/opt/rustwide/cargo-home" "-e" "RUSTUP_HOME=/opt/rustwide/rustup-home" "-w" "/opt/rustwide/workdir" "-m" "1610612736" "--user" "0:0" "--network" "none" "ghcr.io/rust-lang/crates-build-env/linux@sha256:5ff2268d62e97bff2cde7d5815dd6ed5b47097566f13b8d0ca110b04b60e07ed" "/opt/rustwide/cargo-home/bin/cargo" "+beta-2023-04-20" "build" "--frozen" "--message-format=json", kill_on_drop: false }`
[INFO] [stdout] 0097d30768c2ffa20ab528fa50542ca5111df576aff818b28059700715fa871a
[INFO] running `Command { std: "docker" "start" "-a" "0097d30768c2ffa20ab528fa50542ca5111df576aff818b28059700715fa871a", kill_on_drop: false }`
[INFO] [stderr]    Compiling libc v0.2.98
[INFO] [stderr]    Compiling cfg-if v1.0.0
[INFO] [stderr]    Compiling proc-macro2 v1.0.28
[INFO] [stderr]    Compiling unicode-xid v0.2.2
[INFO] [stderr]    Compiling syn v1.0.74
[INFO] [stderr]    Compiling log v0.4.14
[INFO] [stderr]    Compiling pin-project-lite v0.2.7
[INFO] [stderr]    Compiling memchr v2.4.0
[INFO] [stderr]    Compiling scopeguard v1.1.0
[INFO] [stderr]    Compiling lazy_static v1.4.0
[INFO] [stderr]    Compiling smallvec v1.6.1
[INFO] [stderr]    Compiling winapi-build v0.1.1
[INFO] [stderr]    Compiling instant v0.1.10
[INFO] [stderr]    Compiling memoffset v0.5.6
[INFO] [stderr]    Compiling bitflags v1.2.1
[INFO] [stderr]    Compiling kernel32-sys v0.2.2
[INFO] [stderr]    Compiling bytes v1.0.1
[INFO] [stderr]    Compiling typenum v1.13.0
[INFO] [stderr]    Compiling futures-core v0.3.16
[INFO] [stderr]    Compiling lock_api v0.4.4
[INFO] [stderr]    Compiling tokio v1.9.0
[INFO] [stderr]    Compiling quote v1.0.9
[INFO] [stderr]    Compiling winapi v0.2.8
[INFO] [stderr]    Compiling cc v1.0.69
[INFO] [stderr]    Compiling tracing-core v0.1.18
[INFO] [stderr]    Compiling futures-io v0.3.16
[INFO] [stderr]    Compiling parking v2.0.0
[INFO] [stderr]    Compiling fnv v1.0.7
[INFO] [stderr]    Compiling waker-fn v1.1.0
[INFO] [stderr]    Compiling parking_lot_core v0.8.3
[INFO] [stderr]    Compiling mio v0.7.13
[INFO] [stderr]    Compiling getrandom v0.2.3
[INFO] [stderr]    Compiling parking_lot v0.11.1
[INFO] [stderr]    Compiling num_cpus v1.13.0
[INFO] [stderr]    Compiling signal-hook-registry v1.4.0
[INFO] [stderr]    Compiling cache-padded v1.1.1
[INFO] [stderr]    Compiling once_cell v1.8.0
[INFO] [stderr]    Compiling fastrand v1.5.0
[INFO] [stderr]    Compiling glommio v0.5.0
[INFO] [stderr]    Compiling either v1.6.1
[INFO] [stderr]    Compiling itoa v0.4.7
[INFO] [stderr]    Compiling owned-alloc v0.2.0
[INFO] [stderr]    Compiling futures-lite v1.12.0
[INFO] [stderr]    Compiling concurrent-queue v1.2.2
[INFO] [stderr]    Compiling itertools v0.10.1
[INFO] [stderr]    Compiling http v0.2.4
[INFO] [stderr]    Compiling lockfree v0.5.1
[INFO] [stderr]    Compiling bitmaps v2.1.0
[INFO] [stderr]    Compiling ahash v0.5.10
[INFO] [stderr]    Compiling membarrier v0.2.2
[INFO] [stderr]    Compiling rlimit v0.5.4
[INFO] [stderr]    Compiling nix v0.19.1
[INFO] [stderr]    Compiling socket2 v0.3.19
[INFO] [stderr]    Compiling intrusive-collections v0.9.2
[INFO] [stderr]    Compiling pin-project-lite v0.1.12
[INFO] [stderr]    Compiling enclose v1.1.8
[INFO] [stderr]    Compiling buddy-alloc v0.4.1
[INFO] [stderr]    Compiling scoped-tls v1.0.0
[INFO] [stderr]    Compiling http-body v0.4.2
[INFO] [stderr]    Compiling tokio-macros v1.3.0
[INFO] [stderr]    Compiling tracing-attributes v0.1.15
[INFO] [stderr]    Compiling tracing v0.1.26
[INFO] [stderr]    Compiling async-pipe v0.1.3 (https://github.com/harana-oss/async-pipe-rs?rev=004df278600acde47f1ad2937bac316c6437d317#004df278)
[INFO] [stderr]    Compiling glommio-stream-body v0.1.0 (/opt/rustwide/workdir)
[INFO] [stderr]     Finished dev [unoptimized + debuginfo] target(s) in 11.84s
[INFO] [stderr] warning: the following packages contain code that will be rejected by a future version of Rust: glommio v0.5.0
[INFO] [stderr] note: to see what the problems were, use the option `--future-incompat-report`, or run `cargo report future-incompatibilities --id 1`
[INFO] running `Command { std: "docker" "inspect" "0097d30768c2ffa20ab528fa50542ca5111df576aff818b28059700715fa871a", kill_on_drop: false }`
[INFO] running `Command { std: "docker" "rm" "-f" "0097d30768c2ffa20ab528fa50542ca5111df576aff818b28059700715fa871a", kill_on_drop: false }`
[INFO] [stdout] 0097d30768c2ffa20ab528fa50542ca5111df576aff818b28059700715fa871a
[INFO] running `Command { std: "docker" "create" "-v" "/var/lib/crater-agent-workspace/builds/worker-3-tc2/target:/opt/rustwide/target:rw,Z" "-v" "/var/lib/crater-agent-workspace/builds/worker-3-tc2/source:/opt/rustwide/workdir:ro,Z" "-v" "/var/lib/crater-agent-workspace/cargo-home:/opt/rustwide/cargo-home:ro,Z" "-v" "/var/lib/crater-agent-workspace/rustup-home:/opt/rustwide/rustup-home:ro,Z" "-e" "SOURCE_DIR=/opt/rustwide/workdir" "-e" "CARGO_TARGET_DIR=/opt/rustwide/target" "-e" "CARGO_INCREMENTAL=0" "-e" "RUST_BACKTRACE=full" "-e" "RUSTFLAGS=--cap-lints=warn" "-e" "RUSTDOCFLAGS=--cap-lints=warn" "-e" "CARGO_HOME=/opt/rustwide/cargo-home" "-e" "RUSTUP_HOME=/opt/rustwide/rustup-home" "-w" "/opt/rustwide/workdir" "-m" "1610612736" "--user" "0:0" "--network" "none" "ghcr.io/rust-lang/crates-build-env/linux@sha256:5ff2268d62e97bff2cde7d5815dd6ed5b47097566f13b8d0ca110b04b60e07ed" "/opt/rustwide/cargo-home/bin/cargo" "+beta-2023-04-20" "test" "--frozen" "--no-run" "--message-format=json", kill_on_drop: false }`
[INFO] [stdout] dc4df9246949c8468429dd71b0134eca8b26b3a7cbf3b1800b16dc592e35495c
[INFO] running `Command { std: "docker" "start" "-a" "dc4df9246949c8468429dd71b0134eca8b26b3a7cbf3b1800b16dc592e35495c", kill_on_drop: false }`
[INFO] [stderr]    Compiling futures-task v0.3.16
[INFO] [stderr]    Compiling indexmap v1.7.0
[INFO] [stderr]    Compiling futures-util v0.3.16
[INFO] [stderr]    Compiling httparse v1.4.1
[INFO] [stderr]    Compiling hashbrown v0.11.2
[INFO] [stderr]    Compiling futures-sink v0.3.16
[INFO] [stderr]    Compiling pin-utils v0.1.0
[INFO] [stderr]    Compiling futures-channel v0.3.16
[INFO] [stderr]    Compiling slab v0.4.3
[INFO] [stderr]    Compiling tokio-util v0.6.7
[INFO] [stderr]    Compiling try-lock v0.2.3
[INFO] [stderr]    Compiling want v0.3.0
[INFO] [stderr]    Compiling socket2 v0.4.0
[INFO] [stderr]    Compiling httpdate v1.0.1
[INFO] [stderr]    Compiling tower-service v0.3.1
[INFO] [stderr]    Compiling h2 v0.3.3
[INFO] [stderr]    Compiling hyper v0.14.11
[INFO] [stderr]    Compiling glommio-stream-body v0.1.0 (/opt/rustwide/workdir)
[INFO] [stdout] error[E0432]: unresolved import `stream_body`
[INFO] [stdout]  --> examples/create-channel.rs:4:5
[INFO] [stdout]   |
[INFO] [stdout] 4 | use stream_body::StreamBody;
[INFO] [stdout]   |     ^^^^^^^^^^^ use of undeclared crate or module `stream_body`
[INFO] [stdout] 
[INFO] [stdout] 
[INFO] [stdout] error[E0432]: unresolved import `stream_body`
[INFO] [stdout]  --> examples/from-reader.rs:4:5
[INFO] [stdout]   |
[INFO] [stdout] 4 | use stream_body::StreamBody;
[INFO] [stdout]   |     ^^^^^^^^^^^ use of undeclared crate or module `stream_body`
[INFO] [stdout] 
[INFO] [stdout] 
[INFO] [stdout] error[E0433]: failed to resolve: use of undeclared type `Local`
[INFO] [stdout]   --> examples/create-channel.rs:12:5
[INFO] [stdout]    |
[INFO] [stdout] 12 |     Local::local(async move {
[INFO] [stdout]    |     ^^^^^ use of undeclared type `Local`
[INFO] [stdout]    |
[INFO] [stdout] help: consider importing this type alias
[INFO] [stdout]    |
[INFO] [stdout] 1  + use glommio::Local;
[INFO] [stdout]    |
[INFO] [stdout] 
[INFO] [stdout] 
[INFO] [stdout] error: aborting due to previous error
[INFO] [stdout] 
[INFO] [stdout] 
[INFO] [stdout] For more information about this error, try `rustc --explain E0432`.
[INFO] [stdout] 
[INFO] [stderr] error: could not compile `glommio-stream-body` (example "from-reader") due to 2 previous errors
[INFO] [stderr] warning: build failed, waiting for other jobs to finish...
[INFO] [stdout] error[E0752]: `main` function is not allowed to be `async`
[INFO] [stdout]   --> examples/create-channel.rs:28:1
[INFO] [stdout]    |
[INFO] [stdout] 28 | async fn main() {
[INFO] [stdout]    | ^^^^^^^^^^^^^^^ `main` function is not allowed to be `async`
[INFO] [stdout] 
[INFO] [stdout] 
[INFO] [stdout] error: aborting due to 3 previous errors
[INFO] [stdout] 
[INFO] [stdout] 
[INFO] [stdout] Some errors have detailed explanations: E0432, E0433, E0752.
[INFO] [stdout] 
[INFO] [stdout] For more information about an error, try `rustc --explain E0432`.
[INFO] [stdout] 
[INFO] [stderr] error: could not compile `glommio-stream-body` (example "create-channel") due to 4 previous errors
[INFO] running `Command { std: "docker" "inspect" "dc4df9246949c8468429dd71b0134eca8b26b3a7cbf3b1800b16dc592e35495c", kill_on_drop: false }`
[INFO] running `Command { std: "docker" "rm" "-f" "dc4df9246949c8468429dd71b0134eca8b26b3a7cbf3b1800b16dc592e35495c", kill_on_drop: false }`
[INFO] [stdout] dc4df9246949c8468429dd71b0134eca8b26b3a7cbf3b1800b16dc592e35495c
