[INFO] cloning repository https://github.com/haraldh/x86_64-linux-nolibc
[INFO] running `Command { std: "git" "-c" "credential.helper=" "-c" "credential.helper=/workspace/cargo-home/bin/git-credential-null" "clone" "--bare" "https://github.com/haraldh/x86_64-linux-nolibc" "/workspace/cache/git-repos/https%3A%2F%2Fgithub.com%2Fharaldh%2Fx86_64-linux-nolibc", kill_on_drop: false }`
[INFO] [stderr] Cloning into bare repository '/workspace/cache/git-repos/https%3A%2F%2Fgithub.com%2Fharaldh%2Fx86_64-linux-nolibc'...
[INFO] running `Command { std: "git" "rev-parse" "HEAD", kill_on_drop: false }`
[INFO] [stdout] 6b5fbeeee77307c51b99202941463f02bb68f05c
[INFO] testing haraldh/x86_64-linux-nolibc against beta-2023-04-20 for beta-1.70-1
[INFO] running `Command { std: "git" "clone" "/workspace/cache/git-repos/https%3A%2F%2Fgithub.com%2Fharaldh%2Fx86_64-linux-nolibc" "/workspace/builds/worker-0-tc2/source", kill_on_drop: false }`
[INFO] [stderr] Cloning into '/workspace/builds/worker-0-tc2/source'...
[INFO] [stderr] done.
[INFO] validating manifest of git repo https://github.com/haraldh/x86_64-linux-nolibc on toolchain beta-2023-04-20
[INFO] running `Command { std: CARGO_HOME="/workspace/cargo-home" RUSTUP_HOME="/workspace/rustup-home" "/workspace/cargo-home/bin/cargo" "+beta-2023-04-20" "metadata" "--manifest-path" "Cargo.toml" "--no-deps", kill_on_drop: false }`
[INFO] removed /workspace/builds/worker-0-tc2/source/.cargo/config
[INFO] removed /workspace/builds/worker-0-tc2/source/rust-toolchain.toml
[INFO] started tweaking git repo https://github.com/haraldh/x86_64-linux-nolibc
[INFO] finished tweaking git repo https://github.com/haraldh/x86_64-linux-nolibc
[INFO] tweaked toml for git repo https://github.com/haraldh/x86_64-linux-nolibc written to /workspace/builds/worker-0-tc2/source/Cargo.toml
[INFO] crate git repo https://github.com/haraldh/x86_64-linux-nolibc already has a lockfile, it will not be regenerated
[INFO] running `Command { std: CARGO_HOME="/workspace/cargo-home" RUSTUP_HOME="/workspace/rustup-home" "/workspace/cargo-home/bin/cargo" "+beta-2023-04-20" "fetch" "--manifest-path" "Cargo.toml", kill_on_drop: false }`
[INFO] [stderr]     Updating crates.io index
[INFO] [stderr]  Downloading crates ...
[INFO] [stderr]   Downloaded rcrt1 v2.0.0
[INFO] [stderr]   Downloaded goblin v0.5.1
[INFO] running `Command { std: "docker" "create" "-v" "/var/lib/crater-agent-workspace/builds/worker-0-tc2/target:/opt/rustwide/target:rw,Z" "-v" "/var/lib/crater-agent-workspace/builds/worker-0-tc2/source:/opt/rustwide/workdir:ro,Z" "-v" "/var/lib/crater-agent-workspace/cargo-home:/opt/rustwide/cargo-home:ro,Z" "-v" "/var/lib/crater-agent-workspace/rustup-home:/opt/rustwide/rustup-home:ro,Z" "-e" "SOURCE_DIR=/opt/rustwide/workdir" "-e" "CARGO_TARGET_DIR=/opt/rustwide/target" "-e" "CARGO_HOME=/opt/rustwide/cargo-home" "-e" "RUSTUP_HOME=/opt/rustwide/rustup-home" "-w" "/opt/rustwide/workdir" "-m" "1610612736" "--user" "0:0" "--network" "none" "ghcr.io/rust-lang/crates-build-env/linux@sha256:5ff2268d62e97bff2cde7d5815dd6ed5b47097566f13b8d0ca110b04b60e07ed" "/opt/rustwide/cargo-home/bin/cargo" "+beta-2023-04-20" "metadata" "--no-deps" "--format-version=1", kill_on_drop: false }`
[INFO] [stdout] 1395fbd0d7223d7739c89c16dd9a8c2530bbc128b2feced05bc899c0de55c2ea
[INFO] running `Command { std: "docker" "start" "-a" "1395fbd0d7223d7739c89c16dd9a8c2530bbc128b2feced05bc899c0de55c2ea", kill_on_drop: false }`
[INFO] running `Command { std: "docker" "inspect" "1395fbd0d7223d7739c89c16dd9a8c2530bbc128b2feced05bc899c0de55c2ea", kill_on_drop: false }`
[INFO] running `Command { std: "docker" "rm" "-f" "1395fbd0d7223d7739c89c16dd9a8c2530bbc128b2feced05bc899c0de55c2ea", kill_on_drop: false }`
[INFO] [stdout] 1395fbd0d7223d7739c89c16dd9a8c2530bbc128b2feced05bc899c0de55c2ea
[INFO] running `Command { std: "docker" "create" "-v" "/var/lib/crater-agent-workspace/builds/worker-0-tc2/target:/opt/rustwide/target:rw,Z" "-v" "/var/lib/crater-agent-workspace/builds/worker-0-tc2/source:/opt/rustwide/workdir:ro,Z" "-v" "/var/lib/crater-agent-workspace/cargo-home:/opt/rustwide/cargo-home:ro,Z" "-v" "/var/lib/crater-agent-workspace/rustup-home:/opt/rustwide/rustup-home:ro,Z" "-e" "SOURCE_DIR=/opt/rustwide/workdir" "-e" "CARGO_TARGET_DIR=/opt/rustwide/target" "-e" "CARGO_INCREMENTAL=0" "-e" "RUST_BACKTRACE=full" "-e" "RUSTFLAGS=--cap-lints=warn" "-e" "RUSTDOCFLAGS=--cap-lints=warn" "-e" "CARGO_HOME=/opt/rustwide/cargo-home" "-e" "RUSTUP_HOME=/opt/rustwide/rustup-home" "-w" "/opt/rustwide/workdir" "-m" "1610612736" "--user" "0:0" "--network" "none" "ghcr.io/rust-lang/crates-build-env/linux@sha256:5ff2268d62e97bff2cde7d5815dd6ed5b47097566f13b8d0ca110b04b60e07ed" "/opt/rustwide/cargo-home/bin/cargo" "+beta-2023-04-20" "build" "--frozen" "--message-format=json", kill_on_drop: false }`
[INFO] [stdout] a8991d5a2448212b7cf4a946a4f599f9de0bd60fd396914955ffb5ffde45e887
[INFO] running `Command { std: "docker" "start" "-a" "a8991d5a2448212b7cf4a946a4f599f9de0bd60fd396914955ffb5ffde45e887", kill_on_drop: false }`
[INFO] [stderr]    Compiling x86_64-linux-nolibc v0.1.0 (/opt/rustwide/workdir)
[INFO] [stderr]     Finished dev [unoptimized + debuginfo] target(s) in 0.52s
[INFO] running `Command { std: "docker" "inspect" "a8991d5a2448212b7cf4a946a4f599f9de0bd60fd396914955ffb5ffde45e887", kill_on_drop: false }`
[INFO] running `Command { std: "docker" "rm" "-f" "a8991d5a2448212b7cf4a946a4f599f9de0bd60fd396914955ffb5ffde45e887", kill_on_drop: false }`
[INFO] [stdout] a8991d5a2448212b7cf4a946a4f599f9de0bd60fd396914955ffb5ffde45e887
[INFO] running `Command { std: "docker" "create" "-v" "/var/lib/crater-agent-workspace/builds/worker-0-tc2/target:/opt/rustwide/target:rw,Z" "-v" "/var/lib/crater-agent-workspace/builds/worker-0-tc2/source:/opt/rustwide/workdir:ro,Z" "-v" "/var/lib/crater-agent-workspace/cargo-home:/opt/rustwide/cargo-home:ro,Z" "-v" "/var/lib/crater-agent-workspace/rustup-home:/opt/rustwide/rustup-home:ro,Z" "-e" "SOURCE_DIR=/opt/rustwide/workdir" "-e" "CARGO_TARGET_DIR=/opt/rustwide/target" "-e" "CARGO_INCREMENTAL=0" "-e" "RUST_BACKTRACE=full" "-e" "RUSTFLAGS=--cap-lints=warn" "-e" "RUSTDOCFLAGS=--cap-lints=warn" "-e" "CARGO_HOME=/opt/rustwide/cargo-home" "-e" "RUSTUP_HOME=/opt/rustwide/rustup-home" "-w" "/opt/rustwide/workdir" "-m" "1610612736" "--user" "0:0" "--network" "none" "ghcr.io/rust-lang/crates-build-env/linux@sha256:5ff2268d62e97bff2cde7d5815dd6ed5b47097566f13b8d0ca110b04b60e07ed" "/opt/rustwide/cargo-home/bin/cargo" "+beta-2023-04-20" "test" "--frozen" "--no-run" "--message-format=json", kill_on_drop: false }`
[INFO] [stdout] bf7ded2642a7f713b0f9fc653683b5143f1a6e18f0f9939fdb308a69030182e3
[INFO] running `Command { std: "docker" "start" "-a" "bf7ded2642a7f713b0f9fc653683b5143f1a6e18f0f9939fdb308a69030182e3", kill_on_drop: false }`
[INFO] [stderr]    Compiling libc v0.2.124
[INFO] [stderr]    Compiling plain v0.2.3
[INFO] [stderr]    Compiling scroll v0.11.0
[INFO] [stderr]    Compiling goblin v0.5.1
[INFO] [stderr]    Compiling rcrt1 v2.0.0
[INFO] [stderr]    Compiling x86_64-linux-nolibc v0.1.0 (/opt/rustwide/workdir)
[INFO] [stderr] error: could not compile `x86_64-linux-nolibc` (example "panic") due to 3 previous errors; 1 warning emitted
[INFO] [stdout] error[E0554]: `#![feature]` may not be used on the beta release channel
[INFO] [stdout]  --> examples/panic.rs:3:1
[INFO] [stdout]   |
[INFO] [stdout] 3 | #![feature(naked_functions, asm_sym)]
[INFO] [stdout]   | ^^^^^^^^^^^^^^^^^^^^^^^^^^^^^^^^^^^^^
[INFO] [stdout]   |
[INFO] [stdout]   = help: the feature `asm_sym` has been stable since `1.66.0` and no longer requires an attribute to enable
[INFO] [stdout] 
[INFO] [stdout] 
[INFO] [stderr] warning: build failed, waiting for other jobs to finish...
[INFO] [stdout] warning: the feature `asm_sym` has been stable since 1.66.0 and no longer requires an attribute to enable
[INFO] [stdout]  --> examples/panic.rs:3:29
[INFO] [stdout]   |
[INFO] [stdout] 3 | #![feature(naked_functions, asm_sym)]
[INFO] [stdout]   |                             ^^^^^^^
[INFO] [stdout]   |
[INFO] [stdout]   = note: `#[warn(stable_features)]` on by default
[INFO] [stdout] 
[INFO] [stdout] 
[INFO] [stdout] error: language item required, but not found: `eh_personality`
[INFO] [stdout]   |
[INFO] [stdout]   = note: this can occur when a binary crate with `#![no_std]` is compiled for a target where `eh_personality` is defined in the standard library
[INFO] [stdout]   = help: you may be able to compile for a target that doesn't need `eh_personality`, specify a target with `--target` or in `.cargo/config`
[INFO] [stdout] 
[INFO] [stdout] 
[INFO] [stdout] error: aborting due to 2 previous errors; 1 warning emitted
[INFO] [stdout] 
[INFO] [stdout] 
[INFO] [stdout] For more information about this error, try `rustc --explain E0554`.
[INFO] [stdout] 
[INFO] [stdout] error[E0554]: `#![feature]` may not be used on the beta release channel
[INFO] [stdout]  --> examples/helloworld.rs:3:1
[INFO] [stdout]   |
[INFO] [stdout] 3 | #![feature(naked_functions, asm_sym)]
[INFO] [stdout]   | ^^^^^^^^^^^^^^^^^^^^^^^^^^^^^^^^^^^^^
[INFO] [stdout]   |
[INFO] [stdout]   = help: the feature `asm_sym` has been stable since `1.66.0` and no longer requires an attribute to enable
[INFO] [stdout] 
[INFO] [stdout] 
[INFO] [stderr] error: could not compile `x86_64-linux-nolibc` (example "helloworld") due to 3 previous errors; 1 warning emitted
[INFO] [stdout] warning: the feature `asm_sym` has been stable since 1.66.0 and no longer requires an attribute to enable
[INFO] [stdout]  --> examples/helloworld.rs:3:29
[INFO] [stdout]   |
[INFO] [stdout] 3 | #![feature(naked_functions, asm_sym)]
[INFO] [stdout]   |                             ^^^^^^^
[INFO] [stdout]   |
[INFO] [stdout]   = note: `#[warn(stable_features)]` on by default
[INFO] [stdout] 
[INFO] [stdout] 
[INFO] [stdout] error: language item required, but not found: `eh_personality`
[INFO] [stdout]   |
[INFO] [stdout]   = note: this can occur when a binary crate with `#![no_std]` is compiled for a target where `eh_personality` is defined in the standard library
[INFO] [stdout]   = help: you may be able to compile for a target that doesn't need `eh_personality`, specify a target with `--target` or in `.cargo/config`
[INFO] [stdout] 
[INFO] [stdout] 
[INFO] [stdout] error: aborting due to 2 previous errors; 1 warning emitted
[INFO] [stdout] 
[INFO] [stdout] 
[INFO] [stdout] For more information about this error, try `rustc --explain E0554`.
[INFO] [stdout] 
[INFO] [stdout] error[E0554]: `#![feature]` may not be used on the beta release channel
[INFO] [stdout]  --> examples/raw_error.rs:3:1
[INFO] [stdout]   |
[INFO] [stdout] 3 | #![feature(naked_functions, asm_sym)]
[INFO] [stdout]   | ^^^^^^^^^^^^^^^^^^^^^^^^^^^^^^^^^^^^^
[INFO] [stdout]   |
[INFO] [stdout]   = help: the feature `asm_sym` has been stable since `1.66.0` and no longer requires an attribute to enable
[INFO] [stdout] 
[INFO] [stdout] 
[INFO] [stdout] warning: the feature `asm_sym` has been stable since 1.66.0 and no longer requires an attribute to enable
[INFO] [stdout]  --> examples/raw_error.rs:3:29
[INFO] [stdout]   |
[INFO] [stdout] 3 | #![feature(naked_functions, asm_sym)]
[INFO] [stdout]   |                             ^^^^^^^
[INFO] [stdout]   |
[INFO] [stdout]   = note: `#[warn(stable_features)]` on by default
[INFO] [stdout] 
[INFO] [stdout] 
[INFO] [stdout] error: language item required, but not found: `eh_personality`
[INFO] [stdout]   |
[INFO] [stdout]   = note: this can occur when a binary crate with `#![no_std]` is compiled for a target where `eh_personality` is defined in the standard library
[INFO] [stdout]   = help: you may be able to compile for a target that doesn't need `eh_personality`, specify a target with `--target` or in `.cargo/config`
[INFO] [stdout] 
[INFO] [stdout] 
[INFO] [stdout] error: aborting due to 2 previous errors; 1 warning emitted
[INFO] [stdout] 
[INFO] [stdout] 
[INFO] [stdout] For more information about this error, try `rustc --explain E0554`.
[INFO] [stdout] 
[INFO] [stderr] error: could not compile `x86_64-linux-nolibc` (example "raw_error") due to 3 previous errors; 1 warning emitted
[INFO] [stdout] error[E0554]: `#![feature]` may not be used on the beta release channel
[INFO] [stdout]  --> examples/raw_helloworld.rs:3:1
[INFO] [stdout]   |
[INFO] [stdout] 3 | #![feature(naked_functions, asm_sym)]
[INFO] [stdout]   | ^^^^^^^^^^^^^^^^^^^^^^^^^^^^^^^^^^^^^
[INFO] [stdout]   |
[INFO] [stdout]   = help: the feature `asm_sym` has been stable since `1.66.0` and no longer requires an attribute to enable
[INFO] [stdout] 
[INFO] [stdout] 
[INFO] [stderr] error: could not compile `x86_64-linux-nolibc` (example "raw_helloworld") due to 3 previous errors; 1 warning emitted
[INFO] [stdout] warning: the feature `asm_sym` has been stable since 1.66.0 and no longer requires an attribute to enable
[INFO] [stdout]  --> examples/raw_helloworld.rs:3:29
[INFO] [stdout]   |
[INFO] [stdout] 3 | #![feature(naked_functions, asm_sym)]
[INFO] [stdout]   |                             ^^^^^^^
[INFO] [stdout]   |
[INFO] [stdout]   = note: `#[warn(stable_features)]` on by default
[INFO] [stdout] 
[INFO] [stdout] 
[INFO] [stdout] error: language item required, but not found: `eh_personality`
[INFO] [stdout]   |
[INFO] [stdout]   = note: this can occur when a binary crate with `#![no_std]` is compiled for a target where `eh_personality` is defined in the standard library
[INFO] [stdout]   = help: you may be able to compile for a target that doesn't need `eh_personality`, specify a target with `--target` or in `.cargo/config`
[INFO] [stdout] 
[INFO] [stdout] 
[INFO] [stdout] error: aborting due to 2 previous errors; 1 warning emitted
[INFO] [stdout] 
[INFO] [stdout] 
[INFO] [stdout] For more information about this error, try `rustc --explain E0554`.
[INFO] [stdout] 
[INFO] running `Command { std: "docker" "inspect" "bf7ded2642a7f713b0f9fc653683b5143f1a6e18f0f9939fdb308a69030182e3", kill_on_drop: false }`
[INFO] running `Command { std: "docker" "rm" "-f" "bf7ded2642a7f713b0f9fc653683b5143f1a6e18f0f9939fdb308a69030182e3", kill_on_drop: false }`
[INFO] [stdout] bf7ded2642a7f713b0f9fc653683b5143f1a6e18f0f9939fdb308a69030182e3
