[INFO] cloning repository https://github.com/hallcristobal/twitchchat-rust
[INFO] running `Command { std: "git" "-c" "credential.helper=" "-c" "credential.helper=/workspace/cargo-home/bin/git-credential-null" "clone" "--bare" "https://github.com/hallcristobal/twitchchat-rust" "/workspace/cache/git-repos/https%3A%2F%2Fgithub.com%2Fhallcristobal%2Ftwitchchat-rust", kill_on_drop: false }`
[INFO] [stderr] Cloning into bare repository '/workspace/cache/git-repos/https%3A%2F%2Fgithub.com%2Fhallcristobal%2Ftwitchchat-rust'...
[INFO] running `Command { std: "git" "rev-parse" "HEAD", kill_on_drop: false }`
[INFO] [stdout] 4940af4ee5b65f4451089c2133e17f4e37aa9289
[INFO] testing hallcristobal/twitchchat-rust against beta-2023-04-20 for beta-1.70-1
[INFO] running `Command { std: "git" "clone" "/workspace/cache/git-repos/https%3A%2F%2Fgithub.com%2Fhallcristobal%2Ftwitchchat-rust" "/workspace/builds/worker-4-tc2/source", kill_on_drop: false }`
[INFO] [stderr] Cloning into '/workspace/builds/worker-4-tc2/source'...
[INFO] [stderr] done.
[INFO] validating manifest of git repo https://github.com/hallcristobal/twitchchat-rust on toolchain beta-2023-04-20
[INFO] running `Command { std: CARGO_HOME="/workspace/cargo-home" RUSTUP_HOME="/workspace/rustup-home" "/workspace/cargo-home/bin/cargo" "+beta-2023-04-20" "metadata" "--manifest-path" "Cargo.toml" "--no-deps", kill_on_drop: false }`
[INFO] started tweaking git repo https://github.com/hallcristobal/twitchchat-rust
[INFO] finished tweaking git repo https://github.com/hallcristobal/twitchchat-rust
[INFO] tweaked toml for git repo https://github.com/hallcristobal/twitchchat-rust written to /workspace/builds/worker-4-tc2/source/Cargo.toml
[INFO] crate git repo https://github.com/hallcristobal/twitchchat-rust already has a lockfile, it will not be regenerated
[INFO] running `Command { std: CARGO_HOME="/workspace/cargo-home" RUSTUP_HOME="/workspace/rustup-home" "/workspace/cargo-home/bin/cargo" "+beta-2023-04-20" "fetch" "--manifest-path" "Cargo.toml", kill_on_drop: false }`
[INFO] [stderr]  Downloading crates ...
[INFO] [stderr]   Downloaded chrono v0.4.4
[INFO] running `Command { std: "docker" "create" "-v" "/var/lib/crater-agent-workspace/builds/worker-4-tc2/target:/opt/rustwide/target:rw,Z" "-v" "/var/lib/crater-agent-workspace/builds/worker-4-tc2/source:/opt/rustwide/workdir:ro,Z" "-v" "/var/lib/crater-agent-workspace/cargo-home:/opt/rustwide/cargo-home:ro,Z" "-v" "/var/lib/crater-agent-workspace/rustup-home:/opt/rustwide/rustup-home:ro,Z" "-e" "SOURCE_DIR=/opt/rustwide/workdir" "-e" "CARGO_TARGET_DIR=/opt/rustwide/target" "-e" "CARGO_HOME=/opt/rustwide/cargo-home" "-e" "RUSTUP_HOME=/opt/rustwide/rustup-home" "-w" "/opt/rustwide/workdir" "-m" "1610612736" "--user" "0:0" "--network" "none" "ghcr.io/rust-lang/crates-build-env/linux@sha256:5ff2268d62e97bff2cde7d5815dd6ed5b47097566f13b8d0ca110b04b60e07ed" "/opt/rustwide/cargo-home/bin/cargo" "+beta-2023-04-20" "metadata" "--no-deps" "--format-version=1", kill_on_drop: false }`
[INFO] [stdout] 8ff03f7f5a437ff7a6d41cdce443dd4de0d5f5fadad6aea4708018d107d968d6
[INFO] running `Command { std: "docker" "start" "-a" "8ff03f7f5a437ff7a6d41cdce443dd4de0d5f5fadad6aea4708018d107d968d6", kill_on_drop: false }`
[INFO] running `Command { std: "docker" "inspect" "8ff03f7f5a437ff7a6d41cdce443dd4de0d5f5fadad6aea4708018d107d968d6", kill_on_drop: false }`
[INFO] running `Command { std: "docker" "rm" "-f" "8ff03f7f5a437ff7a6d41cdce443dd4de0d5f5fadad6aea4708018d107d968d6", kill_on_drop: false }`
[INFO] [stdout] 8ff03f7f5a437ff7a6d41cdce443dd4de0d5f5fadad6aea4708018d107d968d6
[INFO] running `Command { std: "docker" "create" "-v" "/var/lib/crater-agent-workspace/builds/worker-4-tc2/target:/opt/rustwide/target:rw,Z" "-v" "/var/lib/crater-agent-workspace/builds/worker-4-tc2/source:/opt/rustwide/workdir:ro,Z" "-v" "/var/lib/crater-agent-workspace/cargo-home:/opt/rustwide/cargo-home:ro,Z" "-v" "/var/lib/crater-agent-workspace/rustup-home:/opt/rustwide/rustup-home:ro,Z" "-e" "SOURCE_DIR=/opt/rustwide/workdir" "-e" "CARGO_TARGET_DIR=/opt/rustwide/target" "-e" "CARGO_INCREMENTAL=0" "-e" "RUST_BACKTRACE=full" "-e" "RUSTFLAGS=--cap-lints=warn" "-e" "RUSTDOCFLAGS=--cap-lints=warn" "-e" "CARGO_HOME=/opt/rustwide/cargo-home" "-e" "RUSTUP_HOME=/opt/rustwide/rustup-home" "-w" "/opt/rustwide/workdir" "-m" "1610612736" "--user" "0:0" "--network" "none" "ghcr.io/rust-lang/crates-build-env/linux@sha256:5ff2268d62e97bff2cde7d5815dd6ed5b47097566f13b8d0ca110b04b60e07ed" "/opt/rustwide/cargo-home/bin/cargo" "+beta-2023-04-20" "build" "--frozen" "--message-format=json", kill_on_drop: false }`
[INFO] [stdout] a41f90cff155e6769177318dbe2e7188493d865bd38c4a4930e3ba9b9ea55abd
[INFO] running `Command { std: "docker" "start" "-a" "a41f90cff155e6769177318dbe2e7188493d865bd38c4a4930e3ba9b9ea55abd", kill_on_drop: false }`
[INFO] [stderr]    Compiling libc v0.2.42
[INFO] [stderr]    Compiling num-traits v0.2.5
[INFO] [stderr]    Compiling void v1.0.2
[INFO] [stderr]    Compiling ucd-util v0.1.1
[INFO] [stderr]    Compiling num-integer v0.1.39
[INFO] [stderr]    Compiling regex v1.0.1
[INFO] [stderr]    Compiling lazy_static v1.0.1
[INFO] [stderr]    Compiling cfg-if v0.1.4
[INFO] [stderr]    Compiling unreachable v1.0.0
[INFO] [stderr]    Compiling quick-error v1.2.2
[INFO] [stderr]    Compiling utf8-ranges v1.0.0
[INFO] [stderr]    Compiling thread_local v0.3.5
[INFO] [stderr]    Compiling regex-syntax v0.6.1
[INFO] [stderr]    Compiling humantime v1.1.1
[INFO] [stderr]    Compiling log v0.4.3
[INFO] [stderr]    Compiling memchr v2.0.1
[INFO] [stderr]    Compiling time v0.1.40
[INFO] [stderr]    Compiling aho-corasick v0.6.5
[INFO] [stderr]    Compiling atty v0.2.10
[INFO] [stderr]    Compiling termcolor v0.3.6
[INFO] [stderr]    Compiling chrono v0.4.4
[INFO] [stderr]    Compiling env_logger v0.5.10
[INFO] [stderr]    Compiling twitch-bot v0.1.0 (/opt/rustwide/workdir)
[INFO] [stdout] warning: unused `#[macro_use]` import
[INFO] [stdout]  --> src/lib/lib.rs:1:1
[INFO] [stdout]   |
[INFO] [stdout] 1 | #[macro_use]
[INFO] [stdout]   | ^^^^^^^^^^^^
[INFO] [stdout]   |
[INFO] [stdout]   = note: `#[warn(unused_imports)]` on by default
[INFO] [stdout] 
[INFO] [stdout] 
[INFO] [stdout] warning: unused imports: `ErrorKind`, `Error`
[INFO] [stdout]  --> src/lib/chat/command.rs:4:15
[INFO] [stdout]   |
[INFO] [stdout] 4 | use std::io::{Error, ErrorKind};
[INFO] [stdout]   |               ^^^^^  ^^^^^^^^^
[INFO] [stdout] 
[INFO] [stdout] 
[INFO] [stdout] warning: use of deprecated method `std::error::Error::description`: use the Display impl or to_string()
[INFO] [stdout]   --> src/lib/chat/error.rs:3:1
[INFO] [stdout]    |
[INFO] [stdout] 3  | / quick_error! {
[INFO] [stdout] 4  | |     #[derive(Debug)]
[INFO] [stdout] 5  | |     pub enum Error {
[INFO] [stdout] 6  | |         IoError(err: ::std::io::Error) {
[INFO] [stdout] ...  |
[INFO] [stdout] 22 | |     }
[INFO] [stdout] 23 | | }
[INFO] [stdout]    | |_^
[INFO] [stdout]    |
[INFO] [stdout]    = note: `#[warn(deprecated)]` on by default
[INFO] [stdout]    = note: this warning originates in the macro `quick_error` (in Nightly builds, run with -Z macro-backtrace for more info)
[INFO] [stdout] 
[INFO] [stdout] 
[INFO] [stdout] warning: use of deprecated method `std::error::Error::description`: use the Display impl or to_string()
[INFO] [stdout]   --> src/lib/chat/error.rs:3:1
[INFO] [stdout]    |
[INFO] [stdout] 3  | / quick_error! {
[INFO] [stdout] 4  | |     #[derive(Debug)]
[INFO] [stdout] 5  | |     pub enum Error {
[INFO] [stdout] 6  | |         IoError(err: ::std::io::Error) {
[INFO] [stdout] ...  |
[INFO] [stdout] 22 | |     }
[INFO] [stdout] 23 | | }
[INFO] [stdout]    | |_^
[INFO] [stdout]    |
[INFO] [stdout]    = note: this warning originates in the macro `quick_error` (in Nightly builds, run with -Z macro-backtrace for more info)
[INFO] [stdout] 
[INFO] [stdout] 
[INFO] [stdout] warning: use of deprecated method `std::error::Error::description`: use the Display impl or to_string()
[INFO] [stdout]   --> src/lib/chat/error.rs:3:1
[INFO] [stdout]    |
[INFO] [stdout] 3  | / quick_error! {
[INFO] [stdout] 4  | |     #[derive(Debug)]
[INFO] [stdout] 5  | |     pub enum Error {
[INFO] [stdout] 6  | |         IoError(err: ::std::io::Error) {
[INFO] [stdout] ...  |
[INFO] [stdout] 22 | |     }
[INFO] [stdout] 23 | | }
[INFO] [stdout]    | |_^
[INFO] [stdout]    |
[INFO] [stdout]    = note: this warning originates in the macro `quick_error` (in Nightly builds, run with -Z macro-backtrace for more info)
[INFO] [stdout] 
[INFO] [stdout] 
[INFO] [stdout] warning: use of deprecated method `std::error::Error::description`: use the Display impl or to_string()
[INFO] [stdout]   --> src/lib/chat/error.rs:3:1
[INFO] [stdout]    |
[INFO] [stdout] 3  | / quick_error! {
[INFO] [stdout] 4  | |     #[derive(Debug)]
[INFO] [stdout] 5  | |     pub enum Error {
[INFO] [stdout] 6  | |         IoError(err: ::std::io::Error) {
[INFO] [stdout] ...  |
[INFO] [stdout] 22 | |     }
[INFO] [stdout] 23 | | }
[INFO] [stdout]    | |_^
[INFO] [stdout]    |
[INFO] [stdout]    = note: this warning originates in the macro `quick_error` (in Nightly builds, run with -Z macro-backtrace for more info)
[INFO] [stdout] 
[INFO] [stdout] 
[INFO] [stdout] warning: use of deprecated method `std::error::Error::description`: use the Display impl or to_string()
[INFO] [stdout]   --> src/lib/chat/error.rs:3:1
[INFO] [stdout]    |
[INFO] [stdout] 3  | / quick_error! {
[INFO] [stdout] 4  | |     #[derive(Debug)]
[INFO] [stdout] 5  | |     pub enum Error {
[INFO] [stdout] 6  | |         IoError(err: ::std::io::Error) {
[INFO] [stdout] ...  |
[INFO] [stdout] 22 | |     }
[INFO] [stdout] 23 | | }
[INFO] [stdout]    | |_^
[INFO] [stdout]    |
[INFO] [stdout]    = note: this warning originates in the macro `quick_error` (in Nightly builds, run with -Z macro-backtrace for more info)
[INFO] [stdout] 
[INFO] [stdout] 
[INFO] [stdout] error[E0308]: mismatched types
[INFO] [stdout]   --> src/lib/chat/mod.rs:5:17
[INFO] [stdout]    |
[INFO] [stdout] 5  |                 Some(val.parse()?)
[INFO] [stdout]    |                 ^^^^^^^^^^^^^^^^^^ expected `String`, found `Option<_>`
[INFO] [stdout]    |
[INFO] [stdout]   ::: src/lib/chat/user_notice.rs:35:20
[INFO] [stdout]    |
[INFO] [stdout] 35 |             color: get_value_parse!("color", tags),
[INFO] [stdout]    |                    ------------------------------- in this macro invocation
[INFO] [stdout]    |
[INFO] [stdout]    = note: expected struct `String`
[INFO] [stdout]                 found enum `Option<_>`
[INFO] [stdout]    = note: this error originates in the macro `get_value_parse` (in Nightly builds, run with -Z macro-backtrace for more info)
[INFO] [stdout] 
[INFO] [stdout] 
[INFO] [stdout] error[E0308]: mismatched types
[INFO] [stdout]   --> src/lib/chat/mod.rs:7:17
[INFO] [stdout]    |
[INFO] [stdout] 7  |                 None
[INFO] [stdout]    |                 ^^^^ expected `String`, found `Option<_>`
[INFO] [stdout]    |
[INFO] [stdout]   ::: src/lib/chat/user_notice.rs:35:20
[INFO] [stdout]    |
[INFO] [stdout] 35 |             color: get_value_parse!("color", tags),
[INFO] [stdout]    |                    ------------------------------- in this macro invocation
[INFO] [stdout]    |
[INFO] [stdout]    = note: expected struct `String`
[INFO] [stdout]                 found enum `Option<_>`
[INFO] [stdout]    = note: this error originates in the macro `get_value_parse` (in Nightly builds, run with -Z macro-backtrace for more info)
[INFO] [stdout] 
[INFO] [stdout] 
[INFO] [stdout] error[E0308]: mismatched types
[INFO] [stdout]   --> src/lib/chat/mod.rs:10:13
[INFO] [stdout]    |
[INFO] [stdout] 10 |             None
[INFO] [stdout]    |             ^^^^ expected `String`, found `Option<_>`
[INFO] [stdout]    |
[INFO] [stdout]   ::: src/lib/chat/user_notice.rs:35:20
[INFO] [stdout]    |
[INFO] [stdout] 35 |             color: get_value_parse!("color", tags),
[INFO] [stdout]    |                    ------------------------------- in this macro invocation
[INFO] [stdout]    |
[INFO] [stdout]    = note: expected struct `String`
[INFO] [stdout]                 found enum `Option<_>`
[INFO] [stdout]    = note: this error originates in the macro `get_value_parse` (in Nightly builds, run with -Z macro-backtrace for more info)
[INFO] [stdout] 
[INFO] [stdout] 
[INFO] [stdout] error[E0063]: missing fields `display_name`, `emotes`, `id` and 10 other fields in initializer of `UserNotice`
[INFO] [stdout]   --> src/lib/chat/user_notice.rs:33:12
[INFO] [stdout]    |
[INFO] [stdout] 33 |         Ok(UserNotice {
[INFO] [stdout]    |            ^^^^^^^^^^ missing `display_name`, `emotes`, `id` and 10 other fields
[INFO] [stdout] 
[INFO] [stdout] 
[INFO] [stdout] error: aborting due to 4 previous errors; 7 warnings emitted
[INFO] [stdout] 
[INFO] [stdout] 
[INFO] [stdout] Some errors have detailed explanations: E0063, E0308.
[INFO] [stdout] 
[INFO] [stdout] For more information about an error, try `rustc --explain E0063`.
[INFO] [stdout] 
[INFO] [stderr] error: could not compile `twitch-bot` (lib) due to 5 previous errors; 7 warnings emitted
[INFO] [stderr] warning: build failed, waiting for other jobs to finish...
[INFO] running `Command { std: "docker" "inspect" "a41f90cff155e6769177318dbe2e7188493d865bd38c4a4930e3ba9b9ea55abd", kill_on_drop: false }`
[INFO] running `Command { std: "docker" "rm" "-f" "a41f90cff155e6769177318dbe2e7188493d865bd38c4a4930e3ba9b9ea55abd", kill_on_drop: false }`
[INFO] [stdout] a41f90cff155e6769177318dbe2e7188493d865bd38c4a4930e3ba9b9ea55abd
