[INFO] cloning repository https://github.com/hakomori64/drbac
[INFO] running `Command { std: "git" "-c" "credential.helper=" "-c" "credential.helper=/workspace/cargo-home/bin/git-credential-null" "clone" "--bare" "https://github.com/hakomori64/drbac" "/workspace/cache/git-repos/https%3A%2F%2Fgithub.com%2Fhakomori64%2Fdrbac", kill_on_drop: false }`
[INFO] [stderr] Cloning into bare repository '/workspace/cache/git-repos/https%3A%2F%2Fgithub.com%2Fhakomori64%2Fdrbac'...
[INFO] running `Command { std: "git" "rev-parse" "HEAD", kill_on_drop: false }`
[INFO] [stdout] 0d0eba5d89d153569ab7f30912d459b2a2dff3b5
[INFO] testing hakomori64/drbac against beta-2023-04-20 for beta-1.70-1
[INFO] running `Command { std: "git" "clone" "/workspace/cache/git-repos/https%3A%2F%2Fgithub.com%2Fhakomori64%2Fdrbac" "/workspace/builds/worker-4-tc2/source", kill_on_drop: false }`
[INFO] [stderr] Cloning into '/workspace/builds/worker-4-tc2/source'...
[INFO] [stderr] done.
[INFO] [stderr] Updating files:  96% (1038/1074)
Updating files:  97% (1042/1074)
Updating files:  98% (1053/1074)
Updating files:  99% (1064/1074)
Updating files: 100% (1074/1074)
Updating files: 100% (1074/1074), done.
[INFO] validating manifest of git repo https://github.com/hakomori64/drbac on toolchain beta-2023-04-20
[INFO] running `Command { std: CARGO_HOME="/workspace/cargo-home" RUSTUP_HOME="/workspace/rustup-home" "/workspace/cargo-home/bin/cargo" "+beta-2023-04-20" "metadata" "--manifest-path" "Cargo.toml" "--no-deps", kill_on_drop: false }`
[INFO] started tweaking git repo https://github.com/hakomori64/drbac
[INFO] finished tweaking git repo https://github.com/hakomori64/drbac
[INFO] tweaked toml for git repo https://github.com/hakomori64/drbac written to /workspace/builds/worker-4-tc2/source/Cargo.toml
[INFO] crate git repo https://github.com/hakomori64/drbac already has a lockfile, it will not be regenerated
[INFO] running `Command { std: CARGO_HOME="/workspace/cargo-home" RUSTUP_HOME="/workspace/rustup-home" "/workspace/cargo-home/bin/cargo" "+beta-2023-04-20" "fetch" "--manifest-path" "Cargo.toml", kill_on_drop: false }`
[INFO] [stderr]     Updating crates.io index
[INFO] [stderr]  Downloading crates ...
[INFO] [stderr]   Downloaded load-dotenv v0.1.2
[INFO] [stderr]   Downloaded nix v0.23.0
[INFO] [stderr]   Downloaded libsqlite3-sys v0.9.3
[INFO] [stderr]   Downloaded command-run v1.0.2
[INFO] [stderr]   Downloaded docker-command v1.0.1
[INFO] running `Command { std: "docker" "create" "-v" "/var/lib/crater-agent-workspace/builds/worker-4-tc2/target:/opt/rustwide/target:rw,Z" "-v" "/var/lib/crater-agent-workspace/builds/worker-4-tc2/source:/opt/rustwide/workdir:ro,Z" "-v" "/var/lib/crater-agent-workspace/cargo-home:/opt/rustwide/cargo-home:ro,Z" "-v" "/var/lib/crater-agent-workspace/rustup-home:/opt/rustwide/rustup-home:ro,Z" "-e" "SOURCE_DIR=/opt/rustwide/workdir" "-e" "CARGO_TARGET_DIR=/opt/rustwide/target" "-e" "CARGO_HOME=/opt/rustwide/cargo-home" "-e" "RUSTUP_HOME=/opt/rustwide/rustup-home" "-w" "/opt/rustwide/workdir" "-m" "1610612736" "--user" "0:0" "--network" "none" "ghcr.io/rust-lang/crates-build-env/linux@sha256:5ff2268d62e97bff2cde7d5815dd6ed5b47097566f13b8d0ca110b04b60e07ed" "/opt/rustwide/cargo-home/bin/cargo" "+beta-2023-04-20" "metadata" "--no-deps" "--format-version=1", kill_on_drop: false }`
[INFO] [stdout] c58e08039b7ec7aeeb27f0b749f9a68ea02d6cc17a07ac8086c8cf86d1743856
[INFO] running `Command { std: "docker" "start" "-a" "c58e08039b7ec7aeeb27f0b749f9a68ea02d6cc17a07ac8086c8cf86d1743856", kill_on_drop: false }`
[INFO] running `Command { std: "docker" "inspect" "c58e08039b7ec7aeeb27f0b749f9a68ea02d6cc17a07ac8086c8cf86d1743856", kill_on_drop: false }`
[INFO] running `Command { std: "docker" "rm" "-f" "c58e08039b7ec7aeeb27f0b749f9a68ea02d6cc17a07ac8086c8cf86d1743856", kill_on_drop: false }`
[INFO] [stdout] c58e08039b7ec7aeeb27f0b749f9a68ea02d6cc17a07ac8086c8cf86d1743856
[INFO] running `Command { std: "docker" "create" "-v" "/var/lib/crater-agent-workspace/builds/worker-4-tc2/target:/opt/rustwide/target:rw,Z" "-v" "/var/lib/crater-agent-workspace/builds/worker-4-tc2/source:/opt/rustwide/workdir:ro,Z" "-v" "/var/lib/crater-agent-workspace/cargo-home:/opt/rustwide/cargo-home:ro,Z" "-v" "/var/lib/crater-agent-workspace/rustup-home:/opt/rustwide/rustup-home:ro,Z" "-e" "SOURCE_DIR=/opt/rustwide/workdir" "-e" "CARGO_TARGET_DIR=/opt/rustwide/target" "-e" "CARGO_INCREMENTAL=0" "-e" "RUST_BACKTRACE=full" "-e" "RUSTFLAGS=--cap-lints=warn" "-e" "RUSTDOCFLAGS=--cap-lints=warn" "-e" "CARGO_HOME=/opt/rustwide/cargo-home" "-e" "RUSTUP_HOME=/opt/rustwide/rustup-home" "-w" "/opt/rustwide/workdir" "-m" "1610612736" "--user" "0:0" "--network" "none" "ghcr.io/rust-lang/crates-build-env/linux@sha256:5ff2268d62e97bff2cde7d5815dd6ed5b47097566f13b8d0ca110b04b60e07ed" "/opt/rustwide/cargo-home/bin/cargo" "+beta-2023-04-20" "build" "--frozen" "--message-format=json", kill_on_drop: false }`
[INFO] [stdout] 3e81548c52509172697ea3bbd9abbe8b6d56103cd443de58225327823f25a090
[INFO] running `Command { std: "docker" "start" "-a" "3e81548c52509172697ea3bbd9abbe8b6d56103cd443de58225327823f25a090", kill_on_drop: false }`
[INFO] [stderr]    Compiling cfg-if v1.0.0
[INFO] [stderr]    Compiling proc-macro2 v1.0.29
[INFO] [stderr]    Compiling libc v0.2.109
[INFO] [stderr]    Compiling unicode-xid v0.2.2
[INFO] [stderr]    Compiling syn v1.0.76
[INFO] [stderr]    Compiling typenum v1.14.0
[INFO] [stderr]    Compiling version_check v0.9.3
[INFO] [stderr]    Compiling getrandom v0.1.16
[INFO] [stderr]    Compiling ppv-lite86 v0.2.10
[INFO] [stderr]    Compiling pkg-config v0.3.20
[INFO] [stderr]    Compiling serde_derive v1.0.130
[INFO] [stderr]    Compiling autocfg v1.0.1
[INFO] [stderr]    Compiling cc v1.0.70
[INFO] [stderr]    Compiling subtle v2.4.1
[INFO] [stderr]    Compiling byteorder v1.4.3
[INFO] [stderr]    Compiling opaque-debug v0.3.0
[INFO] [stderr]    Compiling serde v1.0.130
[INFO] [stderr]    Compiling log v0.4.14
[INFO] [stderr]    Compiling cpufeatures v0.2.1
[INFO] [stderr]    Compiling proc-macro2 v0.4.30
[INFO] [stderr]    Compiling ucd-trie v0.1.3
[INFO] [stderr]    Compiling memchr v2.4.1
[INFO] [stderr]    Compiling maplit v1.0.2
[INFO] [stderr]    Compiling pest v2.1.3
[INFO] [stderr]    Compiling ryu v1.0.5
[INFO] [stderr]    Compiling anyhow v1.0.43
[INFO] [stderr]    Compiling generic-array v0.14.4
[INFO] [stderr]    Compiling unicode-xid v0.1.0
[INFO] [stderr]    Compiling memoffset v0.6.5
[INFO] [stderr]    Compiling unicode-segmentation v1.8.0
[INFO] [stderr]    Compiling syn v0.15.44
[INFO] [stderr]    Compiling bitflags v1.3.2
[INFO] [stderr]    Compiling nix v0.14.1
[INFO] [stderr]    Compiling serde_json v1.0.68
[INFO] [stderr]    Compiling num-traits v0.2.14
[INFO] [stderr]    Compiling void v1.0.2
[INFO] [stderr]    Compiling names v0.12.0
[INFO] [stderr]    Compiling cfg-if v0.1.10
[INFO] [stderr]    Compiling num-derive v0.2.5
[INFO] [stderr]    Compiling quote v1.0.9
[INFO] [stderr]    Compiling heck v0.3.3
[INFO] [stderr]    Compiling regex-syntax v0.6.25
[INFO] [stderr]    Compiling quote v0.6.13
[INFO] [stderr]    Compiling itoa v0.4.8
[INFO] [stderr]    Compiling signature v1.3.1
[INFO] [stderr]    Compiling pest_meta v2.1.3
[INFO] [stderr]    Compiling aho-corasick v0.7.18
[INFO] [stderr]    Compiling ed25519 v1.2.0
[INFO] [stderr]    Compiling base64 v0.13.0
[INFO] [stderr]    Compiling once_cell v1.8.0
[INFO] [stderr]    Compiling dotenv v0.15.0
[INFO] [stderr]    Compiling quick-error v1.2.3
[INFO] [stderr]    Compiling remove_dir_all v0.5.3
[INFO] [stderr]    Compiling quick-error v2.0.1
[INFO] [stderr]    Compiling libsqlite3-sys v0.9.3
[INFO] [stderr]    Compiling shell v0.1.0 (/opt/rustwide/workdir/shell)
[INFO] [stderr]    Compiling load-dotenv v0.1.2
[INFO] [stderr]    Compiling getrandom v0.2.3
[INFO] [stderr]    Compiling users v0.11.0
[INFO] [stderr]    Compiling nix v0.23.0
[INFO] [stderr]    Compiling digest v0.9.0
[INFO] [stderr]    Compiling rand_core v0.5.1
[INFO] [stderr]    Compiling rand_core v0.6.3
[INFO] [stderr]    Compiling cipher v0.3.0
[INFO] [stderr]    Compiling universal-hash v0.4.1
[INFO] [stderr]    Compiling block-buffer v0.9.0
[INFO] [stderr]    Compiling aead v0.4.3
[INFO] [stderr]    Compiling rand_chacha v0.2.2
[INFO] [stderr]    Compiling rand_chacha v0.3.1
[INFO] [stderr]    Compiling polyval v0.5.3
[INFO] [stderr]    Compiling sha2 v0.9.8
[INFO] [stderr]    Compiling ctr v0.8.0
[INFO] [stderr]    Compiling aes v0.7.5
[INFO] [stderr]    Compiling rand v0.8.4
[INFO] [stderr]    Compiling rand v0.7.3
[INFO] [stderr]    Compiling ghash v0.4.4
[INFO] [stderr]    Compiling os_pipe v0.9.2
[INFO] [stderr]    Compiling aes-gcm v0.9.4
[INFO] [stderr]    Compiling command-run v1.0.2
[INFO] [stderr]    Compiling docker-command v1.0.1
[INFO] [stderr]    Compiling regex v1.5.4
[INFO] [stderr]    Compiling tempfile v3.2.0
[INFO] [stderr]    Compiling pem v0.8.3
[INFO] [stderr]    Compiling libmount v0.1.15
[INFO] [stderr]    Compiling synstructure v0.12.5
[INFO] [stderr]    Compiling pest_generator v2.1.3
[INFO] [stderr]    Compiling diesel_derives v1.4.1
[INFO] [stderr]    Compiling zeroize_derive v1.1.0
[INFO] [stderr]    Compiling strum_macros v0.22.0
[INFO] [stderr]    Compiling pest_derive v2.1.0
[INFO] [stderr]    Compiling zeroize v1.4.1
[INFO] [stderr]    Compiling curve25519-dalek v3.2.0
[INFO] [stderr]    Compiling strum v0.22.0
[INFO] [stderr]    Compiling x25519-dalek v1.1.1
[INFO] [stderr]    Compiling uuid v0.8.2
[INFO] [stderr]    Compiling ed25519-dalek v1.0.1
[INFO] [stderr]    Compiling handlebars v3.5.5
[INFO] [stderr]    Compiling diesel v1.4.8
[INFO] [stderr]    Compiling migrations_internals v1.4.1
[INFO] [stderr]    Compiling migrations_macros v1.4.2
[INFO] [stderr]    Compiling diesel_migrations v1.4.0
[INFO] [stderr]    Compiling common v0.2.0 (/opt/rustwide/workdir/common)
[INFO] [stdout] warning: unused import: `std::os::unix::process::CommandExt`
[INFO] [stdout]   --> common/src/jail.rs:14:5
[INFO] [stdout]    |
[INFO] [stdout] 14 | use std::os::unix::process::CommandExt;
[INFO] [stdout]    |     ^^^^^^^^^^^^^^^^^^^^^^^^^^^^^^^^^^
[INFO] [stdout]    |
[INFO] [stdout]    = note: `#[warn(unused_imports)]` on by default
[INFO] [stdout] 
[INFO] [stdout] 
[INFO] [stdout] warning: unused import: `get_user_by_name`
[INFO] [stdout]   --> common/src/jail.rs:16:5
[INFO] [stdout]    |
[INFO] [stdout] 16 |     get_user_by_name,
[INFO] [stdout]    |     ^^^^^^^^^^^^^^^^
[INFO] [stdout] 
[INFO] [stdout] 
[INFO] [stderr]    Compiling ca v0.1.0 (/opt/rustwide/workdir/ca)
[INFO] [stderr]    Compiling entity v0.1.0 (/opt/rustwide/workdir/entity)
[INFO] [stderr]    Compiling central v0.1.0 (/opt/rustwide/workdir/central)
[INFO] [stdout] warning: 2 warnings emitted
[INFO] [stdout] 
[INFO] [stdout] 
[INFO] [stdout] error: linking with `cc` failed: exit status: 1
[INFO] [stdout]   |
[INFO] [stdout]   = note: LC_ALL="C" PATH="/opt/rustwide/rustup-home/toolchains/beta-2023-04-20-x86_64-unknown-linux-gnu/lib/rustlib/x86_64-unknown-linux-gnu/bin:/opt/rustwide/cargo-home/bin:/usr/local/sbin:/usr/local/bin:/usr/sbin:/usr/bin:/sbin:/bin" VSLANG="1033" "cc" "-m64" "/tmp/rustcjTAnnB/symbols.o" "/opt/rustwide/target/debug/deps/generate_keypair_and_csr-13824aa5998bfb19.generate_keypair_and_csr.020d4ca2-cgu.0.rcgu.o" "/opt/rustwide/target/debug/deps/generate_keypair_and_csr-13824aa5998bfb19.generate_keypair_and_csr.020d4ca2-cgu.1.rcgu.o" "/opt/rustwide/target/debug/deps/generate_keypair_and_csr-13824aa5998bfb19.generate_keypair_and_csr.020d4ca2-cgu.2.rcgu.o" "/opt/rustwide/target/debug/deps/generate_keypair_and_csr-13824aa5998bfb19.generate_keypair_and_csr.020d4ca2-cgu.3.rcgu.o" "/opt/rustwide/target/debug/deps/generate_keypair_and_csr-13824aa5998bfb19.generate_keypair_and_csr.020d4ca2-cgu.4.rcgu.o" "/opt/rustwide/target/debug/deps/generate_keypair_and_csr-13824aa5998bfb19.generate_keypair_and_csr.020d4ca2-cgu.5.rcgu.o" "/opt/rustwide/target/debug/deps/generate_keypair_and_csr-13824aa5998bfb19.generate_keypair_and_csr.020d4ca2-cgu.6.rcgu.o" "/opt/rustwide/target/debug/deps/generate_keypair_and_csr-13824aa5998bfb19.generate_keypair_and_csr.020d4ca2-cgu.7.rcgu.o" "/opt/rustwide/target/debug/deps/generate_keypair_and_csr-13824aa5998bfb19.generate_keypair_and_csr.020d4ca2-cgu.8.rcgu.o" "/opt/rustwide/target/debug/deps/generate_keypair_and_csr-13824aa5998bfb19.generate_keypair_and_csr.020d4ca2-cgu.9.rcgu.o" "/opt/rustwide/target/debug/deps/generate_keypair_and_csr-13824aa5998bfb19.2a26zxwgb34mwtm8.rcgu.o" "-Wl,--as-needed" "-L" "/opt/rustwide/target/debug/deps" "-L" "/opt/rustwide/target/debug/build/libsqlite3-sys-b465193e536314c8/out" "-L" "/opt/rustwide/rustup-home/toolchains/beta-2023-04-20-x86_64-unknown-linux-gnu/lib/rustlib/x86_64-unknown-linux-gnu/lib" "-Wl,-Bstatic" "/opt/rustwide/target/debug/deps/libca-d008c60f075c9c0c.rlib" "/opt/rustwide/target/debug/deps/libcommon-0fb826a6f39b26ba.rlib" "/opt/rustwide/target/debug/deps/liblibmount-40fa4c62b6f01ccb.rlib" "/opt/rustwide/target/debug/deps/libquick_error-9f037071f33ff693.rlib" "/opt/rustwide/target/debug/deps/libnix-2f67ec6bf5ec7711.rlib" "/opt/rustwide/target/debug/deps/libvoid-fc8910124e59282b.rlib" "/opt/rustwide/target/debug/deps/libcfg_if-b22544e46cbb7baa.rlib" "/opt/rustwide/target/debug/deps/libhandlebars-7f71aad15c3b2bf9.rlib" "/opt/rustwide/target/debug/deps/libpest-faccf00187586be1.rlib" "/opt/rustwide/target/debug/deps/libucd_trie-ae77ff5e94b6d71d.rlib" "/opt/rustwide/target/debug/deps/libquick_error-9871624fbe2ee3e5.rlib" "/opt/rustwide/target/debug/deps/libusers-8f9cd7f263cfc449.rlib" "/opt/rustwide/target/debug/deps/liblog-7aea33968596191a.rlib" "/opt/rustwide/target/debug/deps/libx25519_dalek-d9a563b98be88dd0.rlib" "/opt/rustwide/target/debug/deps/libuuid-b7ef0a7091c6fcfe.rlib" "/opt/rustwide/target/debug/deps/libed25519_dalek-407d5090671d0655.rlib" "/opt/rustwide/target/debug/deps/libsha2-7ec162840f2c6866.rlib" "/opt/rustwide/target/debug/deps/libblock_buffer-9e00318f404d2220.rlib" "/opt/rustwide/target/debug/deps/librand-5cfe3356c6676445.rlib" "/opt/rustwide/target/debug/deps/librand_chacha-875af958e8520d3e.rlib" "/opt/rustwide/target/debug/deps/libcurve25519_dalek-14c55686e657b20e.rlib" "/opt/rustwide/target/debug/deps/libzeroize-380c6e62830a3f32.rlib" "/opt/rustwide/target/debug/deps/libdigest-d82b5ad7372392f0.rlib" "/opt/rustwide/target/debug/deps/libed25519-bbf0c590346db9ec.rlib" "/opt/rustwide/target/debug/deps/libsignature-7c806dc6dd453039.rlib" "/opt/rustwide/target/debug/deps/librand_core-319f5822dfa91d62.rlib" "/opt/rustwide/target/debug/deps/libgetrandom-9f2ecb2ecd43ca7e.rlib" "/opt/rustwide/target/debug/deps/libpem-83fab60d67d2ae3e.rlib" "/opt/rustwide/target/debug/deps/libbase64-bff61f2d1660603b.rlib" "/opt/rustwide/target/debug/deps/libregex-da1e29c7a5edb1d3.rlib" "/opt/rustwide/target/debug/deps/libaho_corasick-ecbb33cb0ecb9f4f.rlib" "/opt/rustwide/target/debug/deps/libmemchr-59863dd316d0aea8.rlib" "/opt/rustwide/target/debug/deps/libregex_syntax-fd0c3ba7c22fa1f4.rlib" "/opt/rustwide/target/debug/deps/libonce_cell-00ebd81f75d94599.rlib" "/opt/rustwide/target/debug/deps/libaes_gcm-2a356bb9515b2c03.rlib" "/opt/rustwide/target/debug/deps/libghash-672bba943deaadb2.rlib" "/opt/rustwide/target/debug/deps/libpolyval-501b3d519a5d3215.rlib" "/opt/rustwide/target/debug/deps/libuniversal_hash-b07fe78d3f2ab581.rlib" "/opt/rustwide/target/debug/deps/libsubtle-0b134e5993eebb37.rlib" "/opt/rustwide/target/debug/deps/libctr-97e61df80fcf086c.rlib" "/opt/rustwide/target/debug/deps/libaes-f037fc7ff68a9e9f.rlib" "/opt/rustwide/target/debug/deps/libcpufeatures-0ab975038e942af0.rlib" "/opt/rustwide/target/debug/deps/libopaque_debug-ffbe13ab2928830a.rlib" "/opt/rustwide/target/debug/deps/libcipher-44fb05dc15041e19.rlib" "/opt/rustwide/target/debug/deps/libaead-dc626f0802d8bb3d.rlib" "/opt/rustwide/target/debug/deps/libgeneric_array-f3b79aec4502c15d.rlib" "/opt/rustwide/target/debug/deps/libtypenum-02b91948c1d41345.rlib" "/opt/rustwide/target/debug/deps/libserde_json-d5595247f3c5bb95.rlib" "/opt/rustwide/target/debug/deps/libryu-15f00219fd9c669a.rlib" "/opt/rustwide/target/debug/deps/libitoa-215e7daa7cb51b46.rlib" "/opt/rustwide/target/debug/deps/libserde-b274be4df4da906a.rlib" "/opt/rustwide/target/debug/deps/libnix-ca1536ee72fe0bc7.rlib" "/opt/rustwide/target/debug/deps/libbitflags-610a73087f46ba3b.rlib" "/opt/rustwide/target/debug/deps/libmemoffset-1521e32a5fb959a8.rlib" "/opt/rustwide/target/debug/deps/libtempfile-cc5563b300e87301.rlib" "/opt/rustwide/target/debug/deps/librand-3475b7ec6207ba50.rlib" "/opt/rustwide/target/debug/deps/librand_chacha-d88160e1a6aaf522.rlib" "/opt/rustwide/target/debug/deps/libppv_lite86-4b4e10d54e032e24.rlib" "/opt/rustwide/target/debug/deps/librand_core-6ac4b799301d5257.rlib" "/opt/rustwide/target/debug/deps/libgetrandom-684595d5ca4c8dc2.rlib" "/opt/rustwide/target/debug/deps/liblibc-089a4ebb36778395.rlib" "/opt/rustwide/target/debug/deps/libremove_dir_all-428e6ddc575f6574.rlib" "/opt/rustwide/target/debug/deps/libcfg_if-97437e183f3ae6e4.rlib" "/opt/rustwide/target/debug/deps/libdiesel-293ca55e7d5aa040.rlib" "/opt/rustwide/target/debug/deps/liblibsqlite3_sys-c2846e3a951868c9.rlib" "/opt/rustwide/target/debug/deps/libbyteorder-fbe6750cc58c984e.rlib" "/opt/rustwide/target/debug/deps/libanyhow-eb1a8d7a6f20e38c.rlib" "/opt/rustwide/rustup-home/toolchains/beta-2023-04-20-x86_64-unknown-linux-gnu/lib/rustlib/x86_64-unknown-linux-gnu/lib/libstd-0e29cc23c5e02021.rlib" "/opt/rustwide/rustup-home/toolchains/beta-2023-04-20-x86_64-unknown-linux-gnu/lib/rustlib/x86_64-unknown-linux-gnu/lib/libpanic_unwind-d903621768a861d9.rlib" "/opt/rustwide/rustup-home/toolchains/beta-2023-04-20-x86_64-unknown-linux-gnu/lib/rustlib/x86_64-unknown-linux-gnu/lib/libobject-6d0225e655f31c13.rlib" "/opt/rustwide/rustup-home/toolchains/beta-2023-04-20-x86_64-unknown-linux-gnu/lib/rustlib/x86_64-unknown-linux-gnu/lib/libmemchr-9dbaf4eac7eaa079.rlib" "/opt/rustwide/rustup-home/toolchains/beta-2023-04-20-x86_64-unknown-linux-gnu/lib/rustlib/x86_64-unknown-linux-gnu/lib/libaddr2line-27f05b3d42a66dd0.rlib" "/opt/rustwide/rustup-home/toolchains/beta-2023-04-20-x86_64-unknown-linux-gnu/lib/rustlib/x86_64-unknown-linux-gnu/lib/libgimli-4d73f1030321c9a2.rlib" "/opt/rustwide/rustup-home/toolchains/beta-2023-04-20-x86_64-unknown-linux-gnu/lib/rustlib/x86_64-unknown-linux-gnu/lib/librustc_demangle-2846c9e58abd0acb.rlib" "/opt/rustwide/rustup-home/toolchains/beta-2023-04-20-x86_64-unknown-linux-gnu/lib/rustlib/x86_64-unknown-linux-gnu/lib/libstd_detect-a53d0f50415947be.rlib" "/opt/rustwide/rustup-home/toolchains/beta-2023-04-20-x86_64-unknown-linux-gnu/lib/rustlib/x86_64-unknown-linux-gnu/lib/libhashbrown-d48e4b6abc25b9dc.rlib" "/opt/rustwide/rustup-home/toolchains/beta-2023-04-20-x86_64-unknown-linux-gnu/lib/rustlib/x86_64-unknown-linux-gnu/lib/libminiz_oxide-2991859439ef1207.rlib" "/opt/rustwide/rustup-home/toolchains/beta-2023-04-20-x86_64-unknown-linux-gnu/lib/rustlib/x86_64-unknown-linux-gnu/lib/libadler-8a687517e4221bae.rlib" "/opt/rustwide/rustup-home/toolchains/beta-2023-04-20-x86_64-unknown-linux-gnu/lib/rustlib/x86_64-unknown-linux-gnu/lib/librustc_std_workspace_alloc-e07b554f6a67f5b3.rlib" "/opt/rustwide/rustup-home/toolchains/beta-2023-04-20-x86_64-unknown-linux-gnu/lib/rustlib/x86_64-unknown-linux-gnu/lib/libunwind-b68238b7c3c619dd.rlib" "/opt/rustwide/rustup-home/toolchains/beta-2023-04-20-x86_64-unknown-linux-gnu/lib/rustlib/x86_64-unknown-linux-gnu/lib/libcfg_if-d5e213e896c017e4.rlib" "/opt/rustwide/rustup-home/toolchains/beta-2023-04-20-x86_64-unknown-linux-gnu/lib/rustlib/x86_64-unknown-linux-gnu/lib/liblibc-0211a3b2e61d8689.rlib" "/opt/rustwide/rustup-home/toolchains/beta-2023-04-20-x86_64-unknown-linux-gnu/lib/rustlib/x86_64-unknown-linux-gnu/lib/liballoc-b371f055239ba51f.rlib" "/opt/rustwide/rustup-home/toolchains/beta-2023-04-20-x86_64-unknown-linux-gnu/lib/rustlib/x86_64-unknown-linux-gnu/lib/librustc_std_workspace_core-e60518d2760eb01e.rlib" "/opt/rustwide/rustup-home/toolchains/beta-2023-04-20-x86_64-unknown-linux-gnu/lib/rustlib/x86_64-unknown-linux-gnu/lib/libcore-1ad943f92a4b1081.rlib" "/opt/rustwide/rustup-home/toolchains/beta-2023-04-20-x86_64-unknown-linux-gnu/lib/rustlib/x86_64-unknown-linux-gnu/lib/libcompiler_builtins-f0d6e4d0fc1e80b4.rlib" "-Wl,-Bdynamic" "-lgcc_s" "-lutil" "-lrt" "-lpthread" "-lm" "-ldl" "-lc" "-Wl,--eh-frame-hdr" "-Wl,-z,noexecstack" "-L" "/opt/rustwide/rustup-home/toolchains/beta-2023-04-20-x86_64-unknown-linux-gnu/lib/rustlib/x86_64-unknown-linux-gnu/lib" "-o" "/opt/rustwide/target/debug/deps/generate_keypair_and_csr-13824aa5998bfb19" "-Wl,--gc-sections" "-pie" "-Wl,-z,relro,-z,now" "-nodefaultlibs"
[INFO] [stdout]   = note: collect2: fatal error: ld terminated with signal 9 [Killed]
[INFO] [stdout]           compilation terminated.
[INFO] [stdout]           
[INFO] [stdout] 
[INFO] [stdout] 
[INFO] [stdout] error: aborting due to previous error
[INFO] [stdout] 
[INFO] [stdout] 
[INFO] [stderr] error: could not compile `ca` (bin "generate_keypair_and_csr") due to 2 previous errors
[INFO] [stderr] warning: build failed, waiting for other jobs to finish...
[INFO] [stdout] error: linking with `cc` failed: exit status: 1
[INFO] [stdout]   |
[INFO] [stdout]   = note: LC_ALL="C" PATH="/opt/rustwide/rustup-home/toolchains/beta-2023-04-20-x86_64-unknown-linux-gnu/lib/rustlib/x86_64-unknown-linux-gnu/bin:/opt/rustwide/cargo-home/bin:/usr/local/sbin:/usr/local/bin:/usr/sbin:/usr/bin:/sbin:/bin" VSLANG="1033" "cc" "-m64" "/tmp/rustcSygWDI/symbols.o" "/opt/rustwide/target/debug/deps/sign-7adb1fb63a6b9a01.sign.6a07da01-cgu.0.rcgu.o" "/opt/rustwide/target/debug/deps/sign-7adb1fb63a6b9a01.sign.6a07da01-cgu.1.rcgu.o" "/opt/rustwide/target/debug/deps/sign-7adb1fb63a6b9a01.sign.6a07da01-cgu.2.rcgu.o" "/opt/rustwide/target/debug/deps/sign-7adb1fb63a6b9a01.sign.6a07da01-cgu.3.rcgu.o" "/opt/rustwide/target/debug/deps/sign-7adb1fb63a6b9a01.sign.6a07da01-cgu.4.rcgu.o" "/opt/rustwide/target/debug/deps/sign-7adb1fb63a6b9a01.sign.6a07da01-cgu.5.rcgu.o" "/opt/rustwide/target/debug/deps/sign-7adb1fb63a6b9a01.sign.6a07da01-cgu.6.rcgu.o" "/opt/rustwide/target/debug/deps/sign-7adb1fb63a6b9a01.sign.6a07da01-cgu.7.rcgu.o" "/opt/rustwide/target/debug/deps/sign-7adb1fb63a6b9a01.sign.6a07da01-cgu.8.rcgu.o" "/opt/rustwide/target/debug/deps/sign-7adb1fb63a6b9a01.sign.6a07da01-cgu.9.rcgu.o" "/opt/rustwide/target/debug/deps/sign-7adb1fb63a6b9a01.ge6iotbspxfchrv.rcgu.o" "-Wl,--as-needed" "-L" "/opt/rustwide/target/debug/deps" "-L" "/opt/rustwide/target/debug/build/libsqlite3-sys-b465193e536314c8/out" "-L" "/opt/rustwide/rustup-home/toolchains/beta-2023-04-20-x86_64-unknown-linux-gnu/lib/rustlib/x86_64-unknown-linux-gnu/lib" "-Wl,-Bstatic" "/opt/rustwide/target/debug/deps/libca-d008c60f075c9c0c.rlib" "/opt/rustwide/target/debug/deps/libcommon-0fb826a6f39b26ba.rlib" "/opt/rustwide/target/debug/deps/liblibmount-40fa4c62b6f01ccb.rlib" "/opt/rustwide/target/debug/deps/libquick_error-9f037071f33ff693.rlib" "/opt/rustwide/target/debug/deps/libnix-2f67ec6bf5ec7711.rlib" "/opt/rustwide/target/debug/deps/libvoid-fc8910124e59282b.rlib" "/opt/rustwide/target/debug/deps/libcfg_if-b22544e46cbb7baa.rlib" "/opt/rustwide/target/debug/deps/libhandlebars-7f71aad15c3b2bf9.rlib" "/opt/rustwide/target/debug/deps/libpest-faccf00187586be1.rlib" "/opt/rustwide/target/debug/deps/libucd_trie-ae77ff5e94b6d71d.rlib" "/opt/rustwide/target/debug/deps/libquick_error-9871624fbe2ee3e5.rlib" "/opt/rustwide/target/debug/deps/libusers-8f9cd7f263cfc449.rlib" "/opt/rustwide/target/debug/deps/liblog-7aea33968596191a.rlib" "/opt/rustwide/target/debug/deps/libx25519_dalek-d9a563b98be88dd0.rlib" "/opt/rustwide/target/debug/deps/libuuid-b7ef0a7091c6fcfe.rlib" "/opt/rustwide/target/debug/deps/libed25519_dalek-407d5090671d0655.rlib" "/opt/rustwide/target/debug/deps/libsha2-7ec162840f2c6866.rlib" "/opt/rustwide/target/debug/deps/libblock_buffer-9e00318f404d2220.rlib" "/opt/rustwide/target/debug/deps/librand-5cfe3356c6676445.rlib" "/opt/rustwide/target/debug/deps/librand_chacha-875af958e8520d3e.rlib" "/opt/rustwide/target/debug/deps/libcurve25519_dalek-14c55686e657b20e.rlib" "/opt/rustwide/target/debug/deps/libzeroize-380c6e62830a3f32.rlib" "/opt/rustwide/target/debug/deps/libdigest-d82b5ad7372392f0.rlib" "/opt/rustwide/target/debug/deps/libed25519-bbf0c590346db9ec.rlib" "/opt/rustwide/target/debug/deps/libsignature-7c806dc6dd453039.rlib" "/opt/rustwide/target/debug/deps/librand_core-319f5822dfa91d62.rlib" "/opt/rustwide/target/debug/deps/libgetrandom-9f2ecb2ecd43ca7e.rlib" "/opt/rustwide/target/debug/deps/libpem-83fab60d67d2ae3e.rlib" "/opt/rustwide/target/debug/deps/libbase64-bff61f2d1660603b.rlib" "/opt/rustwide/target/debug/deps/libregex-da1e29c7a5edb1d3.rlib" "/opt/rustwide/target/debug/deps/libaho_corasick-ecbb33cb0ecb9f4f.rlib" "/opt/rustwide/target/debug/deps/libmemchr-59863dd316d0aea8.rlib" "/opt/rustwide/target/debug/deps/libregex_syntax-fd0c3ba7c22fa1f4.rlib" "/opt/rustwide/target/debug/deps/libonce_cell-00ebd81f75d94599.rlib" "/opt/rustwide/target/debug/deps/libaes_gcm-2a356bb9515b2c03.rlib" "/opt/rustwide/target/debug/deps/libghash-672bba943deaadb2.rlib" "/opt/rustwide/target/debug/deps/libpolyval-501b3d519a5d3215.rlib" "/opt/rustwide/target/debug/deps/libuniversal_hash-b07fe78d3f2ab581.rlib" "/opt/rustwide/target/debug/deps/libsubtle-0b134e5993eebb37.rlib" "/opt/rustwide/target/debug/deps/libctr-97e61df80fcf086c.rlib" "/opt/rustwide/target/debug/deps/libaes-f037fc7ff68a9e9f.rlib" "/opt/rustwide/target/debug/deps/libcpufeatures-0ab975038e942af0.rlib" "/opt/rustwide/target/debug/deps/libopaque_debug-ffbe13ab2928830a.rlib" "/opt/rustwide/target/debug/deps/libcipher-44fb05dc15041e19.rlib" "/opt/rustwide/target/debug/deps/libaead-dc626f0802d8bb3d.rlib" "/opt/rustwide/target/debug/deps/libgeneric_array-f3b79aec4502c15d.rlib" "/opt/rustwide/target/debug/deps/libtypenum-02b91948c1d41345.rlib" "/opt/rustwide/target/debug/deps/libserde_json-d5595247f3c5bb95.rlib" "/opt/rustwide/target/debug/deps/libryu-15f00219fd9c669a.rlib" "/opt/rustwide/target/debug/deps/libitoa-215e7daa7cb51b46.rlib" "/opt/rustwide/target/debug/deps/libserde-b274be4df4da906a.rlib" "/opt/rustwide/target/debug/deps/libnix-ca1536ee72fe0bc7.rlib" "/opt/rustwide/target/debug/deps/libbitflags-610a73087f46ba3b.rlib" "/opt/rustwide/target/debug/deps/libmemoffset-1521e32a5fb959a8.rlib" "/opt/rustwide/target/debug/deps/libtempfile-cc5563b300e87301.rlib" "/opt/rustwide/target/debug/deps/librand-3475b7ec6207ba50.rlib" "/opt/rustwide/target/debug/deps/librand_chacha-d88160e1a6aaf522.rlib" "/opt/rustwide/target/debug/deps/libppv_lite86-4b4e10d54e032e24.rlib" "/opt/rustwide/target/debug/deps/librand_core-6ac4b799301d5257.rlib" "/opt/rustwide/target/debug/deps/libgetrandom-684595d5ca4c8dc2.rlib" "/opt/rustwide/target/debug/deps/liblibc-089a4ebb36778395.rlib" "/opt/rustwide/target/debug/deps/libremove_dir_all-428e6ddc575f6574.rlib" "/opt/rustwide/target/debug/deps/libcfg_if-97437e183f3ae6e4.rlib" "/opt/rustwide/target/debug/deps/libdiesel-293ca55e7d5aa040.rlib" "/opt/rustwide/target/debug/deps/liblibsqlite3_sys-c2846e3a951868c9.rlib" "/opt/rustwide/target/debug/deps/libbyteorder-fbe6750cc58c984e.rlib" "/opt/rustwide/target/debug/deps/libanyhow-eb1a8d7a6f20e38c.rlib" "/opt/rustwide/rustup-home/toolchains/beta-2023-04-20-x86_64-unknown-linux-gnu/lib/rustlib/x86_64-unknown-linux-gnu/lib/libstd-0e29cc23c5e02021.rlib" "/opt/rustwide/rustup-home/toolchains/beta-2023-04-20-x86_64-unknown-linux-gnu/lib/rustlib/x86_64-unknown-linux-gnu/lib/libpanic_unwind-d903621768a861d9.rlib" "/opt/rustwide/rustup-home/toolchains/beta-2023-04-20-x86_64-unknown-linux-gnu/lib/rustlib/x86_64-unknown-linux-gnu/lib/libobject-6d0225e655f31c13.rlib" "/opt/rustwide/rustup-home/toolchains/beta-2023-04-20-x86_64-unknown-linux-gnu/lib/rustlib/x86_64-unknown-linux-gnu/lib/libmemchr-9dbaf4eac7eaa079.rlib" "/opt/rustwide/rustup-home/toolchains/beta-2023-04-20-x86_64-unknown-linux-gnu/lib/rustlib/x86_64-unknown-linux-gnu/lib/libaddr2line-27f05b3d42a66dd0.rlib" "/opt/rustwide/rustup-home/toolchains/beta-2023-04-20-x86_64-unknown-linux-gnu/lib/rustlib/x86_64-unknown-linux-gnu/lib/libgimli-4d73f1030321c9a2.rlib" "/opt/rustwide/rustup-home/toolchains/beta-2023-04-20-x86_64-unknown-linux-gnu/lib/rustlib/x86_64-unknown-linux-gnu/lib/librustc_demangle-2846c9e58abd0acb.rlib" "/opt/rustwide/rustup-home/toolchains/beta-2023-04-20-x86_64-unknown-linux-gnu/lib/rustlib/x86_64-unknown-linux-gnu/lib/libstd_detect-a53d0f50415947be.rlib" "/opt/rustwide/rustup-home/toolchains/beta-2023-04-20-x86_64-unknown-linux-gnu/lib/rustlib/x86_64-unknown-linux-gnu/lib/libhashbrown-d48e4b6abc25b9dc.rlib" "/opt/rustwide/rustup-home/toolchains/beta-2023-04-20-x86_64-unknown-linux-gnu/lib/rustlib/x86_64-unknown-linux-gnu/lib/libminiz_oxide-2991859439ef1207.rlib" "/opt/rustwide/rustup-home/toolchains/beta-2023-04-20-x86_64-unknown-linux-gnu/lib/rustlib/x86_64-unknown-linux-gnu/lib/libadler-8a687517e4221bae.rlib" "/opt/rustwide/rustup-home/toolchains/beta-2023-04-20-x86_64-unknown-linux-gnu/lib/rustlib/x86_64-unknown-linux-gnu/lib/librustc_std_workspace_alloc-e07b554f6a67f5b3.rlib" "/opt/rustwide/rustup-home/toolchains/beta-2023-04-20-x86_64-unknown-linux-gnu/lib/rustlib/x86_64-unknown-linux-gnu/lib/libunwind-b68238b7c3c619dd.rlib" "/opt/rustwide/rustup-home/toolchains/beta-2023-04-20-x86_64-unknown-linux-gnu/lib/rustlib/x86_64-unknown-linux-gnu/lib/libcfg_if-d5e213e896c017e4.rlib" "/opt/rustwide/rustup-home/toolchains/beta-2023-04-20-x86_64-unknown-linux-gnu/lib/rustlib/x86_64-unknown-linux-gnu/lib/liblibc-0211a3b2e61d8689.rlib" "/opt/rustwide/rustup-home/toolchains/beta-2023-04-20-x86_64-unknown-linux-gnu/lib/rustlib/x86_64-unknown-linux-gnu/lib/liballoc-b371f055239ba51f.rlib" "/opt/rustwide/rustup-home/toolchains/beta-2023-04-20-x86_64-unknown-linux-gnu/lib/rustlib/x86_64-unknown-linux-gnu/lib/librustc_std_workspace_core-e60518d2760eb01e.rlib" "/opt/rustwide/rustup-home/toolchains/beta-2023-04-20-x86_64-unknown-linux-gnu/lib/rustlib/x86_64-unknown-linux-gnu/lib/libcore-1ad943f92a4b1081.rlib" "/opt/rustwide/rustup-home/toolchains/beta-2023-04-20-x86_64-unknown-linux-gnu/lib/rustlib/x86_64-unknown-linux-gnu/lib/libcompiler_builtins-f0d6e4d0fc1e80b4.rlib" "-Wl,-Bdynamic" "-lgcc_s" "-lutil" "-lrt" "-lpthread" "-lm" "-ldl" "-lc" "-Wl,--eh-frame-hdr" "-Wl,-z,noexecstack" "-L" "/opt/rustwide/rustup-home/toolchains/beta-2023-04-20-x86_64-unknown-linux-gnu/lib/rustlib/x86_64-unknown-linux-gnu/lib" "-o" "/opt/rustwide/target/debug/deps/sign-7adb1fb63a6b9a01" "-Wl,--gc-sections" "-pie" "-Wl,-z,relro,-z,now" "-nodefaultlibs"
[INFO] [stdout]   = note: collect2: fatal error: ld terminated with signal 9 [Killed]
[INFO] [stdout]           compilation terminated.
[INFO] [stdout]           
[INFO] [stdout] 
[INFO] [stdout] 
[INFO] [stdout] error: aborting due to previous error
[INFO] [stdout] 
[INFO] [stdout] 
[INFO] [stderr] error: could not compile `ca` (bin "sign") due to 2 previous errors
[INFO] [stdout] error: linking with `cc` failed: exit status: 1
[INFO] [stdout]   |
[INFO] [stdout]   = note: LC_ALL="C" PATH="/opt/rustwide/rustup-home/toolchains/beta-2023-04-20-x86_64-unknown-linux-gnu/lib/rustlib/x86_64-unknown-linux-gnu/bin:/opt/rustwide/cargo-home/bin:/usr/local/sbin:/usr/local/bin:/usr/sbin:/usr/bin:/sbin:/bin" VSLANG="1033" "cc" "-m64" "/tmp/rustcGmI17L/symbols.o" "/opt/rustwide/target/debug/deps/client-cc71f937b6b06d3c.client.278a5780-cgu.0.rcgu.o" "/opt/rustwide/target/debug/deps/client-cc71f937b6b06d3c.client.278a5780-cgu.1.rcgu.o" "/opt/rustwide/target/debug/deps/client-cc71f937b6b06d3c.client.278a5780-cgu.2.rcgu.o" "/opt/rustwide/target/debug/deps/client-cc71f937b6b06d3c.client.278a5780-cgu.3.rcgu.o" "/opt/rustwide/target/debug/deps/client-cc71f937b6b06d3c.client.278a5780-cgu.4.rcgu.o" "/opt/rustwide/target/debug/deps/client-cc71f937b6b06d3c.client.278a5780-cgu.5.rcgu.o" "/opt/rustwide/target/debug/deps/client-cc71f937b6b06d3c.client.278a5780-cgu.6.rcgu.o" "/opt/rustwide/target/debug/deps/client-cc71f937b6b06d3c.4x8ur0ogtchkua44.rcgu.o" "-Wl,--as-needed" "-L" "/opt/rustwide/target/debug/deps" "-L" "/opt/rustwide/target/debug/build/libsqlite3-sys-b465193e536314c8/out" "-L" "/opt/rustwide/rustup-home/toolchains/beta-2023-04-20-x86_64-unknown-linux-gnu/lib/rustlib/x86_64-unknown-linux-gnu/lib" "-Wl,-Bstatic" "/opt/rustwide/target/debug/deps/libentity-55acf8f97c170dbe.rlib" "/opt/rustwide/target/debug/deps/libcommon-0fb826a6f39b26ba.rlib" "/opt/rustwide/target/debug/deps/liblibmount-40fa4c62b6f01ccb.rlib" "/opt/rustwide/target/debug/deps/libquick_error-9f037071f33ff693.rlib" "/opt/rustwide/target/debug/deps/libnix-2f67ec6bf5ec7711.rlib" "/opt/rustwide/target/debug/deps/libvoid-fc8910124e59282b.rlib" "/opt/rustwide/target/debug/deps/libcfg_if-b22544e46cbb7baa.rlib" "/opt/rustwide/target/debug/deps/libhandlebars-7f71aad15c3b2bf9.rlib" "/opt/rustwide/target/debug/deps/libpest-faccf00187586be1.rlib" "/opt/rustwide/target/debug/deps/libucd_trie-ae77ff5e94b6d71d.rlib" "/opt/rustwide/target/debug/deps/libquick_error-9871624fbe2ee3e5.rlib" "/opt/rustwide/target/debug/deps/libusers-8f9cd7f263cfc449.rlib" "/opt/rustwide/target/debug/deps/liblog-7aea33968596191a.rlib" "/opt/rustwide/target/debug/deps/libx25519_dalek-d9a563b98be88dd0.rlib" "/opt/rustwide/target/debug/deps/libuuid-b7ef0a7091c6fcfe.rlib" "/opt/rustwide/target/debug/deps/libed25519_dalek-407d5090671d0655.rlib" "/opt/rustwide/target/debug/deps/libsha2-7ec162840f2c6866.rlib" "/opt/rustwide/target/debug/deps/libblock_buffer-9e00318f404d2220.rlib" "/opt/rustwide/target/debug/deps/librand-5cfe3356c6676445.rlib" "/opt/rustwide/target/debug/deps/librand_chacha-875af958e8520d3e.rlib" "/opt/rustwide/target/debug/deps/libcurve25519_dalek-14c55686e657b20e.rlib" "/opt/rustwide/target/debug/deps/libzeroize-380c6e62830a3f32.rlib" "/opt/rustwide/target/debug/deps/libdigest-d82b5ad7372392f0.rlib" "/opt/rustwide/target/debug/deps/libed25519-bbf0c590346db9ec.rlib" "/opt/rustwide/target/debug/deps/libsignature-7c806dc6dd453039.rlib" "/opt/rustwide/target/debug/deps/librand_core-319f5822dfa91d62.rlib" "/opt/rustwide/target/debug/deps/libgetrandom-9f2ecb2ecd43ca7e.rlib" "/opt/rustwide/target/debug/deps/libpem-83fab60d67d2ae3e.rlib" "/opt/rustwide/target/debug/deps/libbase64-bff61f2d1660603b.rlib" "/opt/rustwide/target/debug/deps/libregex-da1e29c7a5edb1d3.rlib" "/opt/rustwide/target/debug/deps/libaho_corasick-ecbb33cb0ecb9f4f.rlib" "/opt/rustwide/target/debug/deps/libmemchr-59863dd316d0aea8.rlib" "/opt/rustwide/target/debug/deps/libregex_syntax-fd0c3ba7c22fa1f4.rlib" "/opt/rustwide/target/debug/deps/libonce_cell-00ebd81f75d94599.rlib" "/opt/rustwide/target/debug/deps/libaes_gcm-2a356bb9515b2c03.rlib" "/opt/rustwide/target/debug/deps/libghash-672bba943deaadb2.rlib" "/opt/rustwide/target/debug/deps/libpolyval-501b3d519a5d3215.rlib" "/opt/rustwide/target/debug/deps/libuniversal_hash-b07fe78d3f2ab581.rlib" "/opt/rustwide/target/debug/deps/libsubtle-0b134e5993eebb37.rlib" "/opt/rustwide/target/debug/deps/libctr-97e61df80fcf086c.rlib" "/opt/rustwide/target/debug/deps/libaes-f037fc7ff68a9e9f.rlib" "/opt/rustwide/target/debug/deps/libcpufeatures-0ab975038e942af0.rlib" "/opt/rustwide/target/debug/deps/libopaque_debug-ffbe13ab2928830a.rlib" "/opt/rustwide/target/debug/deps/libcipher-44fb05dc15041e19.rlib" "/opt/rustwide/target/debug/deps/libaead-dc626f0802d8bb3d.rlib" "/opt/rustwide/target/debug/deps/libgeneric_array-f3b79aec4502c15d.rlib" "/opt/rustwide/target/debug/deps/libtypenum-02b91948c1d41345.rlib" "/opt/rustwide/target/debug/deps/libserde_json-d5595247f3c5bb95.rlib" "/opt/rustwide/target/debug/deps/libryu-15f00219fd9c669a.rlib" "/opt/rustwide/target/debug/deps/libitoa-215e7daa7cb51b46.rlib" "/opt/rustwide/target/debug/deps/libserde-b274be4df4da906a.rlib" "/opt/rustwide/target/debug/deps/libanyhow-eb1a8d7a6f20e38c.rlib" "/opt/rustwide/target/debug/deps/libnix-ca1536ee72fe0bc7.rlib" "/opt/rustwide/target/debug/deps/libbitflags-610a73087f46ba3b.rlib" "/opt/rustwide/target/debug/deps/libmemoffset-1521e32a5fb959a8.rlib" "/opt/rustwide/target/debug/deps/libtempfile-cc5563b300e87301.rlib" "/opt/rustwide/target/debug/deps/librand-3475b7ec6207ba50.rlib" "/opt/rustwide/target/debug/deps/librand_chacha-d88160e1a6aaf522.rlib" "/opt/rustwide/target/debug/deps/libppv_lite86-4b4e10d54e032e24.rlib" "/opt/rustwide/target/debug/deps/librand_core-6ac4b799301d5257.rlib" "/opt/rustwide/target/debug/deps/libgetrandom-684595d5ca4c8dc2.rlib" "/opt/rustwide/target/debug/deps/liblibc-089a4ebb36778395.rlib" "/opt/rustwide/target/debug/deps/libremove_dir_all-428e6ddc575f6574.rlib" "/opt/rustwide/target/debug/deps/libcfg_if-97437e183f3ae6e4.rlib" "/opt/rustwide/target/debug/deps/libdiesel-293ca55e7d5aa040.rlib" "/opt/rustwide/target/debug/deps/liblibsqlite3_sys-c2846e3a951868c9.rlib" "/opt/rustwide/target/debug/deps/libbyteorder-fbe6750cc58c984e.rlib" "/opt/rustwide/rustup-home/toolchains/beta-2023-04-20-x86_64-unknown-linux-gnu/lib/rustlib/x86_64-unknown-linux-gnu/lib/libstd-0e29cc23c5e02021.rlib" "/opt/rustwide/rustup-home/toolchains/beta-2023-04-20-x86_64-unknown-linux-gnu/lib/rustlib/x86_64-unknown-linux-gnu/lib/libpanic_unwind-d903621768a861d9.rlib" "/opt/rustwide/rustup-home/toolchains/beta-2023-04-20-x86_64-unknown-linux-gnu/lib/rustlib/x86_64-unknown-linux-gnu/lib/libobject-6d0225e655f31c13.rlib" "/opt/rustwide/rustup-home/toolchains/beta-2023-04-20-x86_64-unknown-linux-gnu/lib/rustlib/x86_64-unknown-linux-gnu/lib/libmemchr-9dbaf4eac7eaa079.rlib" "/opt/rustwide/rustup-home/toolchains/beta-2023-04-20-x86_64-unknown-linux-gnu/lib/rustlib/x86_64-unknown-linux-gnu/lib/libaddr2line-27f05b3d42a66dd0.rlib" "/opt/rustwide/rustup-home/toolchains/beta-2023-04-20-x86_64-unknown-linux-gnu/lib/rustlib/x86_64-unknown-linux-gnu/lib/libgimli-4d73f1030321c9a2.rlib" "/opt/rustwide/rustup-home/toolchains/beta-2023-04-20-x86_64-unknown-linux-gnu/lib/rustlib/x86_64-unknown-linux-gnu/lib/librustc_demangle-2846c9e58abd0acb.rlib" "/opt/rustwide/rustup-home/toolchains/beta-2023-04-20-x86_64-unknown-linux-gnu/lib/rustlib/x86_64-unknown-linux-gnu/lib/libstd_detect-a53d0f50415947be.rlib" "/opt/rustwide/rustup-home/toolchains/beta-2023-04-20-x86_64-unknown-linux-gnu/lib/rustlib/x86_64-unknown-linux-gnu/lib/libhashbrown-d48e4b6abc25b9dc.rlib" "/opt/rustwide/rustup-home/toolchains/beta-2023-04-20-x86_64-unknown-linux-gnu/lib/rustlib/x86_64-unknown-linux-gnu/lib/libminiz_oxide-2991859439ef1207.rlib" "/opt/rustwide/rustup-home/toolchains/beta-2023-04-20-x86_64-unknown-linux-gnu/lib/rustlib/x86_64-unknown-linux-gnu/lib/libadler-8a687517e4221bae.rlib" "/opt/rustwide/rustup-home/toolchains/beta-2023-04-20-x86_64-unknown-linux-gnu/lib/rustlib/x86_64-unknown-linux-gnu/lib/librustc_std_workspace_alloc-e07b554f6a67f5b3.rlib" "/opt/rustwide/rustup-home/toolchains/beta-2023-04-20-x86_64-unknown-linux-gnu/lib/rustlib/x86_64-unknown-linux-gnu/lib/libunwind-b68238b7c3c619dd.rlib" "/opt/rustwide/rustup-home/toolchains/beta-2023-04-20-x86_64-unknown-linux-gnu/lib/rustlib/x86_64-unknown-linux-gnu/lib/libcfg_if-d5e213e896c017e4.rlib" "/opt/rustwide/rustup-home/toolchains/beta-2023-04-20-x86_64-unknown-linux-gnu/lib/rustlib/x86_64-unknown-linux-gnu/lib/liblibc-0211a3b2e61d8689.rlib" "/opt/rustwide/rustup-home/toolchains/beta-2023-04-20-x86_64-unknown-linux-gnu/lib/rustlib/x86_64-unknown-linux-gnu/lib/liballoc-b371f055239ba51f.rlib" "/opt/rustwide/rustup-home/toolchains/beta-2023-04-20-x86_64-unknown-linux-gnu/lib/rustlib/x86_64-unknown-linux-gnu/lib/librustc_std_workspace_core-e60518d2760eb01e.rlib" "/opt/rustwide/rustup-home/toolchains/beta-2023-04-20-x86_64-unknown-linux-gnu/lib/rustlib/x86_64-unknown-linux-gnu/lib/libcore-1ad943f92a4b1081.rlib" "/opt/rustwide/rustup-home/toolchains/beta-2023-04-20-x86_64-unknown-linux-gnu/lib/rustlib/x86_64-unknown-linux-gnu/lib/libcompiler_builtins-f0d6e4d0fc1e80b4.rlib" "-Wl,-Bdynamic" "-lgcc_s" "-lutil" "-lrt" "-lpthread" "-lm" "-ldl" "-lc" "-Wl,--eh-frame-hdr" "-Wl,-z,noexecstack" "-L" "/opt/rustwide/rustup-home/toolchains/beta-2023-04-20-x86_64-unknown-linux-gnu/lib/rustlib/x86_64-unknown-linux-gnu/lib" "-o" "/opt/rustwide/target/debug/deps/client-cc71f937b6b06d3c" "-Wl,--gc-sections" "-pie" "-Wl,-z,relro,-z,now" "-nodefaultlibs"
[INFO] [stdout]   = note: collect2: fatal error: ld terminated with signal 9 [Killed]
[INFO] [stdout]           compilation terminated.
[INFO] [stdout]           
[INFO] [stdout] 
[INFO] [stdout] 
[INFO] [stdout] error: aborting due to previous error
[INFO] [stdout] 
[INFO] [stdout] 
[INFO] [stderr] error: could not compile `entity` (bin "client") due to 2 previous errors
[INFO] running `Command { std: "docker" "inspect" "3e81548c52509172697ea3bbd9abbe8b6d56103cd443de58225327823f25a090", kill_on_drop: false }`
[INFO] running `Command { std: "docker" "rm" "-f" "3e81548c52509172697ea3bbd9abbe8b6d56103cd443de58225327823f25a090", kill_on_drop: false }`
[INFO] [stdout] 3e81548c52509172697ea3bbd9abbe8b6d56103cd443de58225327823f25a090
