[INFO] cloning repository https://github.com/gzzo/spritesheet_demo
[INFO] running `Command { std: "git" "-c" "credential.helper=" "-c" "credential.helper=/workspace/cargo-home/bin/git-credential-null" "clone" "--bare" "https://github.com/gzzo/spritesheet_demo" "/workspace/cache/git-repos/https%3A%2F%2Fgithub.com%2Fgzzo%2Fspritesheet_demo", kill_on_drop: false }`
[INFO] [stderr] Cloning into bare repository '/workspace/cache/git-repos/https%3A%2F%2Fgithub.com%2Fgzzo%2Fspritesheet_demo'...
[INFO] running `Command { std: "git" "rev-parse" "HEAD", kill_on_drop: false }`
[INFO] [stdout] a199a4da63a395bc35ab49deb7825e09e9d33cd2
[INFO] testing gzzo/spritesheet_demo against beta-2023-04-20 for beta-1.70-1
[INFO] running `Command { std: "git" "clone" "/workspace/cache/git-repos/https%3A%2F%2Fgithub.com%2Fgzzo%2Fspritesheet_demo" "/workspace/builds/worker-6-tc2/source", kill_on_drop: false }`
[INFO] [stderr] Cloning into '/workspace/builds/worker-6-tc2/source'...
[INFO] [stderr] done.
[INFO] validating manifest of git repo https://github.com/gzzo/spritesheet_demo on toolchain beta-2023-04-20
[INFO] running `Command { std: CARGO_HOME="/workspace/cargo-home" RUSTUP_HOME="/workspace/rustup-home" "/workspace/cargo-home/bin/cargo" "+beta-2023-04-20" "metadata" "--manifest-path" "Cargo.toml" "--no-deps", kill_on_drop: false }`
[INFO] started tweaking git repo https://github.com/gzzo/spritesheet_demo
[INFO] finished tweaking git repo https://github.com/gzzo/spritesheet_demo
[INFO] tweaked toml for git repo https://github.com/gzzo/spritesheet_demo written to /workspace/builds/worker-6-tc2/source/Cargo.toml
[INFO] crate git repo https://github.com/gzzo/spritesheet_demo already has a lockfile, it will not be regenerated
[INFO] running `Command { std: CARGO_HOME="/workspace/cargo-home" RUSTUP_HOME="/workspace/rustup-home" "/workspace/cargo-home/bin/cargo" "+beta-2023-04-20" "fetch" "--manifest-path" "Cargo.toml", kill_on_drop: false }`
[INFO] [stderr]     Blocking waiting for file lock on package cache
[INFO] [stderr]     Updating crates.io index
[INFO] [stderr]  Downloading crates ...
[INFO] [stderr]   Downloaded spirv-std-macros v0.4.0-alpha.8
[INFO] [stderr]   Downloaded fixedbitset v0.3.2
[INFO] [stderr]   Downloaded bevy_dylib v0.5.0
[INFO] [stderr]   Downloaded spirv-types v0.4.0-alpha.8
[INFO] [stderr]   Downloaded guillotiere v0.6.1
[INFO] [stderr]   Downloaded ttf-parser v0.12.1
[INFO] [stderr]   Downloaded bevy_tilemap_types v0.4.0
[INFO] [stderr]   Downloaded notify v5.0.0-pre.9
[INFO] [stderr]   Downloaded erased-serde v0.3.15
[INFO] [stderr]   Downloaded bevy_webgl2 v0.5.2
[INFO] [stderr]   Downloaded bevy_tilemap v0.4.0
[INFO] running `Command { std: "docker" "create" "-v" "/var/lib/crater-agent-workspace/builds/worker-6-tc2/target:/opt/rustwide/target:rw,Z" "-v" "/var/lib/crater-agent-workspace/builds/worker-6-tc2/source:/opt/rustwide/workdir:ro,Z" "-v" "/var/lib/crater-agent-workspace/cargo-home:/opt/rustwide/cargo-home:ro,Z" "-v" "/var/lib/crater-agent-workspace/rustup-home:/opt/rustwide/rustup-home:ro,Z" "-e" "SOURCE_DIR=/opt/rustwide/workdir" "-e" "CARGO_TARGET_DIR=/opt/rustwide/target" "-e" "CARGO_HOME=/opt/rustwide/cargo-home" "-e" "RUSTUP_HOME=/opt/rustwide/rustup-home" "-w" "/opt/rustwide/workdir" "-m" "1610612736" "--user" "0:0" "--network" "none" "ghcr.io/rust-lang/crates-build-env/linux@sha256:5ff2268d62e97bff2cde7d5815dd6ed5b47097566f13b8d0ca110b04b60e07ed" "/opt/rustwide/cargo-home/bin/cargo" "+beta-2023-04-20" "metadata" "--no-deps" "--format-version=1", kill_on_drop: false }`
[INFO] [stdout] 140a14e915f1381cf5bccab4e1f3f1ad98741dc17419b354db09774f42b8df3b
[INFO] running `Command { std: "docker" "start" "-a" "140a14e915f1381cf5bccab4e1f3f1ad98741dc17419b354db09774f42b8df3b", kill_on_drop: false }`
[INFO] running `Command { std: "docker" "inspect" "140a14e915f1381cf5bccab4e1f3f1ad98741dc17419b354db09774f42b8df3b", kill_on_drop: false }`
[INFO] running `Command { std: "docker" "rm" "-f" "140a14e915f1381cf5bccab4e1f3f1ad98741dc17419b354db09774f42b8df3b", kill_on_drop: false }`
[INFO] [stdout] 140a14e915f1381cf5bccab4e1f3f1ad98741dc17419b354db09774f42b8df3b
[INFO] running `Command { std: "docker" "create" "-v" "/var/lib/crater-agent-workspace/builds/worker-6-tc2/target:/opt/rustwide/target:rw,Z" "-v" "/var/lib/crater-agent-workspace/builds/worker-6-tc2/source:/opt/rustwide/workdir:ro,Z" "-v" "/var/lib/crater-agent-workspace/cargo-home:/opt/rustwide/cargo-home:ro,Z" "-v" "/var/lib/crater-agent-workspace/rustup-home:/opt/rustwide/rustup-home:ro,Z" "-e" "SOURCE_DIR=/opt/rustwide/workdir" "-e" "CARGO_TARGET_DIR=/opt/rustwide/target" "-e" "CARGO_INCREMENTAL=0" "-e" "RUST_BACKTRACE=full" "-e" "RUSTFLAGS=--cap-lints=warn" "-e" "RUSTDOCFLAGS=--cap-lints=warn" "-e" "CARGO_HOME=/opt/rustwide/cargo-home" "-e" "RUSTUP_HOME=/opt/rustwide/rustup-home" "-w" "/opt/rustwide/workdir" "-m" "1610612736" "--user" "0:0" "--network" "none" "ghcr.io/rust-lang/crates-build-env/linux@sha256:5ff2268d62e97bff2cde7d5815dd6ed5b47097566f13b8d0ca110b04b60e07ed" "/opt/rustwide/cargo-home/bin/cargo" "+beta-2023-04-20" "build" "--frozen" "--message-format=json", kill_on_drop: false }`
[INFO] [stdout] 328c29b6688280b7e5821d1b6781b79d1b23ddb27162b9f86d4dac3dcac16337
[INFO] running `Command { std: "docker" "start" "-a" "328c29b6688280b7e5821d1b6781b79d1b23ddb27162b9f86d4dac3dcac16337", kill_on_drop: false }`
[INFO] [stderr]    Compiling cfg-if v1.0.0
[INFO] [stderr]    Compiling proc-macro2 v1.0.27
[INFO] [stderr]    Compiling libc v0.2.95
[INFO] [stderr]    Compiling unicode-xid v0.2.2
[INFO] [stderr]    Compiling syn v1.0.65
[INFO] [stderr]    Compiling serde_derive v1.0.126
[INFO] [stderr]    Compiling bitflags v1.2.1
[INFO] [stderr]    Compiling serde v1.0.126
[INFO] [stderr]    Compiling lazy_static v1.4.0
[INFO] [stderr]    Compiling autocfg v1.0.1
[INFO] [stderr]    Compiling instant v0.1.9
[INFO] [stderr]    Compiling pin-project-lite v0.2.6
[INFO] [stderr]    Compiling version_check v0.9.3
[INFO] [stderr]    Compiling tracing-core v0.1.18
[INFO] [stderr]    Compiling scopeguard v1.1.0
[INFO] [stderr]    Compiling once_cell v1.7.2
[INFO] [stderr]    Compiling quote v1.0.9
[INFO] [stderr]    Compiling lock_api v0.4.4
[INFO] [stderr]    Compiling futures-core v0.3.15
[INFO] [stderr]    Compiling num-traits v0.2.14
[INFO] [stderr]    Compiling memchr v2.4.0
[INFO] [stderr]    Compiling slab v0.4.3
[INFO] [stderr]    Compiling byteorder v1.4.3
[INFO] [stderr]    Compiling log v0.4.14
[INFO] [stderr]    Compiling cache-padded v1.1.1
[INFO] [stderr]    Compiling futures-io v0.3.15
[INFO] [stderr]    Compiling concurrent-queue v1.2.2
[INFO] [stderr]    Compiling waker-fn v1.1.0
[INFO] [stderr]    Compiling ppv-lite86 v0.2.10
[INFO] [stderr]    Compiling parking v2.0.0
[INFO] [stderr]    Compiling fastrand v1.4.1
[INFO] [stderr]    Compiling getrandom v0.2.3
[INFO] [stderr]    Compiling futures-lite v1.12.0
[INFO] [stderr]    Compiling async-task v4.0.3
[INFO] [stderr]    Compiling event-listener v2.5.1
[INFO] [stderr]    Compiling num_cpus v1.13.0
[INFO] [stderr]    Compiling erased-serde v0.3.15
[INFO] [stderr]    Compiling downcast-rs v1.2.0
[INFO] [stderr]    Compiling async-channel v1.6.1
[INFO] [stderr]    Compiling Inflector v0.11.4
[INFO] [stderr]    Compiling fxhash v0.2.1
[INFO] [stderr]    Compiling jobserver v0.1.22
[INFO] [stderr]    Compiling ahash v0.7.4
[INFO] [stderr]    Compiling rand_core v0.6.2
[INFO] [stderr]    Compiling num-integer v0.1.44
[INFO] [stderr]    Compiling async-executor v1.4.1
[INFO] [stderr]    Compiling cc v1.0.68
[INFO] [stderr]    Compiling rand_chacha v0.3.0
[INFO] [stderr]    Compiling fixedbitset v0.4.0
[INFO] [stderr]    Compiling bevy_tasks v0.5.0
[INFO] [stderr]    Compiling rand v0.8.3
[INFO] [stderr]    Compiling ryu v1.0.5
[INFO] [stderr]    Compiling spirv_headers v1.5.0
[INFO] [stderr]    Compiling serde_json v1.0.64
[INFO] [stderr]    Compiling pkg-config v0.3.19
[INFO] [stderr]    Compiling itoa v0.4.7
[INFO] [stderr]    Compiling crossbeam-utils v0.8.5
[INFO] [stderr]    Compiling regex-syntax v0.6.25
[INFO] [stderr]    Compiling inotify-sys v0.1.5
[INFO] [stderr]    Compiling anyhow v1.0.40
[INFO] [stderr]    Compiling same-file v1.0.6
[INFO] [stderr]    Compiling toml v0.5.8
[INFO] [stderr]    Compiling uuid v0.8.2
[INFO] [stderr]    Compiling walkdir v2.3.2
[INFO] [stderr]    Compiling inotify v0.9.3
[INFO] [stderr]    Compiling chrono v0.4.19
[INFO] [stderr]    Compiling crossbeam-channel v0.5.1
[INFO] [stderr]    Compiling tracing-log v0.1.2
[INFO] [stderr]    Compiling mio v0.7.11
[INFO] [stderr]    Compiling filetime v0.2.14
[INFO] [stderr]    Compiling thread_local v1.1.3
[INFO] [stderr]    Compiling sharded-slab v0.1.1
[INFO] [stderr]    Compiling find-crate v0.6.3
[INFO] [stderr]    Compiling ansi_term v0.12.1
[INFO] [stderr]    Compiling base64 v0.13.0
[INFO] [stderr]    Compiling notify v5.0.0-pre.9
[INFO] [stderr]    Compiling regex-automata v0.1.10
[INFO] [stderr]    Compiling regex v1.5.4
[INFO] [stderr]    Compiling adler32 v1.2.0
[INFO] [stderr]    Compiling crc32fast v1.2.1
[INFO] [stderr]    Compiling num-iter v0.1.42
[INFO] [stderr]    Compiling num-rational v0.3.2
[INFO] [stderr]    Compiling getrandom v0.1.16
[INFO] [stderr]    Compiling ahash v0.4.7
[INFO] [stderr]    Compiling matchers v0.0.1
[INFO] [stderr]    Compiling hashbrown v0.9.1
[INFO] [stderr]    Compiling thiserror-impl v1.0.25
[INFO] [stderr]    Compiling tracing-attributes v0.1.15
[INFO] [stderr]    Compiling bevy_reflect_derive v0.5.0
[INFO] [stderr]    Compiling bevy_ecs_macros v0.5.0
[INFO] [stderr]    Compiling bevy_derive v0.5.0
[INFO] [stderr]    Compiling miniz_oxide v0.3.7
[INFO] [stderr]    Compiling deflate v0.8.6
[INFO] [stderr]    Compiling spirv-reflect v0.2.3
[INFO] [stderr]    Compiling thiserror v1.0.25
[INFO] [stderr]    Compiling tracing v0.1.26
[INFO] [stderr]    Compiling indexmap v1.6.2
[INFO] [stderr]    Compiling bevy-glsl-to-spirv v0.2.1
[INFO] [stderr]    Compiling cfg-if v0.1.10
[INFO] [stderr]    Compiling png v0.16.8
[INFO] [stderr]    Compiling ahash v0.6.3
[INFO] [stderr]    Compiling bytemuck v1.5.1
[INFO] [stderr]    Compiling glam v0.15.2
[INFO] [stderr]    Compiling scoped_threadpool v0.1.9
[INFO] [stderr]    Compiling color_quant v1.1.0
[INFO] [stderr]    Compiling maybe-uninit v2.0.0
[INFO] [stderr]    Compiling image v0.23.14
[INFO] [stderr]    Compiling rand_core v0.5.1
[INFO] [stderr]    Compiling raw-window-handle v0.3.3
[INFO] [stderr]    Compiling bit-vec v0.6.3
[INFO] [stderr]    Compiling fixedbitset v0.2.0
[INFO] [stderr]    Compiling hex v0.4.3
[INFO] [stderr]    Compiling rand_chacha v0.2.2
[INFO] [stderr]    Compiling bit-set v0.5.2
[INFO] [stderr]    Compiling petgraph v0.5.1
[INFO] [stderr]    Compiling rand v0.7.3
[INFO] [stderr]    Compiling bevy_ecs_macros v0.4.0
[INFO] [stderr]    Compiling bevy_tasks v0.4.0
[INFO] [stderr]    Compiling glam v0.11.3
[INFO] [stderr]    Compiling hexasphere v3.4.0
[INFO] [stderr]    Compiling fixedbitset v0.3.2
[INFO] [stderr]    Compiling naga v0.3.2
[INFO] [stderr]    Compiling bevy_derive v0.4.0
[INFO] [stderr]    Compiling spirv_cross v0.23.1
[INFO] [stderr]    Compiling nix v0.20.0
[INFO] [stderr]    Compiling libloading v0.6.7
[INFO] [stderr]    Compiling bevy_reflect_derive v0.4.0
[INFO] [stderr]    Compiling alsa-sys v0.3.1
[INFO] [stderr]    Compiling khronos-egl v3.0.2
[INFO] [stderr]    Compiling net2 v0.2.37
[INFO] [stderr]    Compiling libudev-sys v0.1.4
[INFO] [stderr]    Compiling x11-dl v2.18.5
[INFO] [stderr]    Compiling minimp3-sys v0.3.2
[INFO] [stderr]    Compiling euclid v0.22.6
[INFO] [stderr]    Compiling iovec v0.1.4
[INFO] [stderr]    Compiling cfg_aliases v0.1.1
[INFO] [stderr]    Compiling arrayvec v0.5.2
[INFO] [stderr]    Compiling svg_fmt v0.4.1
[INFO] [stderr]    Compiling ttf-parser v0.12.1
[INFO] [stderr]    Compiling wgpu-core v0.7.1
[INFO] [stderr]    Compiling guillotiere v0.6.1
[INFO] [stderr]    Compiling gfx-hal v0.7.0
[INFO] [stderr] thread 'rustc' panicked at 'assertion failed: pos.get() <= self.position()', compiler/rustc_metadata/src/rmeta/encoder.rs:433:9
[INFO] [stderr] stack backtrace:
[INFO] [stderr]    0:     0x7fb4e40d2cca - std::backtrace_rs::backtrace::libunwind::trace::h2f05d0192276a8f6
[INFO] [stderr]                                at /rustc/1b7dd2252b99671ce5d1cb9664c5f8636329436d/library/std/src/../../backtrace/src/backtrace/libunwind.rs:93:5
[INFO] [stderr]    1:     0x7fb4e40d2cca - std::backtrace_rs::backtrace::trace_unsynchronized::hedc23dff7a1af150
[INFO] [stderr]                                at /rustc/1b7dd2252b99671ce5d1cb9664c5f8636329436d/library/std/src/../../backtrace/src/backtrace/mod.rs:66:5
[INFO] [stderr]    2:     0x7fb4e40d2cca - std::sys_common::backtrace::_print_fmt::h17541ef7592f3ce2
[INFO] [stderr]                                at /rustc/1b7dd2252b99671ce5d1cb9664c5f8636329436d/library/std/src/sys_common/backtrace.rs:65:5
[INFO] [stderr]    3:     0x7fb4e40d2cca - <std::sys_common::backtrace::_print::DisplayBacktrace as core::fmt::Display>::fmt::h20f75df5ab0c0792
[INFO] [stderr]                                at /rustc/1b7dd2252b99671ce5d1cb9664c5f8636329436d/library/std/src/sys_common/backtrace.rs:44:22
[INFO] [stderr]    4:     0x7fb4e41370cf - core::fmt::write::h78109e6f466b3af6
[INFO] [stderr]                                at /rustc/1b7dd2252b99671ce5d1cb9664c5f8636329436d/library/core/src/fmt/mod.rs:1254:17
[INFO] [stderr]    5:     0x7fb4e40c5805 - std::io::Write::write_fmt::hc59e1b02dd273c8a
[INFO] [stderr]                                at /rustc/1b7dd2252b99671ce5d1cb9664c5f8636329436d/library/std/src/io/mod.rs:1698:15
[INFO] [stderr]    6:     0x7fb4e40d2a95 - std::sys_common::backtrace::_print::h8dac57a9f8fbf9a5
[INFO] [stderr]                                at /rustc/1b7dd2252b99671ce5d1cb9664c5f8636329436d/library/std/src/sys_common/backtrace.rs:47:5
[INFO] [stderr]    7:     0x7fb4e40d2a95 - std::sys_common::backtrace::print::hf9ecbf41d1aa712f
[INFO] [stderr]                                at /rustc/1b7dd2252b99671ce5d1cb9664c5f8636329436d/library/std/src/sys_common/backtrace.rs:34:9
[INFO] [stderr]    8:     0x7fb4e40d573e - std::panicking::default_hook::{{closure}}::h04c07acfc84ca028
[INFO] [stderr]                                at /rustc/1b7dd2252b99671ce5d1cb9664c5f8636329436d/library/std/src/panicking.rs:269:22
[INFO] [stderr]    9:     0x7fb4e40d54e5 - std::panicking::default_hook::h01f6bb23e1eceb2c
[INFO] [stderr]                                at /rustc/1b7dd2252b99671ce5d1cb9664c5f8636329436d/library/std/src/panicking.rs:288:9
[INFO] [stderr] LLVM ERROR: IO failure on output stream: No space left on device
[INFO] [stdout] error: failed to write /tmp/rustc6QJwQ5/lib.rmeta: No space left on device (os error 28)
[INFO] [stdout] 
[INFO] [stdout] 
[INFO] [stdout] error: couldn't create a temp dir: No space left on device (os error 28) at path "/opt/rustwide/target/debug/deps/rmetanNS13b"
[INFO] [stdout] 
[INFO] [stdout] 
[INFO] [stderr] error: could not compile `wgpu-core` (build script)
[INFO] [stderr] warning: build failed, waiting for other jobs to finish...
[INFO] [stdout] error: aborting due to previous error
[INFO] [stdout] 
[INFO] [stdout] 
[INFO] [stderr] error: could not compile `guillotiere` (lib) due to 2 previous errors
[INFO] [stderr] error: could not compile `image` (lib) due to previous error
[INFO] [stderr]   10:     0x7fb4e73c5a35 - rustc_driver_impl[dc743aefd116e4d1]::DEFAULT_HOOK::{closure#0}::{closure#0}
[INFO] [stderr]   11:     0x7fb4e40d5f34 - <alloc::boxed::Box<F,A> as core::ops::function::Fn<Args>>::call::h3f2d6d8b14c4769f
[INFO] [stderr]                                at /rustc/1b7dd2252b99671ce5d1cb9664c5f8636329436d/library/alloc/src/boxed.rs:1987:9
[INFO] [stderr]   12:     0x7fb4e40d5f34 - std::panicking::rust_panic_with_hook::h2bb3722bbaf2f6df
[INFO] [stderr]                                at /rustc/1b7dd2252b99671ce5d1cb9664c5f8636329436d/library/std/src/panicking.rs:695:13
[INFO] [stderr]   13:     0x7fb4e40d5c62 - std::panicking::begin_panic_handler::{{closure}}::h91bc7f36a4be011b
[INFO] [stderr]                                at /rustc/1b7dd2252b99671ce5d1cb9664c5f8636329436d/library/std/src/panicking.rs:580:13
[INFO] [stderr]   14:     0x7fb4e40d3136 - std::sys_common::backtrace::__rust_end_short_backtrace::h8b3d3717114f9e59
[INFO] [stderr]                                at /rustc/1b7dd2252b99671ce5d1cb9664c5f8636329436d/library/std/src/sys_common/backtrace.rs:150:18
[INFO] [stderr]   15:     0x7fb4e40d5a02 - rust_begin_unwind
[INFO] [stderr]                                at /rustc/1b7dd2252b99671ce5d1cb9664c5f8636329436d/library/std/src/panicking.rs:578:5
[INFO] [stderr]   16:     0x7fb4e4133443 - core::panicking::panic_fmt::hfd368e3fbdabea26
[INFO] [stderr]                                at /rustc/1b7dd2252b99671ce5d1cb9664c5f8636329436d/library/core/src/panicking.rs:67:14
[INFO] [stderr]   17:     0x7fb4e41334dd - core::panicking::panic::h3f9042d09bd0bf2e
[INFO] [stderr]                                at /rustc/1b7dd2252b99671ce5d1cb9664c5f8636329436d/library/core/src/panicking.rs:117:5
[INFO] [stderr]   18:     0x7fb4e670e79e - <rustc_metadata[265efc8f25a37d70]::rmeta::encoder::EncodeContext>::encode_crate_root
[INFO] [stderr]   19:     0x7fb4e66a2f89 - rustc_metadata[265efc8f25a37d70]::rmeta::encoder::encode_metadata_impl
[INFO] [stderr]   20:     0x7fb4e6696951 - rustc_data_structures[f629b2cb664ef839]::sync::join::<rustc_metadata[265efc8f25a37d70]::rmeta::encoder::encode_metadata::{closure#0}, rustc_metadata[265efc8f25a37d70]::rmeta::encoder::encode_metadata::{closure#1}, (), ()>
[INFO] [stderr]   21:     0x7fb4e669666f - rustc_metadata[265efc8f25a37d70]::rmeta::encoder::encode_metadata
[INFO] [stderr]   22:     0x7fb4e6695a01 - rustc_metadata[265efc8f25a37d70]::fs::encode_and_write_metadata
[INFO] [stderr]   23:     0x7fb4e668f190 - rustc_interface[a065794b3504c0d8]::passes::start_codegen
[INFO] [stderr]   24:     0x7fb4e668a5c4 - <rustc_middle[190fc878b70c43dc]::ty::context::GlobalCtxt>::enter::<<rustc_interface[a065794b3504c0d8]::queries::Queries>::ongoing_codegen::{closure#0}::{closure#0}, core[5dceb995eb6c8c1c]::result::Result<alloc[2e017f7c06744add]::boxed::Box<dyn core[5dceb995eb6c8c1c]::any::Any>, rustc_span[1c1785c13b4703b1]::ErrorGuaranteed>>
[INFO] [stderr]   25:     0x7fb4e6688c68 - <rustc_interface[a065794b3504c0d8]::queries::Queries>::ongoing_codegen
[INFO] [stderr]   26:     0x7fb4e6688471 - <rustc_interface[a065794b3504c0d8]::interface::Compiler>::enter::<rustc_driver_impl[dc743aefd116e4d1]::run_compiler::{closure#1}::{closure#2}, core[5dceb995eb6c8c1c]::result::Result<core[5dceb995eb6c8c1c]::option::Option<rustc_interface[a065794b3504c0d8]::queries::Linker>, rustc_span[1c1785c13b4703b1]::ErrorGuaranteed>>
[INFO] [stderr]   27:     0x7fb4e6683691 - rustc_span[1c1785c13b4703b1]::set_source_map::<core[5dceb995eb6c8c1c]::result::Result<(), rustc_span[1c1785c13b4703b1]::ErrorGuaranteed>, rustc_interface[a065794b3504c0d8]::interface::run_compiler<core[5dceb995eb6c8c1c]::result::Result<(), rustc_span[1c1785c13b4703b1]::ErrorGuaranteed>, rustc_driver_impl[dc743aefd116e4d1]::run_compiler::{closure#1}>::{closure#0}::{closure#0}>
[INFO] [stderr]   28:     0x7fb4e6682c3f - std[c49fe71d1e153478]::sys_common::backtrace::__rust_begin_short_backtrace::<rustc_interface[a065794b3504c0d8]::util::run_in_thread_pool_with_globals<rustc_interface[a065794b3504c0d8]::interface::run_compiler<core[5dceb995eb6c8c1c]::result::Result<(), rustc_span[1c1785c13b4703b1]::ErrorGuaranteed>, rustc_driver_impl[dc743aefd116e4d1]::run_compiler::{closure#1}>::{closure#0}, core[5dceb995eb6c8c1c]::result::Result<(), rustc_span[1c1785c13b4703b1]::ErrorGuaranteed>>::{closure#0}::{closure#0}, core[5dceb995eb6c8c1c]::result::Result<(), rustc_span[1c1785c13b4703b1]::ErrorGuaranteed>>
[INFO] [stderr]   29:     0x7fb4e6c934e1 - <<std[c49fe71d1e153478]::thread::Builder>::spawn_unchecked_<rustc_interface[a065794b3504c0d8]::util::run_in_thread_pool_with_globals<rustc_interface[a065794b3504c0d8]::interface::run_compiler<core[5dceb995eb6c8c1c]::result::Result<(), rustc_span[1c1785c13b4703b1]::ErrorGuaranteed>, rustc_driver_impl[dc743aefd116e4d1]::run_compiler::{closure#1}>::{closure#0}, core[5dceb995eb6c8c1c]::result::Result<(), rustc_span[1c1785c13b4703b1]::ErrorGuaranteed>>::{closure#0}::{closure#0}, core[5dceb995eb6c8c1c]::result::Result<(), rustc_span[1c1785c13b4703b1]::ErrorGuaranteed>>::{closure#1} as core[5dceb995eb6c8c1c]::ops::function::FnOnce<()>>::call_once::{shim:vtable#0}
[INFO] [stderr]   30:     0x7fb4e40e03b5 - <alloc::boxed::Box<F,A> as core::ops::function::FnOnce<Args>>::call_once::h0d83cb2920a49046
[INFO] [stderr]                                at /rustc/1b7dd2252b99671ce5d1cb9664c5f8636329436d/library/alloc/src/boxed.rs:1973:9
[INFO] [stderr]   31:     0x7fb4e40e03b5 - <alloc::boxed::Box<F,A> as core::ops::function::FnOnce<Args>>::call_once::hbe0a008aa7d9ef59
[INFO] [stderr]                                at /rustc/1b7dd2252b99671ce5d1cb9664c5f8636329436d/library/alloc/src/boxed.rs:1973:9
[INFO] [stderr]   32:     0x7fb4e40e03b5 - std::sys::unix::thread::Thread::new::thread_start::h3a466996bdf6b1f9
[INFO] [stderr]                                at /rustc/1b7dd2252b99671ce5d1cb9664c5f8636329436d/library/std/src/sys/unix/thread.rs:108:17
[INFO] [stderr]   33:     0x7fb4e3e16b43 - <unknown>
[INFO] [stderr]   34:     0x7fb4e3ea7bb4 - __clone
[INFO] [stderr]   35:                0x0 - <unknown>
[INFO] [stderr] 
[INFO] [stderr] error: the compiler unexpectedly panicked. this is a bug.
[INFO] [stderr] 
[INFO] [stderr] note: we would appreciate a bug report: https://github.com/rust-lang/rust/issues/new?labels=C-bug%2C+I-ICE%2C+T-compiler&template=ice.md
[INFO] [stderr] 
[INFO] [stderr] note: rustc 1.70.0-beta.1 (1b7dd2252 2023-04-19) running on x86_64-unknown-linux-gnu
[INFO] [stderr] 
[INFO] [stderr] note: compiler flags: --crate-type lib -C embed-bitcode=no -C debuginfo=2
[INFO] [stderr] 
[INFO] [stderr] note: some of the compiler flags provided by cargo are hidden
[INFO] [stderr] 
[INFO] [stderr] query stack during panic:
[INFO] [stderr] end of query stack
[INFO] [stderr] error: could not compile `serde` (lib)
[INFO] [stderr] LLVM ERROR: IO failure on output stream: No space left on device
[INFO] [stderr] error: could not compile `naga` (lib)
[INFO] [stderr] thread 'rustc' panicked at 'assertion failed: pos.get() <= self.position()', compiler/rustc_metadata/src/rmeta/encoder.rs:433:9
[INFO] [stderr] error: could not compile `ttf-parser` (lib)
[INFO] [stderr] The following warnings were emitted during compilation:
[INFO] [stderr] 
[INFO] [stderr] warning: vendor/spirv_reflect.c: In function 'SpvReflectResult spvReflectCreateShaderModule(size_t, const void*, SpvReflectShaderModule*)':
[INFO] [stderr] warning: vendor/spirv_reflect.c:2910:23: warning: missing initializer for member 'Parser::spirv_code' [-Wmissing-field-initializers]
[INFO] [stderr] warning:  2910 |   Parser parser = { 0 };
[INFO] [stderr] warning:       |                       ^
[INFO] [stderr] warning: vendor/spirv_reflect.c:2910:23: warning: missing initializer for member 'Parser::string_count' [-Wmissing-field-initializers]
[INFO] [stderr] warning: vendor/spirv_reflect.c:2910:23: warning: missing initializer for member 'Parser::strings' [-Wmissing-field-initializers]
[INFO] [stderr] warning: vendor/spirv_reflect.c:2910:23: warning: missing initializer for member 'Parser::source_language' [-Wmissing-field-initializers]
[INFO] [stderr] warning: vendor/spirv_reflect.c:2910:23: warning: missing initializer for member 'Parser::source_language_version' [-Wmissing-field-initializers]
[INFO] [stderr] warning: vendor/spirv_reflect.c:2910:23: warning: missing initializer for member 'Parser::source_file_id' [-Wmissing-field-initializers]
[INFO] [stderr] warning: vendor/spirv_reflect.c:2910:23: warning: missing initializer for member 'Parser::source_embedded' [-Wmissing-field-initializers]
[INFO] [stderr] warning: vendor/spirv_reflect.c:2910:23: warning: missing initializer for member 'Parser::node_count' [-Wmissing-field-initializers]
[INFO] [stderr] warning: vendor/spirv_reflect.c:2910:23: warning: missing initializer for member 'Parser::nodes' [-Wmissing-field-initializers]
[INFO] [stderr] warning: vendor/spirv_reflect.c:2910:23: warning: missing initializer for member 'Parser::entry_point_count' [-Wmissing-field-initializers]
[INFO] [stderr] warning: vendor/spirv_reflect.c:2910:23: warning: missing initializer for member 'Parser::function_count' [-Wmissing-field-initializers]
[INFO] [stderr] warning: vendor/spirv_reflect.c:2910:23: warning: missing initializer for member 'Parser::functions' [-Wmissing-field-initializers]
[INFO] [stderr] warning: vendor/spirv_reflect.c:2910:23: warning: missing initializer for member 'Parser::type_count' [-Wmissing-field-initializers]
[INFO] [stderr] warning: vendor/spirv_reflect.c:2910:23: warning: missing initializer for member 'Parser::descriptor_count' [-Wmissing-field-initializers]
[INFO] [stderr] warning: vendor/spirv_reflect.c:2910:23: warning: missing initializer for member 'Parser::push_constant_count' [-Wmissing-field-initializers]
[INFO] [stderr] warning: vendor/spirv_reflect.c: In function 'SpvReflectResult spvReflectChangeDescriptorBindingNumbers(SpvReflectShaderModule*, const SpvReflectDescriptorBinding*, uint32_t, uint32_t)':
[INFO] [stderr] warning: vendor/spirv_reflect.c:4012:28: warning: comparison of integer expressions of different signedness: 'uint32_t' {aka 'unsigned int'} and '<unnamed enum>' [-Wsign-compare]
[INFO] [stderr] warning:  4012 |     if (new_binding_number != SPV_REFLECT_BINDING_NUMBER_DONT_CHANGE) {
[INFO] [stderr] warning:       |         ~~~~~~~~~~~~~~~~~~~^~~~~~~~~~~~~~~~~~~~~~~~~~~~~~~~~~~~~~~~~
[INFO] [stderr] warning: vendor/spirv_reflect.c:4018:25: warning: comparison of integer expressions of different signedness: 'uint32_t' {aka 'unsigned int'} and '<unnamed enum>' [-Wsign-compare]
[INFO] [stderr] warning:  4018 |     if (new_set_binding != SPV_REFLECT_SET_NUMBER_DONT_CHANGE) {
[INFO] [stderr] warning:       |         ~~~~~~~~~~~~~~~~^~~~~~~~~~~~~~~~~~~~~~~~~~~~~~~~~~~~~
[INFO] [stderr] warning: vendor/spirv_reflect.c:4026:23: warning: comparison of integer expressions of different signedness: 'uint32_t' {aka 'unsigned int'} and '<unnamed enum>' [-Wsign-compare]
[INFO] [stderr] warning:  4026 |   if (new_set_binding != SPV_REFLECT_SET_NUMBER_DONT_CHANGE) {
[INFO] [stderr] warning:       |       ~~~~~~~~~~~~~~~~^~~~~~~~~~~~~~~~~~~~~~~~~~~~~~~~~~~~~
[INFO] [stderr] warning: vendor/spirv_reflect.c: In function 'SpvReflectResult spvReflectChangeDescriptorSetNumber(SpvReflectShaderModule*, const SpvReflectDescriptorSet*, uint32_t)':
[INFO] [stderr] warning: vendor/spirv_reflect.c:4060:49: warning: comparison of integer expressions of different signedness: 'uint32_t' {aka 'unsigned int'} and '<unnamed enum>' [-Wsign-compare]
[INFO] [stderr] warning:  4060 |   if (IsNotNull(p_target_set) && new_set_number != SPV_REFLECT_SET_NUMBER_DONT_CHANGE) {
[INFO] [stderr] warning:       |                                  ~~~~~~~~~~~~~~~^~~~~~~~~~~~~~~~~~~~~~~~~~~~~~~~~~~~~
[INFO] [stderr] warning: vendor/spirv_reflect.c: At global scope:
[INFO] [stderr] warning: vendor/spirv_reflect.c:4141:1: fatal error: error writing to /tmp/ccgcVBXy.s: No space left on device
[INFO] [stderr] warning:  4141 | }
[INFO] [stderr] warning:       | ^
[INFO] [stderr] warning: compilation terminated.
[INFO] [stderr] 
[INFO] [stderr] error: failed to run custom build command for `spirv-reflect v0.2.3`
[INFO] [stderr] note: To improve backtraces for build dependencies, set the CARGO_PROFILE_DEV_BUILD_OVERRIDE_DEBUG=true environment variable to enable debug information generation.
[INFO] [stderr] 
[INFO] [stderr] Caused by:
[INFO] [stderr]   process didn't exit successfully: `/opt/rustwide/target/debug/build/spirv-reflect-81de752d2507211b/build-script-build` (exit status: 1)
[INFO] [stderr]   --- stdout
[INFO] [stderr]   TARGET = Some("x86_64-unknown-linux-gnu")
[INFO] [stderr]   OPT_LEVEL = Some("0")
[INFO] [stderr]   HOST = Some("x86_64-unknown-linux-gnu")
[INFO] [stderr]   CXX_x86_64-unknown-linux-gnu = None
[INFO] [stderr]   CXX_x86_64_unknown_linux_gnu = None
[INFO] [stderr]   HOST_CXX = None
[INFO] [stderr]   CXX = None
[INFO] [stderr]   CXXFLAGS_x86_64-unknown-linux-gnu = None
[INFO] [stderr]   CXXFLAGS_x86_64_unknown_linux_gnu = None
[INFO] [stderr]   HOST_CXXFLAGS = None
[INFO] [stderr]   CXXFLAGS = None
[INFO] [stderr]   CRATE_CC_NO_DEFAULTS = None
[INFO] [stderr]   DEBUG = Some("true")
[INFO] [stderr]   CARGO_CFG_TARGET_FEATURE = Some("fxsr,sse,sse2")
[INFO] [stderr]   running: "c++" "-O0" "-ffunction-sections" "-fdata-sections" "-fPIC" "-g" "-fno-omit-frame-pointer" "-m64" "-I" "src" "-Wall" "-Wextra" "-std=c++11" "-o" "/opt/rustwide/target/debug/build/spirv-reflect-3c861cf53cbeacf4/out/vendor/spirv_reflect.o" "-c" "vendor/spirv_reflect.c"
[INFO] [stderr]   cargo:warning=vendor/spirv_reflect.c: In function 'SpvReflectResult spvReflectCreateShaderModule(size_t, const void*, SpvReflectShaderModule*)':
[INFO] [stderr]   cargo:warning=vendor/spirv_reflect.c:2910:23: warning: missing initializer for member 'Parser::spirv_code' [-Wmissing-field-initializers]
[INFO] [stderr]   cargo:warning= 2910 |   Parser parser = { 0 };
[INFO] [stderr]   cargo:warning=      |                       ^
[INFO] [stderr]   cargo:warning=vendor/spirv_reflect.c:2910:23: warning: missing initializer for member 'Parser::string_count' [-Wmissing-field-initializers]
[INFO] [stderr]   cargo:warning=vendor/spirv_reflect.c:2910:23: warning: missing initializer for member 'Parser::strings' [-Wmissing-field-initializers]
[INFO] [stderr]   cargo:warning=vendor/spirv_reflect.c:2910:23: warning: missing initializer for member 'Parser::source_language' [-Wmissing-field-initializers]
[INFO] [stderr]   cargo:warning=vendor/spirv_reflect.c:2910:23: warning: missing initializer for member 'Parser::source_language_version' [-Wmissing-field-initializers]
[INFO] [stderr]   cargo:warning=vendor/spirv_reflect.c:2910:23: warning: missing initializer for member 'Parser::source_file_id' [-Wmissing-field-initializers]
[INFO] [stderr]   cargo:warning=vendor/spirv_reflect.c:2910:23: warning: missing initializer for member 'Parser::source_embedded' [-Wmissing-field-initializers]
[INFO] [stderr]   cargo:warning=vendor/spirv_reflect.c:2910:23: warning: missing initializer for member 'Parser::node_count' [-Wmissing-field-initializers]
[INFO] [stderr]   cargo:warning=vendor/spirv_reflect.c:2910:23: warning: missing initializer for member 'Parser::nodes' [-Wmissing-field-initializers]
[INFO] [stderr]   cargo:warning=vendor/spirv_reflect.c:2910:23: warning: missing initializer for member 'Parser::entry_point_count' [-Wmissing-field-initializers]
[INFO] [stderr]   cargo:warning=vendor/spirv_reflect.c:2910:23: warning: missing initializer for member 'Parser::function_count' [-Wmissing-field-initializers]
[INFO] [stderr]   cargo:warning=vendor/spirv_reflect.c:2910:23: warning: missing initializer for member 'Parser::functions' [-Wmissing-field-initializers]
[INFO] [stderr]   cargo:warning=vendor/spirv_reflect.c:2910:23: warning: missing initializer for member 'Parser::type_count' [-Wmissing-field-initializers]
[INFO] [stderr]   cargo:warning=vendor/spirv_reflect.c:2910:23: warning: missing initializer for member 'Parser::descriptor_count' [-Wmissing-field-initializers]
[INFO] [stderr]   cargo:warning=vendor/spirv_reflect.c:2910:23: warning: missing initializer for member 'Parser::push_constant_count' [-Wmissing-field-initializers]
[INFO] [stderr]   cargo:warning=vendor/spirv_reflect.c: In function 'SpvReflectResult spvReflectChangeDescriptorBindingNumbers(SpvReflectShaderModule*, const SpvReflectDescriptorBinding*, uint32_t, uint32_t)':
[INFO] [stderr]   cargo:warning=vendor/spirv_reflect.c:4012:28: warning: comparison of integer expressions of different signedness: 'uint32_t' {aka 'unsigned int'} and '<unnamed enum>' [-Wsign-compare]
[INFO] [stderr]   cargo:warning= 4012 |     if (new_binding_number != SPV_REFLECT_BINDING_NUMBER_DONT_CHANGE) {
[INFO] [stderr]   cargo:warning=      |         ~~~~~~~~~~~~~~~~~~~^~~~~~~~~~~~~~~~~~~~~~~~~~~~~~~~~~~~~~~~~
[INFO] [stderr]   cargo:warning=vendor/spirv_reflect.c:4018:25: warning: comparison of integer expressions of different signedness: 'uint32_t' {aka 'unsigned int'} and '<unnamed enum>' [-Wsign-compare]
[INFO] [stderr]   cargo:warning= 4018 |     if (new_set_binding != SPV_REFLECT_SET_NUMBER_DONT_CHANGE) {
[INFO] [stderr]   cargo:warning=      |         ~~~~~~~~~~~~~~~~^~~~~~~~~~~~~~~~~~~~~~~~~~~~~~~~~~~~~
[INFO] [stderr]   cargo:warning=vendor/spirv_reflect.c:4026:23: warning: comparison of integer expressions of different signedness: 'uint32_t' {aka 'unsigned int'} and '<unnamed enum>' [-Wsign-compare]
[INFO] [stderr]   cargo:warning= 4026 |   if (new_set_binding != SPV_REFLECT_SET_NUMBER_DONT_CHANGE) {
[INFO] [stderr]   cargo:warning=      |       ~~~~~~~~~~~~~~~~^~~~~~~~~~~~~~~~~~~~~~~~~~~~~~~~~~~~~
[INFO] [stderr]   cargo:warning=vendor/spirv_reflect.c: In function 'SpvReflectResult spvReflectChangeDescriptorSetNumber(SpvReflectShaderModule*, const SpvReflectDescriptorSet*, uint32_t)':
[INFO] [stderr]   cargo:warning=vendor/spirv_reflect.c:4060:49: warning: comparison of integer expressions of different signedness: 'uint32_t' {aka 'unsigned int'} and '<unnamed enum>' [-Wsign-compare]
[INFO] [stderr]   cargo:warning= 4060 |   if (IsNotNull(p_target_set) && new_set_number != SPV_REFLECT_SET_NUMBER_DONT_CHANGE) {
[INFO] [stderr]   cargo:warning=      |                                  ~~~~~~~~~~~~~~~^~~~~~~~~~~~~~~~~~~~~~~~~~~~~~~~~~~~~
[INFO] [stderr]   cargo:warning=vendor/spirv_reflect.c: At global scope:
[INFO] [stderr]   cargo:warning=vendor/spirv_reflect.c:4141:1: fatal error: error writing to /tmp/ccgcVBXy.s: No space left on device
[INFO] [stderr]   cargo:warning= 4141 | }
[INFO] [stderr]   cargo:warning=      | ^
[INFO] [stderr]   cargo:warning=compilation terminated.
[INFO] [stderr]   exit status: 1
[INFO] [stderr] 
[INFO] [stderr]   --- stderr
[INFO] [stderr] 
[INFO] [stderr] 
[INFO] [stderr]   error occurred: Command "c++" "-O0" "-ffunction-sections" "-fdata-sections" "-fPIC" "-g" "-fno-omit-frame-pointer" "-m64" "-I" "src" "-Wall" "-Wextra" "-std=c++11" "-o" "/opt/rustwide/target/debug/build/spirv-reflect-3c861cf53cbeacf4/out/vendor/spirv_reflect.o" "-c" "vendor/spirv_reflect.c" with args "c++" did not execute successfully (status code exit status: 1).
[INFO] [stderr] 
[INFO] [stderr] 
[INFO] [stderr] thread 'rustc' panicked at 'assertion failed: pos.get() <= self.position()', compiler/rustc_metadata/src/rmeta/encoder.rs:433:9
[INFO] [stderr] error: could not compile `nix` (lib)
[INFO] running `Command { std: "docker" "inspect" "328c29b6688280b7e5821d1b6781b79d1b23ddb27162b9f86d4dac3dcac16337", kill_on_drop: false }`
[INFO] running `Command { std: "docker" "rm" "-f" "328c29b6688280b7e5821d1b6781b79d1b23ddb27162b9f86d4dac3dcac16337", kill_on_drop: false }`
[INFO] [stdout] 328c29b6688280b7e5821d1b6781b79d1b23ddb27162b9f86d4dac3dcac16337
