[INFO] cloning repository https://github.com/guillemcordoba/rust-lisbon-meetup-07-01-2020
[INFO] running `Command { std: "git" "-c" "credential.helper=" "-c" "credential.helper=/workspace/cargo-home/bin/git-credential-null" "clone" "--bare" "https://github.com/guillemcordoba/rust-lisbon-meetup-07-01-2020" "/workspace/cache/git-repos/https%3A%2F%2Fgithub.com%2Fguillemcordoba%2Frust-lisbon-meetup-07-01-2020", kill_on_drop: false }`
[INFO] [stderr] Cloning into bare repository '/workspace/cache/git-repos/https%3A%2F%2Fgithub.com%2Fguillemcordoba%2Frust-lisbon-meetup-07-01-2020'...
[INFO] running `Command { std: "git" "rev-parse" "HEAD", kill_on_drop: false }`
[INFO] [stdout] 4e1017fa25906788e36834466bcf050c504c96ed
[INFO] testing guillemcordoba/rust-lisbon-meetup-07-01-2020 against beta-2023-04-20 for beta-1.70-1
[INFO] running `Command { std: "git" "clone" "/workspace/cache/git-repos/https%3A%2F%2Fgithub.com%2Fguillemcordoba%2Frust-lisbon-meetup-07-01-2020" "/workspace/builds/worker-2-tc2/source", kill_on_drop: false }`
[INFO] [stderr] Cloning into '/workspace/builds/worker-2-tc2/source'...
[INFO] [stderr] done.
[INFO] validating manifest of git repo https://github.com/guillemcordoba/rust-lisbon-meetup-07-01-2020 on toolchain beta-2023-04-20
[INFO] running `Command { std: CARGO_HOME="/workspace/cargo-home" RUSTUP_HOME="/workspace/rustup-home" "/workspace/cargo-home/bin/cargo" "+beta-2023-04-20" "metadata" "--manifest-path" "Cargo.toml" "--no-deps", kill_on_drop: false }`
[INFO] started tweaking git repo https://github.com/guillemcordoba/rust-lisbon-meetup-07-01-2020
[INFO] finished tweaking git repo https://github.com/guillemcordoba/rust-lisbon-meetup-07-01-2020
[INFO] tweaked toml for git repo https://github.com/guillemcordoba/rust-lisbon-meetup-07-01-2020 written to /workspace/builds/worker-2-tc2/source/Cargo.toml
[INFO] crate git repo https://github.com/guillemcordoba/rust-lisbon-meetup-07-01-2020 already has a lockfile, it will not be regenerated
[INFO] running `Command { std: CARGO_HOME="/workspace/cargo-home" RUSTUP_HOME="/workspace/rustup-home" "/workspace/cargo-home/bin/cargo" "+beta-2023-04-20" "fetch" "--manifest-path" "Cargo.toml", kill_on_drop: false }`
[INFO] [stderr]     Blocking waiting for file lock on package cache
[INFO] running `Command { std: "docker" "create" "-v" "/var/lib/crater-agent-workspace/builds/worker-2-tc2/target:/opt/rustwide/target:rw,Z" "-v" "/var/lib/crater-agent-workspace/builds/worker-2-tc2/source:/opt/rustwide/workdir:ro,Z" "-v" "/var/lib/crater-agent-workspace/cargo-home:/opt/rustwide/cargo-home:ro,Z" "-v" "/var/lib/crater-agent-workspace/rustup-home:/opt/rustwide/rustup-home:ro,Z" "-e" "SOURCE_DIR=/opt/rustwide/workdir" "-e" "CARGO_TARGET_DIR=/opt/rustwide/target" "-e" "CARGO_HOME=/opt/rustwide/cargo-home" "-e" "RUSTUP_HOME=/opt/rustwide/rustup-home" "-w" "/opt/rustwide/workdir" "-m" "1610612736" "--user" "0:0" "--network" "none" "ghcr.io/rust-lang/crates-build-env/linux@sha256:5ff2268d62e97bff2cde7d5815dd6ed5b47097566f13b8d0ca110b04b60e07ed" "/opt/rustwide/cargo-home/bin/cargo" "+beta-2023-04-20" "metadata" "--no-deps" "--format-version=1", kill_on_drop: false }`
[INFO] [stdout] 53cc685f94d2c81e11dbf538b8b067de9aeb69f345bb1ffe09a7e4614eb044db
[INFO] running `Command { std: "docker" "start" "-a" "53cc685f94d2c81e11dbf538b8b067de9aeb69f345bb1ffe09a7e4614eb044db", kill_on_drop: false }`
[INFO] running `Command { std: "docker" "inspect" "53cc685f94d2c81e11dbf538b8b067de9aeb69f345bb1ffe09a7e4614eb044db", kill_on_drop: false }`
[INFO] running `Command { std: "docker" "rm" "-f" "53cc685f94d2c81e11dbf538b8b067de9aeb69f345bb1ffe09a7e4614eb044db", kill_on_drop: false }`
[INFO] [stdout] 53cc685f94d2c81e11dbf538b8b067de9aeb69f345bb1ffe09a7e4614eb044db
[INFO] running `Command { std: "docker" "create" "-v" "/var/lib/crater-agent-workspace/builds/worker-2-tc2/target:/opt/rustwide/target:rw,Z" "-v" "/var/lib/crater-agent-workspace/builds/worker-2-tc2/source:/opt/rustwide/workdir:ro,Z" "-v" "/var/lib/crater-agent-workspace/cargo-home:/opt/rustwide/cargo-home:ro,Z" "-v" "/var/lib/crater-agent-workspace/rustup-home:/opt/rustwide/rustup-home:ro,Z" "-e" "SOURCE_DIR=/opt/rustwide/workdir" "-e" "CARGO_TARGET_DIR=/opt/rustwide/target" "-e" "CARGO_INCREMENTAL=0" "-e" "RUST_BACKTRACE=full" "-e" "RUSTFLAGS=--cap-lints=warn" "-e" "RUSTDOCFLAGS=--cap-lints=warn" "-e" "CARGO_HOME=/opt/rustwide/cargo-home" "-e" "RUSTUP_HOME=/opt/rustwide/rustup-home" "-w" "/opt/rustwide/workdir" "-m" "1610612736" "--user" "0:0" "--network" "none" "ghcr.io/rust-lang/crates-build-env/linux@sha256:5ff2268d62e97bff2cde7d5815dd6ed5b47097566f13b8d0ca110b04b60e07ed" "/opt/rustwide/cargo-home/bin/cargo" "+beta-2023-04-20" "build" "--frozen" "--message-format=json", kill_on_drop: false }`
[INFO] [stdout] caa409ad516f147fb51950f70f32125fca95890c212b42f3886fba2bc5257f9d
[INFO] running `Command { std: "docker" "start" "-a" "caa409ad516f147fb51950f70f32125fca95890c212b42f3886fba2bc5257f9d", kill_on_drop: false }`
[INFO] [stderr]    Compiling testing v0.1.0 (/opt/rustwide/workdir)
[INFO] [stderr]     Finished dev [unoptimized + debuginfo] target(s) in 0.37s
[INFO] running `Command { std: "docker" "inspect" "caa409ad516f147fb51950f70f32125fca95890c212b42f3886fba2bc5257f9d", kill_on_drop: false }`
[INFO] running `Command { std: "docker" "rm" "-f" "caa409ad516f147fb51950f70f32125fca95890c212b42f3886fba2bc5257f9d", kill_on_drop: false }`
[INFO] [stdout] caa409ad516f147fb51950f70f32125fca95890c212b42f3886fba2bc5257f9d
[INFO] running `Command { std: "docker" "create" "-v" "/var/lib/crater-agent-workspace/builds/worker-2-tc2/target:/opt/rustwide/target:rw,Z" "-v" "/var/lib/crater-agent-workspace/builds/worker-2-tc2/source:/opt/rustwide/workdir:ro,Z" "-v" "/var/lib/crater-agent-workspace/cargo-home:/opt/rustwide/cargo-home:ro,Z" "-v" "/var/lib/crater-agent-workspace/rustup-home:/opt/rustwide/rustup-home:ro,Z" "-e" "SOURCE_DIR=/opt/rustwide/workdir" "-e" "CARGO_TARGET_DIR=/opt/rustwide/target" "-e" "CARGO_INCREMENTAL=0" "-e" "RUST_BACKTRACE=full" "-e" "RUSTFLAGS=--cap-lints=warn" "-e" "RUSTDOCFLAGS=--cap-lints=warn" "-e" "CARGO_HOME=/opt/rustwide/cargo-home" "-e" "RUSTUP_HOME=/opt/rustwide/rustup-home" "-w" "/opt/rustwide/workdir" "-m" "1610612736" "--user" "0:0" "--network" "none" "ghcr.io/rust-lang/crates-build-env/linux@sha256:5ff2268d62e97bff2cde7d5815dd6ed5b47097566f13b8d0ca110b04b60e07ed" "/opt/rustwide/cargo-home/bin/cargo" "+beta-2023-04-20" "test" "--frozen" "--no-run" "--message-format=json", kill_on_drop: false }`
[INFO] [stdout] f83592dcfab1a26264149c181104cf9951da084681f9e1c2f957923bc6a9d10d
[INFO] running `Command { std: "docker" "start" "-a" "f83592dcfab1a26264149c181104cf9951da084681f9e1c2f957923bc6a9d10d", kill_on_drop: false }`
[INFO] [stderr]    Compiling testing v0.1.0 (/opt/rustwide/workdir)
[INFO] [stdout] error[E0603]: module `hosting` is private
[INFO] [stdout]   --> examples/modules.rs:11:28
[INFO] [stdout]    |
[INFO] [stdout] 11 |     crate::front_of_house::hosting::add_to_waitlist();
[INFO] [stdout]    |                            ^^^^^^^ private module
[INFO] [stdout]    |
[INFO] [stdout] note: the module `hosting` is defined here
[INFO] [stdout]   --> examples/modules.rs:4:5
[INFO] [stdout]    |
[INFO] [stdout] 4  |     mod hosting {
[INFO] [stdout]    |     ^^^^^^^^^^^
[INFO] [stdout] 
[INFO] [stdout] 
[INFO] [stdout] error[E0603]: module `hosting` is private
[INFO] [stdout]   --> examples/modules.rs:14:21
[INFO] [stdout]    |
[INFO] [stdout] 14 |     front_of_house::hosting::add_to_waitlist();
[INFO] [stdout]    |                     ^^^^^^^ private module
[INFO] [stdout]    |
[INFO] [stdout] note: the module `hosting` is defined here
[INFO] [stdout]   --> examples/modules.rs:4:5
[INFO] [stdout]    |
[INFO] [stdout] 4  |     mod hosting {
[INFO] [stdout]    |     ^^^^^^^^^^^
[INFO] [stdout] 
[INFO] [stdout] 
[INFO] [stdout] error: aborting due to 2 previous errors
[INFO] [stdout] 
[INFO] [stdout] 
[INFO] [stdout] For more information about this error, try `rustc --explain E0603`.
[INFO] [stdout] 
[INFO] [stdout] error[E0596]: cannot borrow `*some_string` as mutable, as it is behind a `&` reference
[INFO] [stdout]  --> examples/ownership3.rs:8:5
[INFO] [stdout]   |
[INFO] [stdout] 8 |     some_string.push_str(", world"); // BAD! We have an immutable reference to some_string
[INFO] [stdout]   |     ^^^^^^^^^^^^^^^^^^^^^^^^^^^^^^^ `some_string` is a `&` reference, so the data it refers to cannot be borrowed as mutable
[INFO] [stdout]   |
[INFO] [stdout] help: consider changing this to be a mutable reference
[INFO] [stdout]   |
[INFO] [stdout] 7 | fn change(some_string: &mut String) {
[INFO] [stdout]   |                        ~~~~~~~~~~~
[INFO] [stdout] 
[INFO] [stdout] 
[INFO] [stdout] error: aborting due to previous error
[INFO] [stdout] 
[INFO] [stdout] 
[INFO] [stdout] For more information about this error, try `rustc --explain E0596`.
[INFO] [stdout] 
[INFO] [stderr] error: could not compile `testing` (example "ownership3") due to 2 previous errors
[INFO] [stderr] warning: build failed, waiting for other jobs to finish...
[INFO] [stderr] error: could not compile `testing` (example "modules") due to 3 previous errors
[INFO] [stdout] error[E0601]: `main` function not found in crate `optionandresult`
[INFO] [stdout]   --> examples/optionandresult.rs:21:2
[INFO] [stdout]    |
[INFO] [stdout] 21 | }
[INFO] [stdout]    |  ^ consider adding a `main` function to `examples/optionandresult.rs`
[INFO] [stdout] 
[INFO] [stdout] 
[INFO] [stdout] error: aborting due to previous error
[INFO] [stdout] 
[INFO] [stdout] 
[INFO] [stdout] warning: unused variable: `s1`
[INFO] [stdout]  --> examples/ownership2.rs:2:9
[INFO] [stdout]   |
[INFO] [stdout] 2 |     let s1 = gives_ownership(); // gives_ownership moves its return
[INFO] [stdout]   |         ^^ help: if this is intentional, prefix it with an underscore: `_s1`
[INFO] [stdout]   |
[INFO] [stdout]   = note: `#[warn(unused_variables)]` on by default
[INFO] [stdout] 
[INFO] [stdout] 
[INFO] [stdout] warning: unused variable: `s3`
[INFO] [stdout]  --> examples/ownership2.rs:7:9
[INFO] [stdout]   |
[INFO] [stdout] 7 |     let s3 = takes_and_gives_back(s2); // s2 is moved into
[INFO] [stdout]   |         ^^ help: if this is intentional, prefix it with an underscore: `_s3`
[INFO] [stdout] 
[INFO] [stdout] 
[INFO] [stdout] For more information about this error, try `rustc --explain E0601`.
[INFO] [stdout] 
[INFO] [stderr] error: could not compile `testing` (example "optionandresult") due to 2 previous errors
[INFO] [stdout] warning: function `match_literals` is never used
[INFO] [stdout]  --> examples/matching.rs:3:4
[INFO] [stdout]   |
[INFO] [stdout] 3 | fn match_literals() {
[INFO] [stdout]   |    ^^^^^^^^^^^^^^
[INFO] [stdout]   |
[INFO] [stdout]   = note: `#[warn(dead_code)]` on by default
[INFO] [stdout] 
[INFO] [stdout] 
[INFO] [stdout] warning: function `match_variable` is never used
[INFO] [stdout]   --> examples/matching.rs:13:4
[INFO] [stdout]    |
[INFO] [stdout] 13 | fn match_variable() {
[INFO] [stdout]    |    ^^^^^^^^^^^^^^
[INFO] [stdout] 
[INFO] [stdout] 
[INFO] [stdout] warning: struct `Point` is never constructed
[INFO] [stdout]   --> examples/matching.rs:26:8
[INFO] [stdout]    |
[INFO] [stdout] 26 | struct Point {
[INFO] [stdout]    |        ^^^^^
[INFO] [stdout] 
[INFO] [stdout] 
[INFO] [stdout] warning: function `match_struct` is never used
[INFO] [stdout]   --> examples/matching.rs:30:4
[INFO] [stdout]    |
[INFO] [stdout] 30 | fn match_struct() {
[INFO] [stdout]    |    ^^^^^^^^^^^^
[INFO] [stdout] 
[INFO] [stdout] 
[INFO] [stdout] warning: enum `Message` is never used
[INFO] [stdout]   --> examples/matching.rs:40:6
[INFO] [stdout]    |
[INFO] [stdout] 40 | enum Message {
[INFO] [stdout]    |      ^^^^^^^
[INFO] [stdout] 
[INFO] [stdout] 
[INFO] [stdout] warning: function `match_enum` is never used
[INFO] [stdout]   --> examples/matching.rs:47:4
[INFO] [stdout]    |
[INFO] [stdout] 47 | fn match_enum() {
[INFO] [stdout]    |    ^^^^^^^^^^
[INFO] [stdout] 
[INFO] [stdout] 
[INFO] [stdout] warning: 2 warnings emitted
[INFO] [stdout] 
[INFO] [stdout] 
[INFO] [stdout] warning: 6 warnings emitted
[INFO] [stdout] 
[INFO] [stdout] 
[INFO] running `Command { std: "docker" "inspect" "f83592dcfab1a26264149c181104cf9951da084681f9e1c2f957923bc6a9d10d", kill_on_drop: false }`
[INFO] running `Command { std: "docker" "rm" "-f" "f83592dcfab1a26264149c181104cf9951da084681f9e1c2f957923bc6a9d10d", kill_on_drop: false }`
[INFO] [stdout] f83592dcfab1a26264149c181104cf9951da084681f9e1c2f957923bc6a9d10d
