[INFO] cloning repository https://github.com/gsingh93/rust-lisp
[INFO] running `Command { std: "git" "-c" "credential.helper=" "-c" "credential.helper=/workspace/cargo-home/bin/git-credential-null" "clone" "--bare" "https://github.com/gsingh93/rust-lisp" "/workspace/cache/git-repos/https%3A%2F%2Fgithub.com%2Fgsingh93%2Frust-lisp", kill_on_drop: false }`
[INFO] [stderr] Cloning into bare repository '/workspace/cache/git-repos/https%3A%2F%2Fgithub.com%2Fgsingh93%2Frust-lisp'...
[INFO] running `Command { std: "git" "rev-parse" "HEAD", kill_on_drop: false }`
[INFO] [stdout] 960da55f8a3029f55eef7684fc7cf9ae3a0fafcc
[INFO] testing gsingh93/rust-lisp against 1.69.0 for beta-1.70-1
[INFO] running `Command { std: "git" "clone" "/workspace/cache/git-repos/https%3A%2F%2Fgithub.com%2Fgsingh93%2Frust-lisp" "/workspace/builds/worker-2-tc1/source", kill_on_drop: false }`
[INFO] [stderr] Cloning into '/workspace/builds/worker-2-tc1/source'...
[INFO] [stderr] done.
[INFO] validating manifest of git repo https://github.com/gsingh93/rust-lisp on toolchain 1.69.0
[INFO] running `Command { std: CARGO_HOME="/workspace/cargo-home" RUSTUP_HOME="/workspace/rustup-home" "/workspace/cargo-home/bin/cargo" "+1.69.0" "metadata" "--manifest-path" "Cargo.toml" "--no-deps", kill_on_drop: false }`
[INFO] started tweaking git repo https://github.com/gsingh93/rust-lisp
[INFO] finished tweaking git repo https://github.com/gsingh93/rust-lisp
[INFO] tweaked toml for git repo https://github.com/gsingh93/rust-lisp written to /workspace/builds/worker-2-tc1/source/Cargo.toml
[INFO] crate git repo https://github.com/gsingh93/rust-lisp already has a lockfile, it will not be regenerated
[INFO] running `Command { std: CARGO_HOME="/workspace/cargo-home" RUSTUP_HOME="/workspace/rustup-home" "/workspace/cargo-home/bin/cargo" "+1.69.0" "fetch" "--manifest-path" "Cargo.toml", kill_on_drop: false }`
[INFO] [stderr]  Downloading crates ...
[INFO] [stderr]   Downloaded peg v0.1.8
[INFO] running `Command { std: "docker" "create" "-v" "/var/lib/crater-agent-workspace/builds/worker-2-tc1/target:/opt/rustwide/target:rw,Z" "-v" "/var/lib/crater-agent-workspace/builds/worker-2-tc1/source:/opt/rustwide/workdir:ro,Z" "-v" "/var/lib/crater-agent-workspace/cargo-home:/opt/rustwide/cargo-home:ro,Z" "-v" "/var/lib/crater-agent-workspace/rustup-home:/opt/rustwide/rustup-home:ro,Z" "-e" "SOURCE_DIR=/opt/rustwide/workdir" "-e" "CARGO_TARGET_DIR=/opt/rustwide/target" "-e" "CARGO_HOME=/opt/rustwide/cargo-home" "-e" "RUSTUP_HOME=/opt/rustwide/rustup-home" "-w" "/opt/rustwide/workdir" "-m" "1610612736" "--user" "0:0" "--network" "none" "ghcr.io/rust-lang/crates-build-env/linux@sha256:5ff2268d62e97bff2cde7d5815dd6ed5b47097566f13b8d0ca110b04b60e07ed" "/opt/rustwide/cargo-home/bin/cargo" "+1.69.0" "metadata" "--no-deps" "--format-version=1", kill_on_drop: false }`
[INFO] [stdout] 018d87373ca5f466c39bf22cd3f05370803ea12b80dbf9a32e570f81b788bcc5
[INFO] running `Command { std: "docker" "start" "-a" "018d87373ca5f466c39bf22cd3f05370803ea12b80dbf9a32e570f81b788bcc5", kill_on_drop: false }`
[INFO] running `Command { std: "docker" "inspect" "018d87373ca5f466c39bf22cd3f05370803ea12b80dbf9a32e570f81b788bcc5", kill_on_drop: false }`
[INFO] running `Command { std: "docker" "rm" "-f" "018d87373ca5f466c39bf22cd3f05370803ea12b80dbf9a32e570f81b788bcc5", kill_on_drop: false }`
[INFO] [stdout] 018d87373ca5f466c39bf22cd3f05370803ea12b80dbf9a32e570f81b788bcc5
[INFO] running `Command { std: "docker" "create" "-v" "/var/lib/crater-agent-workspace/builds/worker-2-tc1/target:/opt/rustwide/target:rw,Z" "-v" "/var/lib/crater-agent-workspace/builds/worker-2-tc1/source:/opt/rustwide/workdir:ro,Z" "-v" "/var/lib/crater-agent-workspace/cargo-home:/opt/rustwide/cargo-home:ro,Z" "-v" "/var/lib/crater-agent-workspace/rustup-home:/opt/rustwide/rustup-home:ro,Z" "-e" "SOURCE_DIR=/opt/rustwide/workdir" "-e" "CARGO_TARGET_DIR=/opt/rustwide/target" "-e" "CARGO_INCREMENTAL=0" "-e" "RUST_BACKTRACE=full" "-e" "RUSTFLAGS=--cap-lints=warn" "-e" "RUSTDOCFLAGS=--cap-lints=warn" "-e" "CARGO_HOME=/opt/rustwide/cargo-home" "-e" "RUSTUP_HOME=/opt/rustwide/rustup-home" "-w" "/opt/rustwide/workdir" "-m" "1610612736" "--user" "0:0" "--network" "none" "ghcr.io/rust-lang/crates-build-env/linux@sha256:5ff2268d62e97bff2cde7d5815dd6ed5b47097566f13b8d0ca110b04b60e07ed" "/opt/rustwide/cargo-home/bin/cargo" "+1.69.0" "build" "--frozen" "--message-format=json", kill_on_drop: false }`
[INFO] [stdout] ba82f5c4da3f1cd99a78e4c46b371e86211d23b051adc8c420db44a7a85f691e
[INFO] running `Command { std: "docker" "start" "-a" "ba82f5c4da3f1cd99a78e4c46b371e86211d23b051adc8c420db44a7a85f691e", kill_on_drop: false }`
[INFO] [stderr]    Compiling peg v0.1.8
[INFO] [stdout] error[E0557]: feature has been removed
[INFO] [stdout]  --> /opt/rustwide/cargo-home/registry/src/github.com-1ecc6299db9ec823/peg-0.1.8/src/peg_syntax_ext.rs:1:12
[INFO] [stdout]   |
[INFO] [stdout] 1 | #![feature(plugin_registrar, quote, box_syntax, core, collections, rustc_private, unicode, box_patterns, old_path, old_io)]
[INFO] [stdout]   |            ^^^^^^^^^^^^^^^^ feature has been removed
[INFO] [stdout]   |
[INFO] [stdout]   = note: a __rustc_plugin_registrar symbol must now be defined instead
[INFO] [stdout] 
[INFO] [stdout] 
[INFO] [stdout] error[E0557]: feature has been removed
[INFO] [stdout]  --> /opt/rustwide/cargo-home/registry/src/github.com-1ecc6299db9ec823/peg-0.1.8/src/peg_syntax_ext.rs:1:30
[INFO] [stdout]   |
[INFO] [stdout] 1 | #![feature(plugin_registrar, quote, box_syntax, core, collections, rustc_private, unicode, box_patterns, old_path, old_io)]
[INFO] [stdout]   |                              ^^^^^ feature has been removed
[INFO] [stdout] 
[INFO] [stdout] 
[INFO] [stdout] error: expected one of `,`, `.`, `?`, `}`, or an operator, found `expression`
[INFO] [stdout]    --> /opt/rustwide/cargo-home/registry/src/github.com-1ecc6299db9ec823/peg-0.1.8/src/grammar.rs:216:112
[INFO] [stdout]     |
[INFO] [stdout] 213 | ...                   Rule{name:
[INFO] [stdout]     |                       ---- while parsing this struct
[INFO] [stdout] ...
[INFO] [stdout] 216 | ...                            box() expression,
[INFO] [stdout]     |                                     -^^^^^^^^^^ expected one of `,`, `.`, `?`, `}`, or an operator
[INFO] [stdout]     |                                     |
[INFO] [stdout]     |                                     help: try adding a comma: `,`
[INFO] [stdout] 
[INFO] [stdout] 
[INFO] [stdout] error: expected one of `,`, `.`, `?`, `}`, or an operator, found `expression`
[INFO] [stdout]     --> /opt/rustwide/cargo-home/registry/src/github.com-1ecc6299db9ec823/peg-0.1.8/src/grammar.rs:1600:90
[INFO] [stdout]      |
[INFO] [stdout] 1597 | ...                   TaggedExpr{name:
[INFO] [stdout]      |                       ---------- while parsing this struct
[INFO] [stdout] ...
[INFO] [stdout] 1600 | ...                                  box() expression,}
[INFO] [stdout]      |                                           -^^^^^^^^^^ expected one of `,`, `.`, `?`, `}`, or an operator
[INFO] [stdout]      |                                           |
[INFO] [stdout]      |                                           help: try adding a comma: `,`
[INFO] [stdout] 
[INFO] [stdout] 
[INFO] [stdout] error: expected one of `,`, `.`, `?`, `}`, or an operator, found `expr`
[INFO] [stdout]     --> /opt/rustwide/cargo-home/registry/src/github.com-1ecc6299db9ec823/peg-0.1.8/src/grammar.rs:1629:68
[INFO] [stdout]      |
[INFO] [stdout] 1628 | ...                   TaggedExpr{name: None,
[INFO] [stdout]      |                       ---------- while parsing this struct
[INFO] [stdout] 1629 | ...                              expr: box() expr,}
[INFO] [stdout]      |                                             -^^^^ expected one of `,`, `.`, `?`, `}`, or an operator
[INFO] [stdout]      |                                             |
[INFO] [stdout]      |                                             help: try adding a comma: `,`
[INFO] [stdout] 
[INFO] [stdout] 
[INFO] [stdout] error: expected one of `)`, `,`, `.`, `?`, or an operator, found `expression`
[INFO] [stdout]     --> /opt/rustwide/cargo-home/registry/src/github.com-1ecc6299db9ec823/peg-0.1.8/src/grammar.rs:1689:85
[INFO] [stdout]      |
[INFO] [stdout] 1689 | ...                   PosAssertExpr(box() expression)
[INFO] [stdout]      |                                          -^^^^^^^^^^ expected one of `)`, `,`, `.`, `?`, or an operator
[INFO] [stdout]      |                                          |
[INFO] [stdout]      |                                          help: missing `,`
[INFO] [stdout] 
[INFO] [stdout] 
[INFO] [stdout] error: expected one of `)`, `,`, `.`, `?`, or an operator, found `expression`
[INFO] [stdout]     --> /opt/rustwide/cargo-home/registry/src/github.com-1ecc6299db9ec823/peg-0.1.8/src/grammar.rs:1725:93
[INFO] [stdout]      |
[INFO] [stdout] 1725 | ...                   NegAssertExpr(box() expression)
[INFO] [stdout]      |                                          -^^^^^^^^^^ expected one of `)`, `,`, `.`, `?`, or an operator
[INFO] [stdout]      |                                          |
[INFO] [stdout]      |                                          help: missing `,`
[INFO] [stdout] 
[INFO] [stdout] 
[INFO] [stdout] error: expected one of `)`, `,`, `.`, `?`, or an operator, found `expression`
[INFO] [stdout]     --> /opt/rustwide/cargo-home/registry/src/github.com-1ecc6299db9ec823/peg-0.1.8/src/grammar.rs:1767:76
[INFO] [stdout]      |
[INFO] [stdout] 1767 | ...                   OptionalExpr(box() expression)
[INFO] [stdout]      |                                         -^^^^^^^^^^ expected one of `)`, `,`, `.`, `?`, or an operator
[INFO] [stdout]      |                                         |
[INFO] [stdout]      |                                         help: missing `,`
[INFO] [stdout] 
[INFO] [stdout] 
[INFO] [stdout] error: expected one of `)`, `,`, `.`, `?`, or an operator, found `expression`
[INFO] [stdout]     --> /opt/rustwide/cargo-home/registry/src/github.com-1ecc6299db9ec823/peg-0.1.8/src/grammar.rs:1806:90
[INFO] [stdout]      |
[INFO] [stdout] 1806 | ...                   Repeat(box() expression,
[INFO] [stdout]      |                                   -^^^^^^^^^^ expected one of `)`, `,`, `.`, `?`, or an operator
[INFO] [stdout]      |                                   |
[INFO] [stdout]      |                                   help: missing `,`
[INFO] [stdout] 
[INFO] [stdout] 
[INFO] [stdout] error: expected one of `)`, `,`, `.`, `?`, or an operator, found `sep`
[INFO] [stdout]     --> /opt/rustwide/cargo-home/registry/src/github.com-1ecc6299db9ec823/peg-0.1.8/src/grammar.rs:1809:95
[INFO] [stdout]      |
[INFO] [stdout] 1809 | ...                   Some(box() sep))
[INFO] [stdout]      |                                 -^^^ expected one of `)`, `,`, `.`, `?`, or an operator
[INFO] [stdout]      |                                 |
[INFO] [stdout]      |                                 help: missing `,`
[INFO] [stdout] 
[INFO] [stdout] 
[INFO] [stdout] error: expected one of `)`, `,`, `.`, `?`, or an operator, found `expression`
[INFO] [stdout]     --> /opt/rustwide/cargo-home/registry/src/github.com-1ecc6299db9ec823/peg-0.1.8/src/grammar.rs:1857:98
[INFO] [stdout]      |
[INFO] [stdout] 1857 | ...                   Repeat(box() expression,
[INFO] [stdout]      |                                   -^^^^^^^^^^ expected one of `)`, `,`, `.`, `?`, or an operator
[INFO] [stdout]      |                                   |
[INFO] [stdout]      |                                   help: missing `,`
[INFO] [stdout] 
[INFO] [stdout] 
[INFO] [stdout] error: expected one of `)`, `,`, `.`, `?`, or an operator, found `sep`
[INFO] [stdout]     --> /opt/rustwide/cargo-home/registry/src/github.com-1ecc6299db9ec823/peg-0.1.8/src/grammar.rs:1860:103
[INFO] [stdout]      |
[INFO] [stdout] 1860 | ...                   Some(box() sep))
[INFO] [stdout]      |                                 -^^^ expected one of `)`, `,`, `.`, `?`, or an operator
[INFO] [stdout]      |                                 |
[INFO] [stdout]      |                                 help: missing `,`
[INFO] [stdout] 
[INFO] [stdout] 
[INFO] [stdout] error: expected one of `)`, `,`, `.`, `?`, or an operator, found `expression`
[INFO] [stdout]     --> /opt/rustwide/cargo-home/registry/src/github.com-1ecc6299db9ec823/peg-0.1.8/src/grammar.rs:1902:94
[INFO] [stdout]      |
[INFO] [stdout] 1902 | ...                   Repeat(box() expression,
[INFO] [stdout]      |                                   -^^^^^^^^^^ expected one of `)`, `,`, `.`, `?`, or an operator
[INFO] [stdout]      |                                   |
[INFO] [stdout]      |                                   help: missing `,`
[INFO] [stdout] 
[INFO] [stdout] 
[INFO] [stdout] error: expected one of `)`, `,`, `.`, `?`, or an operator, found `expression`
[INFO] [stdout]     --> /opt/rustwide/cargo-home/registry/src/github.com-1ecc6299db9ec823/peg-0.1.8/src/grammar.rs:1948:102
[INFO] [stdout]      |
[INFO] [stdout] 1948 | ...                   Repeat(box() expression,
[INFO] [stdout]      |                                   -^^^^^^^^^^ expected one of `)`, `,`, `.`, `?`, or an operator
[INFO] [stdout]      |                                   |
[INFO] [stdout]      |                                   help: missing `,`
[INFO] [stdout] 
[INFO] [stdout] 
[INFO] [stdout] error: expected one of `)`, `,`, `.`, `?`, or an operator, found `expression`
[INFO] [stdout]     --> /opt/rustwide/cargo-home/registry/src/github.com-1ecc6299db9ec823/peg-0.1.8/src/grammar.rs:2018:134
[INFO] [stdout]      |
[INFO] [stdout] 2018 | ...                   Repeat(box() expression,
[INFO] [stdout]      |                                   -^^^^^^^^^^ expected one of `)`, `,`, `.`, `?`, or an operator
[INFO] [stdout]      |                                   |
[INFO] [stdout]      |                                   help: missing `,`
[INFO] [stdout] 
[INFO] [stdout] 
[INFO] [stdout] error: expected one of `)`, `,`, `.`, `?`, or an operator, found `expression`
[INFO] [stdout]     --> /opt/rustwide/cargo-home/registry/src/github.com-1ecc6299db9ec823/peg-0.1.8/src/grammar.rs:2141:166
[INFO] [stdout]      |
[INFO] [stdout] 2141 | ...                   Repeat(box() expression,
[INFO] [stdout]      |                                   -^^^^^^^^^^ expected one of `)`, `,`, `.`, `?`, or an operator
[INFO] [stdout]      |                                   |
[INFO] [stdout]      |                                   help: missing `,`
[INFO] [stdout] 
[INFO] [stdout] 
[INFO] [stdout] error: expected one of `)`, `,`, `.`, `?`, or an operator, found `expression`
[INFO] [stdout]     --> /opt/rustwide/cargo-home/registry/src/github.com-1ecc6299db9ec823/peg-0.1.8/src/grammar.rs:2269:162
[INFO] [stdout]      |
[INFO] [stdout] 2269 | ...                   Repeat(box() expression,
[INFO] [stdout]      |                                   -^^^^^^^^^^ expected one of `)`, `,`, `.`, `?`, or an operator
[INFO] [stdout]      |                                   |
[INFO] [stdout]      |                                   help: missing `,`
[INFO] [stdout] 
[INFO] [stdout] 
[INFO] [stdout] error[E0462]: found staticlib `rustc` instead of rlib or dylib
[INFO] [stdout]  --> /opt/rustwide/cargo-home/registry/src/github.com-1ecc6299db9ec823/peg-0.1.8/src/peg_syntax_ext.rs:3:1
[INFO] [stdout]   |
[INFO] [stdout] 3 | extern crate rustc;
[INFO] [stdout]   | ^^^^^^^^^^^^^^^^^^^
[INFO] [stdout]   |
[INFO] [stdout]   = note: the following crate versions were found:
[INFO] [stdout]           crate `rustc`: /opt/rustwide/rustup-home/toolchains/1.69.0-x86_64-unknown-linux-gnu/lib/rustlib/x86_64-unknown-linux-gnu/lib/librustc-stable_rt.msan.a
[INFO] [stdout]           crate `rustc`: /opt/rustwide/rustup-home/toolchains/1.69.0-x86_64-unknown-linux-gnu/lib/rustlib/x86_64-unknown-linux-gnu/lib/librustc-stable_rt.asan.a
[INFO] [stdout]           crate `rustc`: /opt/rustwide/rustup-home/toolchains/1.69.0-x86_64-unknown-linux-gnu/lib/rustlib/x86_64-unknown-linux-gnu/lib/librustc-stable_rt.tsan.a
[INFO] [stdout]           crate `rustc`: /opt/rustwide/rustup-home/toolchains/1.69.0-x86_64-unknown-linux-gnu/lib/rustlib/x86_64-unknown-linux-gnu/lib/librustc-stable_rt.lsan.a
[INFO] [stdout]   = help: please recompile that crate using --crate-type lib
[INFO] [stdout] 
[INFO] [stdout] 
[INFO] [stdout] error[E0463]: can't find crate for `syntax`
[INFO] [stdout]  --> /opt/rustwide/cargo-home/registry/src/github.com-1ecc6299db9ec823/peg-0.1.8/src/peg_syntax_ext.rs:4:1
[INFO] [stdout]   |
[INFO] [stdout] 4 | extern crate syntax;
[INFO] [stdout]   | ^^^^^^^^^^^^^^^^^^^^ can't find crate
[INFO] [stdout] 
[INFO] [stdout] 
[INFO] [stdout] error[E0463]: can't find crate for `syntax`
[INFO] [stdout]  --> /opt/rustwide/cargo-home/registry/src/github.com-1ecc6299db9ec823/peg-0.1.8/src/rustast.rs:1:1
[INFO] [stdout]   |
[INFO] [stdout] 1 | extern crate syntax;
[INFO] [stdout]   | ^^^^^^^^^^^^^^^^^^^^ can't find crate
[INFO] [stdout] 
[INFO] [stdout] 
[INFO] [stdout] error[E0433]: failed to resolve: could not find `old_io` in `std`
[INFO] [stdout]   --> /opt/rustwide/cargo-home/registry/src/github.com-1ecc6299db9ec823/peg-0.1.8/src/peg_syntax_ext.rs:14:10
[INFO] [stdout]    |
[INFO] [stdout] 14 | use std::old_io::fs::File;
[INFO] [stdout]    |          ^^^^^^ could not find `old_io` in `std`
[INFO] [stdout] 
[INFO] [stdout] 
[INFO] [stdout] error[E0432]: unresolved imports `std::num::from_str_radix`, `rustast::AstBuilder`, `rustast::DUMMY_SP`, `rustast::DUMMY_SP`, `rustast::AstBuilder`
[INFO] [stdout]   --> /opt/rustwide/cargo-home/registry/src/github.com-1ecc6299db9ec823/peg-0.1.8/src/peg_syntax_ext.rs:17:15
[INFO] [stdout]    |
[INFO] [stdout] 17 | use rustast::{AstBuilder, DUMMY_SP};
[INFO] [stdout]    |               ^^^^^^^^^^  ^^^^^^^^
[INFO] [stdout]    |
[INFO] [stdout]   ::: /opt/rustwide/cargo-home/registry/src/github.com-1ecc6299db9ec823/peg-0.1.8/src/grammar.rs:4:5
[INFO] [stdout]    |
[INFO] [stdout] 4  | use std::num::from_str_radix;
[INFO] [stdout]    |     ^^^^^^^^^^^^^^^^^^^^^^^^ no `from_str_radix` in `num`
[INFO] [stdout]    |
[INFO] [stdout]   ::: /opt/rustwide/cargo-home/registry/src/github.com-1ecc6299db9ec823/peg-0.1.8/src/translate.rs:3:5
[INFO] [stdout]    |
[INFO] [stdout] 3  | use rustast::DUMMY_SP;
[INFO] [stdout]    |     ^^^^^^^^^^^^^^^^^
[INFO] [stdout] 4  | use rustast::AstBuilder;
[INFO] [stdout]    |     ^^^^^^^^^^^^^^^^^^^
[INFO] [stdout] 
[INFO] [stdout] 
[INFO] [stdout] error: cannot find macro `quote_item` in this scope
[INFO] [stdout]   --> /opt/rustwide/cargo-home/registry/src/github.com-1ecc6299db9ec823/peg-0.1.8/src/translate.rs:85:13
[INFO] [stdout]    |
[INFO] [stdout] 85 |     items.push(quote_item!(ctxt,
[INFO] [stdout]    |                ^^^^^^^^^^
[INFO] [stdout] 
[INFO] [stdout] 
[INFO] [stdout] error: cannot find macro `quote_item` in this scope
[INFO] [stdout]   --> /opt/rustwide/cargo-home/registry/src/github.com-1ecc6299db9ec823/peg-0.1.8/src/translate.rs:92:13
[INFO] [stdout]    |
[INFO] [stdout] 92 |     items.push(quote_item!(ctxt,
[INFO] [stdout]    |                ^^^^^^^^^^
[INFO] [stdout] 
[INFO] [stdout] 
[INFO] [stdout] error: cannot find macro `quote_item` in this scope
[INFO] [stdout]   --> /opt/rustwide/cargo-home/registry/src/github.com-1ecc6299db9ec823/peg-0.1.8/src/translate.rs:99:13
[INFO] [stdout]    |
[INFO] [stdout] 99 |     items.push(quote_item!(ctxt,
[INFO] [stdout]    |                ^^^^^^^^^^
[INFO] [stdout] 
[INFO] [stdout] 
[INFO] [stdout] error: cannot find macro `quote_item` in this scope
[INFO] [stdout]    --> /opt/rustwide/cargo-home/registry/src/github.com-1ecc6299db9ec823/peg-0.1.8/src/translate.rs:119:13
[INFO] [stdout]     |
[INFO] [stdout] 119 |     items.push(quote_item!(ctxt,
[INFO] [stdout]     |                ^^^^^^^^^^
[INFO] [stdout] 
[INFO] [stdout] 
[INFO] [stdout] error: cannot find macro `quote_item` in this scope
[INFO] [stdout]    --> /opt/rustwide/cargo-home/registry/src/github.com-1ecc6299db9ec823/peg-0.1.8/src/translate.rs:133:13
[INFO] [stdout]     |
[INFO] [stdout] 133 |     items.push(quote_item!(ctxt,
[INFO] [stdout]     |                ^^^^^^^^^^
[INFO] [stdout] 
[INFO] [stdout] 
[INFO] [stdout] error: cannot find macro `quote_item` in this scope
[INFO] [stdout]    --> /opt/rustwide/cargo-home/registry/src/github.com-1ecc6299db9ec823/peg-0.1.8/src/translate.rs:158:13
[INFO] [stdout]     |
[INFO] [stdout] 158 |     items.push(quote_item!(ctxt,
[INFO] [stdout]     |                ^^^^^^^^^^
[INFO] [stdout] 
[INFO] [stdout] 
[INFO] [stdout] error: cannot find macro `quote_item` in this scope
[INFO] [stdout]    --> /opt/rustwide/cargo-home/registry/src/github.com-1ecc6299db9ec823/peg-0.1.8/src/translate.rs:172:13
[INFO] [stdout]     |
[INFO] [stdout] 172 |     items.push(quote_item!(ctxt,
[INFO] [stdout]     |                ^^^^^^^^^^
[INFO] [stdout] 
[INFO] [stdout] 
[INFO] [stdout] error: cannot find macro `quote_item` in this scope
[INFO] [stdout]    --> /opt/rustwide/cargo-home/registry/src/github.com-1ecc6299db9ec823/peg-0.1.8/src/translate.rs:196:3
[INFO] [stdout]     |
[INFO] [stdout] 196 |     (quote_item!(ctxt,
[INFO] [stdout]     |      ^^^^^^^^^^
[INFO] [stdout] 
[INFO] [stdout] 
[INFO] [stdout] error: cannot find macro `quote_item` in this scope
[INFO] [stdout]    --> /opt/rustwide/cargo-home/registry/src/github.com-1ecc6299db9ec823/peg-0.1.8/src/translate.rs:207:3
[INFO] [stdout]     |
[INFO] [stdout] 207 |     (quote_item!(ctxt,
[INFO] [stdout]     |      ^^^^^^^^^^
[INFO] [stdout] 
[INFO] [stdout] 
[INFO] [stdout] error: cannot find macro `quote_expr` in this scope
[INFO] [stdout]    --> /opt/rustwide/cargo-home/registry/src/github.com-1ecc6299db9ec823/peg-0.1.8/src/translate.rs:231:2
[INFO] [stdout]     |
[INFO] [stdout] 231 |     quote_expr!(ctxt, {
[INFO] [stdout]     |     ^^^^^^^^^^
[INFO] [stdout] 
[INFO] [stdout] 
[INFO] [stdout] error: cannot find macro `quote_expr` in this scope
[INFO] [stdout]    --> /opt/rustwide/cargo-home/registry/src/github.com-1ecc6299db9ec823/peg-0.1.8/src/translate.rs:267:4
[INFO] [stdout]     |
[INFO] [stdout] 267 |             quote_expr!(ctxt, any_char(input, state, pos))
[INFO] [stdout]     |             ^^^^^^^^^^
[INFO] [stdout] 
[INFO] [stdout] 
[INFO] [stdout] error: cannot find macro `quote_expr` in this scope
[INFO] [stdout]    --> /opt/rustwide/cargo-home/registry/src/github.com-1ecc6299db9ec823/peg-0.1.8/src/translate.rs:273:5
[INFO] [stdout]     |
[INFO] [stdout] 273 |                 quote_expr!(ctxt, slice_eq_case_insensitive(input, state, pos, $sl))
[INFO] [stdout]     |                 ^^^^^^^^^^
[INFO] [stdout] 
[INFO] [stdout] 
[INFO] [stdout] error: cannot find macro `quote_expr` in this scope
[INFO] [stdout]    --> /opt/rustwide/cargo-home/registry/src/github.com-1ecc6299db9ec823/peg-0.1.8/src/translate.rs:276:5
[INFO] [stdout]     |
[INFO] [stdout] 276 |                 quote_expr!(ctxt, slice_eq(input, state, pos, $sl))
[INFO] [stdout]     |                 ^^^^^^^^^^
[INFO] [stdout] 
[INFO] [stdout] 
[INFO] [stdout] error: cannot find macro `quote_expr` in this scope
[INFO] [stdout]    --> /opt/rustwide/cargo-home/registry/src/github.com-1ecc6299db9ec823/peg-0.1.8/src/translate.rs:285:5
[INFO] [stdout]     |
[INFO] [stdout] 285 |                 quote_expr!(ctxt, Matched(next, ())),
[INFO] [stdout]     |                 ^^^^^^^^^^
[INFO] [stdout] 
[INFO] [stdout] 
[INFO] [stdout] error: cannot find macro `quote_expr` in this scope
[INFO] [stdout]    --> /opt/rustwide/cargo-home/registry/src/github.com-1ecc6299db9ec823/peg-0.1.8/src/translate.rs:286:5
[INFO] [stdout]     |
[INFO] [stdout] 286 |                 quote_expr!(ctxt, state.mark_failure(pos, $expected_str)),
[INFO] [stdout]     |                 ^^^^^^^^^^
[INFO] [stdout] 
[INFO] [stdout] 
[INFO] [stdout] error: cannot find macro `quote_expr` in this scope
[INFO] [stdout]    --> /opt/rustwide/cargo-home/registry/src/github.com-1ecc6299db9ec823/peg-0.1.8/src/translate.rs:289:38
[INFO] [stdout]     |
[INFO] [stdout] 289 |             let m = ctxt.expr_match(DUMMY_SP, quote_expr!(ctxt, ch), vec!(
[INFO] [stdout]     |                                               ^^^^^^^^^^
[INFO] [stdout] 
[INFO] [stdout] 
[INFO] [stdout] error: cannot find macro `quote_expr` in this scope
[INFO] [stdout]    --> /opt/rustwide/cargo-home/registry/src/github.com-1ecc6299db9ec823/peg-0.1.8/src/translate.rs:303:4
[INFO] [stdout]     |
[INFO] [stdout] 303 |             quote_expr!(ctxt, if input.len() > pos {
[INFO] [stdout]     |             ^^^^^^^^^^
[INFO] [stdout] 
[INFO] [stdout] 
[INFO] [stdout] error: cannot find macro `quote_expr` in this scope
[INFO] [stdout]    --> /opt/rustwide/cargo-home/registry/src/github.com-1ecc6299db9ec823/peg-0.1.8/src/translate.rs:313:4
[INFO] [stdout]     |
[INFO] [stdout] 313 |             quote_expr!(ctxt, $func(input, state, pos))
[INFO] [stdout]     |             ^^^^^^^^^^
[INFO] [stdout] 
[INFO] [stdout] 
[INFO] [stdout] error: cannot find macro `quote_expr` in this scope
[INFO] [stdout]    --> /opt/rustwide/cargo-home/registry/src/github.com-1ecc6299db9ec823/peg-0.1.8/src/translate.rs:328:5
[INFO] [stdout]     |
[INFO] [stdout] 328 |                 quote_expr!(ctxt, Matched(pos, ()))
[INFO] [stdout]     |                 ^^^^^^^^^^
[INFO] [stdout] 
[INFO] [stdout] 
[INFO] [stdout] error: cannot find macro `quote_expr` in this scope
[INFO] [stdout]    --> /opt/rustwide/cargo-home/registry/src/github.com-1ecc6299db9ec823/peg-0.1.8/src/translate.rs:340:6
[INFO] [stdout]     |
[INFO] [stdout] 340 |                     quote_expr!(ctxt, {
[INFO] [stdout]     |                     ^^^^^^^^^^
[INFO] [stdout] 
[INFO] [stdout] 
[INFO] [stdout] error: cannot find macro `quote_expr` in this scope
[INFO] [stdout]    --> /opt/rustwide/cargo-home/registry/src/github.com-1ecc6299db9ec823/peg-0.1.8/src/translate.rs:353:5
[INFO] [stdout]     |
[INFO] [stdout] 353 |                 quote_expr!(ctxt, Matched(pos, ()))
[INFO] [stdout]     |                 ^^^^^^^^^^
[INFO] [stdout] 
[INFO] [stdout] 
[INFO] [stdout] error: cannot find macro `quote_expr` in this scope
[INFO] [stdout]    --> /opt/rustwide/cargo-home/registry/src/github.com-1ecc6299db9ec823/peg-0.1.8/src/translate.rs:359:4
[INFO] [stdout]     |
[INFO] [stdout] 359 |             quote_expr!(ctxt, match $optional_res {
[INFO] [stdout]     |             ^^^^^^^^^^
[INFO] [stdout] 
[INFO] [stdout] 
[INFO] [stdout] error: cannot find macro `quote_tokens` in this scope
[INFO] [stdout]    --> /opt/rustwide/cargo-home/registry/src/github.com-1ecc6299db9ec823/peg-0.1.8/src/translate.rs:371:6
[INFO] [stdout]     |
[INFO] [stdout] 371 |                     quote_tokens!(ctxt,
[INFO] [stdout]     |                     ^^^^^^^^^^^^
[INFO] [stdout] 
[INFO] [stdout] 
[INFO] [stdout] error: cannot find macro `quote_expr` in this scope
[INFO] [stdout]    --> /opt/rustwide/cargo-home/registry/src/github.com-1ecc6299db9ec823/peg-0.1.8/src/translate.rs:385:5
[INFO] [stdout]     |
[INFO] [stdout] 385 |                 quote_expr!(ctxt, repeat_value)
[INFO] [stdout]     |                 ^^^^^^^^^^
[INFO] [stdout] 
[INFO] [stdout] 
[INFO] [stdout] error: cannot find macro `quote_expr` in this scope
[INFO] [stdout]    --> /opt/rustwide/cargo-home/registry/src/github.com-1ecc6299db9ec823/peg-0.1.8/src/translate.rs:387:5
[INFO] [stdout]     |
[INFO] [stdout] 387 |                 quote_expr!(ctxt, ())
[INFO] [stdout]     |                 ^^^^^^^^^^
[INFO] [stdout] 
[INFO] [stdout] 
[INFO] [stdout] error: cannot find macro `quote_tokens` in this scope
[INFO] [stdout]    --> /opt/rustwide/cargo-home/registry/src/github.com-1ecc6299db9ec823/peg-0.1.8/src/translate.rs:392:6
[INFO] [stdout]     |
[INFO] [stdout] 392 |                 (quote_tokens!(ctxt, let mut repeat_value = vec!();),
[INFO] [stdout]     |                  ^^^^^^^^^^^^
[INFO] [stdout] 
[INFO] [stdout] 
[INFO] [stdout] error: cannot find macro `quote_tokens` in this scope
[INFO] [stdout]    --> /opt/rustwide/cargo-home/registry/src/github.com-1ecc6299db9ec823/peg-0.1.8/src/translate.rs:393:6
[INFO] [stdout]     |
[INFO] [stdout] 393 |                  quote_tokens!(ctxt, repeat_value.push(value);))
[INFO] [stdout]     |                  ^^^^^^^^^^^^
[INFO] [stdout] 
[INFO] [stdout] 
[INFO] [stdout] error: cannot find macro `quote_tokens` in this scope
[INFO] [stdout]    --> /opt/rustwide/cargo-home/registry/src/github.com-1ecc6299db9ec823/peg-0.1.8/src/translate.rs:400:18
[INFO] [stdout]     |
[INFO] [stdout] 400 |                 Some(max) => quote_tokens!(ctxt,
[INFO] [stdout]     |                              ^^^^^^^^^^^^
[INFO] [stdout] 
[INFO] [stdout] 
[INFO] [stdout] error: cannot find macro `quote_expr` in this scope
[INFO] [stdout]    --> /opt/rustwide/cargo-home/registry/src/github.com-1ecc6299db9ec823/peg-0.1.8/src/translate.rs:406:5
[INFO] [stdout]     |
[INFO] [stdout] 406 |                 quote_expr!(ctxt,
[INFO] [stdout]     |                 ^^^^^^^^^^
[INFO] [stdout] 
[INFO] [stdout] 
[INFO] [stdout] error: cannot find macro `quote_expr` in this scope
[INFO] [stdout]    --> /opt/rustwide/cargo-home/registry/src/github.com-1ecc6299db9ec823/peg-0.1.8/src/translate.rs:414:5
[INFO] [stdout]     |
[INFO] [stdout] 414 |                 quote_expr!(ctxt, Matched(repeat_pos, $result))
[INFO] [stdout]     |                 ^^^^^^^^^^
[INFO] [stdout] 
[INFO] [stdout] 
[INFO] [stdout] error: cannot find macro `quote_expr` in this scope
[INFO] [stdout]    --> /opt/rustwide/cargo-home/registry/src/github.com-1ecc6299db9ec823/peg-0.1.8/src/translate.rs:417:4
[INFO] [stdout]     |
[INFO] [stdout] 417 |             quote_expr!(ctxt, {
[INFO] [stdout]     |             ^^^^^^^^^^
[INFO] [stdout] 
[INFO] [stdout] 
[INFO] [stdout] error: cannot find macro `quote_expr` in this scope
[INFO] [stdout]    --> /opt/rustwide/cargo-home/registry/src/github.com-1ecc6299db9ec823/peg-0.1.8/src/translate.rs:445:4
[INFO] [stdout]     |
[INFO] [stdout] 445 |             quote_expr!(ctxt, {
[INFO] [stdout]     |             ^^^^^^^^^^
[INFO] [stdout] 
[INFO] [stdout] 
[INFO] [stdout] error: cannot find macro `quote_expr` in this scope
[INFO] [stdout]    --> /opt/rustwide/cargo-home/registry/src/github.com-1ecc6299db9ec823/peg-0.1.8/src/translate.rs:456:4
[INFO] [stdout]     |
[INFO] [stdout] 456 |             quote_expr!(ctxt, {
[INFO] [stdout]     |             ^^^^^^^^^^
[INFO] [stdout] 
[INFO] [stdout] 
[INFO] [stdout] error: cannot find macro `quote_expr` in this scope
[INFO] [stdout]    --> /opt/rustwide/cargo-home/registry/src/github.com-1ecc6299db9ec823/peg-0.1.8/src/translate.rs:476:7
[INFO] [stdout]     |
[INFO] [stdout] 476 |                         quote_expr!(ctxt, {
[INFO] [stdout]     |                         ^^^^^^^^^^
[INFO] [stdout] 
[INFO] [stdout] 
[INFO] [stdout] error: cannot find macro `quote_expr` in this scope
[INFO] [stdout]    --> /opt/rustwide/cargo-home/registry/src/github.com-1ecc6299db9ec823/peg-0.1.8/src/translate.rs:486:4
[INFO] [stdout]     |
[INFO] [stdout] 486 |             quote_expr!(ctxt, {
[INFO] [stdout]     |             ^^^^^^^^^^
[INFO] [stdout] 
[INFO] [stdout] 
[INFO] [stdout] error: cannot find attribute `plugin_registrar` in this scope
[INFO] [stdout]   --> /opt/rustwide/cargo-home/registry/src/github.com-1ecc6299db9ec823/peg-0.1.8/src/peg_syntax_ext.rs:23:3
[INFO] [stdout]    |
[INFO] [stdout] 23 | #[plugin_registrar]
[INFO] [stdout]    |   ^^^^^^^^^^^^^^^^
[INFO] [stdout]    |
[INFO] [stdout]    = note: `plugin_registrar` is in scope, but it is a function, not an attribute
[INFO] [stdout] 
[INFO] [stdout] 
[INFO] [stdout] error[E0422]: cannot find struct, variant or union type `CharRange` in module `std::str`
[INFO] [stdout]     --> /opt/rustwide/cargo-home/registry/src/github.com-1ecc6299db9ec823/peg-0.1.8/src/grammar.rs:2629:25
[INFO] [stdout]      |
[INFO] [stdout] 2629 |         let ::std::str::CharRange { ch, next } = input.char_range_at(pos);
[INFO] [stdout]      |                         ^^^^^^^^^ not found in `std::str`
[INFO] [stdout] 
[INFO] [stdout] 
[INFO] [stdout] error[E0422]: cannot find struct, variant or union type `CharRange` in module `std::str`
[INFO] [stdout]     --> /opt/rustwide/cargo-home/registry/src/github.com-1ecc6299db9ec823/peg-0.1.8/src/grammar.rs:2843:61
[INFO] [stdout]      |
[INFO] [stdout] 2843 | ...                   let ::std::str::CharRange {
[INFO] [stdout]      |                                       ^^^^^^^^^ not found in `std::str`
[INFO] [stdout] 
[INFO] [stdout] 
[INFO] [stdout] error[E0422]: cannot find struct, variant or union type `CharRange` in module `std::str`
[INFO] [stdout]     --> /opt/rustwide/cargo-home/registry/src/github.com-1ecc6299db9ec823/peg-0.1.8/src/grammar.rs:4337:25
[INFO] [stdout]      |
[INFO] [stdout] 4337 |         let ::std::str::CharRange { ch, next } = input.char_range_at(pos);
[INFO] [stdout]      |                         ^^^^^^^^^ not found in `std::str`
[INFO] [stdout] 
[INFO] [stdout] 
[INFO] [stdout] error[E0422]: cannot find struct, variant or union type `CharRange` in module `std::str`
[INFO] [stdout]     --> /opt/rustwide/cargo-home/registry/src/github.com-1ecc6299db9ec823/peg-0.1.8/src/grammar.rs:4347:25
[INFO] [stdout]      |
[INFO] [stdout] 4347 |         let ::std::str::CharRange { ch, next } = input.char_range_at(pos);
[INFO] [stdout]      |                         ^^^^^^^^^ not found in `std::str`
[INFO] [stdout] 
[INFO] [stdout] 
[INFO] [stdout] error[E0422]: cannot find struct, variant or union type `CharRange` in module `std::str`
[INFO] [stdout]     --> /opt/rustwide/cargo-home/registry/src/github.com-1ecc6299db9ec823/peg-0.1.8/src/grammar.rs:4367:25
[INFO] [stdout]      |
[INFO] [stdout] 4367 |         let ::std::str::CharRange { ch, next } = input.char_range_at(pos);
[INFO] [stdout]      |                         ^^^^^^^^^ not found in `std::str`
[INFO] [stdout] 
[INFO] [stdout] 
[INFO] [stdout] error[E0422]: cannot find struct, variant or union type `CharRange` in module `std::str`
[INFO] [stdout]     --> /opt/rustwide/cargo-home/registry/src/github.com-1ecc6299db9ec823/peg-0.1.8/src/grammar.rs:4377:25
[INFO] [stdout]      |
[INFO] [stdout] 4377 |         let ::std::str::CharRange { ch, next } = input.char_range_at(pos);
[INFO] [stdout]      |                         ^^^^^^^^^ not found in `std::str`
[INFO] [stdout] 
[INFO] [stdout] 
[INFO] [stdout] error[E0422]: cannot find struct, variant or union type `CharRange` in module `std::str`
[INFO] [stdout]     --> /opt/rustwide/cargo-home/registry/src/github.com-1ecc6299db9ec823/peg-0.1.8/src/grammar.rs:4549:25
[INFO] [stdout]      |
[INFO] [stdout] 4549 |         let ::std::str::CharRange { ch, next } = input.char_range_at(pos);
[INFO] [stdout]      |                         ^^^^^^^^^ not found in `std::str`
[INFO] [stdout] 
[INFO] [stdout] 
[INFO] [stdout] error[E0422]: cannot find struct, variant or union type `CharRange` in module `std::str`
[INFO] [stdout]     --> /opt/rustwide/cargo-home/registry/src/github.com-1ecc6299db9ec823/peg-0.1.8/src/grammar.rs:4559:25
[INFO] [stdout]      |
[INFO] [stdout] 4559 |         let ::std::str::CharRange { ch, next } = input.char_range_at(pos);
[INFO] [stdout]      |                         ^^^^^^^^^ not found in `std::str`
[INFO] [stdout] 
[INFO] [stdout] 
[INFO] [stdout] error[E0433]: failed to resolve: use of undeclared type `Path`
[INFO] [stdout]   --> /opt/rustwide/cargo-home/registry/src/github.com-1ecc6299db9ec823/peg-0.1.8/src/peg_syntax_ext.rs:49:16
[INFO] [stdout]    |
[INFO] [stdout] 49 |     let path = Path::new(cx.codemap().span_to_filename(sp)).dir_path().join(fname);
[INFO] [stdout]    |                ^^^^ use of undeclared type `Path`
[INFO] [stdout]    |
[INFO] [stdout] help: consider importing this struct
[INFO] [stdout]    |
[INFO] [stdout] 6  | use std::path::Path;
[INFO] [stdout]    |
[INFO] [stdout] 
[INFO] [stdout] 
[INFO] [stdout] error[E0554]: `#![feature]` may not be used on the stable release channel
[INFO] [stdout]  --> /opt/rustwide/cargo-home/registry/src/github.com-1ecc6299db9ec823/peg-0.1.8/src/peg_syntax_ext.rs:1:1
[INFO] [stdout]   |
[INFO] [stdout] 1 | #![feature(plugin_registrar, quote, box_syntax, core, collections, rustc_private, unicode, box_patterns, old_path, old_io)]
[INFO] [stdout]   | ^^^^^^^^^^^^^^^^^^^^^^^^^^^^^^^^^^^^^^^^^^^^^^^^^^^^^^^^^^^^^^^^^^^^^^^^^^^^^^^^^^^^^^^^^^^^^^^^^^^^^^^^^^^^^^^^^^^^^^^^^^^
[INFO] [stdout] 
[INFO] [stdout] 
[INFO] [stdout] error[E0554]: `#![feature]` may not be used on the stable release channel
[INFO] [stdout]  --> /opt/rustwide/cargo-home/registry/src/github.com-1ecc6299db9ec823/peg-0.1.8/src/peg_syntax_ext.rs:1:49
[INFO] [stdout]   |
[INFO] [stdout] 1 | #![feature(plugin_registrar, quote, box_syntax, core, collections, rustc_private, unicode, box_patterns, old_path, old_io)]
[INFO] [stdout]   |                                                 ^^^^
[INFO] [stdout] 
[INFO] [stdout] 
[INFO] [stdout] error[E0554]: `#![feature]` may not be used on the stable release channel
[INFO] [stdout]  --> /opt/rustwide/cargo-home/registry/src/github.com-1ecc6299db9ec823/peg-0.1.8/src/peg_syntax_ext.rs:1:55
[INFO] [stdout]   |
[INFO] [stdout] 1 | #![feature(plugin_registrar, quote, box_syntax, core, collections, rustc_private, unicode, box_patterns, old_path, old_io)]
[INFO] [stdout]   |                                                       ^^^^^^^^^^^
[INFO] [stdout] 
[INFO] [stdout] 
[INFO] [stdout] error[E0554]: `#![feature]` may not be used on the stable release channel
[INFO] [stdout]  --> /opt/rustwide/cargo-home/registry/src/github.com-1ecc6299db9ec823/peg-0.1.8/src/peg_syntax_ext.rs:1:83
[INFO] [stdout]   |
[INFO] [stdout] 1 | #![feature(plugin_registrar, quote, box_syntax, core, collections, rustc_private, unicode, box_patterns, old_path, old_io)]
[INFO] [stdout]   |                                                                                   ^^^^^^^
[INFO] [stdout] 
[INFO] [stdout] 
[INFO] [stdout] error[E0554]: `#![feature]` may not be used on the stable release channel
[INFO] [stdout]  --> /opt/rustwide/cargo-home/registry/src/github.com-1ecc6299db9ec823/peg-0.1.8/src/peg_syntax_ext.rs:1:106
[INFO] [stdout]   |
[INFO] [stdout] 1 | #![feature(plugin_registrar, quote, box_syntax, core, collections, rustc_private, unicode, box_patterns, old_path, old_io)]
[INFO] [stdout]   |                                                                                                          ^^^^^^^^
[INFO] [stdout] 
[INFO] [stdout] 
[INFO] [stdout] error[E0554]: `#![feature]` may not be used on the stable release channel
[INFO] [stdout]  --> /opt/rustwide/cargo-home/registry/src/github.com-1ecc6299db9ec823/peg-0.1.8/src/peg_syntax_ext.rs:1:116
[INFO] [stdout]   |
[INFO] [stdout] 1 | #![feature(plugin_registrar, quote, box_syntax, core, collections, rustc_private, unicode, box_patterns, old_path, old_io)]
[INFO] [stdout]   |                                                                                                                    ^^^^^^
[INFO] [stdout] 
[INFO] [stdout] 
[INFO] [stdout] error[E0635]: unknown feature `old_io`
[INFO] [stdout]  --> /opt/rustwide/cargo-home/registry/src/github.com-1ecc6299db9ec823/peg-0.1.8/src/peg_syntax_ext.rs:1:116
[INFO] [stdout]   |
[INFO] [stdout] 1 | #![feature(plugin_registrar, quote, box_syntax, core, collections, rustc_private, unicode, box_patterns, old_path, old_io)]
[INFO] [stdout]   |                                                                                                                    ^^^^^^
[INFO] [stdout] 
[INFO] [stdout] 
[INFO] [stdout] error[E0635]: unknown feature `collections`
[INFO] [stdout]  --> /opt/rustwide/cargo-home/registry/src/github.com-1ecc6299db9ec823/peg-0.1.8/src/peg_syntax_ext.rs:1:55
[INFO] [stdout]   |
[INFO] [stdout] 1 | #![feature(plugin_registrar, quote, box_syntax, core, collections, rustc_private, unicode, box_patterns, old_path, old_io)]
[INFO] [stdout]   |                                                       ^^^^^^^^^^^
[INFO] [stdout] 
[INFO] [stdout] 
[INFO] [stdout] error[E0635]: unknown feature `unicode`
[INFO] [stdout]  --> /opt/rustwide/cargo-home/registry/src/github.com-1ecc6299db9ec823/peg-0.1.8/src/peg_syntax_ext.rs:1:83
[INFO] [stdout]   |
[INFO] [stdout] 1 | #![feature(plugin_registrar, quote, box_syntax, core, collections, rustc_private, unicode, box_patterns, old_path, old_io)]
[INFO] [stdout]   |                                                                                   ^^^^^^^
[INFO] [stdout] 
[INFO] [stdout] 
[INFO] [stdout] error[E0635]: unknown feature `old_path`
[INFO] [stdout]  --> /opt/rustwide/cargo-home/registry/src/github.com-1ecc6299db9ec823/peg-0.1.8/src/peg_syntax_ext.rs:1:106
[INFO] [stdout]   |
[INFO] [stdout] 1 | #![feature(plugin_registrar, quote, box_syntax, core, collections, rustc_private, unicode, box_patterns, old_path, old_io)]
[INFO] [stdout]   |                                                                                                          ^^^^^^^^
[INFO] [stdout] 
[INFO] [stdout] 
[INFO] [stdout] error: aborting due to 77 previous errors
[INFO] [stdout] 
[INFO] [stdout] 
[INFO] [stdout] Some errors have detailed explanations: E0422, E0432, E0433, E0462, E0463, E0554, E0557, E0635.
[INFO] [stdout] 
[INFO] [stdout] For more information about an error, try `rustc --explain E0422`.
[INFO] [stdout] 
[INFO] [stderr] error: could not compile `peg` due to 78 previous errors
[INFO] running `Command { std: "docker" "inspect" "ba82f5c4da3f1cd99a78e4c46b371e86211d23b051adc8c420db44a7a85f691e", kill_on_drop: false }`
[INFO] running `Command { std: "docker" "rm" "-f" "ba82f5c4da3f1cd99a78e4c46b371e86211d23b051adc8c420db44a7a85f691e", kill_on_drop: false }`
[INFO] [stdout] ba82f5c4da3f1cd99a78e4c46b371e86211d23b051adc8c420db44a7a85f691e
