[INFO] cloning repository https://github.com/gsingh93/game-engine
[INFO] running `Command { std: "git" "-c" "credential.helper=" "-c" "credential.helper=/workspace/cargo-home/bin/git-credential-null" "clone" "--bare" "https://github.com/gsingh93/game-engine" "/workspace/cache/git-repos/https%3A%2F%2Fgithub.com%2Fgsingh93%2Fgame-engine", kill_on_drop: false }`
[INFO] [stderr] Cloning into bare repository '/workspace/cache/git-repos/https%3A%2F%2Fgithub.com%2Fgsingh93%2Fgame-engine'...
[INFO] running `Command { std: "git" "rev-parse" "HEAD", kill_on_drop: false }`
[INFO] [stdout] eb311e6ddef6e3afa26c9987092f1268e7244d02
[INFO] testing gsingh93/game-engine against beta-2023-04-20 for beta-1.70-1
[INFO] running `Command { std: "git" "clone" "/workspace/cache/git-repos/https%3A%2F%2Fgithub.com%2Fgsingh93%2Fgame-engine" "/workspace/builds/worker-6-tc2/source", kill_on_drop: false }`
[INFO] [stderr] Cloning into '/workspace/builds/worker-6-tc2/source'...
[INFO] [stderr] done.
[INFO] validating manifest of git repo https://github.com/gsingh93/game-engine on toolchain beta-2023-04-20
[INFO] running `Command { std: CARGO_HOME="/workspace/cargo-home" RUSTUP_HOME="/workspace/rustup-home" "/workspace/cargo-home/bin/cargo" "+beta-2023-04-20" "metadata" "--manifest-path" "Cargo.toml" "--no-deps", kill_on_drop: false }`
[INFO] started tweaking git repo https://github.com/gsingh93/game-engine
[INFO] finished tweaking git repo https://github.com/gsingh93/game-engine
[INFO] tweaked toml for git repo https://github.com/gsingh93/game-engine written to /workspace/builds/worker-6-tc2/source/Cargo.toml
[INFO] crate git repo https://github.com/gsingh93/game-engine already has a lockfile, it will not be regenerated
[INFO] running `Command { std: CARGO_HOME="/workspace/cargo-home" RUSTUP_HOME="/workspace/rustup-home" "/workspace/cargo-home/bin/cargo" "+beta-2023-04-20" "fetch" "--manifest-path" "Cargo.toml", kill_on_drop: false }`
[INFO] [stderr]     Updating crates.io index
[INFO] [stderr]  Downloading crates ...
[INFO] [stderr]   Downloaded time v0.1.30
[INFO] [stderr]   Downloaded find_folder v0.2.0
[INFO] [stderr]   Downloaded obj v0.2.2
[INFO] [stderr]   Downloaded osmesa-sys v0.0.5
[INFO] [stderr]   Downloaded num v0.1.25
[INFO] [stderr]   Downloaded lazy_static v0.1.11
[INFO] [stderr]   Downloaded cgl v0.1.0
[INFO] [stderr]   Downloaded shared_library v0.1.0
[INFO] [stderr]   Downloaded lzw v0.8.0
[INFO] [stderr]   Downloaded objc v0.1.5
[INFO] [stderr]   Downloaded gl_common v0.0.4
[INFO] [stderr]   Downloaded malloc_buf v0.0.5
[INFO] [stderr]   Downloaded core-graphics v0.1.0
[INFO] [stderr]   Downloaded byteorder v0.3.10
[INFO] [stderr]   Downloaded winapi-build v0.1.0
[INFO] [stderr]   Downloaded enum_primitive v0.0.1
[INFO] [stderr]   Downloaded mmap v0.1.1
[INFO] [stderr]   Downloaded bitflags v0.3.0
[INFO] [stderr]   Downloaded aho-corasick v0.2.1
[INFO] [stderr]   Downloaded freetype-sys v0.1.2
[INFO] [stderr]   Downloaded cgmath v0.2.0
[INFO] [stderr]   Downloaded wayland-client v0.2.0
[INFO] [stderr]   Downloaded wayland-kbd v0.2.0
[INFO] [stderr]   Downloaded regex-syntax v0.1.2
[INFO] [stderr]   Downloaded regex v0.1.38
[INFO] [stderr]   Downloaded image v0.3.11
[INFO] [stderr]   Downloaded freetype-rs v0.1.0
[INFO] [stderr]   Downloaded nalgebra v0.2.18
[INFO] [stderr]   Downloaded winapi v0.1.23
[INFO] [stderr]   Downloaded glutin v0.2.2
[INFO] [stderr]   Downloaded x11-dl v1.0.1
[INFO] [stderr]   Downloaded libz-sys v0.1.6
[INFO] [stderr]   Downloaded khronos_api v0.0.6
[INFO] [stderr]   Downloaded gif v0.5.0
[INFO] [stderr]   Downloaded cocoa v0.1.2
[INFO] [stderr]   Downloaded core-foundation v0.1.0
[INFO] [stderr]   Downloaded android_glue v0.0.2
[INFO] [stderr]   Downloaded gl_generator v0.0.27
[INFO] [stderr]   Downloaded gleam v0.1.1
[INFO] [stderr]   Downloaded gl_generator v0.0.26
[INFO] [stderr]   Downloaded user32-sys v0.1.1
[INFO] [stderr]   Downloaded smallvec v0.1.5
[INFO] [stderr]   Downloaded genmesh v0.2.1
[INFO] [stderr]   Downloaded kernel32-sys v0.1.2
[INFO] [stderr]   Downloaded gl_generator v0.0.25
[INFO] [stderr]   Downloaded glium v0.6.5
[INFO] running `Command { std: "docker" "create" "-v" "/var/lib/crater-agent-workspace/builds/worker-6-tc2/target:/opt/rustwide/target:rw,Z" "-v" "/var/lib/crater-agent-workspace/builds/worker-6-tc2/source:/opt/rustwide/workdir:ro,Z" "-v" "/var/lib/crater-agent-workspace/cargo-home:/opt/rustwide/cargo-home:ro,Z" "-v" "/var/lib/crater-agent-workspace/rustup-home:/opt/rustwide/rustup-home:ro,Z" "-e" "SOURCE_DIR=/opt/rustwide/workdir" "-e" "CARGO_TARGET_DIR=/opt/rustwide/target" "-e" "CARGO_HOME=/opt/rustwide/cargo-home" "-e" "RUSTUP_HOME=/opt/rustwide/rustup-home" "-w" "/opt/rustwide/workdir" "-m" "1610612736" "--user" "0:0" "--network" "none" "ghcr.io/rust-lang/crates-build-env/linux@sha256:5ff2268d62e97bff2cde7d5815dd6ed5b47097566f13b8d0ca110b04b60e07ed" "/opt/rustwide/cargo-home/bin/cargo" "+beta-2023-04-20" "metadata" "--no-deps" "--format-version=1", kill_on_drop: false }`
[INFO] [stdout] 961c8db2f18b497b56a82ee922555dcd978eacbe4439156a65d9d0ed20cb7e35
[INFO] running `Command { std: "docker" "start" "-a" "961c8db2f18b497b56a82ee922555dcd978eacbe4439156a65d9d0ed20cb7e35", kill_on_drop: false }`
[INFO] running `Command { std: "docker" "inspect" "961c8db2f18b497b56a82ee922555dcd978eacbe4439156a65d9d0ed20cb7e35", kill_on_drop: false }`
[INFO] running `Command { std: "docker" "rm" "-f" "961c8db2f18b497b56a82ee922555dcd978eacbe4439156a65d9d0ed20cb7e35", kill_on_drop: false }`
[INFO] [stdout] 961c8db2f18b497b56a82ee922555dcd978eacbe4439156a65d9d0ed20cb7e35
[INFO] running `Command { std: "docker" "create" "-v" "/var/lib/crater-agent-workspace/builds/worker-6-tc2/target:/opt/rustwide/target:rw,Z" "-v" "/var/lib/crater-agent-workspace/builds/worker-6-tc2/source:/opt/rustwide/workdir:ro,Z" "-v" "/var/lib/crater-agent-workspace/cargo-home:/opt/rustwide/cargo-home:ro,Z" "-v" "/var/lib/crater-agent-workspace/rustup-home:/opt/rustwide/rustup-home:ro,Z" "-e" "SOURCE_DIR=/opt/rustwide/workdir" "-e" "CARGO_TARGET_DIR=/opt/rustwide/target" "-e" "CARGO_INCREMENTAL=0" "-e" "RUST_BACKTRACE=full" "-e" "RUSTFLAGS=--cap-lints=warn" "-e" "RUSTDOCFLAGS=--cap-lints=warn" "-e" "CARGO_HOME=/opt/rustwide/cargo-home" "-e" "RUSTUP_HOME=/opt/rustwide/rustup-home" "-w" "/opt/rustwide/workdir" "-m" "1610612736" "--user" "0:0" "--network" "none" "ghcr.io/rust-lang/crates-build-env/linux@sha256:5ff2268d62e97bff2cde7d5815dd6ed5b47097566f13b8d0ca110b04b60e07ed" "/opt/rustwide/cargo-home/bin/cargo" "+beta-2023-04-20" "build" "--frozen" "--message-format=json", kill_on_drop: false }`
[INFO] [stdout] 80645d9f508bc3314f2bac994b27b3fff8ad852c2642b51273ca432f3c118178
[INFO] running `Command { std: "docker" "start" "-a" "80645d9f508bc3314f2bac994b27b3fff8ad852c2642b51273ca432f3c118178", kill_on_drop: false }`
[INFO] [stderr]    Compiling libc v0.1.8
[INFO] [stderr]    Compiling bitflags v0.3.0
[INFO] [stderr]    Compiling khronos_api v0.0.6
[INFO] [stderr]    Compiling pkg-config v0.3.5
[INFO] [stderr]    Compiling lazy_static v0.1.11
[INFO] [stderr]    Compiling rustc-serialize v0.3.15
[INFO] [stderr]    Compiling bitflags v0.1.1
[INFO] [stderr]    Compiling winapi-build v0.1.0
[INFO] [stderr]    Compiling color_quant v1.0.0
[INFO] [stderr]    Compiling lzw v0.8.0
[INFO] [stderr]    Compiling regex-syntax v0.1.2
[INFO] [stderr]    Compiling byteorder v0.3.10
[INFO] [stderr]    Compiling glob v0.2.10
[INFO] [stderr]    Compiling smallvec v0.1.5
[INFO] [stderr]    Compiling genmesh v0.2.1
[INFO] [stderr]    Compiling find_folder v0.2.0
[INFO] [stderr]    Compiling xml-rs v0.1.25
[INFO] [stderr]    Compiling kernel32-sys v0.1.2
[INFO] [stdout] error[E0642]: patterns aren't allowed in functions without bodies
[INFO] [stdout]    --> /opt/rustwide/cargo-home/registry/src/index.crates.io-6f17d22bba15001f/rustc-serialize-0.3.15/src/serialize.rs:145:45
[INFO] [stdout]     |
[INFO] [stdout] 145 | ...                   &f_name: &str,
[INFO] [stdout]     |                       ^^^^^^^ pattern not allowed in function without body
[INFO] [stdout] 
[INFO] [stdout] 
[INFO] [stderr]    Compiling rand v0.3.8
[INFO] [stderr]    Compiling log v0.3.1
[INFO] [stderr]    Compiling shared_library v0.1.0
[INFO] [stderr]    Compiling dylib v0.0.1
[INFO] [stdout] error[E0277]: the size for values of type `Self` cannot be known at compilation time
[INFO] [stdout]    --> /opt/rustwide/cargo-home/registry/src/index.crates.io-6f17d22bba15001f/genmesh-0.2.1/src/poly.rs:216:35
[INFO] [stdout]     |
[INFO] [stdout] 216 |     fn vertex<F>(self, map: F) -> MapToVerticesIter<Self, T, U, F>
[INFO] [stdout]     |                                   ^^^^^^^^^^^^^^^^^^^^^^^^^^^^^^^^ doesn't have a size known at compile-time
[INFO] [stdout]     |
[INFO] [stdout] note: required by a bound in `MapToVerticesIter`
[INFO] [stdout]    --> /opt/rustwide/cargo-home/registry/src/index.crates.io-6f17d22bba15001f/genmesh-0.2.1/src/poly.rs:238:26
[INFO] [stdout]     |
[INFO] [stdout] 238 | struct MapToVerticesIter<SRC, T, U, F: FnMut(T) -> U> {
[INFO] [stdout]     |                          ^^^ required by this bound in `MapToVerticesIter`
[INFO] [stdout] help: you could relax the implicit `Sized` bound on `SRC` if it were used through indirection like `&SRC` or `Box<SRC>`
[INFO] [stdout]    --> /opt/rustwide/cargo-home/registry/src/index.crates.io-6f17d22bba15001f/genmesh-0.2.1/src/poly.rs:238:26
[INFO] [stdout]     |
[INFO] [stdout] 238 | struct MapToVerticesIter<SRC, T, U, F: FnMut(T) -> U> {
[INFO] [stdout]     |                          ^^^ this could be changed to `SRC: ?Sized`...
[INFO] [stdout] 239 |     src: SRC,
[INFO] [stdout]     |          --- ...if indirection were used here: `Box<SRC>`
[INFO] [stdout] help: consider further restricting `Self`
[INFO] [stdout]     |
[INFO] [stdout] 217 |         where F: FnMut(T) -> U, Self: Sized;
[INFO] [stdout]     |                               +++++++++++++
[INFO] [stdout] 
[INFO] [stdout] 
[INFO] [stdout] error: aborting due to previous error
[INFO] [stdout] 
[INFO] [stdout] 
[INFO] [stdout] For more information about this error, try `rustc --explain E0277`.
[INFO] [stdout] 
[INFO] [stderr] error: could not compile `genmesh` (lib) due to 2 previous errors
[INFO] [stderr] warning: build failed, waiting for other jobs to finish...
[INFO] [stdout] error[E0277]: the size for values of type `Self` cannot be known at compilation time
[INFO] [stdout]   --> /opt/rustwide/cargo-home/registry/src/index.crates.io-6f17d22bba15001f/xml-rs-0.1.25/src/util.rs:15:33
[INFO] [stdout]    |
[INFO] [stdout] 15 |     fn cloned_pairwise(self) -> ClonedPairwise<Self>;
[INFO] [stdout]    |                                 ^^^^^^^^^^^^^^^^^^^^ doesn't have a size known at compile-time
[INFO] [stdout]    |
[INFO] [stdout] note: required by a bound in `ClonedPairwise`
[INFO] [stdout]   --> /opt/rustwide/cargo-home/registry/src/index.crates.io-6f17d22bba15001f/xml-rs-0.1.25/src/util.rs:27:27
[INFO] [stdout]    |
[INFO] [stdout] 27 | pub struct ClonedPairwise<I>(I);
[INFO] [stdout]    |                           ^ required by this bound in `ClonedPairwise`
[INFO] [stdout] help: you could relax the implicit `Sized` bound on `I` if it were used through indirection like `&I` or `Box<I>`
[INFO] [stdout]   --> /opt/rustwide/cargo-home/registry/src/index.crates.io-6f17d22bba15001f/xml-rs-0.1.25/src/util.rs:27:27
[INFO] [stdout]    |
[INFO] [stdout] 27 | pub struct ClonedPairwise<I>(I);
[INFO] [stdout]    |                           ^  - ...if indirection were used here: `Box<I>`
[INFO] [stdout]    |                           |
[INFO] [stdout]    |                           this could be changed to `I: ?Sized`...
[INFO] [stdout] help: consider further restricting `Self`
[INFO] [stdout]    |
[INFO] [stdout] 15 |     fn cloned_pairwise(self) -> ClonedPairwise<Self> where Self: Sized;
[INFO] [stdout]    |                                                      +++++++++++++++++
[INFO] [stdout] 
[INFO] [stdout] 
[INFO] [stdout] error: aborting due to previous error
[INFO] [stdout] 
[INFO] [stdout] 
[INFO] [stdout] For more information about this error, try `rustc --explain E0277`.
[INFO] [stdout] 
[INFO] [stdout] error[E0277]: the size for values of type `Self` cannot be known at compilation time
[INFO] [stdout]    --> /opt/rustwide/cargo-home/registry/src/index.crates.io-6f17d22bba15001f/rustc-serialize-0.3.15/src/serialize.rs:201:41
[INFO] [stdout]     |
[INFO] [stdout] 201 |     fn decode<D: Decoder>(d: &mut D) -> Result<Self, D::Error>;
[INFO] [stdout]     |                                         ^^^^^^^^^^^^^^^^^^^^^^ doesn't have a size known at compile-time
[INFO] [stdout]     |
[INFO] [stdout] note: required by a bound in `Result`
[INFO] [stdout]    --> /rustc/1b7dd2252b99671ce5d1cb9664c5f8636329436d/library/core/src/result.rs:503:1
[INFO] [stdout] help: consider further restricting `Self`
[INFO] [stdout]     |
[INFO] [stdout] 201 |     fn decode<D: Decoder>(d: &mut D) -> Result<Self, D::Error> where Self: Sized;
[INFO] [stdout]     |                                                                +++++++++++++++++
[INFO] [stdout] 
[INFO] [stdout] 
[INFO] [stderr] error: could not compile `xml-rs` (lib) due to 2 previous errors
[INFO] [stdout] error: aborting due to 2 previous errors
[INFO] [stdout] 
[INFO] [stdout] 
[INFO] [stdout] Some errors have detailed explanations: E0277, E0642.
[INFO] [stdout] 
[INFO] [stdout] For more information about an error, try `rustc --explain E0277`.
[INFO] [stdout] 
[INFO] [stderr] error: could not compile `rustc-serialize` (lib) due to 3 previous errors
[INFO] [stdout] error[E0277]: the size for values of type `Self` cannot be known at compilation time
[INFO] [stdout]   --> /opt/rustwide/cargo-home/registry/src/index.crates.io-6f17d22bba15001f/rand-0.3.8/src/distributions/range.rs:83:50
[INFO] [stdout]    |
[INFO] [stdout] 83 |     fn construct_range(low: Self, high: Self) -> Range<Self>;
[INFO] [stdout]    |                                                  ^^^^^^^^^^^ doesn't have a size known at compile-time
[INFO] [stdout]    |
[INFO] [stdout] note: required by a bound in `range::Range`
[INFO] [stdout]   --> /opt/rustwide/cargo-home/registry/src/index.crates.io-6f17d22bba15001f/rand-0.3.8/src/distributions/range.rs:50:18
[INFO] [stdout]    |
[INFO] [stdout] 50 | pub struct Range<X> {
[INFO] [stdout]    |                  ^ required by this bound in `Range`
[INFO] [stdout] help: you could relax the implicit `Sized` bound on `X` if it were used through indirection like `&X` or `Box<X>`
[INFO] [stdout]   --> /opt/rustwide/cargo-home/registry/src/index.crates.io-6f17d22bba15001f/rand-0.3.8/src/distributions/range.rs:50:18
[INFO] [stdout]    |
[INFO] [stdout] 50 | pub struct Range<X> {
[INFO] [stdout]    |                  ^ this could be changed to `X: ?Sized`...
[INFO] [stdout] 51 |     low: X,
[INFO] [stdout]    |          - ...if indirection were used here: `Box<X>`
[INFO] [stdout] 52 |     range: X,
[INFO] [stdout]    |            - ...if indirection were used here: `Box<X>`
[INFO] [stdout] 53 |     accept_zone: X
[INFO] [stdout]    |                  - ...if indirection were used here: `Box<X>`
[INFO] [stdout] help: consider further restricting `Self`
[INFO] [stdout]    |
[INFO] [stdout] 83 |     fn construct_range(low: Self, high: Self) -> Range<Self> where Self: Sized;
[INFO] [stdout]    |                                                              +++++++++++++++++
[INFO] [stdout] 
[INFO] [stdout] 
[INFO] [stdout] error[E0277]: the size for values of type `Self` cannot be known at compilation time
[INFO] [stdout]   --> /opt/rustwide/cargo-home/registry/src/index.crates.io-6f17d22bba15001f/rand-0.3.8/src/distributions/range.rs:87:33
[INFO] [stdout]    |
[INFO] [stdout] 87 |     fn sample_range<R: Rng>(r: &Range<Self>, rng: &mut R) -> Self;
[INFO] [stdout]    |                                 ^^^^^^^^^^^ doesn't have a size known at compile-time
[INFO] [stdout]    |
[INFO] [stdout] note: required by a bound in `range::Range`
[INFO] [stdout]   --> /opt/rustwide/cargo-home/registry/src/index.crates.io-6f17d22bba15001f/rand-0.3.8/src/distributions/range.rs:50:18
[INFO] [stdout]    |
[INFO] [stdout] 50 | pub struct Range<X> {
[INFO] [stdout]    |                  ^ required by this bound in `Range`
[INFO] [stdout] help: you could relax the implicit `Sized` bound on `X` if it were used through indirection like `&X` or `Box<X>`
[INFO] [stdout]   --> /opt/rustwide/cargo-home/registry/src/index.crates.io-6f17d22bba15001f/rand-0.3.8/src/distributions/range.rs:50:18
[INFO] [stdout]    |
[INFO] [stdout] 50 | pub struct Range<X> {
[INFO] [stdout]    |                  ^ this could be changed to `X: ?Sized`...
[INFO] [stdout] 51 |     low: X,
[INFO] [stdout]    |          - ...if indirection were used here: `Box<X>`
[INFO] [stdout] 52 |     range: X,
[INFO] [stdout]    |            - ...if indirection were used here: `Box<X>`
[INFO] [stdout] 53 |     accept_zone: X
[INFO] [stdout]    |                  - ...if indirection were used here: `Box<X>`
[INFO] [stdout] help: consider further restricting `Self`
[INFO] [stdout]    |
[INFO] [stdout] 87 |     fn sample_range<R: Rng>(r: &Range<Self>, rng: &mut R) -> Self where Self: Sized;
[INFO] [stdout]    |                                                                   +++++++++++++++++
[INFO] [stdout] 
[INFO] [stdout] 
[INFO] [stdout] error: aborting due to 2 previous errors
[INFO] [stdout] 
[INFO] [stdout] 
[INFO] [stdout] For more information about this error, try `rustc --explain E0277`.
[INFO] [stdout] 
[INFO] [stderr] error: could not compile `rand` (lib) due to 3 previous errors
[INFO] running `Command { std: "docker" "inspect" "80645d9f508bc3314f2bac994b27b3fff8ad852c2642b51273ca432f3c118178", kill_on_drop: false }`
[INFO] running `Command { std: "docker" "rm" "-f" "80645d9f508bc3314f2bac994b27b3fff8ad852c2642b51273ca432f3c118178", kill_on_drop: false }`
[INFO] [stdout] 80645d9f508bc3314f2bac994b27b3fff8ad852c2642b51273ca432f3c118178
