[INFO] cloning repository https://github.com/goldipatel12/SuperPay
[INFO] running `Command { std: "git" "-c" "credential.helper=" "-c" "credential.helper=/workspace/cargo-home/bin/git-credential-null" "clone" "--bare" "https://github.com/goldipatel12/SuperPay" "/workspace/cache/git-repos/https%3A%2F%2Fgithub.com%2Fgoldipatel12%2FSuperPay", kill_on_drop: false }`
[INFO] [stderr] Cloning into bare repository '/workspace/cache/git-repos/https%3A%2F%2Fgithub.com%2Fgoldipatel12%2FSuperPay'...
[INFO] running `Command { std: "git" "rev-parse" "HEAD", kill_on_drop: false }`
[INFO] [stdout] 25156e5d449a3983703cd0e63619db5be54bff3d
[INFO] testing goldipatel12/SuperPay against 1.69.0 for beta-1.70-1
[INFO] running `Command { std: "git" "clone" "/workspace/cache/git-repos/https%3A%2F%2Fgithub.com%2Fgoldipatel12%2FSuperPay" "/workspace/builds/worker-5-tc1/source", kill_on_drop: false }`
[INFO] [stderr] Cloning into '/workspace/builds/worker-5-tc1/source'...
[INFO] [stderr] done.
[INFO] validating manifest of git repo https://github.com/goldipatel12/SuperPay on toolchain 1.69.0
[INFO] running `Command { std: CARGO_HOME="/workspace/cargo-home" RUSTUP_HOME="/workspace/rustup-home" "/workspace/cargo-home/bin/cargo" "+1.69.0" "metadata" "--manifest-path" "Cargo.toml" "--no-deps", kill_on_drop: false }`
[INFO] started tweaking git repo https://github.com/goldipatel12/SuperPay
[INFO] finished tweaking git repo https://github.com/goldipatel12/SuperPay
[INFO] tweaked toml for git repo https://github.com/goldipatel12/SuperPay written to /workspace/builds/worker-5-tc1/source/Cargo.toml
[INFO] crate git repo https://github.com/goldipatel12/SuperPay already has a lockfile, it will not be regenerated
[INFO] running `Command { std: CARGO_HOME="/workspace/cargo-home" RUSTUP_HOME="/workspace/rustup-home" "/workspace/cargo-home/bin/cargo" "+1.69.0" "fetch" "--manifest-path" "Cargo.toml", kill_on_drop: false }`
[INFO] running `Command { std: "docker" "create" "-v" "/var/lib/crater-agent-workspace/builds/worker-5-tc1/target:/opt/rustwide/target:rw,Z" "-v" "/var/lib/crater-agent-workspace/builds/worker-5-tc1/source:/opt/rustwide/workdir:ro,Z" "-v" "/var/lib/crater-agent-workspace/cargo-home:/opt/rustwide/cargo-home:ro,Z" "-v" "/var/lib/crater-agent-workspace/rustup-home:/opt/rustwide/rustup-home:ro,Z" "-e" "SOURCE_DIR=/opt/rustwide/workdir" "-e" "CARGO_TARGET_DIR=/opt/rustwide/target" "-e" "CARGO_HOME=/opt/rustwide/cargo-home" "-e" "RUSTUP_HOME=/opt/rustwide/rustup-home" "-w" "/opt/rustwide/workdir" "-m" "1610612736" "--user" "0:0" "--network" "none" "ghcr.io/rust-lang/crates-build-env/linux@sha256:5ff2268d62e97bff2cde7d5815dd6ed5b47097566f13b8d0ca110b04b60e07ed" "/opt/rustwide/cargo-home/bin/cargo" "+1.69.0" "metadata" "--no-deps" "--format-version=1", kill_on_drop: false }`
[INFO] [stdout] 076416260d484db438e9f3e015e79c7a6a2d97467dd40be11ef195c9fc557f51
[INFO] running `Command { std: "docker" "start" "-a" "076416260d484db438e9f3e015e79c7a6a2d97467dd40be11ef195c9fc557f51", kill_on_drop: false }`
[INFO] running `Command { std: "docker" "inspect" "076416260d484db438e9f3e015e79c7a6a2d97467dd40be11ef195c9fc557f51", kill_on_drop: false }`
[INFO] running `Command { std: "docker" "rm" "-f" "076416260d484db438e9f3e015e79c7a6a2d97467dd40be11ef195c9fc557f51", kill_on_drop: false }`
[INFO] [stdout] 076416260d484db438e9f3e015e79c7a6a2d97467dd40be11ef195c9fc557f51
[INFO] running `Command { std: "docker" "create" "-v" "/var/lib/crater-agent-workspace/builds/worker-5-tc1/target:/opt/rustwide/target:rw,Z" "-v" "/var/lib/crater-agent-workspace/builds/worker-5-tc1/source:/opt/rustwide/workdir:ro,Z" "-v" "/var/lib/crater-agent-workspace/cargo-home:/opt/rustwide/cargo-home:ro,Z" "-v" "/var/lib/crater-agent-workspace/rustup-home:/opt/rustwide/rustup-home:ro,Z" "-e" "SOURCE_DIR=/opt/rustwide/workdir" "-e" "CARGO_TARGET_DIR=/opt/rustwide/target" "-e" "CARGO_INCREMENTAL=0" "-e" "RUST_BACKTRACE=full" "-e" "RUSTFLAGS=--cap-lints=warn" "-e" "RUSTDOCFLAGS=--cap-lints=warn" "-e" "CARGO_HOME=/opt/rustwide/cargo-home" "-e" "RUSTUP_HOME=/opt/rustwide/rustup-home" "-w" "/opt/rustwide/workdir" "-m" "1610612736" "--user" "0:0" "--network" "none" "ghcr.io/rust-lang/crates-build-env/linux@sha256:5ff2268d62e97bff2cde7d5815dd6ed5b47097566f13b8d0ca110b04b60e07ed" "/opt/rustwide/cargo-home/bin/cargo" "+1.69.0" "build" "--frozen" "--message-format=json", kill_on_drop: false }`
[INFO] [stdout] a5f74a53160912c17ce3f38aa972af7329ed0b3ba9b878217fde79a501661bb2
[INFO] running `Command { std: "docker" "start" "-a" "a5f74a53160912c17ce3f38aa972af7329ed0b3ba9b878217fde79a501661bb2", kill_on_drop: false }`
[INFO] [stderr]    Compiling proc-macro2 v1.0.36
[INFO] [stderr]    Compiling unicode-xid v0.2.2
[INFO] [stderr]    Compiling syn v1.0.86
[INFO] [stderr]    Compiling serde_derive v1.0.136
[INFO] [stderr]    Compiling version_check v0.9.4
[INFO] [stderr]    Compiling serde v1.0.136
[INFO] [stderr]    Compiling typenum v1.15.0
[INFO] [stderr]    Compiling libc v0.2.116
[INFO] [stderr]    Compiling block-padding v0.2.1
[INFO] [stderr]    Compiling cpufeatures v0.2.1
[INFO] [stderr]    Compiling subtle v2.4.1
[INFO] [stderr]    Compiling generic-array v0.14.5
[INFO] [stderr]    Compiling proc-macro2-diagnostics v0.9.1
[INFO] [stderr]    Compiling serde_json v1.0.78
[INFO] [stderr]    Compiling semver v1.0.4
[INFO] [stderr]    Compiling anyhow v1.0.53
[INFO] [stderr]    Compiling yansi v0.5.0
[INFO] [stderr]    Compiling itoa v1.0.1
[INFO] [stderr]    Compiling unicode-segmentation v1.8.0
[INFO] [stderr]    Compiling ryu v1.0.9
[INFO] [stderr]    Compiling log v0.4.14
[INFO] [stderr]    Compiling quote v1.0.15
[INFO] [stderr]    Compiling heck v0.3.3
[INFO] [stderr]    Compiling bs58 v0.3.1
[INFO] [stderr]    Compiling rustc_version v0.4.0
[INFO] [stderr]    Compiling crunchy v0.2.2
[INFO] [stderr]    Compiling memchr v2.4.1
[INFO] [stderr]    Compiling getrandom v0.1.16
[INFO] [stderr]    Compiling wasm-bindgen-shared v0.2.79
[INFO] [stderr]    Compiling regex-syntax v0.6.25
[INFO] [stderr]    Compiling ahash v0.7.6
[INFO] [stderr]    Compiling rustversion v1.0.6
[INFO] [stderr]    Compiling feature-probe v0.1.1
[INFO] [stderr]    Compiling rand_core v0.5.1
[INFO] [stderr]    Compiling bumpalo v3.9.1
[INFO] [stderr]    Compiling bv v0.11.1
[INFO] [stderr]    Compiling solana-frozen-abi-macro v1.9.5
[INFO] [stderr]    Compiling aho-corasick v0.7.18
[INFO] [stderr]    Compiling getrandom v0.2.4
[INFO] [stderr]    Compiling atty v0.2.14
[INFO] [stderr]    Compiling humantime v2.1.0
[INFO] [stderr]    Compiling once_cell v1.9.0
[INFO] [stderr]    Compiling termcolor v1.1.2
[INFO] [stderr]    Compiling ppv-lite86 v0.2.16
[INFO] [stderr]    Compiling cc v1.0.72
[INFO] [stderr]    Compiling bs58 v0.4.0
[INFO] [stderr]    Compiling num-traits v0.2.14
[INFO] [stderr]    Compiling rand_chacha v0.2.2
[INFO] [stderr]    Compiling solana-frozen-abi v1.9.5
[INFO] [stderr]    Compiling arrayref v0.3.6
[INFO] [stderr]    Compiling wasm-bindgen v0.2.79
[INFO] [stderr]    Compiling rand v0.7.3
[INFO] [stderr]    Compiling hashbrown v0.11.2
[INFO] [stderr]    Compiling solana-program v1.9.5
[INFO] [stderr]    Compiling blake3 v1.3.1
[INFO] [stderr]    Compiling memmap2 v0.5.2
[INFO] [stderr]    Compiling constant_time_eq v0.1.5
[INFO] [stderr]    Compiling regex v1.5.4
[INFO] [stderr]    Compiling either v1.6.1
[INFO] [stderr]    Compiling zeroize v1.5.2
[INFO] [stderr]    Compiling base64 v0.12.3
[INFO] [stderr]    Compiling keccak v0.1.0
[INFO] [stderr]    Compiling byteorder v1.4.3
[INFO] [stderr]    Compiling arrayvec v0.7.2
[INFO] [stderr]    Compiling itertools v0.10.3
[INFO] [stderr]    Compiling bitflags v1.3.2
[INFO] [stderr]    Compiling env_logger v0.9.0
[INFO] [stderr]    Compiling wasm-bindgen-backend v0.2.79
[INFO] [stderr]    Compiling borsh-schema-derive-internal v0.9.2
[INFO] [stderr]    Compiling borsh-derive-internal v0.9.2
[INFO] [stderr]    Compiling solana-logger v1.9.5
[INFO] [stderr]    Compiling wasm-bindgen-macro-support v0.2.79
[INFO] [stderr]    Compiling thiserror-impl v1.0.30
[INFO] [stderr]    Compiling bytemuck_derive v1.0.1
[INFO] [stderr]    Compiling wasm-bindgen-macro v0.2.79
[INFO] [stderr]    Compiling solana-sdk-macro v1.9.5
[INFO] [stderr]    Compiling num-derive v0.3.3
[INFO] [stderr]    Compiling bytemuck v1.7.3
[INFO] [stderr]    Compiling thiserror v1.0.30
[INFO] [stderr]    Compiling toml v0.5.8
[INFO] [stderr]    Compiling bincode v1.3.3
[INFO] [stderr]    Compiling serde_bytes v0.11.5
[INFO] [stderr]    Compiling digest v0.9.0
[INFO] [stderr]    Compiling block-buffer v0.9.0
[INFO] [stderr]    Compiling crypto-mac v0.8.0
[INFO] [stderr]    Compiling block-buffer v0.10.0
[INFO] [stderr]    Compiling crypto-common v0.1.1
[INFO] [stderr]    Compiling sha2 v0.9.9
[INFO] [stderr]    Compiling libsecp256k1-core v0.2.2
[INFO] [stderr]    Compiling hmac v0.8.1
[INFO] [stderr]    Compiling digest v0.10.1
[INFO] [stderr]    Compiling sha3 v0.9.1
[INFO] [stderr]    Compiling proc-macro-crate v0.1.5
[INFO] [stderr]    Compiling hmac-drbg v0.3.0
[INFO] [stderr]    Compiling anchor-syn v0.20.1
[INFO] [stderr]    Compiling curve25519-dalek v3.2.0
[INFO] [stderr]    Compiling libsecp256k1-gen-ecmult v0.2.1
[INFO] [stderr]    Compiling libsecp256k1-gen-genmult v0.2.1
[INFO] [stderr]    Compiling borsh-derive v0.9.2
[INFO] [stderr]    Compiling libsecp256k1 v0.6.0
[INFO] [stderr]    Compiling borsh v0.9.2
[INFO] [stderr]    Compiling anchor-attribute-constant v0.20.1
[INFO] [stderr]    Compiling anchor-attribute-event v0.20.1
[INFO] [stderr]    Compiling anchor-attribute-state v0.20.1
[INFO] [stderr]    Compiling anchor-attribute-interface v0.20.1
[INFO] [stderr]    Compiling anchor-attribute-access-control v0.20.1
[INFO] [stderr]    Compiling anchor-attribute-error v0.20.1
[INFO] [stderr]    Compiling anchor-derive-accounts v0.20.1
[INFO] [stderr]    Compiling anchor-attribute-program v0.20.1
[INFO] [stderr]    Compiling anchor-attribute-account v0.20.1
[INFO] [stderr]    Compiling anchor-lang v0.20.1
[INFO] [stderr]    Compiling super-pay v0.1.0 (/opt/rustwide/workdir/programs/super-pay)
[INFO] [stdout] error[E0583]: file not found for module `reciver_model`
[INFO] [stdout]  --> programs/super-pay/src/main.rs:2:1
[INFO] [stdout]   |
[INFO] [stdout] 2 | mod reciver_model;
[INFO] [stdout]   | ^^^^^^^^^^^^^^^^^^
[INFO] [stdout]   |
[INFO] [stdout]   = help: to create the module `reciver_model`, create file "programs/super-pay/src/reciver_model.rs" or "programs/super-pay/src/reciver_model/mod.rs"
[INFO] [stdout] 
[INFO] [stdout] 
[INFO] [stdout] error[E0583]: file not found for module `withdraw_model`
[INFO] [stdout]  --> programs/super-pay/src/main.rs:5:1
[INFO] [stdout]   |
[INFO] [stdout] 5 | mod withdraw_model;
[INFO] [stdout]   | ^^^^^^^^^^^^^^^^^^^
[INFO] [stdout]   |
[INFO] [stdout]   = help: to create the module `withdraw_model`, create file "programs/super-pay/src/withdraw_model.rs" or "programs/super-pay/src/withdraw_model/mod.rs"
[INFO] [stdout] 
[INFO] [stdout] 
[INFO] [stdout] error[E0583]: file not found for module `yield_models`
[INFO] [stdout]   --> programs/super-pay/src/main.rs:14:1
[INFO] [stdout]    |
[INFO] [stdout] 14 | mod yield_models;
[INFO] [stdout]    | ^^^^^^^^^^^^^^^^^
[INFO] [stdout]    |
[INFO] [stdout]    = help: to create the module `yield_models`, create file "programs/super-pay/src/yield_models.rs" or "programs/super-pay/src/yield_models/mod.rs"
[INFO] [stdout] 
[INFO] [stdout] 
[INFO] [stdout] error[E0583]: file not found for module `yield_routes`
[INFO] [stdout]   --> programs/super-pay/src/main.rs:15:1
[INFO] [stdout]    |
[INFO] [stdout] 15 | mod yield_routes;
[INFO] [stdout]    | ^^^^^^^^^^^^^^^^^
[INFO] [stdout]    |
[INFO] [stdout]    = help: to create the module `yield_routes`, create file "programs/super-pay/src/yield_routes.rs" or "programs/super-pay/src/yield_routes/mod.rs"
[INFO] [stdout] 
[INFO] [stdout] 
[INFO] [stdout] error[E0432]: unresolved imports `crate::reciver_model::ReciverRewardPercentage`, `crate::withdraw_model::WithdrawAmount`
[INFO] [stdout]  --> programs/super-pay/src/routes.rs:3:5
[INFO] [stdout]   |
[INFO] [stdout] 3 |     reciver_model::ReciverRewardPercentage,
[INFO] [stdout]   |     ^^^^^^^^^^^^^^^^^^^^^^^^^^^^^^^^^^^^^^ no `ReciverRewardPercentage` in `reciver_model`
[INFO] [stdout] 4 |     solana::{get_all_account, get_rent_exemption},
[INFO] [stdout] 5 |     withdraw_model::WithdrawAmount,
[INFO] [stdout]   |     ^^^^^^^^^^^^^^^^^^^^^^^^^^^^^^ no `WithdrawAmount` in `withdraw_model`
[INFO] [stdout] 
[INFO] [stdout] 
[INFO] [stdout] error[E0432]: unresolved import `crate::yield_routes::serialize_stream_yield`
[INFO] [stdout]  --> programs/super-pay/src/main.rs:9:5
[INFO] [stdout]   |
[INFO] [stdout] 9 | use crate::yield_routes::serialize_stream_yield;
[INFO] [stdout]   |     ^^^^^^^^^^^^^^^^^^^^^^^^^^^^^^^^^^^^^^^^^^^ no `serialize_stream_yield` in `yield_routes`
[INFO] [stdout] 
[INFO] [stdout] 
[INFO] [stdout] error[E0432]: unresolved import `crate::yield_routes::unstake_serialize`
[INFO] [stdout]   --> programs/super-pay/src/main.rs:10:5
[INFO] [stdout]    |
[INFO] [stdout] 10 | use crate::yield_routes::unstake_serialize;
[INFO] [stdout]    |     ^^^^^^^^^^^^^^^^^^^^^^^^^^^^^^^^^^^^^^ no `unstake_serialize` in `yield_routes`
[INFO] [stdout] 
[INFO] [stdout] 
[INFO] [stdout] error[E0433]: failed to resolve: use of undeclared crate or module `rocket`
[INFO] [stdout]  --> programs/super-pay/src/payment_stream.rs:4:5
[INFO] [stdout]   |
[INFO] [stdout] 4 | use rocket::serde::ser::{Serialize, SerializeStruct};
[INFO] [stdout]   |     ^^^^^^ use of undeclared crate or module `rocket`
[INFO] [stdout] 
[INFO] [stdout] 
[INFO] [stdout] error[E0432]: unresolved import `borsh`
[INFO] [stdout]  --> programs/super-pay/src/payment_stream.rs:3:5
[INFO] [stdout]   |
[INFO] [stdout] 3 | use borsh::{BorshDeserialize, BorshSerialize};
[INFO] [stdout]   |     ^^^^^ use of undeclared crate or module `borsh`
[INFO] [stdout] 
[INFO] [stdout] 
[INFO] [stdout] error[E0433]: failed to resolve: use of undeclared crate or module `solana_program`
[INFO] [stdout]  --> programs/super-pay/src/payment_stream.rs:6:5
[INFO] [stdout]   |
[INFO] [stdout] 6 | use solana_program::{clock::UnixTimestamp, pubkey::Pubkey};
[INFO] [stdout]   |     ^^^^^^^^^^^^^^ use of undeclared crate or module `solana_program`
[INFO] [stdout] 
[INFO] [stdout] 
[INFO] [stdout] error[E0432]: unresolved import `serde`
[INFO] [stdout]  --> programs/super-pay/src/payment_stream.rs:5:5
[INFO] [stdout]   |
[INFO] [stdout] 5 | use serde::Deserialize;
[INFO] [stdout]   |     ^^^^^ use of undeclared crate or module `serde`
[INFO] [stdout] 
[INFO] [stdout] 
[INFO] [stdout] error[E0432]: unresolved import `borsh`
[INFO] [stdout]  --> programs/super-pay/src/routes.rs:7:5
[INFO] [stdout]   |
[INFO] [stdout] 7 | use borsh::{BorshDeserialize, BorshSerialize};
[INFO] [stdout]   |     ^^^^^ use of undeclared crate or module `borsh`
[INFO] [stdout] 
[INFO] [stdout] 
[INFO] [stdout] error[E0433]: failed to resolve: use of undeclared crate or module `rocket`
[INFO] [stdout]  --> programs/super-pay/src/routes.rs:8:5
[INFO] [stdout]   |
[INFO] [stdout] 8 | use rocket::{
[INFO] [stdout]   |     ^^^^^^ use of undeclared crate or module `rocket`
[INFO] [stdout] 
[INFO] [stdout] 
[INFO] [stdout] error[E0433]: failed to resolve: use of undeclared crate or module `solana_client`
[INFO] [stdout]  --> programs/super-pay/src/solana.rs:3:5
[INFO] [stdout]   |
[INFO] [stdout] 3 | use solana_client::rpc_client::RpcClient;
[INFO] [stdout]   |     ^^^^^^^^^^^^^ use of undeclared crate or module `solana_client`
[INFO] [stdout] 
[INFO] [stdout] 
[INFO] [stdout] error[E0433]: failed to resolve: use of undeclared crate or module `solana_program`
[INFO] [stdout]  --> programs/super-pay/src/solana.rs:4:5
[INFO] [stdout]   |
[INFO] [stdout] 4 | use solana_program::pubkey::Pubkey;
[INFO] [stdout]   |     ^^^^^^^^^^^^^^ use of undeclared crate or module `solana_program`
[INFO] [stdout] 
[INFO] [stdout] 
[INFO] [stdout] error[E0433]: failed to resolve: use of undeclared crate or module `solana_sdk`
[INFO] [stdout]  --> programs/super-pay/src/solana.rs:5:5
[INFO] [stdout]   |
[INFO] [stdout] 5 | use solana_sdk::account::Account;
[INFO] [stdout]   |     ^^^^^^^^^^ use of undeclared crate or module `solana_sdk`
[INFO] [stdout] 
[INFO] [stdout] 
[INFO] [stdout] error[E0432]: unresolved import `rocket`
[INFO] [stdout]  --> programs/super-pay/src/routes.rs:8:5
[INFO] [stdout]   |
[INFO] [stdout] 8 | use rocket::{
[INFO] [stdout]   |     ^^^^^^ use of undeclared crate or module `rocket`
[INFO] [stdout] 
[INFO] [stdout] 
[INFO] [stdout] error[E0432]: unresolved import `serde`
[INFO] [stdout]  --> programs/super-pay/src/stream_u8.rs:1:5
[INFO] [stdout]   |
[INFO] [stdout] 1 | use serde::{Deserialize, Serialize};
[INFO] [stdout]   |     ^^^^^ use of undeclared crate or module `serde`
[INFO] [stdout] 
[INFO] [stdout] 
[INFO] [stdout] error[E0432]: unresolved import `rocket`
[INFO] [stdout]   --> programs/super-pay/src/main.rs:16:5
[INFO] [stdout]    |
[INFO] [stdout] 16 | use rocket::routes;
[INFO] [stdout]    |     ^^^^^^ use of undeclared crate or module `rocket`
[INFO] [stdout] 
[INFO] [stdout] 
[INFO] [stdout] error[E0433]: failed to resolve: use of undeclared crate or module `rocket`
[INFO] [stdout]   --> programs/super-pay/src/main.rs:18:3
[INFO] [stdout]    |
[INFO] [stdout] 18 | #[rocket::main]
[INFO] [stdout]    |   ^^^^^^ use of undeclared crate or module `rocket`
[INFO] [stdout] 
[INFO] [stdout] 
[INFO] [stdout] error: cannot determine resolution for the macro `routes`
[INFO] [stdout]   --> programs/super-pay/src/main.rs:25:13
[INFO] [stdout]    |
[INFO] [stdout] 25 |             routes![
[INFO] [stdout]    |             ^^^^^^
[INFO] [stdout]    |
[INFO] [stdout]    = note: import resolution is stuck, try simplifying macro imports
[INFO] [stdout] 
[INFO] [stdout] 
[INFO] [stdout] error: cannot determine resolution for the derive macro `Deserialize`
[INFO] [stdout]  --> programs/super-pay/src/stream_u8.rs:2:24
[INFO] [stdout]   |
[INFO] [stdout] 2 | #[derive(Debug, Clone, Deserialize, Serialize)]
[INFO] [stdout]   |                        ^^^^^^^^^^^
[INFO] [stdout]   |
[INFO] [stdout]   = note: import resolution is stuck, try simplifying macro imports
[INFO] [stdout] 
[INFO] [stdout] 
[INFO] [stdout] error: cannot determine resolution for the derive macro `Serialize`
[INFO] [stdout]  --> programs/super-pay/src/stream_u8.rs:2:37
[INFO] [stdout]   |
[INFO] [stdout] 2 | #[derive(Debug, Clone, Deserialize, Serialize)]
[INFO] [stdout]   |                                     ^^^^^^^^^
[INFO] [stdout]   |
[INFO] [stdout]   = note: import resolution is stuck, try simplifying macro imports
[INFO] [stdout] 
[INFO] [stdout] 
[INFO] [stdout] error: cannot determine resolution for the attribute macro `post`
[INFO] [stdout]   --> programs/super-pay/src/routes.rs:66:3
[INFO] [stdout]    |
[INFO] [stdout] 66 | #[post("/withdraw", data = "<withdraw>")]
[INFO] [stdout]    |   ^^^^
[INFO] [stdout]    |
[INFO] [stdout]    = note: import resolution is stuck, try simplifying macro imports
[INFO] [stdout] 
[INFO] [stdout] 
[INFO] [stdout] error: cannot determine resolution for the macro `json`
[INFO] [stdout]   --> programs/super-pay/src/routes.rs:70:10
[INFO] [stdout]    |
[INFO] [stdout] 70 |     Json(json!({"code": 200,"result":res}))
[INFO] [stdout]    |          ^^^^
[INFO] [stdout]    |
[INFO] [stdout]    = note: import resolution is stuck, try simplifying macro imports
[INFO] [stdout] 
[INFO] [stdout] 
[INFO] [stdout] error: cannot determine resolution for the attribute macro `post`
[INFO] [stdout]   --> programs/super-pay/src/routes.rs:59:3
[INFO] [stdout]    |
[INFO] [stdout] 59 | #[post("/reward", data = "<reward>")]
[INFO] [stdout]    |   ^^^^
[INFO] [stdout]    |
[INFO] [stdout]    = note: import resolution is stuck, try simplifying macro imports
[INFO] [stdout] 
[INFO] [stdout] 
[INFO] [stdout] error: cannot determine resolution for the macro `json`
[INFO] [stdout]   --> programs/super-pay/src/routes.rs:63:10
[INFO] [stdout]    |
[INFO] [stdout] 63 |     Json(json!({"code": 200,"result":res}))
[INFO] [stdout]    |          ^^^^
[INFO] [stdout]    |
[INFO] [stdout]    = note: import resolution is stuck, try simplifying macro imports
[INFO] [stdout] 
[INFO] [stdout] 
[INFO] [stdout] error: cannot determine resolution for the attribute macro `post`
[INFO] [stdout]   --> programs/super-pay/src/routes.rs:52:3
[INFO] [stdout]    |
[INFO] [stdout] 52 | #[post("/stream", data = "<stream>")]
[INFO] [stdout]    |   ^^^^
[INFO] [stdout]    |
[INFO] [stdout]    = note: import resolution is stuck, try simplifying macro imports
[INFO] [stdout] 
[INFO] [stdout] 
[INFO] [stdout] error: cannot determine resolution for the macro `json`
[INFO] [stdout]   --> programs/super-pay/src/routes.rs:56:10
[INFO] [stdout]    |
[INFO] [stdout] 56 |     Json(json!({"code": 200,"result":res}))
[INFO] [stdout]    |          ^^^^
[INFO] [stdout]    |
[INFO] [stdout]    = note: import resolution is stuck, try simplifying macro imports
[INFO] [stdout] 
[INFO] [stdout] 
[INFO] [stdout] error: cannot determine resolution for the attribute macro `get`
[INFO] [stdout]   --> programs/super-pay/src/routes.rs:18:3
[INFO] [stdout]    |
[INFO] [stdout] 18 | #[get("/getallstream/<public_key>")]
[INFO] [stdout]    |   ^^^
[INFO] [stdout]    |
[INFO] [stdout]    = note: import resolution is stuck, try simplifying macro imports
[INFO] [stdout] 
[INFO] [stdout] 
[INFO] [stdout] error: cannot determine resolution for the macro `json`
[INFO] [stdout]   --> programs/super-pay/src/routes.rs:49:10
[INFO] [stdout]    |
[INFO] [stdout] 49 |     Json(json!({"code": 200,"public_key":public_key,"receiving":receiving,"sending":sending,}))
[INFO] [stdout]    |          ^^^^
[INFO] [stdout]    |
[INFO] [stdout]    = note: import resolution is stuck, try simplifying macro imports
[INFO] [stdout] 
[INFO] [stdout] 
[INFO] [stdout] error: cannot determine resolution for the attribute macro `get`
[INFO] [stdout]   --> programs/super-pay/src/routes.rs:13:3
[INFO] [stdout]    |
[INFO] [stdout] 13 | #[get("/")]
[INFO] [stdout]    |   ^^^
[INFO] [stdout]    |
[INFO] [stdout]    = note: import resolution is stuck, try simplifying macro imports
[INFO] [stdout] 
[INFO] [stdout] 
[INFO] [stdout] error: cannot determine resolution for the derive macro `Deserialize`
[INFO] [stdout]  --> programs/super-pay/src/payment_stream.rs:7:10
[INFO] [stdout]   |
[INFO] [stdout] 7 | #[derive(Deserialize, BorshSerialize, BorshDeserialize, Debug, Clone)]
[INFO] [stdout]   |          ^^^^^^^^^^^
[INFO] [stdout]   |
[INFO] [stdout]   = note: import resolution is stuck, try simplifying macro imports
[INFO] [stdout] 
[INFO] [stdout] 
[INFO] [stdout] error: cannot determine resolution for the derive macro `BorshSerialize`
[INFO] [stdout]  --> programs/super-pay/src/payment_stream.rs:7:23
[INFO] [stdout]   |
[INFO] [stdout] 7 | #[derive(Deserialize, BorshSerialize, BorshDeserialize, Debug, Clone)]
[INFO] [stdout]   |                       ^^^^^^^^^^^^^^
[INFO] [stdout]   |
[INFO] [stdout]   = note: import resolution is stuck, try simplifying macro imports
[INFO] [stdout] 
[INFO] [stdout] 
[INFO] [stdout] error: cannot determine resolution for the derive macro `BorshDeserialize`
[INFO] [stdout]  --> programs/super-pay/src/payment_stream.rs:7:39
[INFO] [stdout]   |
[INFO] [stdout] 7 | #[derive(Deserialize, BorshSerialize, BorshDeserialize, Debug, Clone)]
[INFO] [stdout]   |                                       ^^^^^^^^^^^^^^^^
[INFO] [stdout]   |
[INFO] [stdout]   = note: import resolution is stuck, try simplifying macro imports
[INFO] [stdout] 
[INFO] [stdout] 
[INFO] [stdout] error[E0433]: failed to resolve: use of undeclared crate or module `serde`
[INFO] [stdout]   --> programs/super-pay/src/payment_stream.rs:52:12
[INFO] [stdout]    |
[INFO] [stdout] 52 |         S: serde::Serializer,
[INFO] [stdout]    |            ^^^^^ use of undeclared crate or module `serde`
[INFO] [stdout] 
[INFO] [stdout] 
[INFO] [stdout] error[E0433]: failed to resolve: use of undeclared crate or module `rocket_cors`
[INFO] [stdout]   --> programs/super-pay/src/main.rs:20:16
[INFO] [stdout]    |
[INFO] [stdout] 20 |     let cors = rocket_cors::CorsOptions::default().to_cors()?;
[INFO] [stdout]    |                ^^^^^^^^^^^ use of undeclared crate or module `rocket_cors`
[INFO] [stdout] 
[INFO] [stdout] 
[INFO] [stdout] warning: unused import: `std::str::FromStr`
[INFO] [stdout]  --> programs/super-pay/src/solana.rs:1:5
[INFO] [stdout]   |
[INFO] [stdout] 1 | use std::str::FromStr;
[INFO] [stdout]   |     ^^^^^^^^^^^^^^^^^
[INFO] [stdout]   |
[INFO] [stdout]   = note: `#[warn(unused_imports)]` on by default
[INFO] [stdout] 
[INFO] [stdout] 
[INFO] [stdout] warning: unused import: `crate::routes::reciver_reward_serialize`
[INFO] [stdout]  --> programs/super-pay/src/main.rs:6:5
[INFO] [stdout]   |
[INFO] [stdout] 6 | use crate::routes::reciver_reward_serialize;
[INFO] [stdout]   |     ^^^^^^^^^^^^^^^^^^^^^^^^^^^^^^^^^^^^^^^
[INFO] [stdout] 
[INFO] [stdout] 
[INFO] [stdout] warning: unused import: `crate::routes::serialize_stream`
[INFO] [stdout]  --> programs/super-pay/src/main.rs:7:5
[INFO] [stdout]   |
[INFO] [stdout] 7 | use crate::routes::serialize_stream;
[INFO] [stdout]   |     ^^^^^^^^^^^^^^^^^^^^^^^^^^^^^^^
[INFO] [stdout] 
[INFO] [stdout] 
[INFO] [stdout] warning: unused import: `crate::routes::withdraw_serialize`
[INFO] [stdout]  --> programs/super-pay/src/main.rs:8:5
[INFO] [stdout]   |
[INFO] [stdout] 8 | use crate::routes::withdraw_serialize;
[INFO] [stdout]   |     ^^^^^^^^^^^^^^^^^^^^^^^^^^^^^^^^^
[INFO] [stdout] 
[INFO] [stdout] 
[INFO] [stdout] warning: unused import: `routes::get_streams`
[INFO] [stdout]   --> programs/super-pay/src/main.rs:11:5
[INFO] [stdout]    |
[INFO] [stdout] 11 | use routes::get_streams;
[INFO] [stdout]    |     ^^^^^^^^^^^^^^^^^^^
[INFO] [stdout] 
[INFO] [stdout] 
[INFO] [stdout] warning: unused import: `routes::index`
[INFO] [stdout]   --> programs/super-pay/src/main.rs:12:5
[INFO] [stdout]    |
[INFO] [stdout] 12 | use routes::index;
[INFO] [stdout]    |     ^^^^^^^^^^^^^
[INFO] [stdout] 
[INFO] [stdout] 
[INFO] [stdout] error[E0433]: failed to resolve: use of undeclared crate or module `rocket`
[INFO] [stdout]   --> programs/super-pay/src/main.rs:22:5
[INFO] [stdout]    |
[INFO] [stdout] 22 |     rocket::build()
[INFO] [stdout]    |     ^^^^^^ use of undeclared crate or module `rocket`
[INFO] [stdout] 
[INFO] [stdout] 
[INFO] [stdout] error: aborting due to 38 previous errors; 6 warnings emitted
[INFO] [stdout] 
[INFO] [stdout] 
[INFO] [stdout] Some errors have detailed explanations: E0432, E0433, E0583.
[INFO] [stdout] 
[INFO] [stdout] For more information about an error, try `rustc --explain E0432`.
[INFO] [stdout] 
[INFO] [stderr] error: could not compile `super-pay` due to 39 previous errors; 6 warnings emitted
[INFO] running `Command { std: "docker" "inspect" "a5f74a53160912c17ce3f38aa972af7329ed0b3ba9b878217fde79a501661bb2", kill_on_drop: false }`
[INFO] running `Command { std: "docker" "rm" "-f" "a5f74a53160912c17ce3f38aa972af7329ed0b3ba9b878217fde79a501661bb2", kill_on_drop: false }`
[INFO] [stdout] a5f74a53160912c17ce3f38aa972af7329ed0b3ba9b878217fde79a501661bb2
