[INFO] cloning repository https://github.com/gobtronic/aoc2021
[INFO] running `Command { std: "git" "-c" "credential.helper=" "-c" "credential.helper=/workspace/cargo-home/bin/git-credential-null" "clone" "--bare" "https://github.com/gobtronic/aoc2021" "/workspace/cache/git-repos/https%3A%2F%2Fgithub.com%2Fgobtronic%2Faoc2021", kill_on_drop: false }`
[INFO] [stderr] Cloning into bare repository '/workspace/cache/git-repos/https%3A%2F%2Fgithub.com%2Fgobtronic%2Faoc2021'...
[INFO] running `Command { std: "git" "rev-parse" "HEAD", kill_on_drop: false }`
[INFO] [stdout] a0d7b86a21c523e517075a7d7b4c4ebb9df8cc28
[INFO] testing gobtronic/aoc2021 against 1.69.0 for beta-1.70-1
[INFO] running `Command { std: "git" "clone" "/workspace/cache/git-repos/https%3A%2F%2Fgithub.com%2Fgobtronic%2Faoc2021" "/workspace/builds/worker-0-tc1/source", kill_on_drop: false }`
[INFO] [stderr] Cloning into '/workspace/builds/worker-0-tc1/source'...
[INFO] [stderr] done.
[INFO] validating manifest of git repo https://github.com/gobtronic/aoc2021 on toolchain 1.69.0
[INFO] running `Command { std: CARGO_HOME="/workspace/cargo-home" RUSTUP_HOME="/workspace/rustup-home" "/workspace/cargo-home/bin/cargo" "+1.69.0" "metadata" "--manifest-path" "Cargo.toml" "--no-deps", kill_on_drop: false }`
[INFO] started tweaking git repo https://github.com/gobtronic/aoc2021
[INFO] finished tweaking git repo https://github.com/gobtronic/aoc2021
[INFO] tweaked toml for git repo https://github.com/gobtronic/aoc2021 written to /workspace/builds/worker-0-tc1/source/Cargo.toml
[INFO] crate git repo https://github.com/gobtronic/aoc2021 already has a lockfile, it will not be regenerated
[INFO] running `Command { std: CARGO_HOME="/workspace/cargo-home" RUSTUP_HOME="/workspace/rustup-home" "/workspace/cargo-home/bin/cargo" "+1.69.0" "fetch" "--manifest-path" "Cargo.toml", kill_on_drop: false }`
[INFO] running `Command { std: "docker" "create" "-v" "/var/lib/crater-agent-workspace/builds/worker-0-tc1/target:/opt/rustwide/target:rw,Z" "-v" "/var/lib/crater-agent-workspace/builds/worker-0-tc1/source:/opt/rustwide/workdir:ro,Z" "-v" "/var/lib/crater-agent-workspace/cargo-home:/opt/rustwide/cargo-home:ro,Z" "-v" "/var/lib/crater-agent-workspace/rustup-home:/opt/rustwide/rustup-home:ro,Z" "-e" "SOURCE_DIR=/opt/rustwide/workdir" "-e" "CARGO_TARGET_DIR=/opt/rustwide/target" "-e" "CARGO_HOME=/opt/rustwide/cargo-home" "-e" "RUSTUP_HOME=/opt/rustwide/rustup-home" "-w" "/opt/rustwide/workdir" "-m" "1610612736" "--user" "0:0" "--network" "none" "ghcr.io/rust-lang/crates-build-env/linux@sha256:97d61d7686bf65f8ecb15491ab51835e82dc9176a96a831f143a431b191fc501" "/opt/rustwide/cargo-home/bin/cargo" "+1.69.0" "metadata" "--no-deps" "--format-version=1", kill_on_drop: false }`
[INFO] [stdout] 676199b225392a0fb1a3974edc73baad3306304f7cdfa6929d038adba23811c5
[INFO] running `Command { std: "docker" "start" "-a" "676199b225392a0fb1a3974edc73baad3306304f7cdfa6929d038adba23811c5", kill_on_drop: false }`
[INFO] running `Command { std: "docker" "inspect" "676199b225392a0fb1a3974edc73baad3306304f7cdfa6929d038adba23811c5", kill_on_drop: false }`
[INFO] running `Command { std: "docker" "rm" "-f" "676199b225392a0fb1a3974edc73baad3306304f7cdfa6929d038adba23811c5", kill_on_drop: false }`
[INFO] [stdout] 676199b225392a0fb1a3974edc73baad3306304f7cdfa6929d038adba23811c5
[INFO] running `Command { std: "docker" "create" "-v" "/var/lib/crater-agent-workspace/builds/worker-0-tc1/target:/opt/rustwide/target:rw,Z" "-v" "/var/lib/crater-agent-workspace/builds/worker-0-tc1/source:/opt/rustwide/workdir:ro,Z" "-v" "/var/lib/crater-agent-workspace/cargo-home:/opt/rustwide/cargo-home:ro,Z" "-v" "/var/lib/crater-agent-workspace/rustup-home:/opt/rustwide/rustup-home:ro,Z" "-e" "SOURCE_DIR=/opt/rustwide/workdir" "-e" "CARGO_TARGET_DIR=/opt/rustwide/target" "-e" "CARGO_INCREMENTAL=0" "-e" "RUST_BACKTRACE=full" "-e" "RUSTFLAGS=--cap-lints=warn" "-e" "RUSTDOCFLAGS=--cap-lints=warn" "-e" "CARGO_HOME=/opt/rustwide/cargo-home" "-e" "RUSTUP_HOME=/opt/rustwide/rustup-home" "-w" "/opt/rustwide/workdir" "-m" "1610612736" "--user" "0:0" "--network" "none" "ghcr.io/rust-lang/crates-build-env/linux@sha256:97d61d7686bf65f8ecb15491ab51835e82dc9176a96a831f143a431b191fc501" "/opt/rustwide/cargo-home/bin/cargo" "+1.69.0" "build" "--frozen" "--message-format=json", kill_on_drop: false }`
[INFO] [stdout] 5b20d8aecc11b035ac4b5a7556401598bb9e6c2f59a6b4e75f82c0335f13d817
[INFO] running `Command { std: "docker" "start" "-a" "5b20d8aecc11b035ac4b5a7556401598bb9e6c2f59a6b4e75f82c0335f13d817", kill_on_drop: false }`
[INFO] [stderr]    Compiling anyhow v1.0.51
[INFO] [stderr]    Compiling aoc2021 v0.1.0 (/opt/rustwide/workdir)
[INFO] [stdout] error[E0601]: `main` function not found in crate `day15`
[INFO] [stdout]  --> src/day15/day15.rs:1:2
[INFO] [stdout]   |
[INFO] [stdout] 1 |
[INFO] [stdout]   |  ^ consider adding a `main` function to `src/day15/day15.rs`
[INFO] [stdout] 
[INFO] [stdout] 
[INFO] [stdout] error: aborting due to previous error
[INFO] [stdout] 
[INFO] [stdout] 
[INFO] [stdout] For more information about this error, try `rustc --explain E0601`.
[INFO] [stdout] 
[INFO] [stderr] error: could not compile `aoc2021` due to 2 previous errors
[INFO] [stderr] warning: build failed, waiting for other jobs to finish...
[INFO] [stdout] error[E0601]: `main` function not found in crate `day18`
[INFO] [stdout]  --> src/day18/day18.rs:1:2
[INFO] [stdout]   |
[INFO] [stdout] 1 |
[INFO] [stdout]   |  ^ consider adding a `main` function to `src/day18/day18.rs`
[INFO] [stdout] 
[INFO] [stdout] 
[INFO] [stdout] error: aborting due to previous error
[INFO] [stdout] 
[INFO] [stdout] 
[INFO] [stdout] For more information about this error, try `rustc --explain E0601`.
[INFO] [stdout] 
[INFO] [stderr] error: could not compile `aoc2021` due to 2 previous errors
[INFO] [stdout] error[E0601]: `main` function not found in crate `day11`
[INFO] [stdout]  --> src/day11/day11.rs:1:2
[INFO] [stdout]   |
[INFO] [stdout] 1 |
[INFO] [stdout]   |  ^ consider adding a `main` function to `src/day11/day11.rs`
[INFO] [stdout] 
[INFO] [stdout] 
[INFO] [stdout] error: aborting due to previous error
[INFO] [stdout] 
[INFO] [stdout] 
[INFO] [stdout] For more information about this error, try `rustc --explain E0601`.
[INFO] [stdout] 
[INFO] [stdout] error[E0601]: `main` function not found in crate `day24`
[INFO] [stdout]  --> src/day24/day24.rs:1:2
[INFO] [stdout]   |
[INFO] [stdout] 1 |
[INFO] [stdout]   |  ^ consider adding a `main` function to `src/day24/day24.rs`
[INFO] [stdout] 
[INFO] [stdout] 
[INFO] [stderr] error: could not compile `aoc2021` due to 2 previous errors
[INFO] [stdout] error: aborting due to previous error
[INFO] [stdout] 
[INFO] [stdout] 
[INFO] [stdout] For more information about this error, try `rustc --explain E0601`.
[INFO] [stdout] 
[INFO] [stderr] error: could not compile `aoc2021` due to 2 previous errors
[INFO] [stdout] error[E0601]: `main` function not found in crate `day9`
[INFO] [stdout]  --> src/day9/day9.rs:1:2
[INFO] [stdout]   |
[INFO] [stdout] 1 |
[INFO] [stdout]   |  ^ consider adding a `main` function to `src/day9/day9.rs`
[INFO] [stdout] 
[INFO] [stdout] 
[INFO] [stdout] error: aborting due to previous error
[INFO] [stdout] 
[INFO] [stdout] 
[INFO] [stderr] error: could not compile `aoc2021` due to 2 previous errors
[INFO] [stdout] For more information about this error, try `rustc --explain E0601`.
[INFO] [stdout] 
[INFO] [stdout] error[E0601]: `main` function not found in crate `day17`
[INFO] [stdout]  --> src/day17/day17.rs:1:2
[INFO] [stdout]   |
[INFO] [stdout] 1 |
[INFO] [stdout]   |  ^ consider adding a `main` function to `src/day17/day17.rs`
[INFO] [stdout] 
[INFO] [stdout] 
[INFO] [stdout] warning: unused variable: `values`
[INFO] [stdout]  --> src/day8/day8.rs:9:19
[INFO] [stdout]   |
[INFO] [stdout] 9 |         if let Ok(values) = super::tools::read_values::<String>("src/day7/values.txt") {}
[INFO] [stdout]   |                   ^^^^^^ help: if this is intentional, prefix it with an underscore: `_values`
[INFO] [stdout]   |
[INFO] [stdout]   = note: `#[warn(unused_variables)]` on by default
[INFO] [stdout] 
[INFO] [stdout] 
[INFO] [stdout] error: aborting due to previous error
[INFO] [stdout] 
[INFO] [stdout] 
[INFO] [stdout] For more information about this error, try `rustc --explain E0601`.
[INFO] [stdout] 
[INFO] [stdout] error[E0601]: `main` function not found in crate `day13`
[INFO] [stdout]  --> src/day13/day13.rs:1:2
[INFO] [stdout]   |
[INFO] [stdout] 1 |
[INFO] [stdout]   |  ^ consider adding a `main` function to `src/day13/day13.rs`
[INFO] [stdout] 
[INFO] [stdout] 
[INFO] [stdout] error[E0601]: `main` function not found in crate `day22`
[INFO] [stdout]  --> src/day22/day22.rs:1:2
[INFO] [stdout]   |
[INFO] [stdout] 1 |
[INFO] [stdout]   |  ^ consider adding a `main` function to `src/day22/day22.rs`
[INFO] [stdout] 
[INFO] [stdout] 
[INFO] [stderr] error: could not compile `aoc2021` due to 2 previous errors
[INFO] [stdout] error: aborting due to previous error
[INFO] [stdout] 
[INFO] [stdout] 
[INFO] [stderr] error: could not compile `aoc2021` due to 2 previous errors
[INFO] [stdout] For more information about this error, try `rustc --explain E0601`.
[INFO] [stdout] 
[INFO] [stdout] error: aborting due to previous error
[INFO] [stdout] 
[INFO] [stdout] 
[INFO] [stdout] For more information about this error, try `rustc --explain E0601`.
[INFO] [stdout] 
[INFO] [stderr] error: could not compile `aoc2021` due to 2 previous errors
[INFO] [stdout] error[E0601]: `main` function not found in crate `day10`
[INFO] [stdout]  --> src/day10/day10.rs:1:2
[INFO] [stdout]   |
[INFO] [stdout] 1 |
[INFO] [stdout]   |  ^ consider adding a `main` function to `src/day10/day10.rs`
[INFO] [stdout] 
[INFO] [stdout] 
[INFO] [stdout] error: aborting due to previous error
[INFO] [stdout] 
[INFO] [stdout] 
[INFO] [stdout] For more information about this error, try `rustc --explain E0601`.
[INFO] [stdout] 
[INFO] [stdout] error[E0601]: `main` function not found in crate `day12`
[INFO] [stdout]  --> src/day12/day12.rs:1:2
[INFO] [stdout]   |
[INFO] [stdout] 1 |
[INFO] [stdout]   |  ^ consider adding a `main` function to `src/day12/day12.rs`
[INFO] [stdout] 
[INFO] [stdout] 
[INFO] [stderr] error: could not compile `aoc2021` due to 2 previous errors
[INFO] [stdout] error: aborting due to previous error
[INFO] [stdout] 
[INFO] [stdout] 
[INFO] [stdout] For more information about this error, try `rustc --explain E0601`.
[INFO] [stdout] 
[INFO] [stderr] error: could not compile `aoc2021` due to 2 previous errors
[INFO] [stdout] error[E0601]: `main` function not found in crate `day25`
[INFO] [stdout]  --> src/day25/day25.rs:1:2
[INFO] [stdout]   |
[INFO] [stdout] 1 |
[INFO] [stdout]   |  ^ consider adding a `main` function to `src/day25/day25.rs`
[INFO] [stdout] 
[INFO] [stdout] 
[INFO] [stdout] error: aborting due to previous error
[INFO] [stdout] 
[INFO] [stdout] 
[INFO] [stdout] For more information about this error, try `rustc --explain E0601`.
[INFO] [stdout] 
[INFO] [stderr] error: could not compile `aoc2021` due to 2 previous errors
[INFO] [stdout] warning: 1 warning emitted
[INFO] [stdout] 
[INFO] [stdout] 
[INFO] running `Command { std: "docker" "inspect" "5b20d8aecc11b035ac4b5a7556401598bb9e6c2f59a6b4e75f82c0335f13d817", kill_on_drop: false }`
[INFO] running `Command { std: "docker" "rm" "-f" "5b20d8aecc11b035ac4b5a7556401598bb9e6c2f59a6b4e75f82c0335f13d817", kill_on_drop: false }`
[INFO] [stdout] 5b20d8aecc11b035ac4b5a7556401598bb9e6c2f59a6b4e75f82c0335f13d817
