[INFO] cloning repository https://github.com/gobanos/gfx-hal-examples
[INFO] running `Command { std: "git" "-c" "credential.helper=" "-c" "credential.helper=/workspace/cargo-home/bin/git-credential-null" "clone" "--bare" "https://github.com/gobanos/gfx-hal-examples" "/workspace/cache/git-repos/https%3A%2F%2Fgithub.com%2Fgobanos%2Fgfx-hal-examples", kill_on_drop: false }`
[INFO] [stderr] Cloning into bare repository '/workspace/cache/git-repos/https%3A%2F%2Fgithub.com%2Fgobanos%2Fgfx-hal-examples'...
[INFO] running `Command { std: "git" "rev-parse" "HEAD", kill_on_drop: false }`
[INFO] [stdout] 2dab81023641a19b90251c1fe99752acc88e6ebc
[INFO] testing gobanos/gfx-hal-examples against beta-2023-04-20 for beta-1.70-1
[INFO] running `Command { std: "git" "clone" "/workspace/cache/git-repos/https%3A%2F%2Fgithub.com%2Fgobanos%2Fgfx-hal-examples" "/workspace/builds/worker-7-tc2/source", kill_on_drop: false }`
[INFO] [stderr] Cloning into '/workspace/builds/worker-7-tc2/source'...
[INFO] [stderr] done.
[INFO] validating manifest of git repo https://github.com/gobanos/gfx-hal-examples on toolchain beta-2023-04-20
[INFO] running `Command { std: CARGO_HOME="/workspace/cargo-home" RUSTUP_HOME="/workspace/rustup-home" "/workspace/cargo-home/bin/cargo" "+beta-2023-04-20" "metadata" "--manifest-path" "Cargo.toml" "--no-deps", kill_on_drop: false }`
[INFO] started tweaking git repo https://github.com/gobanos/gfx-hal-examples
[INFO] finished tweaking git repo https://github.com/gobanos/gfx-hal-examples
[INFO] tweaked toml for git repo https://github.com/gobanos/gfx-hal-examples written to /workspace/builds/worker-7-tc2/source/Cargo.toml
[INFO] crate git repo https://github.com/gobanos/gfx-hal-examples already has a lockfile, it will not be regenerated
[INFO] running `Command { std: CARGO_HOME="/workspace/cargo-home" RUSTUP_HOME="/workspace/rustup-home" "/workspace/cargo-home/bin/cargo" "+beta-2023-04-20" "fetch" "--manifest-path" "Cargo.toml", kill_on_drop: false }`
[INFO] [stderr]  Downloading crates ...
[INFO] [stderr]   Downloaded rusttype v0.7.3
[INFO] [stderr]   Downloaded gfx-backend-empty v0.1.0
[INFO] [stderr]   Downloaded autocfg v0.1.1
[INFO] [stderr]   Downloaded gfx-backend-gl v0.1.0
[INFO] [stderr]   Downloaded redox_syscall v0.1.50
[INFO] [stderr]   Downloaded inflate v0.4.4
[INFO] [stderr]   Downloaded smallvec v0.6.7
[INFO] [stderr]   Downloaded wayland-client v0.21.7
[INFO] [stderr]   Downloaded stb_truetype v0.2.5
[INFO] [stderr]   Downloaded gfx-backend-dx12 v0.1.0
[INFO] [stderr]   Downloaded gfx-backend-metal v0.1.0
[INFO] [stderr]   Downloaded nalgebra v0.16.13
[INFO] [stderr]   Downloaded syn v0.15.23
[INFO] [stderr]   Downloaded wayland-protocols v0.21.7
[INFO] [stderr]   Downloaded gleam v0.6.8
[INFO] [stderr]   Downloaded andrew v0.1.4
[INFO] [stderr]   Downloaded wayland-scanner v0.21.7
[INFO] [stderr]   Downloaded wayland-sys v0.21.7
[INFO] [stderr]   Downloaded wayland-commons v0.21.7
[INFO] running `Command { std: "docker" "create" "-v" "/var/lib/crater-agent-workspace/builds/worker-7-tc2/target:/opt/rustwide/target:rw,Z" "-v" "/var/lib/crater-agent-workspace/builds/worker-7-tc2/source:/opt/rustwide/workdir:ro,Z" "-v" "/var/lib/crater-agent-workspace/cargo-home:/opt/rustwide/cargo-home:ro,Z" "-v" "/var/lib/crater-agent-workspace/rustup-home:/opt/rustwide/rustup-home:ro,Z" "-e" "SOURCE_DIR=/opt/rustwide/workdir" "-e" "CARGO_TARGET_DIR=/opt/rustwide/target" "-e" "CARGO_HOME=/opt/rustwide/cargo-home" "-e" "RUSTUP_HOME=/opt/rustwide/rustup-home" "-w" "/opt/rustwide/workdir" "-m" "1610612736" "--user" "0:0" "--network" "none" "ghcr.io/rust-lang/crates-build-env/linux@sha256:5ff2268d62e97bff2cde7d5815dd6ed5b47097566f13b8d0ca110b04b60e07ed" "/opt/rustwide/cargo-home/bin/cargo" "+beta-2023-04-20" "metadata" "--no-deps" "--format-version=1", kill_on_drop: false }`
[INFO] [stdout] 3abd37de4018470a8df3be864ca0a3be5344081e2b9a7975fc9eeee6b75c722e
[INFO] running `Command { std: "docker" "start" "-a" "3abd37de4018470a8df3be864ca0a3be5344081e2b9a7975fc9eeee6b75c722e", kill_on_drop: false }`
[INFO] running `Command { std: "docker" "inspect" "3abd37de4018470a8df3be864ca0a3be5344081e2b9a7975fc9eeee6b75c722e", kill_on_drop: false }`
[INFO] running `Command { std: "docker" "rm" "-f" "3abd37de4018470a8df3be864ca0a3be5344081e2b9a7975fc9eeee6b75c722e", kill_on_drop: false }`
[INFO] [stdout] 3abd37de4018470a8df3be864ca0a3be5344081e2b9a7975fc9eeee6b75c722e
[INFO] running `Command { std: "docker" "create" "-v" "/var/lib/crater-agent-workspace/builds/worker-7-tc2/target:/opt/rustwide/target:rw,Z" "-v" "/var/lib/crater-agent-workspace/builds/worker-7-tc2/source:/opt/rustwide/workdir:ro,Z" "-v" "/var/lib/crater-agent-workspace/cargo-home:/opt/rustwide/cargo-home:ro,Z" "-v" "/var/lib/crater-agent-workspace/rustup-home:/opt/rustwide/rustup-home:ro,Z" "-e" "SOURCE_DIR=/opt/rustwide/workdir" "-e" "CARGO_TARGET_DIR=/opt/rustwide/target" "-e" "CARGO_INCREMENTAL=0" "-e" "RUST_BACKTRACE=full" "-e" "RUSTFLAGS=--cap-lints=warn" "-e" "RUSTDOCFLAGS=--cap-lints=warn" "-e" "CARGO_HOME=/opt/rustwide/cargo-home" "-e" "RUSTUP_HOME=/opt/rustwide/rustup-home" "-w" "/opt/rustwide/workdir" "-m" "1610612736" "--user" "0:0" "--network" "none" "ghcr.io/rust-lang/crates-build-env/linux@sha256:5ff2268d62e97bff2cde7d5815dd6ed5b47097566f13b8d0ca110b04b60e07ed" "/opt/rustwide/cargo-home/bin/cargo" "+beta-2023-04-20" "build" "--frozen" "--message-format=json", kill_on_drop: false }`
[INFO] [stdout] 52543e74df015ed81cdb405fcd9c3d0a2090baeef228634197eca427b8991754
[INFO] running `Command { std: "docker" "start" "-a" "52543e74df015ed81cdb405fcd9c3d0a2090baeef228634197eca427b8991754", kill_on_drop: false }`
[INFO] [stderr]    Compiling libc v0.2.45
[INFO] [stderr]    Compiling cfg-if v0.1.6
[INFO] [stderr]    Compiling cc v1.0.28
[INFO] [stderr]    Compiling semver-parser v0.7.0
[INFO] [stderr]    Compiling num-traits v0.2.6
[INFO] [stderr]    Compiling lazy_static v1.2.0
[INFO] [stderr]    Compiling rand_core v0.3.0
[INFO] [stderr]    Compiling bitflags v1.0.4
[INFO] [stderr]    Compiling byteorder v1.2.7
[INFO] [stderr]    Compiling proc-macro2 v0.4.24
[INFO] [stderr]    Compiling arrayvec v0.4.10
[INFO] [stderr]    Compiling semver v0.9.0
[INFO] [stderr]    Compiling void v1.0.2
[INFO] [stderr]    Compiling nodrop v0.1.13
[INFO] [stderr]    Compiling unicode-xid v0.1.0
[INFO] [stderr]    Compiling xml-rs v0.8.0
[INFO] [stderr]    Compiling rustc_version v0.2.3
[INFO] [stderr]    Compiling typenum v1.10.0
[INFO] [stderr]    Compiling rand_pcg v0.1.1
[INFO] [stderr]    Compiling rand_chacha v0.1.0
[INFO] [stderr]    Compiling scopeguard v0.3.3
[INFO] [stderr]    Compiling wayland-scanner v0.21.7
[INFO] [stderr]    Compiling quote v0.6.10
[INFO] [stderr]    Compiling libloading v0.5.0
[INFO] [stderr]    Compiling syn v0.15.23
[INFO] [stderr]    Compiling rand v0.6.1
[INFO] [stderr]    Compiling backtrace-sys v0.1.28
[INFO] [stderr]    Compiling rand_hc v0.1.0
[INFO] [stderr]    Compiling rand_xorshift v0.1.0
[INFO] [stderr]    Compiling rand_isaac v0.1.1
[INFO] [stderr]    Compiling autocfg v0.1.1
[INFO] [stderr]    Compiling nix v0.11.0
[INFO] [stderr]    Compiling pkg-config v0.3.14
[INFO] [stderr]    Compiling dlib v0.4.1
[INFO] [stderr]    Compiling approx v0.3.1
[INFO] [stderr]    Compiling failure_derive v0.1.5
[INFO] [stderr]    Compiling wayland-sys v0.21.7
[INFO] [stderr]    Compiling backtrace v0.3.13
[INFO] [stderr]    Compiling wayland-client v0.21.7
[INFO] [stderr]    Compiling crossbeam-utils v0.2.2
[INFO] [stderr]    Compiling rustc-demangle v0.1.13
[INFO] [stderr]    Compiling version_check v0.1.5
[INFO] [stderr]    Compiling num-integer v0.1.39
[INFO] [stderr]    Compiling rayon-core v1.4.1
[INFO] [stderr]    Compiling memoffset v0.2.1
[INFO] [stderr]    Compiling crossbeam-epoch v0.3.1
[INFO] [stderr]    Compiling memchr v2.1.2
[INFO] [stderr]    Compiling generic-array v0.9.0
[INFO] [stderr]    Compiling synstructure v0.10.1
[INFO] [stderr]    Compiling wayland-protocols v0.21.7
[INFO] [stderr]    Compiling ordered-float v1.0.1
[INFO] [stderr]    Compiling parking_lot_core v0.4.0
[INFO] [stderr]    Compiling unreachable v1.0.0
[INFO] [stderr]    Compiling stb_truetype v0.2.5
[INFO] [stderr]    Compiling byte-tools v0.2.0
[INFO] [stderr]    Compiling same-file v1.0.4
[INFO] [stderr]    Compiling stable_deref_trait v1.1.1
[INFO] [stderr]    Compiling nix v0.12.0
[INFO] [stderr]    Compiling arrayref v0.3.5
[INFO] [stderr]    Compiling downcast-rs v1.0.3
[INFO] [stderr]    Compiling block-buffer v0.3.3
[INFO] [stderr]    Compiling rusttype v0.7.3
[INFO] [stderr]    Compiling owning_ref v0.4.0
[INFO] [stderr]    Compiling walkdir v2.2.7
[INFO] [stderr]    Compiling smallvec v0.6.7
[INFO] [stderr]    Compiling digest v0.7.6
[INFO] [stderr]    Compiling crossbeam-deque v0.2.0
[INFO] [stderr]    Compiling x11-dl v2.18.3
[INFO] [stderr]    Compiling line_drawing v0.7.0
[INFO] [stderr]    Compiling num_cpus v1.9.0
[INFO] [stderr]    Compiling fxhash v0.2.1
[INFO] [stderr]    Compiling log v0.4.6
[INFO] [stderr]    Compiling rayon v1.0.3
[INFO] [stderr]    Compiling wayland-commons v0.21.7
[INFO] [stderr]    Compiling fake-simd v0.1.2
[INFO] [stderr]    Compiling num-iter v0.1.37
[INFO] [stderr]    Compiling adler32 v1.0.3
[INFO] [stderr]    Compiling xdg v2.2.0
[INFO] [stderr]    Compiling sha2 v0.7.1
[INFO] [stderr]    Compiling andrew v0.1.4
[INFO] [stderr]    Compiling failure v0.1.5
[INFO] [stderr]    Compiling gfx-hal v0.1.0
[INFO] [stderr]    Compiling lock_api v0.1.5
[INFO] [stderr]    Compiling x11 v2.18.1
[INFO] [stderr]    Compiling xcb v0.8.2
[INFO] [stderr]    Compiling memmap v0.7.0
[INFO] [stderr]    Compiling cmake v0.1.35
[INFO] [stderr]    Compiling ucd-util v0.1.3
[INFO] [stderr]    Compiling num-derive v0.2.3
[INFO] [stderr]    Compiling regex v1.1.0
[INFO] [stderr]    Compiling either v1.5.0
[INFO] [stderr]    Compiling num-complex v0.2.1
[INFO] [stderr]    Compiling glsl-to-spirv v0.1.7
[INFO] [stderr]    Compiling regex-syntax v0.6.4
[INFO] [stderr]    Compiling parking_lot v0.7.1
[INFO] [stderr] error: failed to run custom build command for `xcb v0.8.2`
[INFO] [stderr] note: To improve backtraces for build dependencies, set the CARGO_PROFILE_DEV_BUILD_OVERRIDE_DEBUG=true environment variable to enable debug information generation.
[INFO] [stderr] 
[INFO] [stderr] Caused by:
[INFO] [stderr]   process didn't exit successfully: `/opt/rustwide/target/debug/build/xcb-a6bf43f7111fcb04/build-script-build` (exit status: 101)
[INFO] [stderr]   --- stderr
[INFO] [stderr]   error occured in handler:  ('request: ', ('xcb', 'Xv', 'ShmPutImage'))
[INFO] [stderr]   Traceback (most recent call last):
[INFO] [stderr]     File "/opt/rustwide/cargo-home/registry/src/index.crates.io-6f17d22bba15001f/xcb-0.8.2/rs_client.py", line 2448, in <module>
[INFO] [stderr]       module.generate()
[INFO] [stderr]     File "/opt/rustwide/cargo-home/registry/src/index.crates.io-6f17d22bba15001f/xcb-0.8.2/xcbgen/state.py", line 108, in generate
[INFO] [stderr]       self.close()
[INFO] [stderr]     File "/opt/rustwide/cargo-home/registry/src/index.crates.io-6f17d22bba15001f/xcb-0.8.2/rs_client.py", line 296, in rs_close
[INFO] [stderr]       _f.writeout(os.path.join(module.rs_srcdir, "ffi", "%s.rs" % _module_name(_ns.ext_name)))
[INFO] [stderr]     File "/opt/rustwide/cargo-home/registry/src/index.crates.io-6f17d22bba15001f/xcb-0.8.2/rs_client.py", line 114, in writeout
[INFO] [stderr]       with open(path, 'w') as f:
[INFO] [stderr]   OSError: [Errno 30] Read-only file system: '/opt/rustwide/cargo-home/registry/src/index.crates.io-6f17d22bba15001f/xcb-0.8.2/src/ffi/xv.rs'
[INFO] [stderr]   thread 'main' panicked at 'processing of /opt/rustwide/cargo-home/registry/src/index.crates.io-6f17d22bba15001f/xcb-0.8.2/xml/xv.xml returned non-zero (1)', /opt/rustwide/cargo-home/registry/src/index.crates.io-6f17d22bba15001f/xcb-0.8.2/build.rs:75:17
[INFO] [stderr]   stack backtrace:
[INFO] [stderr]      0:     0x55fa14e359fa - std::backtrace_rs::backtrace::libunwind::trace::h2f05d0192276a8f6
[INFO] [stderr]                                  at /rustc/1b7dd2252b99671ce5d1cb9664c5f8636329436d/library/std/src/../../backtrace/src/backtrace/libunwind.rs:93:5
[INFO] [stderr]      1:     0x55fa14e359fa - std::backtrace_rs::backtrace::trace_unsynchronized::hedc23dff7a1af150
[INFO] [stderr]                                  at /rustc/1b7dd2252b99671ce5d1cb9664c5f8636329436d/library/std/src/../../backtrace/src/backtrace/mod.rs:66:5
[INFO] [stderr]      2:     0x55fa14e359fa - std::sys_common::backtrace::_print_fmt::h17541ef7592f3ce2
[INFO] [stderr]                                  at /rustc/1b7dd2252b99671ce5d1cb9664c5f8636329436d/library/std/src/sys_common/backtrace.rs:65:5
[INFO] [stderr]      3:     0x55fa14e359fa - <std::sys_common::backtrace::_print::DisplayBacktrace as core::fmt::Display>::fmt::h20f75df5ab0c0792
[INFO] [stderr]                                  at /rustc/1b7dd2252b99671ce5d1cb9664c5f8636329436d/library/std/src/sys_common/backtrace.rs:44:22
[INFO] [stderr]      4:     0x55fa14e5335f - core::fmt::write::h78109e6f466b3af6
[INFO] [stderr]                                  at /rustc/1b7dd2252b99671ce5d1cb9664c5f8636329436d/library/core/src/fmt/mod.rs:1254:17
[INFO] [stderr]      5:     0x55fa14e330a5 - std::io::Write::write_fmt::hc59e1b02dd273c8a
[INFO] [stderr]                                  at /rustc/1b7dd2252b99671ce5d1cb9664c5f8636329436d/library/std/src/io/mod.rs:1698:15
[INFO] [stderr]      6:     0x55fa14e357c5 - std::sys_common::backtrace::_print::h8dac57a9f8fbf9a5
[INFO] [stderr]                                  at /rustc/1b7dd2252b99671ce5d1cb9664c5f8636329436d/library/std/src/sys_common/backtrace.rs:47:5
[INFO] [stderr]      7:     0x55fa14e357c5 - std::sys_common::backtrace::print::hf9ecbf41d1aa712f
[INFO] [stderr]                                  at /rustc/1b7dd2252b99671ce5d1cb9664c5f8636329436d/library/std/src/sys_common/backtrace.rs:34:9
[INFO] [stderr]      8:     0x55fa14e36eee - std::panicking::default_hook::{{closure}}::h04c07acfc84ca028
[INFO] [stderr]                                  at /rustc/1b7dd2252b99671ce5d1cb9664c5f8636329436d/library/std/src/panicking.rs:269:22
[INFO] [stderr]      9:     0x55fa14e36c95 - std::panicking::default_hook::h01f6bb23e1eceb2c
[INFO] [stderr]                                  at /rustc/1b7dd2252b99671ce5d1cb9664c5f8636329436d/library/std/src/panicking.rs:288:9
[INFO] [stderr]     10:     0x55fa14e3744e - std::panicking::rust_panic_with_hook::h2bb3722bbaf2f6df
[INFO] [stderr]                                  at /rustc/1b7dd2252b99671ce5d1cb9664c5f8636329436d/library/std/src/panicking.rs:691:13
[INFO] [stderr]     11:     0x55fa14e37349 - std::panicking::begin_panic_handler::{{closure}}::h91bc7f36a4be011b
[INFO] [stderr]                                  at /rustc/1b7dd2252b99671ce5d1cb9664c5f8636329436d/library/std/src/panicking.rs:582:13
[INFO] [stderr]     12:     0x55fa14e35e66 - std::sys_common::backtrace::__rust_end_short_backtrace::h8b3d3717114f9e59
[INFO] [stderr]                                  at /rustc/1b7dd2252b99671ce5d1cb9664c5f8636329436d/library/std/src/sys_common/backtrace.rs:150:18
[INFO] [stderr]     13:     0x55fa14e370a2 - rust_begin_unwind
[INFO] [stderr]                                  at /rustc/1b7dd2252b99671ce5d1cb9664c5f8636329436d/library/std/src/panicking.rs:578:5
[INFO] [stderr]     14:     0x55fa14e12403 - core::panicking::panic_fmt::hfd368e3fbdabea26
[INFO] [stderr]                                  at /rustc/1b7dd2252b99671ce5d1cb9664c5f8636329436d/library/core/src/panicking.rs:67:14
[INFO] [stderr]     15:     0x55fa14e16c7a - build_script_build::main::{{closure}}::hd119422e62d033d3
[INFO] [stderr]     16:     0x55fa14e15c0a - build_script_build::visit_xml::h43d4c268bd57c4d9
[INFO] [stderr]     17:     0x55fa14e1625b - build_script_build::main::h6609334bacc6f534
[INFO] [stderr]     18:     0x55fa14e16d13 - core::ops::function::FnOnce::call_once::h246e56685fbeb060
[INFO] [stderr]     19:     0x55fa14e14556 - std::sys_common::backtrace::__rust_begin_short_backtrace::h571104c1dc3565ba
[INFO] [stderr]     20:     0x55fa14e149a9 - std::rt::lang_start::{{closure}}::hae2d668d5bbc0128
[INFO] [stderr]     21:     0x55fa14e3060e - core::ops::function::impls::<impl core::ops::function::FnOnce<A> for &F>::call_once::h2eb19b8ce4148df4
[INFO] [stderr]                                  at /rustc/1b7dd2252b99671ce5d1cb9664c5f8636329436d/library/core/src/ops/function.rs:287:13
[INFO] [stderr]     22:     0x55fa14e3060e - std::panicking::try::do_call::h2e900feff5d504c5
[INFO] [stderr]                                  at /rustc/1b7dd2252b99671ce5d1cb9664c5f8636329436d/library/std/src/panicking.rs:485:40
[INFO] [stderr]     23:     0x55fa14e3060e - std::panicking::try::h8854836cb85aa9f2
[INFO] [stderr]                                  at /rustc/1b7dd2252b99671ce5d1cb9664c5f8636329436d/library/std/src/panicking.rs:449:19
[INFO] [stderr]     24:     0x55fa14e3060e - std::panic::catch_unwind::h706025dd4c48f64b
[INFO] [stderr]                                  at /rustc/1b7dd2252b99671ce5d1cb9664c5f8636329436d/library/std/src/panic.rs:140:14
[INFO] [stderr]     25:     0x55fa14e3060e - std::rt::lang_start_internal::{{closure}}::h7be5b97f4a07a91a
[INFO] [stderr]                                  at /rustc/1b7dd2252b99671ce5d1cb9664c5f8636329436d/library/std/src/rt.rs:148:48
[INFO] [stderr]     26:     0x55fa14e3060e - std::panicking::try::do_call::h59847e9d0a176965
[INFO] [stderr]                                  at /rustc/1b7dd2252b99671ce5d1cb9664c5f8636329436d/library/std/src/panicking.rs:485:40
[INFO] [stderr]     27:     0x55fa14e3060e - std::panicking::try::h399a918ba8522823
[INFO] [stderr]                                  at /rustc/1b7dd2252b99671ce5d1cb9664c5f8636329436d/library/std/src/panicking.rs:449:19
[INFO] [stderr]     28:     0x55fa14e3060e - std::panic::catch_unwind::hca7ca6c55b2a2e26
[INFO] [stderr]                                  at /rustc/1b7dd2252b99671ce5d1cb9664c5f8636329436d/library/std/src/panic.rs:140:14
[INFO] [stderr]     29:     0x55fa14e3060e - std::rt::lang_start_internal::h2c807a81560459eb
[INFO] [stderr]                                  at /rustc/1b7dd2252b99671ce5d1cb9664c5f8636329436d/library/std/src/rt.rs:148:20
[INFO] [stderr]     30:     0x55fa14e14987 - std::rt::lang_start::h23bb3805fe6a493a
[INFO] [stderr]     31:     0x55fa14e16cb5 - main
[INFO] [stderr]     32:     0x7f6072df4d90 - <unknown>
[INFO] [stderr]     33:     0x7f6072df4e40 - __libc_start_main
[INFO] [stderr]     34:     0x55fa14e12935 - _start
[INFO] [stderr]     35:                0x0 - <unknown>
[INFO] [stderr] warning: build failed, waiting for other jobs to finish...
[INFO] [stdout] error[E0713]: borrow may still be in use when destructor runs
[INFO] [stdout]    --> /opt/rustwide/cargo-home/registry/src/index.crates.io-6f17d22bba15001f/gfx-hal-0.1.0/src/command/render_pass.rs:232:36
[INFO] [stdout]     |
[INFO] [stdout] 189 | impl<'a, B: Backend> RenderPassInlineEncoder<'a, B> {
[INFO] [stdout]     |      -- lifetime `'a` defined here
[INFO] [stdout] ...
[INFO] [stdout] 232 |         RenderPassSecondaryEncoder(self.0.cmb)
[INFO] [stdout]     |         ---------------------------^^^^^^^^^^- returning this value requires that `*self.0.cmb` is borrowed for `'a`
[INFO] [stdout] 233 |     }
[INFO] [stdout]     |     - here, drop of `self` needs exclusive access to `*self.0.cmb`, because the type `render_pass::RenderPassInlineEncoder<'_, B>` implements the `Drop` trait
[INFO] [stdout] 
[INFO] [stdout] 
[INFO] [stdout] error[E0713]: borrow may still be in use when destructor runs
[INFO] [stdout]    --> /opt/rustwide/cargo-home/registry/src/index.crates.io-6f17d22bba15001f/gfx-hal-0.1.0/src/command/render_pass.rs:308:62
[INFO] [stdout]     |
[INFO] [stdout] 262 | impl<'a, B: Backend> RenderPassSecondaryEncoder<'a, B> {
[INFO] [stdout]     |      -- lifetime `'a` defined here
[INFO] [stdout] ...
[INFO] [stdout] 308 |             RenderPassInlineEncoder(RenderSubpassCommon::new(self.0))
[INFO] [stdout]     |             -------------------------------------------------^^^^^^-- returning this value requires that `*self.0` is borrowed for `'a`
[INFO] [stdout] 309 |         }
[INFO] [stdout] 310 |     }
[INFO] [stdout]     |     - here, drop of `self` needs exclusive access to `*self.0`, because the type `render_pass::RenderPassSecondaryEncoder<'_, B>` implements the `Drop` trait
[INFO] [stdout] 
[INFO] [stdout] 
[INFO] [stdout] error: aborting due to 2 previous errors
[INFO] [stdout] 
[INFO] [stdout] 
[INFO] [stdout] For more information about this error, try `rustc --explain E0713`.
[INFO] [stdout] 
[INFO] [stderr] error: could not compile `gfx-hal` (lib) due to 3 previous errors
[INFO] running `Command { std: "docker" "inspect" "52543e74df015ed81cdb405fcd9c3d0a2090baeef228634197eca427b8991754", kill_on_drop: false }`
[INFO] running `Command { std: "docker" "rm" "-f" "52543e74df015ed81cdb405fcd9c3d0a2090baeef228634197eca427b8991754", kill_on_drop: false }`
[INFO] [stdout] 52543e74df015ed81cdb405fcd9c3d0a2090baeef228634197eca427b8991754
