[INFO] cloning repository https://github.com/globin/db-lab-rust
[INFO] running `Command { std: "git" "-c" "credential.helper=" "-c" "credential.helper=/workspace/cargo-home/bin/git-credential-null" "clone" "--bare" "https://github.com/globin/db-lab-rust" "/workspace/cache/git-repos/https%3A%2F%2Fgithub.com%2Fglobin%2Fdb-lab-rust", kill_on_drop: false }`
[INFO] [stderr] Cloning into bare repository '/workspace/cache/git-repos/https%3A%2F%2Fgithub.com%2Fglobin%2Fdb-lab-rust'...
[INFO] running `Command { std: "git" "rev-parse" "HEAD", kill_on_drop: false }`
[INFO] [stdout] 7ff8c76390aa98c9e12737389b03d0fb7907c6fa
[INFO] testing globin/db-lab-rust against 1.69.0 for beta-1.70-1
[INFO] running `Command { std: "git" "clone" "/workspace/cache/git-repos/https%3A%2F%2Fgithub.com%2Fglobin%2Fdb-lab-rust" "/workspace/builds/worker-6-tc1/source", kill_on_drop: false }`
[INFO] [stderr] Cloning into '/workspace/builds/worker-6-tc1/source'...
[INFO] [stderr] done.
[INFO] validating manifest of git repo https://github.com/globin/db-lab-rust on toolchain 1.69.0
[INFO] running `Command { std: CARGO_HOME="/workspace/cargo-home" RUSTUP_HOME="/workspace/rustup-home" "/workspace/cargo-home/bin/cargo" "+1.69.0" "metadata" "--manifest-path" "Cargo.toml" "--no-deps", kill_on_drop: false }`
[INFO] started tweaking git repo https://github.com/globin/db-lab-rust
[INFO] finished tweaking git repo https://github.com/globin/db-lab-rust
[INFO] tweaked toml for git repo https://github.com/globin/db-lab-rust written to /workspace/builds/worker-6-tc1/source/Cargo.toml
[INFO] crate git repo https://github.com/globin/db-lab-rust already has a lockfile, it will not be regenerated
[INFO] running `Command { std: CARGO_HOME="/workspace/cargo-home" RUSTUP_HOME="/workspace/rustup-home" "/workspace/cargo-home/bin/cargo" "+1.69.0" "fetch" "--manifest-path" "Cargo.toml", kill_on_drop: false }`
[INFO] running `Command { std: "docker" "create" "-v" "/var/lib/crater-agent-workspace/builds/worker-6-tc1/target:/opt/rustwide/target:rw,Z" "-v" "/var/lib/crater-agent-workspace/builds/worker-6-tc1/source:/opt/rustwide/workdir:ro,Z" "-v" "/var/lib/crater-agent-workspace/cargo-home:/opt/rustwide/cargo-home:ro,Z" "-v" "/var/lib/crater-agent-workspace/rustup-home:/opt/rustwide/rustup-home:ro,Z" "-e" "SOURCE_DIR=/opt/rustwide/workdir" "-e" "CARGO_TARGET_DIR=/opt/rustwide/target" "-e" "CARGO_HOME=/opt/rustwide/cargo-home" "-e" "RUSTUP_HOME=/opt/rustwide/rustup-home" "-w" "/opt/rustwide/workdir" "-m" "1610612736" "--user" "0:0" "--network" "none" "ghcr.io/rust-lang/crates-build-env/linux@sha256:5ff2268d62e97bff2cde7d5815dd6ed5b47097566f13b8d0ca110b04b60e07ed" "/opt/rustwide/cargo-home/bin/cargo" "+1.69.0" "metadata" "--no-deps" "--format-version=1", kill_on_drop: false }`
[INFO] [stdout] ce4f84c60ca4a45dc7ab4ef385eae38118d5968378a682f05d2614989c10a050
[INFO] running `Command { std: "docker" "start" "-a" "ce4f84c60ca4a45dc7ab4ef385eae38118d5968378a682f05d2614989c10a050", kill_on_drop: false }`
[INFO] running `Command { std: "docker" "inspect" "ce4f84c60ca4a45dc7ab4ef385eae38118d5968378a682f05d2614989c10a050", kill_on_drop: false }`
[INFO] running `Command { std: "docker" "rm" "-f" "ce4f84c60ca4a45dc7ab4ef385eae38118d5968378a682f05d2614989c10a050", kill_on_drop: false }`
[INFO] [stdout] ce4f84c60ca4a45dc7ab4ef385eae38118d5968378a682f05d2614989c10a050
[INFO] running `Command { std: "docker" "create" "-v" "/var/lib/crater-agent-workspace/builds/worker-6-tc1/target:/opt/rustwide/target:rw,Z" "-v" "/var/lib/crater-agent-workspace/builds/worker-6-tc1/source:/opt/rustwide/workdir:ro,Z" "-v" "/var/lib/crater-agent-workspace/cargo-home:/opt/rustwide/cargo-home:ro,Z" "-v" "/var/lib/crater-agent-workspace/rustup-home:/opt/rustwide/rustup-home:ro,Z" "-e" "SOURCE_DIR=/opt/rustwide/workdir" "-e" "CARGO_TARGET_DIR=/opt/rustwide/target" "-e" "CARGO_INCREMENTAL=0" "-e" "RUST_BACKTRACE=full" "-e" "RUSTFLAGS=--cap-lints=warn" "-e" "RUSTDOCFLAGS=--cap-lints=warn" "-e" "CARGO_HOME=/opt/rustwide/cargo-home" "-e" "RUSTUP_HOME=/opt/rustwide/rustup-home" "-w" "/opt/rustwide/workdir" "-m" "1610612736" "--user" "0:0" "--network" "none" "ghcr.io/rust-lang/crates-build-env/linux@sha256:5ff2268d62e97bff2cde7d5815dd6ed5b47097566f13b8d0ca110b04b60e07ed" "/opt/rustwide/cargo-home/bin/cargo" "+1.69.0" "build" "--frozen" "--message-format=json", kill_on_drop: false }`
[INFO] [stdout] 3a7852d6375269b28eaffcbd6e621bc8d1b8b7948f1f3084e8aa7a2412a926cd
[INFO] running `Command { std: "docker" "start" "-a" "3a7852d6375269b28eaffcbd6e621bc8d1b8b7948f1f3084e8aa7a2412a926cd", kill_on_drop: false }`
[INFO] [stderr]    Compiling rust-code v0.0.1 (/opt/rustwide/workdir)
[INFO] [stdout] error: expected expression, found `]`
[INFO] [stdout]   --> src/main.rs:85:51
[INFO] [stdout]    |
[INFO] [stdout] 85 |         let row = FromRow::from_row(line.unwrap()[].trim_chars('\n').split('|'));
[INFO] [stdout]    |                                                   ^ expected expression
[INFO] [stdout] 
[INFO] [stdout] 
[INFO] [stdout] error: expected `;`, found `assert_eq`
[INFO] [stdout]    --> src/numeric.rs:137:99
[INFO] [stdout]     |
[INFO] [stdout] 137 |         assert_eq!(Numeric::from_str("50", 2, 0), Some(Numeric {value: 50, len: 2, precision: 0}))
[INFO] [stdout]     |                                                                                                   ^ help: add `;` here
[INFO] [stdout] 138 |         assert_eq!(Numeric::from_str("-50", 2, 0), Some(Numeric {value: -50, len: 2, precision: 0}))
[INFO] [stdout]     |         --------- unexpected token
[INFO] [stdout] 
[INFO] [stdout] 
[INFO] [stdout] error: expected `;`, found `assert_eq`
[INFO] [stdout]    --> src/numeric.rs:138:101
[INFO] [stdout]     |
[INFO] [stdout] 138 |         assert_eq!(Numeric::from_str("-50", 2, 0), Some(Numeric {value: -50, len: 2, precision: 0}))
[INFO] [stdout]     |                                                                                                     ^ help: add `;` here
[INFO] [stdout] 139 |         assert_eq!(Numeric::from_str("50.25", 4, 2), Some(Numeric {value: 5025, len: 4, precision: 2}))
[INFO] [stdout]     |         --------- unexpected token
[INFO] [stdout] 
[INFO] [stdout] 
[INFO] [stdout] error: expected `;`, found `assert_eq`
[INFO] [stdout]    --> src/numeric.rs:139:104
[INFO] [stdout]     |
[INFO] [stdout] 139 |         assert_eq!(Numeric::from_str("50.25", 4, 2), Some(Numeric {value: 5025, len: 4, precision: 2}))
[INFO] [stdout]     |                                                                                                        ^ help: add `;` here
[INFO] [stdout] 140 |         assert_eq!(Numeric::from_str("-50.25", 4, 2), Some(Numeric {value: -5025, len: 4, precision: 2}))
[INFO] [stdout]     |         --------- unexpected token
[INFO] [stdout] 
[INFO] [stdout] 
[INFO] [stdout] error: expected `;`, found `assert_eq`
[INFO] [stdout]    --> src/numeric.rs:140:106
[INFO] [stdout]     |
[INFO] [stdout] 140 |         assert_eq!(Numeric::from_str("-50.25", 4, 2), Some(Numeric {value: -5025, len: 4, precision: 2}))
[INFO] [stdout]     |                                                                                                          ^ help: add `;` here
[INFO] [stdout] 141 |         assert_eq!(Numeric::from_str("-50.250", 4, 2), Some(Numeric {value: -5025, len: 4, precision: 2}))
[INFO] [stdout]     |         --------- unexpected token
[INFO] [stdout] 
[INFO] [stdout] 
[INFO] [stdout] error: expected `;`, found `assert_eq`
[INFO] [stdout]    --> src/numeric.rs:141:107
[INFO] [stdout]     |
[INFO] [stdout] 141 |         assert_eq!(Numeric::from_str("-50.250", 4, 2), Some(Numeric {value: -5025, len: 4, precision: 2}))
[INFO] [stdout]     |                                                                                                           ^ help: add `;` here
[INFO] [stdout] 142 |         assert_eq!(Numeric::from_str("-50.25", 5, 3), Some(Numeric {value: -50250, len: 5, precision: 3}))
[INFO] [stdout]     |         --------- unexpected token
[INFO] [stdout] 
[INFO] [stdout] 
[INFO] [stdout] error: expected `;`, found `assert_eq`
[INFO] [stdout]    --> src/numeric.rs:142:107
[INFO] [stdout]     |
[INFO] [stdout] 142 |         assert_eq!(Numeric::from_str("-50.25", 5, 3), Some(Numeric {value: -50250, len: 5, precision: 3}))
[INFO] [stdout]     |                                                                                                           ^ help: add `;` here
[INFO] [stdout] 143 |         assert_eq!(Numeric::from_str("10.2.1", 4, 0), None)
[INFO] [stdout]     |         --------- unexpected token
[INFO] [stdout] 
[INFO] [stdout] 
[INFO] [stdout] error: expected `;`, found `assert_eq`
[INFO] [stdout]    --> src/numeric.rs:143:60
[INFO] [stdout]     |
[INFO] [stdout] 143 |         assert_eq!(Numeric::from_str("10.2.1", 4, 0), None)
[INFO] [stdout]     |                                                            ^ help: add `;` here
[INFO] [stdout] 144 |         assert_eq!(Numeric::from_str("abc", 4, 0), None)
[INFO] [stdout]     |         --------- unexpected token
[INFO] [stdout] 
[INFO] [stdout] 
[INFO] [stdout] error[E0463]: can't find crate for `collections`
[INFO] [stdout]  --> src/main.rs:7:1
[INFO] [stdout]   |
[INFO] [stdout] 7 | extern crate collections;
[INFO] [stdout]   | ^^^^^^^^^^^^^^^^^^^^^^^^^ can't find crate
[INFO] [stdout] 
[INFO] [stdout] 
[INFO] [stdout] error[E0463]: can't find crate for `rand`
[INFO] [stdout]  --> src/main.rs:8:1
[INFO] [stdout]   |
[INFO] [stdout] 8 | extern crate rand;
[INFO] [stdout]   | ^^^^^^^^^^^^^^^^^^ can't find crate
[INFO] [stdout] 
[INFO] [stdout] 
[INFO] [stdout] error[E0463]: can't find crate for `time`
[INFO] [stdout]  --> src/main.rs:9:1
[INFO] [stdout]   |
[INFO] [stdout] 9 | extern crate time;
[INFO] [stdout]   | ^^^^^^^^^^^^^^^^^^ can't find crate
[INFO] [stdout] 
[INFO] [stdout] 
[INFO] [stdout] error[E0463]: can't find crate for `log`
[INFO] [stdout]   --> src/main.rs:12:1
[INFO] [stdout]    |
[INFO] [stdout] 12 | extern crate log;
[INFO] [stdout]    | ^^^^^^^^^^^^^^^^^ can't find crate
[INFO] [stdout] 
[INFO] [stdout] 
[INFO] [stdout] error[E0432]: unresolved imports `std::io::BufferedReader`, `std::io::File`
[INFO] [stdout]   --> src/main.rs:15:15
[INFO] [stdout]    |
[INFO] [stdout] 15 | use std::io::{BufferedReader, File};
[INFO] [stdout]    |               ^^^^^^^^^^^^^^  ^^^^ no `File` in `io`
[INFO] [stdout]    |               |
[INFO] [stdout]    |               no `BufferedReader` in `io`
[INFO] [stdout]    |
[INFO] [stdout]    = help: consider importing this struct instead:
[INFO] [stdout]            std::fs::File
[INFO] [stdout] 
[INFO] [stdout] 
[INFO] [stdout] error[E0432]: unresolved import `std::num::abs`
[INFO] [stdout]   --> src/main.rs:16:5
[INFO] [stdout]    |
[INFO] [stdout] 16 | use std::num::abs;
[INFO] [stdout]    |     ^^^^^^^^^^^^^ no `abs` in `num`
[INFO] [stdout] 
[INFO] [stdout] 
[INFO] [stdout] error[E0432]: unresolved imports `std::char::is_whitespace`, `std::char::to_digit`
[INFO] [stdout]  --> src/numeric.rs:1:17
[INFO] [stdout]   |
[INFO] [stdout] 1 | use std::char::{is_whitespace, to_digit};
[INFO] [stdout]   |                 ^^^^^^^^^^^^^  ^^^^^^^^ no `to_digit` in `char`
[INFO] [stdout]   |                 |
[INFO] [stdout]   |                 no `is_whitespace` in `char`
[INFO] [stdout] 
[INFO] [stdout] 
[INFO] [stdout] error[E0432]: unresolved import `std::num::pow`
[INFO] [stdout]  --> src/numeric.rs:3:5
[INFO] [stdout]   |
[INFO] [stdout] 3 | use std::num::pow;
[INFO] [stdout]   |     ^^^^^^^^^^^^^ no `pow` in `num`
[INFO] [stdout] 
[INFO] [stdout] 
[INFO] [stdout] error[E0432]: unresolved import `std::str::CharSplits`
[INFO] [stdout]  --> src/table.rs:2:5
[INFO] [stdout]   |
[INFO] [stdout] 2 | use std::str::CharSplits;
[INFO] [stdout]   |     ^^^^^^^^^^^^^^^^^^^^ no `CharSplits` in `str`
[INFO] [stdout] 
[INFO] [stdout] 
[INFO] [stdout] error[E0432]: unresolved import `std::str::CharSplits`
[INFO] [stdout]  --> src/tables.rs:1:5
[INFO] [stdout]   |
[INFO] [stdout] 1 | use std::str::CharSplits;
[INFO] [stdout]   |     ^^^^^^^^^^^^^^^^^^^^ no `CharSplits` in `str`
[INFO] [stdout] 
[INFO] [stdout] 
[INFO] [stdout] error: cannot find attribute `phase` in this scope
[INFO] [stdout]   --> src/main.rs:11:3
[INFO] [stdout]    |
[INFO] [stdout] 11 | #[phase(plugin, link)]
[INFO] [stdout]    |   ^^^^^
[INFO] [stdout] 
[INFO] [stdout] 
[INFO] [stdout] error: cannot find attribute `deriving` in this scope
[INFO] [stdout]  --> src/numeric.rs:5:3
[INFO] [stdout]   |
[INFO] [stdout] 5 | #[deriving(PartialOrd, Clone, Show, Eq)]
[INFO] [stdout]   |   ^^^^^^^^
[INFO] [stdout] 
[INFO] [stdout] 
[INFO] [stdout] error: cannot find attribute `deriving` in this scope
[INFO] [stdout]   --> src/table.rs:15:3
[INFO] [stdout]    |
[INFO] [stdout] 15 | #[deriving(Show)]
[INFO] [stdout]    |   ^^^^^^^^
[INFO] [stdout] 
[INFO] [stdout] 
[INFO] [stdout] error: cannot find attribute `deriving` in this scope
[INFO] [stdout]  --> src/tables.rs:6:3
[INFO] [stdout]   |
[INFO] [stdout] 6 | #[deriving(Clone, Show)]
[INFO] [stdout]   |   ^^^^^^^^
[INFO] [stdout] 
[INFO] [stdout] 
[INFO] [stdout] error: cannot find attribute `deriving` in this scope
[INFO] [stdout]   --> src/tables.rs:44:3
[INFO] [stdout]    |
[INFO] [stdout] 44 | #[deriving(Clone, Show)]
[INFO] [stdout]    |   ^^^^^^^^
[INFO] [stdout] 
[INFO] [stdout] 
[INFO] [stdout] error: cannot find attribute `deriving` in this scope
[INFO] [stdout]   --> src/tables.rs:86:3
[INFO] [stdout]    |
[INFO] [stdout] 86 | #[deriving(Clone, Show)]
[INFO] [stdout]    |   ^^^^^^^^
[INFO] [stdout] 
[INFO] [stdout] 
[INFO] [stdout] error: cannot find attribute `deriving` in this scope
[INFO] [stdout]    --> src/tables.rs:148:3
[INFO] [stdout]     |
[INFO] [stdout] 148 | #[deriving(Clone, Show)]
[INFO] [stdout]     |   ^^^^^^^^
[INFO] [stdout] 
[INFO] [stdout] 
[INFO] [stdout] error: cannot find attribute `deriving` in this scope
[INFO] [stdout]    --> src/tables.rs:174:3
[INFO] [stdout]     |
[INFO] [stdout] 174 | #[deriving(Clone, Show)]
[INFO] [stdout]     |   ^^^^^^^^
[INFO] [stdout] 
[INFO] [stdout] 
[INFO] [stdout] error: cannot find attribute `deriving` in this scope
[INFO] [stdout]    --> src/tables.rs:210:3
[INFO] [stdout]     |
[INFO] [stdout] 210 | #[deriving(Clone, Show)]
[INFO] [stdout]     |   ^^^^^^^^
[INFO] [stdout] 
[INFO] [stdout] 
[INFO] [stdout] error: cannot find attribute `deriving` in this scope
[INFO] [stdout]    --> src/tables.rs:250:3
[INFO] [stdout]     |
[INFO] [stdout] 250 | #[deriving(Clone, Show)]
[INFO] [stdout]     |   ^^^^^^^^
[INFO] [stdout] 
[INFO] [stdout] 
[INFO] [stdout] error: cannot find attribute `deriving` in this scope
[INFO] [stdout]    --> src/tables.rs:280:3
[INFO] [stdout]     |
[INFO] [stdout] 280 | #[deriving(Clone, Show)]
[INFO] [stdout]     |   ^^^^^^^^
[INFO] [stdout] 
[INFO] [stdout] 
[INFO] [stdout] error: cannot find macro `fail` in this scope
[INFO] [stdout]    --> src/main.rs:147:18
[INFO] [stdout]     |
[INFO] [stdout] 147 |             _ => fail!("invalid d_id: {}", d_id)
[INFO] [stdout]     |                  ^^^^
[INFO] [stdout] 
[INFO] [stdout] 
[INFO] [stdout] error[E0433]: failed to resolve: could not find `rand` in `std`
[INFO] [stdout]   --> src/main.rs:31:20
[INFO] [stdout]    |
[INFO] [stdout] 31 | fn urand<Rng: std::rand::Rng>(min: i32, max: i32, rng: &mut Rng) -> i32 {
[INFO] [stdout]    |                    ^^^^ could not find `rand` in `std`
[INFO] [stdout] 
[INFO] [stdout] 
[INFO] [stdout] error[E0433]: failed to resolve: could not find `rand` in `std`
[INFO] [stdout]   --> src/main.rs:35:21
[INFO] [stdout]    |
[INFO] [stdout] 35 | fn nurand<Rng: std::rand::Rng>(a: i32, x: i32, y: i32, rng: &mut Rng) -> i32 {
[INFO] [stdout]    |                     ^^^^ could not find `rand` in `std`
[INFO] [stdout] 
[INFO] [stdout] 
[INFO] [stdout] error[E0433]: failed to resolve: could not find `rand` in `std`
[INFO] [stdout]   --> src/main.rs:40:26
[INFO] [stdout]    |
[INFO] [stdout] 40 | fn urandexcept<Rng: std::rand::Rng>(min: i32, max: i32, v: i32, rng: &mut Rng) -> i32 {
[INFO] [stdout]    |                          ^^^^ could not find `rand` in `std`
[INFO] [stdout] 
[INFO] [stdout] 
[INFO] [stdout] error[E0433]: failed to resolve: could not find `rand` in `std`
[INFO] [stdout]    --> src/main.rs:173:31
[INFO] [stdout]     |
[INFO] [stdout] 173 | fn new_order_random<Rng: std::rand::Rng>(tables: &mut Tables, now: i64, w_id: i32, rng: &mut Rng) {
[INFO] [stdout]     |                               ^^^^ could not find `rand` in `std`
[INFO] [stdout] 
[INFO] [stdout] 
[INFO] [stdout] error[E0433]: failed to resolve: could not find `rand` in `std`
[INFO] [stdout]    --> src/main.rs:217:25
[INFO] [stdout]     |
[INFO] [stdout] 217 |     let rng = &mut std::rand::task_rng();
[INFO] [stdout]     |                         ^^^^ could not find `rand` in `std`
[INFO] [stdout] 
[INFO] [stdout] 
[INFO] [stdout] error[E0412]: cannot find type `uint` in this scope
[INFO] [stdout]  --> src/numeric.rs:8:10
[INFO] [stdout]   |
[INFO] [stdout] 8 |     len: uint,
[INFO] [stdout]   |          ^^^^ not found in this scope
[INFO] [stdout] 
[INFO] [stdout] 
[INFO] [stdout] error[E0412]: cannot find type `uint` in this scope
[INFO] [stdout]  --> src/numeric.rs:9:16
[INFO] [stdout]   |
[INFO] [stdout] 9 |     precision: uint
[INFO] [stdout]   |                ^^^^ not found in this scope
[INFO] [stdout] 
[INFO] [stdout] 
[INFO] [stdout] error[E0412]: cannot find type `uint` in this scope
[INFO] [stdout]   --> src/numeric.rs:13:33
[INFO] [stdout]    |
[INFO] [stdout] 13 |     pub fn new(value: i64, len: uint, precision: uint) -> Numeric {
[INFO] [stdout]    |                                 ^^^^ not found in this scope
[INFO] [stdout] 
[INFO] [stdout] 
[INFO] [stdout] error[E0412]: cannot find type `uint` in this scope
[INFO] [stdout]   --> src/numeric.rs:13:50
[INFO] [stdout]    |
[INFO] [stdout] 13 |     pub fn new(value: i64, len: uint, precision: uint) -> Numeric {
[INFO] [stdout]    |                                                  ^^^^ not found in this scope
[INFO] [stdout] 
[INFO] [stdout] 
[INFO] [stdout] error[E0412]: cannot find type `uint` in this scope
[INFO] [stdout]   --> src/numeric.rs:22:35
[INFO] [stdout]    |
[INFO] [stdout] 22 |     pub fn from_str(s: &str, len: uint, precision: uint) -> Option<Numeric> {
[INFO] [stdout]    |                                   ^^^^ not found in this scope
[INFO] [stdout] 
[INFO] [stdout] 
[INFO] [stdout] error[E0412]: cannot find type `uint` in this scope
[INFO] [stdout]   --> src/numeric.rs:22:52
[INFO] [stdout]    |
[INFO] [stdout] 22 |     pub fn from_str(s: &str, len: uint, precision: uint) -> Option<Numeric> {
[INFO] [stdout]    |                                                    ^^^^ not found in this scope
[INFO] [stdout] 
[INFO] [stdout] 
[INFO] [stdout] error[E0412]: cannot find type `Ordering` in this scope
[INFO] [stdout]   --> src/numeric.rs:78:39
[INFO] [stdout]    |
[INFO] [stdout] 78 |     fn cmp(&self, other: &Numeric) -> Ordering {
[INFO] [stdout]    |                                       ^^^^^^^^ not found in this scope
[INFO] [stdout]    |
[INFO] [stdout] help: consider importing one of these items
[INFO] [stdout]    |
[INFO] [stdout] 1  | use std::cmp::Ordering;
[INFO] [stdout]    |
[INFO] [stdout] 1  | use std::sync::atomic::Ordering;
[INFO] [stdout]    |
[INFO] [stdout] 
[INFO] [stdout] 
[INFO] [stdout] error[E0405]: cannot find trait `Add` in this scope
[INFO] [stdout]   --> src/numeric.rs:87:6
[INFO] [stdout]    |
[INFO] [stdout] 87 | impl Add<Numeric, Numeric> for Numeric {
[INFO] [stdout]    |      ^^^ not found in this scope
[INFO] [stdout]    |
[INFO] [stdout] help: consider importing this trait
[INFO] [stdout]    |
[INFO] [stdout] 1  | use std::ops::Add;
[INFO] [stdout]    |
[INFO] [stdout] 
[INFO] [stdout] 
[INFO] [stdout] error[E0405]: cannot find trait `Sub` in this scope
[INFO] [stdout]    --> src/numeric.rs:101:6
[INFO] [stdout]     |
[INFO] [stdout] 101 | impl Sub<Numeric, Numeric> for Numeric {
[INFO] [stdout]     |      ^^^ not found in this scope
[INFO] [stdout]     |
[INFO] [stdout] help: consider importing this trait
[INFO] [stdout]     |
[INFO] [stdout] 1   | use std::ops::Sub;
[INFO] [stdout]     |
[INFO] [stdout] 
[INFO] [stdout] 
[INFO] [stdout] error[E0405]: cannot find trait `Mul` in this scope
[INFO] [stdout]    --> src/numeric.rs:115:6
[INFO] [stdout]     |
[INFO] [stdout] 115 | impl Mul<Numeric, Numeric> for Numeric {
[INFO] [stdout]     |      ^^^ not found in this scope
[INFO] [stdout]     |
[INFO] [stdout] help: consider importing this trait
[INFO] [stdout]     |
[INFO] [stdout] 1   | use std::ops::Mul;
[INFO] [stdout]     |
[INFO] [stdout] 
[INFO] [stdout] 
[INFO] [stdout] error[E0412]: cannot find type `uint` in this scope
[INFO] [stdout]   --> src/table.rs:18:27
[INFO] [stdout]    |
[INFO] [stdout] 18 |     index: HashMap<Index, uint>
[INFO] [stdout]    |                           ^^^^ not found in this scope
[INFO] [stdout]    |
[INFO] [stdout] help: you might be missing a type parameter
[INFO] [stdout]    |
[INFO] [stdout] 16 | pub struct Table<Data, Index: Eq + Hash, uint> {
[INFO] [stdout]    |                                        ++++++
[INFO] [stdout] 
[INFO] [stdout] 
[INFO] [stdout] error[E0412]: cannot find type `uint` in this scope
[INFO] [stdout]   --> src/table.rs:42:27
[INFO] [stdout]    |
[INFO] [stdout] 42 |     pub fn size(&self) -> uint {
[INFO] [stdout]    |                           ^^^^ not found in this scope
[INFO] [stdout] 
[INFO] [stdout] 
[INFO] [stdout] error[E0433]: failed to resolve: use of undeclared type `Path`
[INFO] [stdout]   --> src/main.rs:82:16
[INFO] [stdout]    |
[INFO] [stdout] 82 |     let path = Path::new(filename);
[INFO] [stdout]    |                ^^^^ use of undeclared type `Path`
[INFO] [stdout]    |
[INFO] [stdout] help: consider importing this struct
[INFO] [stdout]    |
[INFO] [stdout] 15 | use std::path::Path;
[INFO] [stdout]    |
[INFO] [stdout] 
[INFO] [stdout] 
[INFO] [stdout] error[E0425]: cannot find function `range` in this scope
[INFO] [stdout]    --> src/main.rs:116:14
[INFO] [stdout]     |
[INFO] [stdout] 116 |     for i in range(0, ol_cnt as uint) {
[INFO] [stdout]     |              ^^^^^ not found in this scope
[INFO] [stdout]     |
[INFO] [stdout] help: consider importing this function
[INFO] [stdout]     |
[INFO] [stdout] 15  | use std::slice::range;
[INFO] [stdout]     |
[INFO] [stdout] 
[INFO] [stdout] 
[INFO] [stdout] error[E0412]: cannot find type `uint` in this scope
[INFO] [stdout]    --> src/main.rs:116:33
[INFO] [stdout]     |
[INFO] [stdout] 116 |     for i in range(0, ol_cnt as uint) {
[INFO] [stdout]     |                                 ^^^^ not found in this scope
[INFO] [stdout] 
[INFO] [stdout] 
[INFO] [stdout] error[E0425]: cannot find function `range` in this scope
[INFO] [stdout]    --> src/main.rs:129:14
[INFO] [stdout]     |
[INFO] [stdout] 129 |     for i in range(0, ol_cnt as uint) {
[INFO] [stdout]     |              ^^^^^ not found in this scope
[INFO] [stdout]     |
[INFO] [stdout] help: consider importing this function
[INFO] [stdout]     |
[INFO] [stdout] 15  | use std::slice::range;
[INFO] [stdout]     |
[INFO] [stdout] 
[INFO] [stdout] 
[INFO] [stdout] error[E0412]: cannot find type `uint` in this scope
[INFO] [stdout]    --> src/main.rs:129:33
[INFO] [stdout]     |
[INFO] [stdout] 129 |     for i in range(0, ol_cnt as uint) {
[INFO] [stdout]     |                                 ^^^^ not found in this scope
[INFO] [stdout] 
[INFO] [stdout] 
[INFO] [stdout] error[E0425]: cannot find function `range` in this scope
[INFO] [stdout]    --> src/main.rs:182:14
[INFO] [stdout]     |
[INFO] [stdout] 182 |     for i in range(0, ol_cnt as uint) {
[INFO] [stdout]     |              ^^^^^ not found in this scope
[INFO] [stdout]     |
[INFO] [stdout] help: consider importing this function
[INFO] [stdout]     |
[INFO] [stdout] 15  | use std::slice::range;
[INFO] [stdout]     |
[INFO] [stdout] 
[INFO] [stdout] 
[INFO] [stdout] error[E0412]: cannot find type `uint` in this scope
[INFO] [stdout]    --> src/main.rs:182:33
[INFO] [stdout]     |
[INFO] [stdout] 182 |     for i in range(0, ol_cnt as uint) {
[INFO] [stdout]     |                                 ^^^^ not found in this scope
[INFO] [stdout] 
[INFO] [stdout] 
[INFO] [stdout] error[E0425]: cannot find function `range` in this scope
[INFO] [stdout]    --> src/main.rs:218:14
[INFO] [stdout]     |
[INFO] [stdout] 218 |     for _ in range(0u, 1000000) {
[INFO] [stdout]     |              ^^^^^ not found in this scope
[INFO] [stdout]     |
[INFO] [stdout] help: consider importing this function
[INFO] [stdout]     |
[INFO] [stdout] 15  | use std::slice::range;
[INFO] [stdout]     |
[INFO] [stdout] 
[INFO] [stdout] 
[INFO] [stdout] error[E0554]: `#![feature]` may not be used on the stable release channel
[INFO] [stdout]  --> src/main.rs:1:1
[INFO] [stdout]   |
[INFO] [stdout] 1 | #![feature(slicing_syntax)]
[INFO] [stdout]   | ^^^^^^^^^^^^^^^^^^^^^^^^^^^ help: remove the attribute
[INFO] [stdout]   |
[INFO] [stdout]   = help: the feature `slicing_syntax` has been stable since `1.0.0` and no longer requires an attribute to enable
[INFO] [stdout] 
[INFO] [stdout] 
[INFO] [stdout] error[E0554]: `#![feature]` may not be used on the stable release channel
[INFO] [stdout]  --> src/main.rs:2:1
[INFO] [stdout]   |
[INFO] [stdout] 2 | #![feature(if_let)]
[INFO] [stdout]   | ^^^^^^^^^^^^^^^^^^^ help: remove the attribute
[INFO] [stdout]   |
[INFO] [stdout]   = help: the feature `if_let` has been stable since `1.0.0` and no longer requires an attribute to enable
[INFO] [stdout] 
[INFO] [stdout] 
[INFO] [stdout] error[E0554]: `#![feature]` may not be used on the stable release channel
[INFO] [stdout]  --> src/main.rs:3:1
[INFO] [stdout]   |
[INFO] [stdout] 3 | #![feature(globs)]
[INFO] [stdout]   | ^^^^^^^^^^^^^^^^^^ help: remove the attribute
[INFO] [stdout]   |
[INFO] [stdout]   = help: the feature `globs` has been stable since `1.0.0` and no longer requires an attribute to enable
[INFO] [stdout] 
[INFO] [stdout] 
[INFO] [stdout] error[E0554]: `#![feature]` may not be used on the stable release channel
[INFO] [stdout]  --> src/main.rs:4:1
[INFO] [stdout]   |
[INFO] [stdout] 4 | #![feature(phase)]
[INFO] [stdout]   | ^^^^^^^^^^^^^^^^^^
[INFO] [stdout] 
[INFO] [stdout] 
[INFO] [stdout] warning: patterns aren't allowed in functions without bodies
[INFO] [stdout]   --> src/table.rs:12:17
[INFO] [stdout]    |
[INFO] [stdout] 12 |     fn from_row(mut row: CharSplits<char>) -> Self;
[INFO] [stdout]    |                 ^^^^^^^ help: remove `mut` from the parameter: `row`
[INFO] [stdout]    |
[INFO] [stdout]    = warning: this was previously accepted by the compiler but is being phased out; it will become a hard error in a future release!
[INFO] [stdout]    = note: for more information, see issue #35203 <https://github.com/rust-lang/rust/issues/35203>
[INFO] [stdout]    = note: `#[warn(patterns_in_fns_without_body)]` on by default
[INFO] [stdout] 
[INFO] [stdout] 
[INFO] [stdout] error: invalid suffix `u` for number literal
[INFO] [stdout]   --> src/numeric.rs:38:31
[INFO] [stdout]    |
[INFO] [stdout] 38 |         let mut digits_seen = 0u;
[INFO] [stdout]    |                               ^^ invalid suffix `u`
[INFO] [stdout]    |
[INFO] [stdout]    = help: the suffix must be one of the numeric types (`u32`, `isize`, `f32`, etc.)
[INFO] [stdout] 
[INFO] [stdout] 
[INFO] [stdout] error: invalid suffix `u` for number literal
[INFO] [stdout]   --> src/numeric.rs:39:40
[INFO] [stdout]    |
[INFO] [stdout] 39 |         let mut digits_seen_fraction = 0u;
[INFO] [stdout]    |                                        ^^ invalid suffix `u`
[INFO] [stdout]    |
[INFO] [stdout]    = help: the suffix must be one of the numeric types (`u32`, `isize`, `f32`, etc.)
[INFO] [stdout] 
[INFO] [stdout] 
[INFO] [stdout] error: invalid suffix `u` for number literal
[INFO] [stdout]    --> src/main.rs:218:20
[INFO] [stdout]     |
[INFO] [stdout] 218 |     for _ in range(0u, 1000000) {
[INFO] [stdout]     |                    ^^ invalid suffix `u`
[INFO] [stdout]     |
[INFO] [stdout]     = help: the suffix must be one of the numeric types (`u32`, `isize`, `f32`, etc.)
[INFO] [stdout] 
[INFO] [stdout] 
[INFO] [stdout] warning: the feature `slicing_syntax` has been stable since 1.0.0 and no longer requires an attribute to enable
[INFO] [stdout]  --> src/main.rs:1:12
[INFO] [stdout]   |
[INFO] [stdout] 1 | #![feature(slicing_syntax)]
[INFO] [stdout]   |            ^^^^^^^^^^^^^^
[INFO] [stdout]   |
[INFO] [stdout]   = note: `#[warn(stable_features)]` on by default
[INFO] [stdout] 
[INFO] [stdout] 
[INFO] [stdout] warning: the feature `if_let` has been stable since 1.0.0 and no longer requires an attribute to enable
[INFO] [stdout]  --> src/main.rs:2:12
[INFO] [stdout]   |
[INFO] [stdout] 2 | #![feature(if_let)]
[INFO] [stdout]   |            ^^^^^^
[INFO] [stdout] 
[INFO] [stdout] 
[INFO] [stdout] warning: the feature `globs` has been stable since 1.0.0 and no longer requires an attribute to enable
[INFO] [stdout]  --> src/main.rs:3:12
[INFO] [stdout]   |
[INFO] [stdout] 3 | #![feature(globs)]
[INFO] [stdout]   |            ^^^^^
[INFO] [stdout] 
[INFO] [stdout] 
[INFO] [stdout] error[E0554]: `#![feature]` may not be used on the stable release channel
[INFO] [stdout]  --> src/main.rs:4:12
[INFO] [stdout]   |
[INFO] [stdout] 4 | #![feature(phase)]
[INFO] [stdout]   |            ^^^^^
[INFO] [stdout] 
[INFO] [stdout] 
[INFO] [stdout] error[E0635]: unknown feature `phase`
[INFO] [stdout]  --> src/main.rs:4:12
[INFO] [stdout]   |
[INFO] [stdout] 4 | #![feature(phase)]
[INFO] [stdout]   |            ^^^^^
[INFO] [stdout] 
[INFO] [stdout] 
[INFO] [stdout] error[E0425]: cannot find function `from_str` in this scope
[INFO] [stdout]   --> src/tables.rs:28:19
[INFO] [stdout]    |
[INFO] [stdout] 28 |             w_id: from_str(row.next().unwrap()).unwrap(),
[INFO] [stdout]    |                   ^^^^^^^^ not found in this scope
[INFO] [stdout] 
[INFO] [stdout] 
[INFO] [stdout] error[E0425]: cannot find function `from_str` in this scope
[INFO] [stdout]   --> src/tables.rs:68:19
[INFO] [stdout]    |
[INFO] [stdout] 68 |             d_id: from_str(row.next().unwrap()).unwrap(),
[INFO] [stdout]    |                   ^^^^^^^^ not found in this scope
[INFO] [stdout] 
[INFO] [stdout] 
[INFO] [stdout] error[E0425]: cannot find function `from_str` in this scope
[INFO] [stdout]   --> src/tables.rs:69:21
[INFO] [stdout]    |
[INFO] [stdout] 69 |             d_w_id: from_str(row.next().unwrap()).unwrap(),
[INFO] [stdout]    |                     ^^^^^^^^ not found in this scope
[INFO] [stdout] 
[INFO] [stdout] 
[INFO] [stdout] error[E0425]: cannot find function `from_str` in this scope
[INFO] [stdout]   --> src/tables.rs:78:26
[INFO] [stdout]    |
[INFO] [stdout] 78 |             d_next_o_id: from_str(row.next().unwrap()).unwrap(),
[INFO] [stdout]    |                          ^^^^^^^^ not found in this scope
[INFO] [stdout] 
[INFO] [stdout] 
[INFO] [stdout] error[E0425]: cannot find function `from_str` in this scope
[INFO] [stdout]    --> src/tables.rs:120:19
[INFO] [stdout]     |
[INFO] [stdout] 120 |             c_id: from_str(row.next().unwrap()).unwrap(),
[INFO] [stdout]     |                   ^^^^^^^^ not found in this scope
[INFO] [stdout] 
[INFO] [stdout] 
[INFO] [stdout] error[E0425]: cannot find function `from_str` in this scope
[INFO] [stdout]    --> src/tables.rs:121:21
[INFO] [stdout]     |
[INFO] [stdout] 121 |             c_d_id: from_str(row.next().unwrap()).unwrap(),
[INFO] [stdout]     |                     ^^^^^^^^ not found in this scope
[INFO] [stdout] 
[INFO] [stdout] 
[INFO] [stdout] error[E0425]: cannot find function `from_str` in this scope
[INFO] [stdout]    --> src/tables.rs:122:21
[INFO] [stdout]     |
[INFO] [stdout] 122 |             c_w_id: from_str(row.next().unwrap()).unwrap(),
[INFO] [stdout]     |                     ^^^^^^^^ not found in this scope
[INFO] [stdout] 
[INFO] [stdout] 
[INFO] [stdout] error[E0425]: cannot find function `from_str` in this scope
[INFO] [stdout]    --> src/tables.rs:132:22
[INFO] [stdout]     |
[INFO] [stdout] 132 |             c_since: from_str(row.next().unwrap()).unwrap(), // Timestamp
[INFO] [stdout]     |                      ^^^^^^^^ not found in this scope
[INFO] [stdout] 
[INFO] [stdout] 
[INFO] [stdout] error[E0425]: cannot find function `from_str` in this scope
[INFO] [stdout]    --> src/tables.rs:164:22
[INFO] [stdout]     |
[INFO] [stdout] 164 |             no_o_id: from_str(row.next().unwrap()).unwrap(),
[INFO] [stdout]     |                      ^^^^^^^^ not found in this scope
[INFO] [stdout] 
[INFO] [stdout] 
[INFO] [stdout] error[E0425]: cannot find function `from_str` in this scope
[INFO] [stdout]    --> src/tables.rs:165:22
[INFO] [stdout]     |
[INFO] [stdout] 165 |             no_d_id: from_str(row.next().unwrap()).unwrap(),
[INFO] [stdout]     |                      ^^^^^^^^ not found in this scope
[INFO] [stdout] 
[INFO] [stdout] 
[INFO] [stdout] error[E0425]: cannot find function `from_str` in this scope
[INFO] [stdout]    --> src/tables.rs:166:22
[INFO] [stdout]     |
[INFO] [stdout] 166 |             no_w_id: from_str(row.next().unwrap()).unwrap(),
[INFO] [stdout]     |                      ^^^^^^^^ not found in this scope
[INFO] [stdout] 
[INFO] [stdout] 
[INFO] [stdout] error[E0425]: cannot find function `from_str` in this scope
[INFO] [stdout]    --> src/tables.rs:195:19
[INFO] [stdout]     |
[INFO] [stdout] 195 |             o_id: from_str(row.next().unwrap()).unwrap(),
[INFO] [stdout]     |                   ^^^^^^^^ not found in this scope
[INFO] [stdout] 
[INFO] [stdout] 
[INFO] [stdout] error[E0425]: cannot find function `from_str` in this scope
[INFO] [stdout]    --> src/tables.rs:196:21
[INFO] [stdout]     |
[INFO] [stdout] 196 |             o_d_id: from_str(row.next().unwrap()).unwrap(),
[INFO] [stdout]     |                     ^^^^^^^^ not found in this scope
[INFO] [stdout] 
[INFO] [stdout] 
[INFO] [stdout] error[E0425]: cannot find function `from_str` in this scope
[INFO] [stdout]    --> src/tables.rs:197:21
[INFO] [stdout]     |
[INFO] [stdout] 197 |             o_w_id: from_str(row.next().unwrap()).unwrap(),
[INFO] [stdout]     |                     ^^^^^^^^ not found in this scope
[INFO] [stdout] 
[INFO] [stdout] 
[INFO] [stdout] error[E0425]: cannot find function `from_str` in this scope
[INFO] [stdout]    --> src/tables.rs:198:21
[INFO] [stdout]     |
[INFO] [stdout] 198 |             o_c_id: from_str(row.next().unwrap()).unwrap(),
[INFO] [stdout]     |                     ^^^^^^^^ not found in this scope
[INFO] [stdout] 
[INFO] [stdout] 
[INFO] [stdout] error[E0425]: cannot find function `from_str` in this scope
[INFO] [stdout]    --> src/tables.rs:199:24
[INFO] [stdout]     |
[INFO] [stdout] 199 |             o_entry_d: from_str(row.next().unwrap()).unwrap(),
[INFO] [stdout]     |                        ^^^^^^^^ not found in this scope
[INFO] [stdout] 
[INFO] [stdout] 
[INFO] [stdout] error[E0425]: cannot find function `from_str` in this scope
[INFO] [stdout]    --> src/tables.rs:200:27
[INFO] [stdout]     |
[INFO] [stdout] 200 |             o_carrier_id: from_str(row.next().unwrap()).unwrap(),
[INFO] [stdout]     |                           ^^^^^^^^ not found in this scope
[INFO] [stdout] 
[INFO] [stdout] 
[INFO] [stdout] error[E0425]: cannot find function `from_str` in this scope
[INFO] [stdout]    --> src/tables.rs:233:22
[INFO] [stdout]     |
[INFO] [stdout] 233 |             ol_o_id: from_str(row.next().unwrap()).unwrap(),
[INFO] [stdout]     |                      ^^^^^^^^ not found in this scope
[INFO] [stdout] 
[INFO] [stdout] 
[INFO] [stdout] error[E0425]: cannot find function `from_str` in this scope
[INFO] [stdout]    --> src/tables.rs:234:22
[INFO] [stdout]     |
[INFO] [stdout] 234 |             ol_d_id: from_str(row.next().unwrap()).unwrap(),
[INFO] [stdout]     |                      ^^^^^^^^ not found in this scope
[INFO] [stdout] 
[INFO] [stdout] 
[INFO] [stdout] error[E0425]: cannot find function `from_str` in this scope
[INFO] [stdout]    --> src/tables.rs:235:22
[INFO] [stdout]     |
[INFO] [stdout] 235 |             ol_w_id: from_str(row.next().unwrap()).unwrap(),
[INFO] [stdout]     |                      ^^^^^^^^ not found in this scope
[INFO] [stdout] 
[INFO] [stdout] 
[INFO] [stdout] error[E0425]: cannot find function `from_str` in this scope
[INFO] [stdout]    --> src/tables.rs:236:24
[INFO] [stdout]     |
[INFO] [stdout] 236 |             ol_number: from_str(row.next().unwrap()).unwrap(),
[INFO] [stdout]     |                        ^^^^^^^^ not found in this scope
[INFO] [stdout] 
[INFO] [stdout] 
[INFO] [stdout] error[E0425]: cannot find function `from_str` in this scope
[INFO] [stdout]    --> src/tables.rs:237:22
[INFO] [stdout]     |
[INFO] [stdout] 237 |             ol_i_id: from_str(row.next().unwrap()).unwrap(),
[INFO] [stdout]     |                      ^^^^^^^^ not found in this scope
[INFO] [stdout] 
[INFO] [stdout] 
[INFO] [stdout] error[E0425]: cannot find function `from_str` in this scope
[INFO] [stdout]    --> src/tables.rs:238:29
[INFO] [stdout]     |
[INFO] [stdout] 238 |             ol_supply_w_id: from_str(row.next().unwrap()).unwrap(),
[INFO] [stdout]     |                             ^^^^^^^^ not found in this scope
[INFO] [stdout] 
[INFO] [stdout] 
[INFO] [stdout] error[E0425]: cannot find function `from_str` in this scope
[INFO] [stdout]    --> src/tables.rs:239:28
[INFO] [stdout]     |
[INFO] [stdout] 239 |             ol_delivery_d: from_str(row.next().unwrap()).unwrap(),
[INFO] [stdout]     |                            ^^^^^^^^ not found in this scope
[INFO] [stdout] 
[INFO] [stdout] 
[INFO] [stdout] error[E0425]: cannot find function `from_str` in this scope
[INFO] [stdout]    --> src/tables.rs:268:19
[INFO] [stdout]     |
[INFO] [stdout] 268 |             i_id: from_str(row.next().unwrap()).unwrap(),
[INFO] [stdout]     |                   ^^^^^^^^ not found in this scope
[INFO] [stdout] 
[INFO] [stdout] 
[INFO] [stdout] error[E0425]: cannot find function `from_str` in this scope
[INFO] [stdout]    --> src/tables.rs:269:22
[INFO] [stdout]     |
[INFO] [stdout] 269 |             i_im_id: from_str(row.next().unwrap()).unwrap(),
[INFO] [stdout]     |                      ^^^^^^^^ not found in this scope
[INFO] [stdout] 
[INFO] [stdout] 
[INFO] [stdout] error[E0425]: cannot find function `from_str` in this scope
[INFO] [stdout]    --> src/tables.rs:310:21
[INFO] [stdout]     |
[INFO] [stdout] 310 |             s_i_id: from_str(row.next().unwrap()).unwrap(),
[INFO] [stdout]     |                     ^^^^^^^^ not found in this scope
[INFO] [stdout] 
[INFO] [stdout] 
[INFO] [stdout] error[E0425]: cannot find function `from_str` in this scope
[INFO] [stdout]    --> src/tables.rs:311:21
[INFO] [stdout]     |
[INFO] [stdout] 311 |             s_w_id: from_str(row.next().unwrap()).unwrap(),
[INFO] [stdout]     |                     ^^^^^^^^ not found in this scope
[INFO] [stdout] 
[INFO] [stdout] 
[INFO] [stdout] error: aborting due to 92 previous errors; 4 warnings emitted
[INFO] [stdout] 
[INFO] [stdout] 
[INFO] [stdout] Some errors have detailed explanations: E0405, E0412, E0425, E0432, E0433, E0463, E0554, E0635.
[INFO] [stdout] 
[INFO] [stdout] For more information about an error, try `rustc --explain E0405`.
[INFO] [stdout] 
[INFO] [stderr] error: could not compile `rust-code` due to 93 previous errors; 4 warnings emitted
[INFO] running `Command { std: "docker" "inspect" "3a7852d6375269b28eaffcbd6e621bc8d1b8b7948f1f3084e8aa7a2412a926cd", kill_on_drop: false }`
[INFO] running `Command { std: "docker" "rm" "-f" "3a7852d6375269b28eaffcbd6e621bc8d1b8b7948f1f3084e8aa7a2412a926cd", kill_on_drop: false }`
[INFO] [stdout] 3a7852d6375269b28eaffcbd6e621bc8d1b8b7948f1f3084e8aa7a2412a926cd
