[INFO] cloning repository https://github.com/ghassanachi/aoc-2021
[INFO] running `Command { std: "git" "-c" "credential.helper=" "-c" "credential.helper=/workspace/cargo-home/bin/git-credential-null" "clone" "--bare" "https://github.com/ghassanachi/aoc-2021" "/workspace/cache/git-repos/https%3A%2F%2Fgithub.com%2Fghassanachi%2Faoc-2021", kill_on_drop: false }`
[INFO] [stderr] Cloning into bare repository '/workspace/cache/git-repos/https%3A%2F%2Fgithub.com%2Fghassanachi%2Faoc-2021'...
[INFO] running `Command { std: "git" "rev-parse" "HEAD", kill_on_drop: false }`
[INFO] [stdout] 1b3aec3be113412d96889531f00555eaa70c7040
[INFO] testing ghassanachi/aoc-2021 against 1.69.0 for beta-1.70-1
[INFO] running `Command { std: "git" "clone" "/workspace/cache/git-repos/https%3A%2F%2Fgithub.com%2Fghassanachi%2Faoc-2021" "/workspace/builds/worker-2-tc1/source", kill_on_drop: false }`
[INFO] [stderr] Cloning into '/workspace/builds/worker-2-tc1/source'...
[INFO] [stderr] done.
[INFO] validating manifest of git repo https://github.com/ghassanachi/aoc-2021 on toolchain 1.69.0
[INFO] running `Command { std: CARGO_HOME="/workspace/cargo-home" RUSTUP_HOME="/workspace/rustup-home" "/workspace/cargo-home/bin/cargo" "+1.69.0" "metadata" "--manifest-path" "Cargo.toml" "--no-deps", kill_on_drop: false }`
[INFO] started tweaking git repo https://github.com/ghassanachi/aoc-2021
[INFO] finished tweaking git repo https://github.com/ghassanachi/aoc-2021
[INFO] tweaked toml for git repo https://github.com/ghassanachi/aoc-2021 written to /workspace/builds/worker-2-tc1/source/Cargo.toml
[INFO] crate git repo https://github.com/ghassanachi/aoc-2021 already has a lockfile, it will not be regenerated
[INFO] running `Command { std: CARGO_HOME="/workspace/cargo-home" RUSTUP_HOME="/workspace/rustup-home" "/workspace/cargo-home/bin/cargo" "+1.69.0" "fetch" "--manifest-path" "Cargo.toml", kill_on_drop: false }`
[INFO] running `Command { std: "docker" "create" "-v" "/var/lib/crater-agent-workspace/builds/worker-2-tc1/target:/opt/rustwide/target:rw,Z" "-v" "/var/lib/crater-agent-workspace/builds/worker-2-tc1/source:/opt/rustwide/workdir:ro,Z" "-v" "/var/lib/crater-agent-workspace/cargo-home:/opt/rustwide/cargo-home:ro,Z" "-v" "/var/lib/crater-agent-workspace/rustup-home:/opt/rustwide/rustup-home:ro,Z" "-e" "SOURCE_DIR=/opt/rustwide/workdir" "-e" "CARGO_TARGET_DIR=/opt/rustwide/target" "-e" "CARGO_HOME=/opt/rustwide/cargo-home" "-e" "RUSTUP_HOME=/opt/rustwide/rustup-home" "-w" "/opt/rustwide/workdir" "-m" "1610612736" "--user" "0:0" "--network" "none" "ghcr.io/rust-lang/crates-build-env/linux@sha256:5ff2268d62e97bff2cde7d5815dd6ed5b47097566f13b8d0ca110b04b60e07ed" "/opt/rustwide/cargo-home/bin/cargo" "+1.69.0" "metadata" "--no-deps" "--format-version=1", kill_on_drop: false }`
[INFO] [stdout] b9469efc9e3cde76eaff6ba57026c39363978515bd616e1f63235a2dc6bf3379
[INFO] running `Command { std: "docker" "start" "-a" "b9469efc9e3cde76eaff6ba57026c39363978515bd616e1f63235a2dc6bf3379", kill_on_drop: false }`
[INFO] running `Command { std: "docker" "inspect" "b9469efc9e3cde76eaff6ba57026c39363978515bd616e1f63235a2dc6bf3379", kill_on_drop: false }`
[INFO] running `Command { std: "docker" "rm" "-f" "b9469efc9e3cde76eaff6ba57026c39363978515bd616e1f63235a2dc6bf3379", kill_on_drop: false }`
[INFO] [stdout] b9469efc9e3cde76eaff6ba57026c39363978515bd616e1f63235a2dc6bf3379
[INFO] running `Command { std: "docker" "create" "-v" "/var/lib/crater-agent-workspace/builds/worker-2-tc1/target:/opt/rustwide/target:rw,Z" "-v" "/var/lib/crater-agent-workspace/builds/worker-2-tc1/source:/opt/rustwide/workdir:ro,Z" "-v" "/var/lib/crater-agent-workspace/cargo-home:/opt/rustwide/cargo-home:ro,Z" "-v" "/var/lib/crater-agent-workspace/rustup-home:/opt/rustwide/rustup-home:ro,Z" "-e" "SOURCE_DIR=/opt/rustwide/workdir" "-e" "CARGO_TARGET_DIR=/opt/rustwide/target" "-e" "CARGO_INCREMENTAL=0" "-e" "RUST_BACKTRACE=full" "-e" "RUSTFLAGS=--cap-lints=warn" "-e" "RUSTDOCFLAGS=--cap-lints=warn" "-e" "CARGO_HOME=/opt/rustwide/cargo-home" "-e" "RUSTUP_HOME=/opt/rustwide/rustup-home" "-w" "/opt/rustwide/workdir" "-m" "1610612736" "--user" "0:0" "--network" "none" "ghcr.io/rust-lang/crates-build-env/linux@sha256:5ff2268d62e97bff2cde7d5815dd6ed5b47097566f13b8d0ca110b04b60e07ed" "/opt/rustwide/cargo-home/bin/cargo" "+1.69.0" "build" "--frozen" "--message-format=json", kill_on_drop: false }`
[INFO] [stdout] 94af326ddbe5217748692e6318239d0509f8eb672ad70fefc3b19a7615f18c9f
[INFO] running `Command { std: "docker" "start" "-a" "94af326ddbe5217748692e6318239d0509f8eb672ad70fefc3b19a7615f18c9f", kill_on_drop: false }`
[INFO] [stderr]    Compiling serde v1.0.130
[INFO] [stderr]    Compiling proc-macro2 v1.0.33
[INFO] [stderr]    Compiling ryu v1.0.6
[INFO] [stderr]    Compiling libc v0.2.109
[INFO] [stderr]    Compiling unicode-xid v0.2.2
[INFO] [stderr]    Compiling memchr v2.4.1
[INFO] [stderr]    Compiling syn v1.0.82
[INFO] [stderr]    Compiling serde_json v1.0.72
[INFO] [stderr]    Compiling serde_derive v1.0.130
[INFO] [stderr]    Compiling itoa v0.4.8
[INFO] [stderr]    Compiling regex-automata v0.1.10
[INFO] [stderr]    Compiling byteorder v1.4.3
[INFO] [stderr]    Compiling either v1.6.1
[INFO] [stderr]    Compiling encode_unicode v0.3.6
[INFO] [stderr]    Compiling unicode-width v0.1.9
[INFO] [stderr]    Compiling itertools v0.10.3
[INFO] [stderr]    Compiling csv-core v0.1.10
[INFO] [stderr]    Compiling aoc-runner v0.3.0
[INFO] [stderr]    Compiling quote v1.0.10
[INFO] [stderr]    Compiling dirs v1.0.5
[INFO] [stderr]    Compiling atty v0.2.14
[INFO] [stderr]    Compiling term v0.5.2
[INFO] [stderr]    Compiling colored v2.0.0
[INFO] [stderr]    Compiling bstr v0.2.17
[INFO] [stderr]    Compiling csv v1.1.6
[INFO] [stderr]    Compiling prettytable-rs v0.8.0
[INFO] [stderr]    Compiling aoc-runner-internal v0.1.0
[INFO] [stderr]    Compiling aoc-runner-derive v0.3.0
[INFO] [stderr]    Compiling aoc-2021 v0.1.0 (/opt/rustwide/workdir)
[INFO] [stdout] error: proc macro panicked
[INFO] [stdout]   --> src/lib.rs:27:1
[INFO] [stdout]    |
[INFO] [stdout] 27 | aoc_lib! { year = 2021 }
[INFO] [stdout]    | ^^^^^^^^^^^^^^^^^^^^^^^^
[INFO] [stdout]    |
[INFO] [stdout]    = help: message: failed to write infos from lib: Os { code: 30, kind: ReadOnlyFilesystem, message: "Read-only file system" }
[INFO] [stdout] 
[INFO] [stdout] 
[INFO] [stdout] error[E0432]: unresolved import `crate`
[INFO] [stdout]  --> src/day1.rs:8:1
[INFO] [stdout]   |
[INFO] [stdout] 8 | #[aoc(day1, part1, d11)]
[INFO] [stdout]   | ^^^^^^^^^^^^^^^^^^^^^^^^ no `Factory` in the root
[INFO] [stdout]   |
[INFO] [stdout]   = note: this error originates in the attribute macro `aoc` (in Nightly builds, run with -Z macro-backtrace for more info)
[INFO] [stdout] 
[INFO] [stdout] 
[INFO] [stdout] error[E0432]: unresolved import `crate`
[INFO] [stdout]   --> src/day1.rs:23:1
[INFO] [stdout]    |
[INFO] [stdout] 23 | #[aoc(day1, part2, d12)]
[INFO] [stdout]    | ^^^^^^^^^^^^^^^^^^^^^^^^ no `Factory` in the root
[INFO] [stdout]    |
[INFO] [stdout]    = note: this error originates in the attribute macro `aoc` (in Nightly builds, run with -Z macro-backtrace for more info)
[INFO] [stdout] 
[INFO] [stdout] 
[INFO] [stdout] error[E0432]: unresolved import `crate`
[INFO] [stdout]   --> src/day2.rs:17:1
[INFO] [stdout]    |
[INFO] [stdout] 17 | #[aoc(day2, part1, d21)]
[INFO] [stdout]    | ^^^^^^^^^^^^^^^^^^^^^^^^ no `Factory` in the root
[INFO] [stdout]    |
[INFO] [stdout]    = note: this error originates in the attribute macro `aoc` (in Nightly builds, run with -Z macro-backtrace for more info)
[INFO] [stdout] 
[INFO] [stdout] 
[INFO] [stdout] error[E0432]: unresolved import `crate`
[INFO] [stdout]   --> src/day2.rs:32:1
[INFO] [stdout]    |
[INFO] [stdout] 32 | #[aoc(day2, part2, d22)]
[INFO] [stdout]    | ^^^^^^^^^^^^^^^^^^^^^^^^ no `Factory` in the root
[INFO] [stdout]    |
[INFO] [stdout]    = note: this error originates in the attribute macro `aoc` (in Nightly builds, run with -Z macro-backtrace for more info)
[INFO] [stdout] 
[INFO] [stdout] 
[INFO] [stdout] error[E0432]: unresolved import `crate`
[INFO] [stdout]   --> src/day3.rs:31:1
[INFO] [stdout]    |
[INFO] [stdout] 31 | #[aoc(day3, part1, d31)]
[INFO] [stdout]    | ^^^^^^^^^^^^^^^^^^^^^^^^ no `Factory` in the root
[INFO] [stdout]    |
[INFO] [stdout]    = note: this error originates in the attribute macro `aoc` (in Nightly builds, run with -Z macro-backtrace for more info)
[INFO] [stdout] 
[INFO] [stdout] 
[INFO] [stdout] error[E0432]: unresolved import `crate`
[INFO] [stdout]   --> src/day3.rs:48:1
[INFO] [stdout]    |
[INFO] [stdout] 48 | #[aoc(day3, part2, d32)]
[INFO] [stdout]    | ^^^^^^^^^^^^^^^^^^^^^^^^ no `Factory` in the root
[INFO] [stdout]    |
[INFO] [stdout]    = note: this error originates in the attribute macro `aoc` (in Nightly builds, run with -Z macro-backtrace for more info)
[INFO] [stdout] 
[INFO] [stdout] 
[INFO] [stdout] error[E0432]: unresolved import `crate`
[INFO] [stdout]   --> src/day4.rs:80:1
[INFO] [stdout]    |
[INFO] [stdout] 80 | #[aoc(day4, part1, d41)]
[INFO] [stdout]    | ^^^^^^^^^^^^^^^^^^^^^^^^ no `Factory` in the root
[INFO] [stdout]    |
[INFO] [stdout]    = note: this error originates in the attribute macro `aoc` (in Nightly builds, run with -Z macro-backtrace for more info)
[INFO] [stdout] 
[INFO] [stdout] 
[INFO] [stdout] error[E0432]: unresolved import `crate`
[INFO] [stdout]   --> src/day4.rs:93:1
[INFO] [stdout]    |
[INFO] [stdout] 93 | #[aoc(day4, part2, d42)]
[INFO] [stdout]    | ^^^^^^^^^^^^^^^^^^^^^^^^ no `Factory` in the root
[INFO] [stdout]    |
[INFO] [stdout]    = note: this error originates in the attribute macro `aoc` (in Nightly builds, run with -Z macro-backtrace for more info)
[INFO] [stdout] 
[INFO] [stdout] 
[INFO] [stdout] error[E0432]: unresolved import `crate`
[INFO] [stdout]   --> src/day5.rs:32:1
[INFO] [stdout]    |
[INFO] [stdout] 32 | #[aoc(day5, part1, d51)]
[INFO] [stdout]    | ^^^^^^^^^^^^^^^^^^^^^^^^ no `Factory` in the root
[INFO] [stdout]    |
[INFO] [stdout]    = note: this error originates in the attribute macro `aoc` (in Nightly builds, run with -Z macro-backtrace for more info)
[INFO] [stdout] 
[INFO] [stdout] 
[INFO] [stdout] error[E0432]: unresolved import `crate`
[INFO] [stdout]   --> src/day5.rs:57:1
[INFO] [stdout]    |
[INFO] [stdout] 57 | #[aoc(day5, part2, d52)]
[INFO] [stdout]    | ^^^^^^^^^^^^^^^^^^^^^^^^ no `Factory` in the root
[INFO] [stdout]    |
[INFO] [stdout]    = note: this error originates in the attribute macro `aoc` (in Nightly builds, run with -Z macro-backtrace for more info)
[INFO] [stdout] 
[INFO] [stdout] 
[INFO] [stdout] error[E0432]: unresolved import `crate`
[INFO] [stdout]   --> src/day6.rs:13:1
[INFO] [stdout]    |
[INFO] [stdout] 13 | #[aoc(day6, part1, d61)]
[INFO] [stdout]    | ^^^^^^^^^^^^^^^^^^^^^^^^ no `Factory` in the root
[INFO] [stdout]    |
[INFO] [stdout]    = note: this error originates in the attribute macro `aoc` (in Nightly builds, run with -Z macro-backtrace for more info)
[INFO] [stdout] 
[INFO] [stdout] 
[INFO] [stdout] error[E0432]: unresolved import `crate`
[INFO] [stdout]   --> src/day6.rs:24:1
[INFO] [stdout]    |
[INFO] [stdout] 24 | #[aoc(day6, part2, d62)]
[INFO] [stdout]    | ^^^^^^^^^^^^^^^^^^^^^^^^ no `Factory` in the root
[INFO] [stdout]    |
[INFO] [stdout]    = note: this error originates in the attribute macro `aoc` (in Nightly builds, run with -Z macro-backtrace for more info)
[INFO] [stdout] 
[INFO] [stdout] 
[INFO] [stdout] error[E0432]: unresolved import `crate`
[INFO] [stdout]   --> src/day7.rs:20:1
[INFO] [stdout]    |
[INFO] [stdout] 20 | #[aoc(day7, part1, d71)]
[INFO] [stdout]    | ^^^^^^^^^^^^^^^^^^^^^^^^ no `Factory` in the root
[INFO] [stdout]    |
[INFO] [stdout]    = note: this error originates in the attribute macro `aoc` (in Nightly builds, run with -Z macro-backtrace for more info)
[INFO] [stdout] 
[INFO] [stdout] 
[INFO] [stdout] error[E0432]: unresolved import `crate`
[INFO] [stdout]   --> src/day7.rs:28:1
[INFO] [stdout]    |
[INFO] [stdout] 28 | #[aoc(day7, part2, d72)]
[INFO] [stdout]    | ^^^^^^^^^^^^^^^^^^^^^^^^ no `Factory` in the root
[INFO] [stdout]    |
[INFO] [stdout]    = note: this error originates in the attribute macro `aoc` (in Nightly builds, run with -Z macro-backtrace for more info)
[INFO] [stdout] 
[INFO] [stdout] 
[INFO] [stdout] error[E0432]: unresolved import `crate`
[INFO] [stdout]   --> src/day8.rs:30:1
[INFO] [stdout]    |
[INFO] [stdout] 30 | #[aoc(day8, part1, d81)]
[INFO] [stdout]    | ^^^^^^^^^^^^^^^^^^^^^^^^ no `Factory` in the root
[INFO] [stdout]    |
[INFO] [stdout]    = note: this error originates in the attribute macro `aoc` (in Nightly builds, run with -Z macro-backtrace for more info)
[INFO] [stdout] 
[INFO] [stdout] 
[INFO] [stdout] error[E0432]: unresolved import `crate`
[INFO] [stdout]   --> src/day8.rs:47:1
[INFO] [stdout]    |
[INFO] [stdout] 47 | #[aoc(day8, part2, d82)]
[INFO] [stdout]    | ^^^^^^^^^^^^^^^^^^^^^^^^ no `Factory` in the root
[INFO] [stdout]    |
[INFO] [stdout]    = note: this error originates in the attribute macro `aoc` (in Nightly builds, run with -Z macro-backtrace for more info)
[INFO] [stdout] 
[INFO] [stdout] 
[INFO] [stdout] error[E0432]: unresolved import `crate`
[INFO] [stdout]   --> src/day9.rs:36:1
[INFO] [stdout]    |
[INFO] [stdout] 36 | #[aoc(day9, part1, d91)]
[INFO] [stdout]    | ^^^^^^^^^^^^^^^^^^^^^^^^ no `Factory` in the root
[INFO] [stdout]    |
[INFO] [stdout]    = note: this error originates in the attribute macro `aoc` (in Nightly builds, run with -Z macro-backtrace for more info)
[INFO] [stdout] 
[INFO] [stdout] 
[INFO] [stdout] error[E0432]: unresolved import `crate`
[INFO] [stdout]   --> src/day9.rs:44:1
[INFO] [stdout]    |
[INFO] [stdout] 44 | #[aoc(day9, part2, d92)]
[INFO] [stdout]    | ^^^^^^^^^^^^^^^^^^^^^^^^ no `Factory` in the root
[INFO] [stdout]    |
[INFO] [stdout]    = note: this error originates in the attribute macro `aoc` (in Nightly builds, run with -Z macro-backtrace for more info)
[INFO] [stdout] 
[INFO] [stdout] 
[INFO] [stdout] error[E0432]: unresolved import `crate`
[INFO] [stdout]   --> src/day10.rs:11:1
[INFO] [stdout]    |
[INFO] [stdout] 11 | #[aoc(day10, part1, d101)]
[INFO] [stdout]    | ^^^^^^^^^^^^^^^^^^^^^^^^^^ no `Factory` in the root
[INFO] [stdout]    |
[INFO] [stdout]    = note: this error originates in the attribute macro `aoc` (in Nightly builds, run with -Z macro-backtrace for more info)
[INFO] [stdout] 
[INFO] [stdout] 
[INFO] [stdout] error[E0432]: unresolved import `crate`
[INFO] [stdout]   --> src/day10.rs:38:1
[INFO] [stdout]    |
[INFO] [stdout] 38 | #[aoc(day10, part2, d102)]
[INFO] [stdout]    | ^^^^^^^^^^^^^^^^^^^^^^^^^^ no `Factory` in the root
[INFO] [stdout]    |
[INFO] [stdout]    = note: this error originates in the attribute macro `aoc` (in Nightly builds, run with -Z macro-backtrace for more info)
[INFO] [stdout] 
[INFO] [stdout] 
[INFO] [stdout] error[E0432]: unresolved import `crate`
[INFO] [stdout]   --> src/day11.rs:60:1
[INFO] [stdout]    |
[INFO] [stdout] 60 | #[aoc(day11, part1, d111)]
[INFO] [stdout]    | ^^^^^^^^^^^^^^^^^^^^^^^^^^ no `Factory` in the root
[INFO] [stdout]    |
[INFO] [stdout]    = note: this error originates in the attribute macro `aoc` (in Nightly builds, run with -Z macro-backtrace for more info)
[INFO] [stdout] 
[INFO] [stdout] 
[INFO] [stdout] error[E0432]: unresolved import `crate`
[INFO] [stdout]    --> src/day11.rs:126:1
[INFO] [stdout]     |
[INFO] [stdout] 126 | #[aoc(day11, part2, d112)]
[INFO] [stdout]     | ^^^^^^^^^^^^^^^^^^^^^^^^^^ no `Factory` in the root
[INFO] [stdout]     |
[INFO] [stdout]     = note: this error originates in the attribute macro `aoc` (in Nightly builds, run with -Z macro-backtrace for more info)
[INFO] [stdout] 
[INFO] [stdout] 
[INFO] [stdout] error[E0432]: unresolved import `crate`
[INFO] [stdout]    --> src/day12.rs:144:1
[INFO] [stdout]     |
[INFO] [stdout] 144 | #[aoc(day12, part1, d121)]
[INFO] [stdout]     | ^^^^^^^^^^^^^^^^^^^^^^^^^^ no `Factory` in the root
[INFO] [stdout]     |
[INFO] [stdout]     = note: this error originates in the attribute macro `aoc` (in Nightly builds, run with -Z macro-backtrace for more info)
[INFO] [stdout] 
[INFO] [stdout] 
[INFO] [stdout] error[E0432]: unresolved import `crate`
[INFO] [stdout]    --> src/day12.rs:150:1
[INFO] [stdout]     |
[INFO] [stdout] 150 | #[aoc(day12, part2, d122)]
[INFO] [stdout]     | ^^^^^^^^^^^^^^^^^^^^^^^^^^ no `Factory` in the root
[INFO] [stdout]     |
[INFO] [stdout]     = note: this error originates in the attribute macro `aoc` (in Nightly builds, run with -Z macro-backtrace for more info)
[INFO] [stdout] 
[INFO] [stdout] 
[INFO] [stdout] error[E0432]: unresolved import `crate`
[INFO] [stdout]    --> src/day13.rs:158:1
[INFO] [stdout]     |
[INFO] [stdout] 158 | #[aoc(day13, part1, d131)]
[INFO] [stdout]     | ^^^^^^^^^^^^^^^^^^^^^^^^^^ no `Factory` in the root
[INFO] [stdout]     |
[INFO] [stdout]     = note: this error originates in the attribute macro `aoc` (in Nightly builds, run with -Z macro-backtrace for more info)
[INFO] [stdout] 
[INFO] [stdout] 
[INFO] [stdout] error[E0432]: unresolved import `crate`
[INFO] [stdout]    --> src/day13.rs:168:1
[INFO] [stdout]     |
[INFO] [stdout] 168 | #[aoc(day13, part2, d132)]
[INFO] [stdout]     | ^^^^^^^^^^^^^^^^^^^^^^^^^^ no `Factory` in the root
[INFO] [stdout]     |
[INFO] [stdout]     = note: this error originates in the attribute macro `aoc` (in Nightly builds, run with -Z macro-backtrace for more info)
[INFO] [stdout] 
[INFO] [stdout] 
[INFO] [stdout] error[E0432]: unresolved import `crate`
[INFO] [stdout]   --> src/day14.rs:82:1
[INFO] [stdout]    |
[INFO] [stdout] 82 | #[aoc(day14, part1, day14_1)]
[INFO] [stdout]    | ^^^^^^^^^^^^^^^^^^^^^^^^^^^^^ no `Factory` in the root
[INFO] [stdout]    |
[INFO] [stdout]    = note: this error originates in the attribute macro `aoc` (in Nightly builds, run with -Z macro-backtrace for more info)
[INFO] [stdout] 
[INFO] [stdout] 
[INFO] [stdout] error[E0432]: unresolved import `crate`
[INFO] [stdout]   --> src/day14.rs:91:1
[INFO] [stdout]    |
[INFO] [stdout] 91 | #[aoc(day14, part2, day14_2)]
[INFO] [stdout]    | ^^^^^^^^^^^^^^^^^^^^^^^^^^^^^ no `Factory` in the root
[INFO] [stdout]    |
[INFO] [stdout]    = note: this error originates in the attribute macro `aoc` (in Nightly builds, run with -Z macro-backtrace for more info)
[INFO] [stdout] 
[INFO] [stdout] 
[INFO] [stdout] error[E0432]: unresolved import `crate`
[INFO] [stdout]   --> src/day15.rs:95:1
[INFO] [stdout]    |
[INFO] [stdout] 95 | #[aoc(day15, part1, day15_1)]
[INFO] [stdout]    | ^^^^^^^^^^^^^^^^^^^^^^^^^^^^^ no `Factory` in the root
[INFO] [stdout]    |
[INFO] [stdout]    = note: this error originates in the attribute macro `aoc` (in Nightly builds, run with -Z macro-backtrace for more info)
[INFO] [stdout] 
[INFO] [stdout] 
[INFO] [stdout] error[E0432]: unresolved import `crate`
[INFO] [stdout]    --> src/day15.rs:136:1
[INFO] [stdout]     |
[INFO] [stdout] 136 | #[aoc(day15, part2, day15_2)]
[INFO] [stdout]     | ^^^^^^^^^^^^^^^^^^^^^^^^^^^^^ no `Factory` in the root
[INFO] [stdout]     |
[INFO] [stdout]     = note: this error originates in the attribute macro `aoc` (in Nightly builds, run with -Z macro-backtrace for more info)
[INFO] [stdout] 
[INFO] [stdout] 
[INFO] [stdout] error[E0432]: unresolved import `crate`
[INFO] [stdout]    --> src/day16.rs:181:1
[INFO] [stdout]     |
[INFO] [stdout] 181 | #[aoc(day16, part1, day16_1)]
[INFO] [stdout]     | ^^^^^^^^^^^^^^^^^^^^^^^^^^^^^ no `Factory` in the root
[INFO] [stdout]     |
[INFO] [stdout]     = note: this error originates in the attribute macro `aoc` (in Nightly builds, run with -Z macro-backtrace for more info)
[INFO] [stdout] 
[INFO] [stdout] 
[INFO] [stdout] error[E0432]: unresolved import `crate`
[INFO] [stdout]    --> src/day16.rs:188:1
[INFO] [stdout]     |
[INFO] [stdout] 188 | #[aoc(day16, part2, day16_2)]
[INFO] [stdout]     | ^^^^^^^^^^^^^^^^^^^^^^^^^^^^^ no `Factory` in the root
[INFO] [stdout]     |
[INFO] [stdout]     = note: this error originates in the attribute macro `aoc` (in Nightly builds, run with -Z macro-backtrace for more info)
[INFO] [stdout] 
[INFO] [stdout] 
[INFO] [stdout] error[E0432]: unresolved import `crate`
[INFO] [stdout]    --> src/day17.rs:124:1
[INFO] [stdout]     |
[INFO] [stdout] 124 | #[aoc(day17, part1, day17_1)]
[INFO] [stdout]     | ^^^^^^^^^^^^^^^^^^^^^^^^^^^^^ no `Factory` in the root
[INFO] [stdout]     |
[INFO] [stdout]     = note: this error originates in the attribute macro `aoc` (in Nightly builds, run with -Z macro-backtrace for more info)
[INFO] [stdout] 
[INFO] [stdout] 
[INFO] [stdout] error[E0432]: unresolved import `crate`
[INFO] [stdout]    --> src/day17.rs:129:1
[INFO] [stdout]     |
[INFO] [stdout] 129 | #[aoc(day17, part2, day17_2)]
[INFO] [stdout]     | ^^^^^^^^^^^^^^^^^^^^^^^^^^^^^ no `Factory` in the root
[INFO] [stdout]     |
[INFO] [stdout]     = note: this error originates in the attribute macro `aoc` (in Nightly builds, run with -Z macro-backtrace for more info)
[INFO] [stdout] 
[INFO] [stdout] 
[INFO] [stdout] error[E0432]: unresolved import `crate`
[INFO] [stdout]    --> src/day18.rs:235:1
[INFO] [stdout]     |
[INFO] [stdout] 235 | #[aoc(day18, part1, day18_1)]
[INFO] [stdout]     | ^^^^^^^^^^^^^^^^^^^^^^^^^^^^^ no `Factory` in the root
[INFO] [stdout]     |
[INFO] [stdout]     = note: this error originates in the attribute macro `aoc` (in Nightly builds, run with -Z macro-backtrace for more info)
[INFO] [stdout] 
[INFO] [stdout] 
[INFO] [stdout] error[E0432]: unresolved import `crate`
[INFO] [stdout]    --> src/day18.rs:246:1
[INFO] [stdout]     |
[INFO] [stdout] 246 | #[aoc(day18, part2, day18_2)]
[INFO] [stdout]     | ^^^^^^^^^^^^^^^^^^^^^^^^^^^^^ no `Factory` in the root
[INFO] [stdout]     |
[INFO] [stdout]     = note: this error originates in the attribute macro `aoc` (in Nightly builds, run with -Z macro-backtrace for more info)
[INFO] [stdout] 
[INFO] [stdout] 
[INFO] [stdout] error[E0432]: unresolved import `crate`
[INFO] [stdout]    --> src/day20.rs:106:1
[INFO] [stdout]     |
[INFO] [stdout] 106 | #[aoc(day20, part1, day20_1)]
[INFO] [stdout]     | ^^^^^^^^^^^^^^^^^^^^^^^^^^^^^ no `Factory` in the root
[INFO] [stdout]     |
[INFO] [stdout]     = note: this error originates in the attribute macro `aoc` (in Nightly builds, run with -Z macro-backtrace for more info)
[INFO] [stdout] 
[INFO] [stdout] 
[INFO] [stdout] error[E0432]: unresolved import `crate`
[INFO] [stdout]    --> src/day20.rs:113:1
[INFO] [stdout]     |
[INFO] [stdout] 113 | #[aoc(day20, part2, day20_2)]
[INFO] [stdout]     | ^^^^^^^^^^^^^^^^^^^^^^^^^^^^^ no `Factory` in the root
[INFO] [stdout]     |
[INFO] [stdout]     = note: this error originates in the attribute macro `aoc` (in Nightly builds, run with -Z macro-backtrace for more info)
[INFO] [stdout] 
[INFO] [stdout] 
[INFO] [stdout] error[E0432]: unresolved import `crate`
[INFO] [stdout]   --> src/day21.rs:45:1
[INFO] [stdout]    |
[INFO] [stdout] 45 | #[aoc(day21, part1, day21_1)]
[INFO] [stdout]    | ^^^^^^^^^^^^^^^^^^^^^^^^^^^^^ no `Factory` in the root
[INFO] [stdout]    |
[INFO] [stdout]    = note: this error originates in the attribute macro `aoc` (in Nightly builds, run with -Z macro-backtrace for more info)
[INFO] [stdout] 
[INFO] [stdout] 
[INFO] [stdout] error[E0432]: unresolved import `crate`
[INFO] [stdout]    --> src/day21.rs:111:1
[INFO] [stdout]     |
[INFO] [stdout] 111 | #[aoc(day21, part2, day21_e)]
[INFO] [stdout]     | ^^^^^^^^^^^^^^^^^^^^^^^^^^^^^ no `Factory` in the root
[INFO] [stdout]     |
[INFO] [stdout]     = note: this error originates in the attribute macro `aoc` (in Nightly builds, run with -Z macro-backtrace for more info)
[INFO] [stdout] 
[INFO] [stdout] 
[INFO] [stdout] error[E0432]: unresolved import `crate`
[INFO] [stdout]   --> src/day22.rs:76:1
[INFO] [stdout]    |
[INFO] [stdout] 76 | #[aoc(day22, part1, day22_1)]
[INFO] [stdout]    | ^^^^^^^^^^^^^^^^^^^^^^^^^^^^^ no `Factory` in the root
[INFO] [stdout]    |
[INFO] [stdout]    = note: this error originates in the attribute macro `aoc` (in Nightly builds, run with -Z macro-backtrace for more info)
[INFO] [stdout] 
[INFO] [stdout] 
[INFO] [stdout] error[E0432]: unresolved import `crate`
[INFO] [stdout]   --> src/day22.rs:96:1
[INFO] [stdout]    |
[INFO] [stdout] 96 | #[aoc(day22, part2, day22_e)]
[INFO] [stdout]    | ^^^^^^^^^^^^^^^^^^^^^^^^^^^^^ no `Factory` in the root
[INFO] [stdout]    |
[INFO] [stdout]    = note: this error originates in the attribute macro `aoc` (in Nightly builds, run with -Z macro-backtrace for more info)
[INFO] [stdout] 
[INFO] [stdout] 
[INFO] [stdout] error: aborting due to 43 previous errors
[INFO] [stdout] 
[INFO] [stdout] 
[INFO] [stdout] For more information about this error, try `rustc --explain E0432`.
[INFO] [stdout] 
[INFO] [stderr] error: could not compile `aoc-2021` due to 44 previous errors
[INFO] running `Command { std: "docker" "inspect" "94af326ddbe5217748692e6318239d0509f8eb672ad70fefc3b19a7615f18c9f", kill_on_drop: false }`
[INFO] running `Command { std: "docker" "rm" "-f" "94af326ddbe5217748692e6318239d0509f8eb672ad70fefc3b19a7615f18c9f", kill_on_drop: false }`
[INFO] [stdout] 94af326ddbe5217748692e6318239d0509f8eb672ad70fefc3b19a7615f18c9f
