[INFO] cloning repository https://github.com/gdepuydt/fuzzoz
[INFO] running `Command { std: "git" "-c" "credential.helper=" "-c" "credential.helper=/workspace/cargo-home/bin/git-credential-null" "clone" "--bare" "https://github.com/gdepuydt/fuzzoz" "/workspace/cache/git-repos/https%3A%2F%2Fgithub.com%2Fgdepuydt%2Ffuzzoz", kill_on_drop: false }`
[INFO] [stderr] Cloning into bare repository '/workspace/cache/git-repos/https%3A%2F%2Fgithub.com%2Fgdepuydt%2Ffuzzoz'...
[INFO] running `Command { std: "git" "rev-parse" "HEAD", kill_on_drop: false }`
[INFO] [stdout] 13b1d48fb86e0103a468dc93cf62d01dc93f489c
[INFO] testing gdepuydt/fuzzoz against 1.69.0 for beta-1.70-1
[INFO] running `Command { std: "git" "clone" "/workspace/cache/git-repos/https%3A%2F%2Fgithub.com%2Fgdepuydt%2Ffuzzoz" "/workspace/builds/worker-0-tc1/source", kill_on_drop: false }`
[INFO] [stderr] Cloning into '/workspace/builds/worker-0-tc1/source'...
[INFO] [stderr] done.
[INFO] validating manifest of git repo https://github.com/gdepuydt/fuzzoz on toolchain 1.69.0
[INFO] running `Command { std: CARGO_HOME="/workspace/cargo-home" RUSTUP_HOME="/workspace/rustup-home" "/workspace/cargo-home/bin/cargo" "+1.69.0" "metadata" "--manifest-path" "Cargo.toml" "--no-deps", kill_on_drop: false }`
[INFO] removed /workspace/builds/worker-0-tc1/source/.cargo/config.toml
[INFO] started tweaking git repo https://github.com/gdepuydt/fuzzoz
[INFO] finished tweaking git repo https://github.com/gdepuydt/fuzzoz
[INFO] tweaked toml for git repo https://github.com/gdepuydt/fuzzoz written to /workspace/builds/worker-0-tc1/source/Cargo.toml
[INFO] crate git repo https://github.com/gdepuydt/fuzzoz already has a lockfile, it will not be regenerated
[INFO] running `Command { std: CARGO_HOME="/workspace/cargo-home" RUSTUP_HOME="/workspace/rustup-home" "/workspace/cargo-home/bin/cargo" "+1.69.0" "fetch" "--manifest-path" "Cargo.toml", kill_on_drop: false }`
[INFO] running `Command { std: "docker" "create" "-v" "/var/lib/crater-agent-workspace/builds/worker-0-tc1/target:/opt/rustwide/target:rw,Z" "-v" "/var/lib/crater-agent-workspace/builds/worker-0-tc1/source:/opt/rustwide/workdir:ro,Z" "-v" "/var/lib/crater-agent-workspace/cargo-home:/opt/rustwide/cargo-home:ro,Z" "-v" "/var/lib/crater-agent-workspace/rustup-home:/opt/rustwide/rustup-home:ro,Z" "-e" "SOURCE_DIR=/opt/rustwide/workdir" "-e" "CARGO_TARGET_DIR=/opt/rustwide/target" "-e" "CARGO_HOME=/opt/rustwide/cargo-home" "-e" "RUSTUP_HOME=/opt/rustwide/rustup-home" "-w" "/opt/rustwide/workdir" "-m" "1610612736" "--user" "0:0" "--network" "none" "ghcr.io/rust-lang/crates-build-env/linux@sha256:5ff2268d62e97bff2cde7d5815dd6ed5b47097566f13b8d0ca110b04b60e07ed" "/opt/rustwide/cargo-home/bin/cargo" "+1.69.0" "metadata" "--no-deps" "--format-version=1", kill_on_drop: false }`
[INFO] [stdout] 87848383b656a754ea3610db4f6c1c3b0f34137548115d8a9b2b3e9b3b1814d8
[INFO] running `Command { std: "docker" "start" "-a" "87848383b656a754ea3610db4f6c1c3b0f34137548115d8a9b2b3e9b3b1814d8", kill_on_drop: false }`
[INFO] running `Command { std: "docker" "inspect" "87848383b656a754ea3610db4f6c1c3b0f34137548115d8a9b2b3e9b3b1814d8", kill_on_drop: false }`
[INFO] running `Command { std: "docker" "rm" "-f" "87848383b656a754ea3610db4f6c1c3b0f34137548115d8a9b2b3e9b3b1814d8", kill_on_drop: false }`
[INFO] [stdout] 87848383b656a754ea3610db4f6c1c3b0f34137548115d8a9b2b3e9b3b1814d8
[INFO] running `Command { std: "docker" "create" "-v" "/var/lib/crater-agent-workspace/builds/worker-0-tc1/target:/opt/rustwide/target:rw,Z" "-v" "/var/lib/crater-agent-workspace/builds/worker-0-tc1/source:/opt/rustwide/workdir:ro,Z" "-v" "/var/lib/crater-agent-workspace/cargo-home:/opt/rustwide/cargo-home:ro,Z" "-v" "/var/lib/crater-agent-workspace/rustup-home:/opt/rustwide/rustup-home:ro,Z" "-e" "SOURCE_DIR=/opt/rustwide/workdir" "-e" "CARGO_TARGET_DIR=/opt/rustwide/target" "-e" "CARGO_INCREMENTAL=0" "-e" "RUST_BACKTRACE=full" "-e" "RUSTFLAGS=--cap-lints=warn" "-e" "RUSTDOCFLAGS=--cap-lints=warn" "-e" "CARGO_HOME=/opt/rustwide/cargo-home" "-e" "RUSTUP_HOME=/opt/rustwide/rustup-home" "-w" "/opt/rustwide/workdir" "-m" "1610612736" "--user" "0:0" "--network" "none" "ghcr.io/rust-lang/crates-build-env/linux@sha256:5ff2268d62e97bff2cde7d5815dd6ed5b47097566f13b8d0ca110b04b60e07ed" "/opt/rustwide/cargo-home/bin/cargo" "+1.69.0" "build" "--frozen" "--message-format=json", kill_on_drop: false }`
[INFO] [stdout] a3d97e5ed2d1cab6f051f55c8df21743692b53b561870bd50ceadf2d65d5766e
[INFO] running `Command { std: "docker" "start" "-a" "a3d97e5ed2d1cab6f051f55c8df21743692b53b561870bd50ceadf2d65d5766e", kill_on_drop: false }`
[INFO] [stderr]    Compiling FuzzOS v0.1.0 (/opt/rustwide/workdir)
[INFO] [stdout] error: cannot find macro `asm` in this scope
[INFO] [stdout]   --> src/main.rs:32:18
[INFO] [stdout]    |
[INFO] [stdout] 32 |         unsafe { asm!("hlt") }
[INFO] [stdout]    |                  ^^^
[INFO] [stdout]    |
[INFO] [stdout]    = help: consider importing this macro:
[INFO] [stdout]            core::arch::asm
[INFO] [stdout] 
[INFO] [stdout] 
[INFO] [stdout] error: cannot find macro `asm` in this scope
[INFO] [stdout]  --> src/core_requirements.rs:5:5
[INFO] [stdout]   |
[INFO] [stdout] 5 |     asm!("rep movsb",
[INFO] [stdout]   |     ^^^
[INFO] [stdout]   |
[INFO] [stdout]   = help: consider importing this macro:
[INFO] [stdout]           core::arch::asm
[INFO] [stdout] 
[INFO] [stdout] 
[INFO] [stdout] error: cannot find macro `asm` in this scope
[INFO] [stdout]   --> src/core_requirements.rs:16:5
[INFO] [stdout]    |
[INFO] [stdout] 16 |     asm!("rep movsb",
[INFO] [stdout]    |     ^^^
[INFO] [stdout]    |
[INFO] [stdout]    = help: consider importing this macro:
[INFO] [stdout]            core::arch::asm
[INFO] [stdout] 
[INFO] [stdout] 
[INFO] [stdout] error: cannot find macro `asm` in this scope
[INFO] [stdout]    --> src/core_requirements.rs:107:5
[INFO] [stdout]     |
[INFO] [stdout] 107 |     asm!("rep stosb",
[INFO] [stdout]     |     ^^^
[INFO] [stdout]     |
[INFO] [stdout]     = help: consider importing this macro:
[INFO] [stdout]             core::arch::asm
[INFO] [stdout] 
[INFO] [stdout] 
[INFO] [stdout] error[E0554]: `#![feature]` may not be used on the stable release channel
[INFO] [stdout]  --> src/main.rs:1:1
[INFO] [stdout]   |
[INFO] [stdout] 1 | #![feature(asm, panic_info_message, core_intrinsics, bool_to_option)]
[INFO] [stdout]   | ^^^^^^^^^^^^^^^^^^^^^^^^^^^^^^^^^^^^^^^^^^^^^^^^^^^^^^^^^^^^^^^^^^^^^
[INFO] [stdout] 
[INFO] [stdout] 
[INFO] [stdout] error[E0554]: `#![feature]` may not be used on the stable release channel
[INFO] [stdout]  --> src/main.rs:3:1
[INFO] [stdout]   |
[INFO] [stdout] 3 | #![feature(arbitrary_enum_discriminant)]
[INFO] [stdout]   | ^^^^^^^^^^^^^^^^^^^^^^^^^^^^^^^^^^^^^^^^ help: remove the attribute
[INFO] [stdout]   |
[INFO] [stdout]   = help: the feature `arbitrary_enum_discriminant` has been stable since `1.66.0` and no longer requires an attribute to enable
[INFO] [stdout] 
[INFO] [stdout] 
[INFO] [stdout] warning: the feature `arbitrary_enum_discriminant` has been stable since 1.66.0 and no longer requires an attribute to enable
[INFO] [stdout]  --> src/main.rs:3:12
[INFO] [stdout]   |
[INFO] [stdout] 3 | #![feature(arbitrary_enum_discriminant)]
[INFO] [stdout]   |            ^^^^^^^^^^^^^^^^^^^^^^^^^^^
[INFO] [stdout]   |
[INFO] [stdout]   = note: `#[warn(stable_features)]` on by default
[INFO] [stdout] 
[INFO] [stdout] 
[INFO] [stdout] error[E0554]: `#![feature]` may not be used on the stable release channel
[INFO] [stdout]  --> src/main.rs:1:12
[INFO] [stdout]   |
[INFO] [stdout] 1 | #![feature(asm, panic_info_message, core_intrinsics, bool_to_option)]
[INFO] [stdout]   |            ^^^
[INFO] [stdout] 
[INFO] [stdout] 
[INFO] [stdout] error[E0554]: `#![feature]` may not be used on the stable release channel
[INFO] [stdout]  --> src/main.rs:1:17
[INFO] [stdout]   |
[INFO] [stdout] 1 | #![feature(asm, panic_info_message, core_intrinsics, bool_to_option)]
[INFO] [stdout]   |                 ^^^^^^^^^^^^^^^^^^
[INFO] [stdout] 
[INFO] [stdout] 
[INFO] [stdout] error[E0554]: `#![feature]` may not be used on the stable release channel
[INFO] [stdout]  --> src/main.rs:1:37
[INFO] [stdout]   |
[INFO] [stdout] 1 | #![feature(asm, panic_info_message, core_intrinsics, bool_to_option)]
[INFO] [stdout]   |                                     ^^^^^^^^^^^^^^^
[INFO] [stdout] 
[INFO] [stdout] 
[INFO] [stdout] error[E0554]: `#![feature]` may not be used on the stable release channel
[INFO] [stdout]  --> src/main.rs:1:54
[INFO] [stdout]   |
[INFO] [stdout] 1 | #![feature(asm, panic_info_message, core_intrinsics, bool_to_option)]
[INFO] [stdout]   |                                                      ^^^^^^^^^^^^^^
[INFO] [stdout] 
[INFO] [stdout] 
[INFO] [stdout] warning: the feature `asm` has been stable since 1.59.0 and no longer requires an attribute to enable
[INFO] [stdout]  --> src/main.rs:1:12
[INFO] [stdout]   |
[INFO] [stdout] 1 | #![feature(asm, panic_info_message, core_intrinsics, bool_to_option)]
[INFO] [stdout]   |            ^^^
[INFO] [stdout] 
[INFO] [stdout] 
[INFO] [stdout] warning: the feature `bool_to_option` has been stable since 1.62.0 and no longer requires an attribute to enable
[INFO] [stdout]  --> src/main.rs:1:54
[INFO] [stdout]   |
[INFO] [stdout] 1 | #![feature(asm, panic_info_message, core_intrinsics, bool_to_option)]
[INFO] [stdout]   |                                                      ^^^^^^^^^^^^^^
[INFO] [stdout] 
[INFO] [stdout] 
[INFO] [stdout] error: language item required, but not found: `eh_personality`
[INFO] [stdout]   |
[INFO] [stdout]   = note: this can occur when a binary crate with `#![no_std]` is compiled for a target where `eh_personality` is defined in the standard library
[INFO] [stdout]   = help: you may be able to compile for a target that doesn't need `eh_personality`, specify a target with `--target` or in `.cargo/config`
[INFO] [stdout] 
[INFO] [stdout] 
[INFO] [stdout] error: aborting due to 11 previous errors; 3 warnings emitted
[INFO] [stdout] 
[INFO] [stdout] 
[INFO] [stdout] For more information about this error, try `rustc --explain E0554`.
[INFO] [stdout] 
[INFO] [stderr] error: could not compile `FuzzOS` due to 12 previous errors; 3 warnings emitted
[INFO] running `Command { std: "docker" "inspect" "a3d97e5ed2d1cab6f051f55c8df21743692b53b561870bd50ceadf2d65d5766e", kill_on_drop: false }`
[INFO] running `Command { std: "docker" "rm" "-f" "a3d97e5ed2d1cab6f051f55c8df21743692b53b561870bd50ceadf2d65d5766e", kill_on_drop: false }`
[INFO] [stdout] a3d97e5ed2d1cab6f051f55c8df21743692b53b561870bd50ceadf2d65d5766e
