[INFO] cloning repository https://github.com/gbersac/computorv1-42
[INFO] running `Command { std: "git" "-c" "credential.helper=" "-c" "credential.helper=/workspace/cargo-home/bin/git-credential-null" "clone" "--bare" "https://github.com/gbersac/computorv1-42" "/workspace/cache/git-repos/https%3A%2F%2Fgithub.com%2Fgbersac%2Fcomputorv1-42", kill_on_drop: false }`
[INFO] [stderr] Cloning into bare repository '/workspace/cache/git-repos/https%3A%2F%2Fgithub.com%2Fgbersac%2Fcomputorv1-42'...
[INFO] running `Command { std: "git" "rev-parse" "HEAD", kill_on_drop: false }`
[INFO] [stdout] ad0512209e23c01c38ce859b94f222aec3c5abc7
[INFO] testing gbersac/computorv1-42 against 1.69.0 for beta-1.70-1
[INFO] running `Command { std: "git" "clone" "/workspace/cache/git-repos/https%3A%2F%2Fgithub.com%2Fgbersac%2Fcomputorv1-42" "/workspace/builds/worker-2-tc1/source", kill_on_drop: false }`
[INFO] [stderr] Cloning into '/workspace/builds/worker-2-tc1/source'...
[INFO] [stderr] done.
[INFO] validating manifest of git repo https://github.com/gbersac/computorv1-42 on toolchain 1.69.0
[INFO] running `Command { std: CARGO_HOME="/workspace/cargo-home" RUSTUP_HOME="/workspace/rustup-home" "/workspace/cargo-home/bin/cargo" "+1.69.0" "metadata" "--manifest-path" "Cargo.toml" "--no-deps", kill_on_drop: false }`
[INFO] started tweaking git repo https://github.com/gbersac/computorv1-42
[INFO] finished tweaking git repo https://github.com/gbersac/computorv1-42
[INFO] tweaked toml for git repo https://github.com/gbersac/computorv1-42 written to /workspace/builds/worker-2-tc1/source/Cargo.toml
[INFO] crate git repo https://github.com/gbersac/computorv1-42 already has a lockfile, it will not be regenerated
[INFO] running `Command { std: CARGO_HOME="/workspace/cargo-home" RUSTUP_HOME="/workspace/rustup-home" "/workspace/cargo-home/bin/cargo" "+1.69.0" "fetch" "--manifest-path" "Cargo.toml", kill_on_drop: false }`
[INFO] [stderr]  Downloading crates ...
[INFO] [stderr]   Downloaded regex_macros v0.1.15
[INFO] [stderr]   Downloaded regex v0.1.28
[INFO] running `Command { std: "docker" "create" "-v" "/var/lib/crater-agent-workspace/builds/worker-2-tc1/target:/opt/rustwide/target:rw,Z" "-v" "/var/lib/crater-agent-workspace/builds/worker-2-tc1/source:/opt/rustwide/workdir:ro,Z" "-v" "/var/lib/crater-agent-workspace/cargo-home:/opt/rustwide/cargo-home:ro,Z" "-v" "/var/lib/crater-agent-workspace/rustup-home:/opt/rustwide/rustup-home:ro,Z" "-e" "SOURCE_DIR=/opt/rustwide/workdir" "-e" "CARGO_TARGET_DIR=/opt/rustwide/target" "-e" "CARGO_HOME=/opt/rustwide/cargo-home" "-e" "RUSTUP_HOME=/opt/rustwide/rustup-home" "-w" "/opt/rustwide/workdir" "-m" "1610612736" "--user" "0:0" "--network" "none" "ghcr.io/rust-lang/crates-build-env/linux@sha256:5ff2268d62e97bff2cde7d5815dd6ed5b47097566f13b8d0ca110b04b60e07ed" "/opt/rustwide/cargo-home/bin/cargo" "+1.69.0" "metadata" "--no-deps" "--format-version=1", kill_on_drop: false }`
[INFO] [stdout] f97007395f6f054d6fbd6400bc0ab8a50ae4a35347f949e1e4b3b9bd2ffd237c
[INFO] running `Command { std: "docker" "start" "-a" "f97007395f6f054d6fbd6400bc0ab8a50ae4a35347f949e1e4b3b9bd2ffd237c", kill_on_drop: false }`
[INFO] running `Command { std: "docker" "inspect" "f97007395f6f054d6fbd6400bc0ab8a50ae4a35347f949e1e4b3b9bd2ffd237c", kill_on_drop: false }`
[INFO] running `Command { std: "docker" "rm" "-f" "f97007395f6f054d6fbd6400bc0ab8a50ae4a35347f949e1e4b3b9bd2ffd237c", kill_on_drop: false }`
[INFO] [stdout] f97007395f6f054d6fbd6400bc0ab8a50ae4a35347f949e1e4b3b9bd2ffd237c
[INFO] running `Command { std: "docker" "create" "-v" "/var/lib/crater-agent-workspace/builds/worker-2-tc1/target:/opt/rustwide/target:rw,Z" "-v" "/var/lib/crater-agent-workspace/builds/worker-2-tc1/source:/opt/rustwide/workdir:ro,Z" "-v" "/var/lib/crater-agent-workspace/cargo-home:/opt/rustwide/cargo-home:ro,Z" "-v" "/var/lib/crater-agent-workspace/rustup-home:/opt/rustwide/rustup-home:ro,Z" "-e" "SOURCE_DIR=/opt/rustwide/workdir" "-e" "CARGO_TARGET_DIR=/opt/rustwide/target" "-e" "CARGO_INCREMENTAL=0" "-e" "RUST_BACKTRACE=full" "-e" "RUSTFLAGS=--cap-lints=warn" "-e" "RUSTDOCFLAGS=--cap-lints=warn" "-e" "CARGO_HOME=/opt/rustwide/cargo-home" "-e" "RUSTUP_HOME=/opt/rustwide/rustup-home" "-w" "/opt/rustwide/workdir" "-m" "1610612736" "--user" "0:0" "--network" "none" "ghcr.io/rust-lang/crates-build-env/linux@sha256:5ff2268d62e97bff2cde7d5815dd6ed5b47097566f13b8d0ca110b04b60e07ed" "/opt/rustwide/cargo-home/bin/cargo" "+1.69.0" "build" "--frozen" "--message-format=json", kill_on_drop: false }`
[INFO] [stdout] 514d5f4c9d1f08af4526615a3c0d75d20ea0342b041969b34d9e8b134b9b10ab
[INFO] running `Command { std: "docker" "start" "-a" "514d5f4c9d1f08af4526615a3c0d75d20ea0342b041969b34d9e8b134b9b10ab", kill_on_drop: false }`
[INFO] [stderr]    Compiling regex v0.1.28
[INFO] [stdout] error[E0658]: use of unstable library feature 'pattern': API not fully fleshed out and ready to be stabilized
[INFO] [stdout]   --> /opt/rustwide/cargo-home/registry/src/github.com-1ecc6299db9ec823/regex-0.1.28/src/re.rs:16:25
[INFO] [stdout]    |
[INFO] [stdout] 16 | use std::str::pattern::{Pattern, Searcher, SearchStep};
[INFO] [stdout]    |                         ^^^^^^^
[INFO] [stdout]    |
[INFO] [stdout]    = note: see issue #27721 <https://github.com/rust-lang/rust/issues/27721> for more information
[INFO] [stdout] 
[INFO] [stdout] 
[INFO] [stdout] error[E0658]: use of unstable library feature 'pattern': API not fully fleshed out and ready to be stabilized
[INFO] [stdout]   --> /opt/rustwide/cargo-home/registry/src/github.com-1ecc6299db9ec823/regex-0.1.28/src/re.rs:16:34
[INFO] [stdout]    |
[INFO] [stdout] 16 | use std::str::pattern::{Pattern, Searcher, SearchStep};
[INFO] [stdout]    |                                  ^^^^^^^^
[INFO] [stdout]    |
[INFO] [stdout]    = note: see issue #27721 <https://github.com/rust-lang/rust/issues/27721> for more information
[INFO] [stdout] 
[INFO] [stdout] 
[INFO] [stdout] error[E0658]: use of unstable library feature 'pattern': API not fully fleshed out and ready to be stabilized
[INFO] [stdout]   --> /opt/rustwide/cargo-home/registry/src/github.com-1ecc6299db9ec823/regex-0.1.28/src/re.rs:16:44
[INFO] [stdout]    |
[INFO] [stdout] 16 | use std::str::pattern::{Pattern, Searcher, SearchStep};
[INFO] [stdout]    |                                            ^^^^^^^^^^
[INFO] [stdout]    |
[INFO] [stdout]    = note: see issue #27721 <https://github.com/rust-lang/rust/issues/27721> for more information
[INFO] [stdout] 
[INFO] [stdout] 
[INFO] [stdout] error[E0658]: use of unstable library feature 'pattern': API not fully fleshed out and ready to be stabilized
[INFO] [stdout]    --> /opt/rustwide/cargo-home/registry/src/github.com-1ecc6299db9ec823/regex-0.1.28/src/re.rs:976:5
[INFO] [stdout]     |
[INFO] [stdout] 976 |     type Searcher = RegexSearcher<'r, 't>;
[INFO] [stdout]     |     ^^^^^^^^^^^^^^^^^^^^^^^^^^^^^^^^^^^^^^
[INFO] [stdout]     |
[INFO] [stdout]     = note: see issue #27721 <https://github.com/rust-lang/rust/issues/27721> for more information
[INFO] [stdout] 
[INFO] [stdout] 
[INFO] [stdout] error[E0658]: use of unstable library feature 'pattern': API not fully fleshed out and ready to be stabilized
[INFO] [stdout]    --> /opt/rustwide/cargo-home/registry/src/github.com-1ecc6299db9ec823/regex-0.1.28/src/re.rs:978:5
[INFO] [stdout]     |
[INFO] [stdout] 978 | /     fn into_searcher(self, haystack: &'t str) -> RegexSearcher<'r, 't> {
[INFO] [stdout] 979 | |         RegexSearcher {
[INFO] [stdout] 980 | |             it: self.find_iter(haystack),
[INFO] [stdout] 981 | |             last_step_end: 0,
[INFO] [stdout] 982 | |             next_match: None,
[INFO] [stdout] 983 | |         }
[INFO] [stdout] 984 | |     }
[INFO] [stdout]     | |_____^
[INFO] [stdout]     |
[INFO] [stdout]     = note: see issue #27721 <https://github.com/rust-lang/rust/issues/27721> for more information
[INFO] [stdout] 
[INFO] [stdout] 
[INFO] [stdout] error[E0658]: use of unstable library feature 'pattern': API not fully fleshed out and ready to be stabilized
[INFO] [stdout]    --> /opt/rustwide/cargo-home/registry/src/github.com-1ecc6299db9ec823/regex-0.1.28/src/re.rs:975:14
[INFO] [stdout]     |
[INFO] [stdout] 975 | impl<'r, 't> Pattern<'t> for &'r Regex {
[INFO] [stdout]     |              ^^^^^^^^^^^
[INFO] [stdout]     |
[INFO] [stdout]     = note: see issue #27721 <https://github.com/rust-lang/rust/issues/27721> for more information
[INFO] [stdout] 
[INFO] [stdout] 
[INFO] [stdout] error[E0658]: use of unstable library feature 'pattern': API not fully fleshed out and ready to be stabilized
[INFO] [stdout]    --> /opt/rustwide/cargo-home/registry/src/github.com-1ecc6299db9ec823/regex-0.1.28/src/re.rs:990:5
[INFO] [stdout]     |
[INFO] [stdout] 990 | /     fn haystack(&self) -> &'t str {
[INFO] [stdout] 991 | |         self.it.search
[INFO] [stdout] 992 | |     }
[INFO] [stdout]     | |_____^
[INFO] [stdout]     |
[INFO] [stdout]     = note: see issue #27721 <https://github.com/rust-lang/rust/issues/27721> for more information
[INFO] [stdout] 
[INFO] [stdout] 
[INFO] [stdout] error[E0658]: use of unstable library feature 'pattern': API not fully fleshed out and ready to be stabilized
[INFO] [stdout]     --> /opt/rustwide/cargo-home/registry/src/github.com-1ecc6299db9ec823/regex-0.1.28/src/re.rs:995:5
[INFO] [stdout]      |
[INFO] [stdout] 995  | /     fn next(&mut self) -> SearchStep {
[INFO] [stdout] 996  | |         if let Some((s, e)) = self.next_match {
[INFO] [stdout] 997  | |             self.next_match = None;
[INFO] [stdout] 998  | |             self.last_step_end = e;
[INFO] [stdout] ...    |
[INFO] [stdout] 1022 | |         }
[INFO] [stdout] 1023 | |     }
[INFO] [stdout]      | |_____^
[INFO] [stdout]      |
[INFO] [stdout]      = note: see issue #27721 <https://github.com/rust-lang/rust/issues/27721> for more information
[INFO] [stdout] 
[INFO] [stdout] 
[INFO] [stdout] error[E0658]: use of unstable library feature 'pattern': API not fully fleshed out and ready to be stabilized
[INFO] [stdout]    --> /opt/rustwide/cargo-home/registry/src/github.com-1ecc6299db9ec823/regex-0.1.28/src/re.rs:988:21
[INFO] [stdout]     |
[INFO] [stdout] 988 | unsafe impl<'r, 't> Searcher<'t> for RegexSearcher<'r, 't> {
[INFO] [stdout]     |                     ^^^^^^^^^^^^
[INFO] [stdout]     |
[INFO] [stdout]     = note: see issue #27721 <https://github.com/rust-lang/rust/issues/27721> for more information
[INFO] [stdout] 
[INFO] [stdout] 
[INFO] [stdout] error[E0658]: use of unstable library feature 'pattern': API not fully fleshed out and ready to be stabilized
[INFO] [stdout]    --> /opt/rustwide/cargo-home/registry/src/github.com-1ecc6299db9ec823/regex-0.1.28/src/re.rs:995:27
[INFO] [stdout]     |
[INFO] [stdout] 995 |     fn next(&mut self) -> SearchStep {
[INFO] [stdout]     |                           ^^^^^^^^^^
[INFO] [stdout]     |
[INFO] [stdout]     = note: see issue #27721 <https://github.com/rust-lang/rust/issues/27721> for more information
[INFO] [stdout] 
[INFO] [stdout] 
[INFO] [stdout] error[E0658]: use of unstable library feature 'pattern': API not fully fleshed out and ready to be stabilized
[INFO] [stdout]    --> /opt/rustwide/cargo-home/registry/src/github.com-1ecc6299db9ec823/regex-0.1.28/src/re.rs:999:20
[INFO] [stdout]     |
[INFO] [stdout] 999 |             return SearchStep::Match(s, e);
[INFO] [stdout]     |                    ^^^^^^^^^^^^^^^^^
[INFO] [stdout]     |
[INFO] [stdout]     = note: see issue #27721 <https://github.com/rust-lang/rust/issues/27721> for more information
[INFO] [stdout] 
[INFO] [stdout] 
[INFO] [stdout] error[E0658]: use of unstable library feature 'pattern': API not fully fleshed out and ready to be stabilized
[INFO] [stdout]     --> /opt/rustwide/cargo-home/registry/src/github.com-1ecc6299db9ec823/regex-0.1.28/src/re.rs:1006:21
[INFO] [stdout]      |
[INFO] [stdout] 1006 |                     SearchStep::Reject(last, self.haystack().len())
[INFO] [stdout]      |                     ^^^^^^^^^^^^^^^^^^
[INFO] [stdout]      |
[INFO] [stdout]      = note: see issue #27721 <https://github.com/rust-lang/rust/issues/27721> for more information
[INFO] [stdout] 
[INFO] [stdout] 
[INFO] [stdout] error[E0658]: use of unstable library feature 'pattern': API not fully fleshed out and ready to be stabilized
[INFO] [stdout]     --> /opt/rustwide/cargo-home/registry/src/github.com-1ecc6299db9ec823/regex-0.1.28/src/re.rs:1008:21
[INFO] [stdout]      |
[INFO] [stdout] 1008 |                     SearchStep::Done
[INFO] [stdout]      |                     ^^^^^^^^^^^^^^^^
[INFO] [stdout]      |
[INFO] [stdout]      = note: see issue #27721 <https://github.com/rust-lang/rust/issues/27721> for more information
[INFO] [stdout] 
[INFO] [stdout] 
[INFO] [stdout] error[E0658]: use of unstable library feature 'pattern': API not fully fleshed out and ready to be stabilized
[INFO] [stdout]     --> /opt/rustwide/cargo-home/registry/src/github.com-1ecc6299db9ec823/regex-0.1.28/src/re.rs:1014:21
[INFO] [stdout]      |
[INFO] [stdout] 1014 |                     SearchStep::Match(s, e)
[INFO] [stdout]      |                     ^^^^^^^^^^^^^^^^^
[INFO] [stdout]      |
[INFO] [stdout]      = note: see issue #27721 <https://github.com/rust-lang/rust/issues/27721> for more information
[INFO] [stdout] 
[INFO] [stdout] 
[INFO] [stdout] error[E0658]: use of unstable library feature 'pattern': API not fully fleshed out and ready to be stabilized
[INFO] [stdout]     --> /opt/rustwide/cargo-home/registry/src/github.com-1ecc6299db9ec823/regex-0.1.28/src/re.rs:1019:21
[INFO] [stdout]      |
[INFO] [stdout] 1019 |                     SearchStep::Reject(last, s)
[INFO] [stdout]      |                     ^^^^^^^^^^^^^^^^^^
[INFO] [stdout]      |
[INFO] [stdout]      = note: see issue #27721 <https://github.com/rust-lang/rust/issues/27721> for more information
[INFO] [stdout] 
[INFO] [stdout] 
[INFO] [stdout] error[E0554]: `#![feature]` may not be used on the stable release channel
[INFO] [stdout]    --> /opt/rustwide/cargo-home/registry/src/github.com-1ecc6299db9ec823/regex-0.1.28/src/lib.rs:370:42
[INFO] [stdout]     |
[INFO] [stdout] 370 | #![cfg_attr(feature = "pattern", feature(core))]
[INFO] [stdout]     |                                          ^^^^
[INFO] [stdout] 
[INFO] [stdout] 
[INFO] [stdout] error[E0658]: use of unstable library feature 'pattern': API not fully fleshed out and ready to be stabilized
[INFO] [stdout]     --> /opt/rustwide/cargo-home/registry/src/github.com-1ecc6299db9ec823/regex-0.1.28/src/re.rs:1003:46
[INFO] [stdout]      |
[INFO] [stdout] 1003 |                 if self.last_step_end < self.haystack().len() {
[INFO] [stdout]      |                                              ^^^^^^^^
[INFO] [stdout]      |
[INFO] [stdout]      = note: see issue #27721 <https://github.com/rust-lang/rust/issues/27721> for more information
[INFO] [stdout] 
[INFO] [stdout] 
[INFO] [stdout] error[E0658]: use of unstable library feature 'pattern': API not fully fleshed out and ready to be stabilized
[INFO] [stdout]     --> /opt/rustwide/cargo-home/registry/src/github.com-1ecc6299db9ec823/regex-0.1.28/src/re.rs:1005:47
[INFO] [stdout]      |
[INFO] [stdout] 1005 |                     self.last_step_end = self.haystack().len();
[INFO] [stdout]      |                                               ^^^^^^^^
[INFO] [stdout]      |
[INFO] [stdout]      = note: see issue #27721 <https://github.com/rust-lang/rust/issues/27721> for more information
[INFO] [stdout] 
[INFO] [stdout] 
[INFO] [stdout] error[E0658]: use of unstable library feature 'pattern': API not fully fleshed out and ready to be stabilized
[INFO] [stdout]     --> /opt/rustwide/cargo-home/registry/src/github.com-1ecc6299db9ec823/regex-0.1.28/src/re.rs:1006:51
[INFO] [stdout]      |
[INFO] [stdout] 1006 |                     SearchStep::Reject(last, self.haystack().len())
[INFO] [stdout]      |                                                   ^^^^^^^^
[INFO] [stdout]      |
[INFO] [stdout]      = note: see issue #27721 <https://github.com/rust-lang/rust/issues/27721> for more information
[INFO] [stdout] 
[INFO] [stdout] 
[INFO] [stdout] error: aborting due to 19 previous errors
[INFO] [stdout] 
[INFO] [stdout] 
[INFO] [stdout] Some errors have detailed explanations: E0554, E0658.
[INFO] [stdout] 
[INFO] [stdout] For more information about an error, try `rustc --explain E0554`.
[INFO] [stdout] 
[INFO] [stderr] error: could not compile `regex` due to 20 previous errors
[INFO] running `Command { std: "docker" "inspect" "514d5f4c9d1f08af4526615a3c0d75d20ea0342b041969b34d9e8b134b9b10ab", kill_on_drop: false }`
[INFO] running `Command { std: "docker" "rm" "-f" "514d5f4c9d1f08af4526615a3c0d75d20ea0342b041969b34d9e8b134b9b10ab", kill_on_drop: false }`
[INFO] [stdout] 514d5f4c9d1f08af4526615a3c0d75d20ea0342b041969b34d9e8b134b9b10ab
