[INFO] cloning repository https://github.com/gamma-delta/joined-together
[INFO] running `Command { std: "git" "-c" "credential.helper=" "-c" "credential.helper=/workspace/cargo-home/bin/git-credential-null" "clone" "--bare" "https://github.com/gamma-delta/joined-together" "/workspace/cache/git-repos/https%3A%2F%2Fgithub.com%2Fgamma-delta%2Fjoined-together", kill_on_drop: false }`
[INFO] [stderr] Cloning into bare repository '/workspace/cache/git-repos/https%3A%2F%2Fgithub.com%2Fgamma-delta%2Fjoined-together'...
[INFO] running `Command { std: "git" "rev-parse" "HEAD", kill_on_drop: false }`
[INFO] [stdout] 46567c9a40f094bf4bc04376a8cbfe87eec96fe7
[INFO] testing gamma-delta/joined-together against 1.69.0 for beta-1.70-1
[INFO] running `Command { std: "git" "clone" "/workspace/cache/git-repos/https%3A%2F%2Fgithub.com%2Fgamma-delta%2Fjoined-together" "/workspace/builds/worker-5-tc1/source", kill_on_drop: false }`
[INFO] [stderr] Cloning into '/workspace/builds/worker-5-tc1/source'...
[INFO] [stderr] done.
[INFO] validating manifest of git repo https://github.com/gamma-delta/joined-together on toolchain 1.69.0
[INFO] running `Command { std: CARGO_HOME="/workspace/cargo-home" RUSTUP_HOME="/workspace/rustup-home" "/workspace/cargo-home/bin/cargo" "+1.69.0" "metadata" "--manifest-path" "Cargo.toml" "--no-deps", kill_on_drop: false }`
[INFO] started tweaking git repo https://github.com/gamma-delta/joined-together
[INFO] finished tweaking git repo https://github.com/gamma-delta/joined-together
[INFO] tweaked toml for git repo https://github.com/gamma-delta/joined-together written to /workspace/builds/worker-5-tc1/source/Cargo.toml
[INFO] crate git repo https://github.com/gamma-delta/joined-together already has a lockfile, it will not be regenerated
[INFO] running `Command { std: CARGO_HOME="/workspace/cargo-home" RUSTUP_HOME="/workspace/rustup-home" "/workspace/cargo-home/bin/cargo" "+1.69.0" "fetch" "--manifest-path" "Cargo.toml", kill_on_drop: false }`
[INFO] [stderr]  Downloading crates ...
[INFO] [stderr]   Downloaded enum-map v1.1.1
[INFO] [stderr]   Downloaded miniquad v0.3.0-alpha.35
[INFO] [stderr]   Downloaded bytemuck v1.6.0
[INFO] [stderr]   Downloaded enum-map-derive v0.6.0
[INFO] [stderr]   Downloaded sapp-android v0.1.7
[INFO] [stderr]   Downloaded macroquad v0.3.5
[INFO] [stderr]   Downloaded sapp-windows v0.2.17
[INFO] [stderr]   Downloaded sapp-jsutils v0.1.5
[INFO] [stderr]   Downloaded quad-wasmnastics v0.2.1
[INFO] [stderr]   Downloaded cogs-gamedev v0.6.0
[INFO] running `Command { std: "docker" "create" "-v" "/var/lib/crater-agent-workspace/builds/worker-5-tc1/target:/opt/rustwide/target:rw,Z" "-v" "/var/lib/crater-agent-workspace/builds/worker-5-tc1/source:/opt/rustwide/workdir:ro,Z" "-v" "/var/lib/crater-agent-workspace/cargo-home:/opt/rustwide/cargo-home:ro,Z" "-v" "/var/lib/crater-agent-workspace/rustup-home:/opt/rustwide/rustup-home:ro,Z" "-e" "SOURCE_DIR=/opt/rustwide/workdir" "-e" "CARGO_TARGET_DIR=/opt/rustwide/target" "-e" "CARGO_HOME=/opt/rustwide/cargo-home" "-e" "RUSTUP_HOME=/opt/rustwide/rustup-home" "-w" "/opt/rustwide/workdir" "-m" "1610612736" "--user" "0:0" "--network" "none" "ghcr.io/rust-lang/crates-build-env/linux@sha256:5ff2268d62e97bff2cde7d5815dd6ed5b47097566f13b8d0ca110b04b60e07ed" "/opt/rustwide/cargo-home/bin/cargo" "+1.69.0" "metadata" "--no-deps" "--format-version=1", kill_on_drop: false }`
[INFO] [stdout] 9225d35a09ff071143eee12dbdd89f6b3fafd0a5801efd904c047bb51ffeb22a
[INFO] running `Command { std: "docker" "start" "-a" "9225d35a09ff071143eee12dbdd89f6b3fafd0a5801efd904c047bb51ffeb22a", kill_on_drop: false }`
[INFO] running `Command { std: "docker" "inspect" "9225d35a09ff071143eee12dbdd89f6b3fafd0a5801efd904c047bb51ffeb22a", kill_on_drop: false }`
[INFO] running `Command { std: "docker" "rm" "-f" "9225d35a09ff071143eee12dbdd89f6b3fafd0a5801efd904c047bb51ffeb22a", kill_on_drop: false }`
[INFO] [stdout] 9225d35a09ff071143eee12dbdd89f6b3fafd0a5801efd904c047bb51ffeb22a
[INFO] running `Command { std: "docker" "create" "-v" "/var/lib/crater-agent-workspace/builds/worker-5-tc1/target:/opt/rustwide/target:rw,Z" "-v" "/var/lib/crater-agent-workspace/builds/worker-5-tc1/source:/opt/rustwide/workdir:ro,Z" "-v" "/var/lib/crater-agent-workspace/cargo-home:/opt/rustwide/cargo-home:ro,Z" "-v" "/var/lib/crater-agent-workspace/rustup-home:/opt/rustwide/rustup-home:ro,Z" "-e" "SOURCE_DIR=/opt/rustwide/workdir" "-e" "CARGO_TARGET_DIR=/opt/rustwide/target" "-e" "CARGO_INCREMENTAL=0" "-e" "RUST_BACKTRACE=full" "-e" "RUSTFLAGS=--cap-lints=warn" "-e" "RUSTDOCFLAGS=--cap-lints=warn" "-e" "CARGO_HOME=/opt/rustwide/cargo-home" "-e" "RUSTUP_HOME=/opt/rustwide/rustup-home" "-w" "/opt/rustwide/workdir" "-m" "1610612736" "--user" "0:0" "--network" "none" "ghcr.io/rust-lang/crates-build-env/linux@sha256:5ff2268d62e97bff2cde7d5815dd6ed5b47097566f13b8d0ca110b04b60e07ed" "/opt/rustwide/cargo-home/bin/cargo" "+1.69.0" "build" "--frozen" "--message-format=json", kill_on_drop: false }`
[INFO] [stdout] 863c8a7ecc47cbaacdfd37db12d6d059a321ae05b46d8c00e72b75d700ac9618
[INFO] running `Command { std: "docker" "start" "-a" "863c8a7ecc47cbaacdfd37db12d6d059a321ae05b46d8c00e72b75d700ac9618", kill_on_drop: false }`
[INFO] [stderr]    Compiling cfg-if v1.0.0
[INFO] [stderr]    Compiling libc v0.2.96
[INFO] [stderr]    Compiling proc-macro2 v1.0.27
[INFO] [stderr]    Compiling unicode-xid v0.2.2
[INFO] [stderr]    Compiling autocfg v1.0.1
[INFO] [stderr]    Compiling bitflags v1.2.1
[INFO] [stderr]    Compiling pkg-config v0.3.19
[INFO] [stderr]    Compiling syn v1.0.73
[INFO] [stderr]    Compiling lazy_static v1.4.0
[INFO] [stderr]    Compiling version_check v0.9.3
[INFO] [stderr]    Compiling smallvec v1.6.1
[INFO] [stderr]    Compiling xml-rs v0.8.3
[INFO] [stderr]    Compiling libloading v0.7.0
[INFO] [stderr]    Compiling once_cell v1.7.2
[INFO] [stderr]    Compiling dlib v0.5.0
[INFO] [stderr]    Compiling memchr v2.4.0
[INFO] [stderr]    Compiling scopeguard v1.1.0
[INFO] [stderr]    Compiling quote v1.0.9
[INFO] [stderr]    Compiling nom v6.1.2
[INFO] [stderr]    Compiling num-traits v0.2.14
[INFO] [stderr]    Compiling wayland-scanner v0.28.5
[INFO] [stderr]    Compiling wayland-sys v0.28.5
[INFO] [stderr]    Compiling log v0.4.14
[INFO] [stderr]    Compiling nix v0.20.0
[INFO] [stderr]    Compiling getrandom v0.2.3
[INFO] [stderr]    Compiling byteorder v1.4.3
[INFO] [stderr]    Compiling crossbeam-utils v0.8.5
[INFO] [stderr]    Compiling scoped-tls v1.0.0
[INFO] [stderr]    Compiling crc32fast v1.2.1
[INFO] [stderr]    Compiling downcast-rs v1.2.0
[INFO] [stderr]    Compiling serde_derive v1.0.126
[INFO] [stderr]    Compiling alsa-sys v0.3.1
[INFO] [stderr]    Compiling num-integer v0.1.44
[INFO] [stderr]    Compiling nix v0.18.0
[INFO] [stderr]    Compiling serde v1.0.126
[INFO] [stderr]    Compiling xcb v0.9.0
[INFO] [stderr]    Compiling wayland-commons v0.28.5
[INFO] [stderr]    Compiling rand_core v0.6.2
[INFO] [stderr]    Compiling memoffset v0.6.4
[INFO] [stderr]    Compiling libloading v0.6.7
[INFO] [stderr]    Compiling instant v0.1.9
[INFO] [stderr]    Compiling ppv-lite86 v0.2.10
[INFO] [stderr]    Compiling xcursor v0.3.3
[INFO] [stderr]    Compiling wayland-client v0.28.5
[INFO] [stderr]    Compiling wayland-protocols v0.28.5
[INFO] [stderr]    Compiling cfg-if v0.1.10
[INFO] [stderr]    Compiling adler32 v1.2.0
[INFO] [stderr]    Compiling rand_chacha v0.3.1
[INFO] [stderr]    Compiling dlib v0.4.2
[INFO] [stderr]    Compiling parking_lot_core v0.8.3
[INFO] [stderr]    Compiling memmap2 v0.1.0
[INFO] [stderr]    Compiling num-iter v0.1.42
[INFO] [stderr]    Compiling miniz_oxide v0.4.4
[INFO] [stderr]    Compiling num-rational v0.3.2
[INFO] [stderr]    Compiling lock_api v0.4.4
[INFO] [stderr]    Compiling cpal v0.13.3
[INFO] [stderr]    Compiling tinyvec_macros v0.1.0
[INFO] [stderr]    Compiling crossbeam-epoch v0.9.5
[INFO] [stderr]    Compiling sapp-linux v0.1.13
[INFO] [stderr]    Compiling tinyvec v1.2.0
[INFO] [stderr]    Compiling parking_lot v0.11.1
[INFO] [stderr]    Compiling alsa v0.5.0
[INFO] [stderr]    Compiling rand v0.8.3
[INFO] [stderr]    Compiling wayland-cursor v0.28.5
[INFO] [stderr]    Compiling deflate v0.8.6
[INFO] [stderr]    Compiling miniz_oxide v0.3.7
[INFO] [stderr]    Compiling ogg v0.8.0
[INFO] [stderr]    Compiling ahash v0.7.4
[INFO] [stderr]    Compiling anyhow v1.0.41
[INFO] [stderr]    Compiling ahash v0.4.7
[INFO] [stderr]    Compiling crossbeam-queue v0.3.2
[INFO] [stderr]    Compiling adler v1.0.2
[INFO] [stderr]    Compiling ryu v1.0.5
[INFO] [stderr]    Compiling x11-clipboard v0.5.2
[INFO] [stderr]    Compiling hashbrown v0.9.1
[INFO] [stderr]    Compiling lewton v0.10.2
[INFO] [stderr]    Compiling png v0.16.8
[INFO] [stderr]    Compiling dirs-sys v0.3.6
[INFO] [stderr]    Compiling ttf-parser v0.12.1
[INFO] [stderr]    Compiling hound v3.4.0
[INFO] [stderr]    Compiling serde_json v1.0.64
[INFO] [stderr]    Compiling either v1.6.1
[INFO] [stderr]    Compiling bytemuck v1.6.0
[INFO] [stderr]    Compiling color_quant v1.1.0
[INFO] [stderr]    Compiling image v0.23.14
[INFO] [stderr]    Compiling itertools v0.10.1
[INFO] [stderr]    Compiling fontdue v0.5.2
[INFO] [stderr]    Compiling miniquad v0.3.0-alpha.35
[INFO] [stderr]    Compiling dirs v3.0.2
[INFO] [stderr]    Compiling crossbeam-deque v0.8.0
[INFO] [stderr]    Compiling flate2 v1.0.20
[INFO] [stderr]    Compiling quad-rand v0.2.1
[INFO] [stderr]    Compiling crossbeam-channel v0.5.1
[INFO] [stderr]    Compiling bumpalo v3.7.0
[INFO] [stderr]    Compiling glam v0.14.0
[INFO] [stderr]    Compiling base64 v0.13.0
[INFO] [stderr]    Compiling itoa v0.4.7
[INFO] [stderr]    Compiling macroquad_macro v0.1.5
[INFO] [stderr]    Compiling crossbeam v0.8.1
[INFO] [stderr]    Compiling thiserror-impl v1.0.25
[INFO] [stderr]    Compiling enum-map-derive v0.6.0
[INFO] [stderr]    Compiling enum-map v1.1.1
[INFO] [stderr]    Compiling thiserror v1.0.25
[INFO] [stderr]    Compiling rodio v0.13.1
[INFO] [stderr]    Compiling macroquad v0.3.5
[INFO] [stderr]    Compiling cogs-gamedev v0.6.0
[INFO] [stderr]    Compiling bincode v1.3.3
[INFO] [stderr]    Compiling smithay-client-toolkit v0.12.3
[INFO] [stderr]    Compiling smithay-clipboard v0.6.3
[INFO] [stderr]    Compiling copypasta v0.7.1
[INFO] [stderr]    Compiling quad-wasmnastics v0.2.1
[INFO] [stdout] error[E0554]: `#![feature]` may not be used on the stable release channel
[INFO] [stdout]  --> /opt/rustwide/cargo-home/registry/src/github.com-1ecc6299db9ec823/quad-wasmnastics-0.2.1/src/lib.rs:2:1
[INFO] [stdout]   |
[INFO] [stdout] 2 | #![feature(concat_idents)]
[INFO] [stdout]   | ^^^^^^^^^^^^^^^^^^^^^^^^^^
[INFO] [stdout] 
[INFO] [stdout] 
[INFO] [stdout] error[E0554]: `#![feature]` may not be used on the stable release channel
[INFO] [stdout]  --> /opt/rustwide/cargo-home/registry/src/github.com-1ecc6299db9ec823/quad-wasmnastics-0.2.1/src/lib.rs:3:1
[INFO] [stdout]   |
[INFO] [stdout] 3 | #![feature(try_blocks)]
[INFO] [stdout]   | ^^^^^^^^^^^^^^^^^^^^^^^
[INFO] [stdout] 
[INFO] [stdout] 
[INFO] [stdout] error[E0554]: `#![feature]` may not be used on the stable release channel
[INFO] [stdout]  --> /opt/rustwide/cargo-home/registry/src/github.com-1ecc6299db9ec823/quad-wasmnastics-0.2.1/src/lib.rs:2:12
[INFO] [stdout]   |
[INFO] [stdout] 2 | #![feature(concat_idents)]
[INFO] [stdout]   |            ^^^^^^^^^^^^^
[INFO] [stdout] 
[INFO] [stdout] 
[INFO] [stdout] error: aborting due to 3 previous errors
[INFO] [stdout] 
[INFO] [stdout] 
[INFO] [stdout] For more information about this error, try `rustc --explain E0554`.
[INFO] [stdout] 
[INFO] [stderr] error: could not compile `quad-wasmnastics` due to 4 previous errors
[INFO] [stderr] warning: build failed, waiting for other jobs to finish...
[INFO] running `Command { std: "docker" "inspect" "863c8a7ecc47cbaacdfd37db12d6d059a321ae05b46d8c00e72b75d700ac9618", kill_on_drop: false }`
[INFO] running `Command { std: "docker" "rm" "-f" "863c8a7ecc47cbaacdfd37db12d6d059a321ae05b46d8c00e72b75d700ac9618", kill_on_drop: false }`
[INFO] [stdout] 863c8a7ecc47cbaacdfd37db12d6d059a321ae05b46d8c00e72b75d700ac9618
