[INFO] cloning repository https://github.com/gamma-delta/AOC-2020
[INFO] running `Command { std: "git" "-c" "credential.helper=" "-c" "credential.helper=/workspace/cargo-home/bin/git-credential-null" "clone" "--bare" "https://github.com/gamma-delta/AOC-2020" "/workspace/cache/git-repos/https%3A%2F%2Fgithub.com%2Fgamma-delta%2FAOC-2020", kill_on_drop: false }`
[INFO] [stderr] Cloning into bare repository '/workspace/cache/git-repos/https%3A%2F%2Fgithub.com%2Fgamma-delta%2FAOC-2020'...
[INFO] running `Command { std: "git" "rev-parse" "HEAD", kill_on_drop: false }`
[INFO] [stdout] bb0ec7a5df26d481baed3569e85a187d653e432e
[INFO] testing gamma-delta/AOC-2020 against beta-2023-04-20 for beta-1.70-1
[INFO] running `Command { std: "git" "clone" "/workspace/cache/git-repos/https%3A%2F%2Fgithub.com%2Fgamma-delta%2FAOC-2020" "/workspace/builds/worker-6-tc2/source", kill_on_drop: false }`
[INFO] [stderr] Cloning into '/workspace/builds/worker-6-tc2/source'...
[INFO] [stderr] done.
[INFO] validating manifest of git repo https://github.com/gamma-delta/AOC-2020 on toolchain beta-2023-04-20
[INFO] running `Command { std: CARGO_HOME="/workspace/cargo-home" RUSTUP_HOME="/workspace/rustup-home" "/workspace/cargo-home/bin/cargo" "+beta-2023-04-20" "metadata" "--manifest-path" "Cargo.toml" "--no-deps", kill_on_drop: false }`
[INFO] started tweaking git repo https://github.com/gamma-delta/AOC-2020
[INFO] finished tweaking git repo https://github.com/gamma-delta/AOC-2020
[INFO] tweaked toml for git repo https://github.com/gamma-delta/AOC-2020 written to /workspace/builds/worker-6-tc2/source/Cargo.toml
[INFO] crate git repo https://github.com/gamma-delta/AOC-2020 already has a lockfile, it will not be regenerated
[INFO] running `Command { std: CARGO_HOME="/workspace/cargo-home" RUSTUP_HOME="/workspace/rustup-home" "/workspace/cargo-home/bin/cargo" "+beta-2023-04-20" "fetch" "--manifest-path" "Cargo.toml", kill_on_drop: false }`
[INFO] [stderr]     Updating crates.io index
[INFO] [stderr]  Downloading crates ...
[INFO] [stderr]   Downloaded cogs-gamedev v0.1.6
[INFO] running `Command { std: "docker" "create" "-v" "/var/lib/crater-agent-workspace/builds/worker-6-tc2/target:/opt/rustwide/target:rw,Z" "-v" "/var/lib/crater-agent-workspace/builds/worker-6-tc2/source:/opt/rustwide/workdir:ro,Z" "-v" "/var/lib/crater-agent-workspace/cargo-home:/opt/rustwide/cargo-home:ro,Z" "-v" "/var/lib/crater-agent-workspace/rustup-home:/opt/rustwide/rustup-home:ro,Z" "-e" "SOURCE_DIR=/opt/rustwide/workdir" "-e" "CARGO_TARGET_DIR=/opt/rustwide/target" "-e" "CARGO_HOME=/opt/rustwide/cargo-home" "-e" "RUSTUP_HOME=/opt/rustwide/rustup-home" "-w" "/opt/rustwide/workdir" "-m" "1610612736" "--user" "0:0" "--network" "none" "ghcr.io/rust-lang/crates-build-env/linux@sha256:5ff2268d62e97bff2cde7d5815dd6ed5b47097566f13b8d0ca110b04b60e07ed" "/opt/rustwide/cargo-home/bin/cargo" "+beta-2023-04-20" "metadata" "--no-deps" "--format-version=1", kill_on_drop: false }`
[INFO] [stdout] ccda0a7f78ac16773b6b52e80195994a5253d04376491931b8f6e93115987766
[INFO] running `Command { std: "docker" "start" "-a" "ccda0a7f78ac16773b6b52e80195994a5253d04376491931b8f6e93115987766", kill_on_drop: false }`
[INFO] running `Command { std: "docker" "inspect" "ccda0a7f78ac16773b6b52e80195994a5253d04376491931b8f6e93115987766", kill_on_drop: false }`
[INFO] running `Command { std: "docker" "rm" "-f" "ccda0a7f78ac16773b6b52e80195994a5253d04376491931b8f6e93115987766", kill_on_drop: false }`
[INFO] [stdout] ccda0a7f78ac16773b6b52e80195994a5253d04376491931b8f6e93115987766
[INFO] running `Command { std: "docker" "create" "-v" "/var/lib/crater-agent-workspace/builds/worker-6-tc2/target:/opt/rustwide/target:rw,Z" "-v" "/var/lib/crater-agent-workspace/builds/worker-6-tc2/source:/opt/rustwide/workdir:ro,Z" "-v" "/var/lib/crater-agent-workspace/cargo-home:/opt/rustwide/cargo-home:ro,Z" "-v" "/var/lib/crater-agent-workspace/rustup-home:/opt/rustwide/rustup-home:ro,Z" "-e" "SOURCE_DIR=/opt/rustwide/workdir" "-e" "CARGO_TARGET_DIR=/opt/rustwide/target" "-e" "CARGO_INCREMENTAL=0" "-e" "RUST_BACKTRACE=full" "-e" "RUSTFLAGS=--cap-lints=warn" "-e" "RUSTDOCFLAGS=--cap-lints=warn" "-e" "CARGO_HOME=/opt/rustwide/cargo-home" "-e" "RUSTUP_HOME=/opt/rustwide/rustup-home" "-w" "/opt/rustwide/workdir" "-m" "1610612736" "--user" "0:0" "--network" "none" "ghcr.io/rust-lang/crates-build-env/linux@sha256:5ff2268d62e97bff2cde7d5815dd6ed5b47097566f13b8d0ca110b04b60e07ed" "/opt/rustwide/cargo-home/bin/cargo" "+beta-2023-04-20" "build" "--frozen" "--message-format=json", kill_on_drop: false }`
[INFO] [stdout] ba4ece7ae82f9cf27d5f0ef5e419048cc523103475fa928dc67eb57e3ebaa87e
[INFO] running `Command { std: "docker" "start" "-a" "ba4ece7ae82f9cf27d5f0ef5e419048cc523103475fa928dc67eb57e3ebaa87e", kill_on_drop: false }`
[INFO] [stderr]    Compiling autocfg v1.0.1
[INFO] [stderr]    Compiling lazy_static v1.4.0
[INFO] [stderr]    Compiling const_fn v0.4.4
[INFO] [stderr]    Compiling proc-macro2 v1.0.24
[INFO] [stderr]    Compiling unicode-xid v0.2.1
[INFO] [stderr]    Compiling libc v0.2.81
[INFO] [stderr]    Compiling syn v1.0.54
[INFO] [stderr]    Compiling scopeguard v1.1.0
[INFO] [stderr]    Compiling memchr v2.3.4
[INFO] [stderr]    Compiling rayon-core v1.9.0
[INFO] [stderr]    Compiling either v1.6.1
[INFO] [stderr]    Compiling anyhow v1.0.34
[INFO] [stderr]    Compiling array-macro v1.0.5
[INFO] [stderr]    Compiling thread_local v1.0.1
[INFO] [stderr]    Compiling regex-syntax v0.6.21
[INFO] [stderr]    Compiling crossbeam-utils v0.8.1
[INFO] [stderr]    Compiling memoffset v0.6.1
[INFO] [stderr]    Compiling rayon v1.5.0
[INFO] [stderr]    Compiling quote v1.0.7
[INFO] [stderr]    Compiling num_cpus v1.13.0
[INFO] [stderr]    Compiling aho-corasick v0.7.15
[INFO] [stderr]    Compiling atom v0.3.6
[INFO] [stderr]    Compiling fwdansi v1.1.0
[INFO] [stderr]    Compiling itertools v0.9.0
[INFO] [stderr]    Compiling crossbeam-epoch v0.9.1
[INFO] [stderr]    Compiling crossbeam-channel v0.5.0
[INFO] [stderr]    Compiling once_cell v1.5.2
[INFO] [stderr]    Compiling crossbeam-deque v0.8.0
[INFO] [stderr]    Compiling multiset v0.0.5
[INFO] [stderr]    Compiling regex v1.4.2
[INFO] [stderr]    Compiling enum-map-derive v0.4.6
[INFO] [stderr]    Compiling enum-map v0.6.4
[INFO] [stderr]    Compiling cogs-gamedev v0.1.6
[INFO] [stderr]    Compiling hibitset v0.6.3
[INFO] [stderr]    Compiling aoc_2020 v0.1.0 (/opt/rustwide/workdir)
[INFO] [stdout] error: couldn't read src/day1/input.txt: No such file or directory (os error 2)
[INFO] [stdout]  --> src/day1/mod.rs:4:5
[INFO] [stdout]   |
[INFO] [stdout] 4 |     include_str!("input.txt")
[INFO] [stdout]   |     ^^^^^^^^^^^^^^^^^^^^^^^^^
[INFO] [stdout]   |
[INFO] [stdout]   = note: this error originates in the macro `include_str` (in Nightly builds, run with -Z macro-backtrace for more info)
[INFO] [stdout] 
[INFO] [stdout] 
[INFO] [stdout] error: couldn't read src/day2/input.txt: No such file or directory (os error 2)
[INFO] [stdout]  --> src/day2/mod.rs:5:21
[INFO] [stdout]   |
[INFO] [stdout] 5 | const INPUT: &str = include_str!("input.txt");
[INFO] [stdout]   |                     ^^^^^^^^^^^^^^^^^^^^^^^^^
[INFO] [stdout]   |
[INFO] [stdout]   = note: this error originates in the macro `include_str` (in Nightly builds, run with -Z macro-backtrace for more info)
[INFO] [stdout] 
[INFO] [stdout] 
[INFO] [stdout] error: couldn't read src/day3/input.txt: No such file or directory (os error 2)
[INFO] [stdout]  --> src/day3/mod.rs:1:21
[INFO] [stdout]   |
[INFO] [stdout] 1 | const INPUT: &str = include_str!("input.txt");
[INFO] [stdout]   |                     ^^^^^^^^^^^^^^^^^^^^^^^^^
[INFO] [stdout]   |
[INFO] [stdout]   = note: this error originates in the macro `include_str` (in Nightly builds, run with -Z macro-backtrace for more info)
[INFO] [stdout] 
[INFO] [stdout] 
[INFO] [stdout] error: couldn't read src/day4/input.txt: No such file or directory (os error 2)
[INFO] [stdout]  --> src/day4/mod.rs:6:21
[INFO] [stdout]   |
[INFO] [stdout] 6 | const INPUT: &str = include_str!("input.txt");
[INFO] [stdout]   |                     ^^^^^^^^^^^^^^^^^^^^^^^^^
[INFO] [stdout]   |
[INFO] [stdout]   = note: this error originates in the macro `include_str` (in Nightly builds, run with -Z macro-backtrace for more info)
[INFO] [stdout] 
[INFO] [stdout] 
[INFO] [stdout] error: couldn't read src/day5/input.txt: No such file or directory (os error 2)
[INFO] [stdout]  --> src/day5/mod.rs:3:21
[INFO] [stdout]   |
[INFO] [stdout] 3 | const INPUT: &str = include_str!("input.txt");
[INFO] [stdout]   |                     ^^^^^^^^^^^^^^^^^^^^^^^^^
[INFO] [stdout]   |
[INFO] [stdout]   = note: this error originates in the macro `include_str` (in Nightly builds, run with -Z macro-backtrace for more info)
[INFO] [stdout] 
[INFO] [stdout] 
[INFO] [stdout] error: couldn't read src/day6/input.txt: No such file or directory (os error 2)
[INFO] [stdout]  --> src/day6/mod.rs:3:21
[INFO] [stdout]   |
[INFO] [stdout] 3 | const INPUT: &str = include_str!("input.txt");
[INFO] [stdout]   |                     ^^^^^^^^^^^^^^^^^^^^^^^^^
[INFO] [stdout]   |
[INFO] [stdout]   = note: this error originates in the macro `include_str` (in Nightly builds, run with -Z macro-backtrace for more info)
[INFO] [stdout] 
[INFO] [stdout] 
[INFO] [stdout] error: couldn't read src/day7/input.txt: No such file or directory (os error 2)
[INFO] [stdout]  --> src/day7/mod.rs:7:21
[INFO] [stdout]   |
[INFO] [stdout] 7 | const INPUT: &str = include_str!("input.txt");
[INFO] [stdout]   |                     ^^^^^^^^^^^^^^^^^^^^^^^^^
[INFO] [stdout]   |
[INFO] [stdout]   = note: this error originates in the macro `include_str` (in Nightly builds, run with -Z macro-backtrace for more info)
[INFO] [stdout] 
[INFO] [stdout] 
[INFO] [stdout] error: couldn't read src/day8/input.txt: No such file or directory (os error 2)
[INFO] [stdout]  --> src/day8/mod.rs:5:21
[INFO] [stdout]   |
[INFO] [stdout] 5 | const INPUT: &str = include_str!("input.txt");
[INFO] [stdout]   |                     ^^^^^^^^^^^^^^^^^^^^^^^^^
[INFO] [stdout]   |
[INFO] [stdout]   = note: this error originates in the macro `include_str` (in Nightly builds, run with -Z macro-backtrace for more info)
[INFO] [stdout] 
[INFO] [stdout] 
[INFO] [stdout] error: couldn't read src/day9/input.txt: No such file or directory (os error 2)
[INFO] [stdout]  --> src/day9/mod.rs:7:21
[INFO] [stdout]   |
[INFO] [stdout] 7 | const INPUT: &str = include_str!("input.txt");
[INFO] [stdout]   |                     ^^^^^^^^^^^^^^^^^^^^^^^^^
[INFO] [stdout]   |
[INFO] [stdout]   = note: this error originates in the macro `include_str` (in Nightly builds, run with -Z macro-backtrace for more info)
[INFO] [stdout] 
[INFO] [stdout] 
[INFO] [stdout] error: couldn't read src/day10/input.txt: No such file or directory (os error 2)
[INFO] [stdout]  --> src/day10/mod.rs:5:21
[INFO] [stdout]   |
[INFO] [stdout] 5 | const INPUT: &str = include_str!("input.txt");
[INFO] [stdout]   |                     ^^^^^^^^^^^^^^^^^^^^^^^^^
[INFO] [stdout]   |
[INFO] [stdout]   = note: this error originates in the macro `include_str` (in Nightly builds, run with -Z macro-backtrace for more info)
[INFO] [stdout] 
[INFO] [stdout] 
[INFO] [stdout] error: couldn't read src/day11/input.txt: No such file or directory (os error 2)
[INFO] [stdout]   --> src/day11/mod.rs:11:21
[INFO] [stdout]    |
[INFO] [stdout] 11 | const INPUT: &str = include_str!("input.txt");
[INFO] [stdout]    |                     ^^^^^^^^^^^^^^^^^^^^^^^^^
[INFO] [stdout]    |
[INFO] [stdout]    = note: this error originates in the macro `include_str` (in Nightly builds, run with -Z macro-backtrace for more info)
[INFO] [stdout] 
[INFO] [stdout] 
[INFO] [stdout] error: couldn't read src/day12/input.txt: No such file or directory (os error 2)
[INFO] [stdout]  --> src/day12/mod.rs:4:21
[INFO] [stdout]   |
[INFO] [stdout] 4 | const INPUT: &str = include_str!("input.txt");
[INFO] [stdout]   |                     ^^^^^^^^^^^^^^^^^^^^^^^^^
[INFO] [stdout]   |
[INFO] [stdout]   = note: this error originates in the macro `include_str` (in Nightly builds, run with -Z macro-backtrace for more info)
[INFO] [stdout] 
[INFO] [stdout] 
[INFO] [stdout] error: couldn't read src/day13/input.txt: No such file or directory (os error 2)
[INFO] [stdout]  --> src/day13/mod.rs:3:21
[INFO] [stdout]   |
[INFO] [stdout] 3 | const INPUT: &str = include_str!("input.txt");
[INFO] [stdout]   |                     ^^^^^^^^^^^^^^^^^^^^^^^^^
[INFO] [stdout]   |
[INFO] [stdout]   = note: this error originates in the macro `include_str` (in Nightly builds, run with -Z macro-backtrace for more info)
[INFO] [stdout] 
[INFO] [stdout] 
[INFO] [stdout] error: couldn't read src/day14/input.txt: No such file or directory (os error 2)
[INFO] [stdout]  --> src/day14/mod.rs:7:21
[INFO] [stdout]   |
[INFO] [stdout] 7 | const INPUT: &str = include_str!("input.txt");
[INFO] [stdout]   |                     ^^^^^^^^^^^^^^^^^^^^^^^^^
[INFO] [stdout]   |
[INFO] [stdout]   = note: this error originates in the macro `include_str` (in Nightly builds, run with -Z macro-backtrace for more info)
[INFO] [stdout] 
[INFO] [stdout] 
[INFO] [stdout] error: couldn't read src/day16/input.txt: No such file or directory (os error 2)
[INFO] [stdout]   --> src/day16/mod.rs:10:21
[INFO] [stdout]    |
[INFO] [stdout] 10 | const INPUT: &str = include_str!("input.txt");
[INFO] [stdout]    |                     ^^^^^^^^^^^^^^^^^^^^^^^^^
[INFO] [stdout]    |
[INFO] [stdout]    = note: this error originates in the macro `include_str` (in Nightly builds, run with -Z macro-backtrace for more info)
[INFO] [stdout] 
[INFO] [stdout] 
[INFO] [stdout] error: couldn't read src/day17/input.txt: No such file or directory (os error 2)
[INFO] [stdout]  --> src/day17/mod.rs:6:21
[INFO] [stdout]   |
[INFO] [stdout] 6 | const INPUT: &str = include_str!("input.txt");
[INFO] [stdout]   |                     ^^^^^^^^^^^^^^^^^^^^^^^^^
[INFO] [stdout]   |
[INFO] [stdout]   = note: this error originates in the macro `include_str` (in Nightly builds, run with -Z macro-backtrace for more info)
[INFO] [stdout] 
[INFO] [stdout] 
[INFO] [stdout] error: couldn't read src/day18/input.txt: No such file or directory (os error 2)
[INFO] [stdout]  --> src/day18/mod.rs:7:21
[INFO] [stdout]   |
[INFO] [stdout] 7 | const INPUT: &str = include_str!("input.txt");
[INFO] [stdout]   |                     ^^^^^^^^^^^^^^^^^^^^^^^^^
[INFO] [stdout]   |
[INFO] [stdout]   = note: this error originates in the macro `include_str` (in Nightly builds, run with -Z macro-backtrace for more info)
[INFO] [stdout] 
[INFO] [stdout] 
[INFO] [stdout] error[E0554]: `#![feature]` may not be used on the beta release channel
[INFO] [stdout]  --> src/lib.rs:3:1
[INFO] [stdout]   |
[INFO] [stdout] 3 | #![feature(iterator_fold_self)]
[INFO] [stdout]   | ^^^^^^^^^^^^^^^^^^^^^^^^^^^^^^^
[INFO] [stdout] 
[INFO] [stdout] 
[INFO] [stdout] error[E0554]: `#![feature]` may not be used on the beta release channel
[INFO] [stdout]  --> src/lib.rs:4:1
[INFO] [stdout]   |
[INFO] [stdout] 4 | #![feature(box_patterns)]
[INFO] [stdout]   | ^^^^^^^^^^^^^^^^^^^^^^^^^
[INFO] [stdout] 
[INFO] [stdout] 
[INFO] [stdout] error[E0554]: `#![feature]` may not be used on the beta release channel
[INFO] [stdout]  --> src/lib.rs:3:12
[INFO] [stdout]   |
[INFO] [stdout] 3 | #![feature(iterator_fold_self)]
[INFO] [stdout]   |            ^^^^^^^^^^^^^^^^^^
[INFO] [stdout] 
[INFO] [stdout] 
[INFO] [stdout] warning: the feature `iterator_fold_self` has been stable since 1.51.0 and no longer requires an attribute to enable
[INFO] [stdout]  --> src/lib.rs:3:12
[INFO] [stdout]   |
[INFO] [stdout] 3 | #![feature(iterator_fold_self)]
[INFO] [stdout]   |            ^^^^^^^^^^^^^^^^^^
[INFO] [stdout]   |
[INFO] [stdout]   = note: `#[warn(stable_features)]` on by default
[INFO] [stdout] 
[INFO] [stdout] 
[INFO] [stdout] error: aborting due to 20 previous errors; 1 warning emitted
[INFO] [stdout] 
[INFO] [stdout] 
[INFO] [stdout] For more information about this error, try `rustc --explain E0554`.
[INFO] [stdout] 
[INFO] [stderr] error: could not compile `aoc_2020` (lib) due to 21 previous errors; 1 warning emitted
[INFO] running `Command { std: "docker" "inspect" "ba4ece7ae82f9cf27d5f0ef5e419048cc523103475fa928dc67eb57e3ebaa87e", kill_on_drop: false }`
[INFO] running `Command { std: "docker" "rm" "-f" "ba4ece7ae82f9cf27d5f0ef5e419048cc523103475fa928dc67eb57e3ebaa87e", kill_on_drop: false }`
[INFO] [stdout] ba4ece7ae82f9cf27d5f0ef5e419048cc523103475fa928dc67eb57e3ebaa87e
