[INFO] cloning repository https://github.com/gabrjc/Binary-Search
[INFO] running `Command { std: "git" "-c" "credential.helper=" "-c" "credential.helper=/workspace/cargo-home/bin/git-credential-null" "clone" "--bare" "https://github.com/gabrjc/Binary-Search" "/workspace/cache/git-repos/https%3A%2F%2Fgithub.com%2Fgabrjc%2FBinary-Search", kill_on_drop: false }`
[INFO] [stderr] Cloning into bare repository '/workspace/cache/git-repos/https%3A%2F%2Fgithub.com%2Fgabrjc%2FBinary-Search'...
[INFO] running `Command { std: "git" "rev-parse" "HEAD", kill_on_drop: false }`
[INFO] [stdout] 831d557e34e3d2d92e6ae11570a9c2fb1196f025
[INFO] testing gabrjc/Binary-Search against 1.69.0 for beta-1.70-1
[INFO] running `Command { std: "git" "clone" "/workspace/cache/git-repos/https%3A%2F%2Fgithub.com%2Fgabrjc%2FBinary-Search" "/workspace/builds/worker-2-tc1/source", kill_on_drop: false }`
[INFO] [stderr] Cloning into '/workspace/builds/worker-2-tc1/source'...
[INFO] [stderr] done.
[INFO] validating manifest of git repo https://github.com/gabrjc/Binary-Search on toolchain 1.69.0
[INFO] running `Command { std: CARGO_HOME="/workspace/cargo-home" RUSTUP_HOME="/workspace/rustup-home" "/workspace/cargo-home/bin/cargo" "+1.69.0" "metadata" "--manifest-path" "Cargo.toml" "--no-deps", kill_on_drop: false }`
[INFO] started tweaking git repo https://github.com/gabrjc/Binary-Search
[INFO] finished tweaking git repo https://github.com/gabrjc/Binary-Search
[INFO] tweaked toml for git repo https://github.com/gabrjc/Binary-Search written to /workspace/builds/worker-2-tc1/source/Cargo.toml
[INFO] crate git repo https://github.com/gabrjc/Binary-Search already has a lockfile, it will not be regenerated
[INFO] running `Command { std: CARGO_HOME="/workspace/cargo-home" RUSTUP_HOME="/workspace/rustup-home" "/workspace/cargo-home/bin/cargo" "+1.69.0" "fetch" "--manifest-path" "Cargo.toml", kill_on_drop: false }`
[INFO] running `Command { std: "docker" "create" "-v" "/var/lib/crater-agent-workspace/builds/worker-2-tc1/target:/opt/rustwide/target:rw,Z" "-v" "/var/lib/crater-agent-workspace/builds/worker-2-tc1/source:/opt/rustwide/workdir:ro,Z" "-v" "/var/lib/crater-agent-workspace/cargo-home:/opt/rustwide/cargo-home:ro,Z" "-v" "/var/lib/crater-agent-workspace/rustup-home:/opt/rustwide/rustup-home:ro,Z" "-e" "SOURCE_DIR=/opt/rustwide/workdir" "-e" "CARGO_TARGET_DIR=/opt/rustwide/target" "-e" "CARGO_HOME=/opt/rustwide/cargo-home" "-e" "RUSTUP_HOME=/opt/rustwide/rustup-home" "-w" "/opt/rustwide/workdir" "-m" "1610612736" "--user" "0:0" "--network" "none" "ghcr.io/rust-lang/crates-build-env/linux@sha256:5ff2268d62e97bff2cde7d5815dd6ed5b47097566f13b8d0ca110b04b60e07ed" "/opt/rustwide/cargo-home/bin/cargo" "+1.69.0" "metadata" "--no-deps" "--format-version=1", kill_on_drop: false }`
[INFO] [stdout] 696561f63119f1ab4e72bbc9eb826abe43d36d244a085458a65b69ffea89828d
[INFO] running `Command { std: "docker" "start" "-a" "696561f63119f1ab4e72bbc9eb826abe43d36d244a085458a65b69ffea89828d", kill_on_drop: false }`
[INFO] running `Command { std: "docker" "inspect" "696561f63119f1ab4e72bbc9eb826abe43d36d244a085458a65b69ffea89828d", kill_on_drop: false }`
[INFO] running `Command { std: "docker" "rm" "-f" "696561f63119f1ab4e72bbc9eb826abe43d36d244a085458a65b69ffea89828d", kill_on_drop: false }`
[INFO] [stdout] 696561f63119f1ab4e72bbc9eb826abe43d36d244a085458a65b69ffea89828d
[INFO] running `Command { std: "docker" "create" "-v" "/var/lib/crater-agent-workspace/builds/worker-2-tc1/target:/opt/rustwide/target:rw,Z" "-v" "/var/lib/crater-agent-workspace/builds/worker-2-tc1/source:/opt/rustwide/workdir:ro,Z" "-v" "/var/lib/crater-agent-workspace/cargo-home:/opt/rustwide/cargo-home:ro,Z" "-v" "/var/lib/crater-agent-workspace/rustup-home:/opt/rustwide/rustup-home:ro,Z" "-e" "SOURCE_DIR=/opt/rustwide/workdir" "-e" "CARGO_TARGET_DIR=/opt/rustwide/target" "-e" "CARGO_INCREMENTAL=0" "-e" "RUST_BACKTRACE=full" "-e" "RUSTFLAGS=--cap-lints=warn" "-e" "RUSTDOCFLAGS=--cap-lints=warn" "-e" "CARGO_HOME=/opt/rustwide/cargo-home" "-e" "RUSTUP_HOME=/opt/rustwide/rustup-home" "-w" "/opt/rustwide/workdir" "-m" "1610612736" "--user" "0:0" "--network" "none" "ghcr.io/rust-lang/crates-build-env/linux@sha256:5ff2268d62e97bff2cde7d5815dd6ed5b47097566f13b8d0ca110b04b60e07ed" "/opt/rustwide/cargo-home/bin/cargo" "+1.69.0" "build" "--frozen" "--message-format=json", kill_on_drop: false }`
[INFO] [stdout] 1ff2ead82afdb8bfe08f315db3655aaec66417baa15ba7f27ce2c96f22e196e0
[INFO] running `Command { std: "docker" "start" "-a" "1ff2ead82afdb8bfe08f315db3655aaec66417baa15ba7f27ce2c96f22e196e0", kill_on_drop: false }`
[INFO] [stderr]    Compiling binary-search v1.3.0 (/opt/rustwide/workdir)
[INFO] [stdout] error[E0369]: binary operation `<` cannot be applied to type `T`
[INFO] [stdout]   --> src/lib.rs:11:11
[INFO] [stdout]    |
[INFO] [stdout] 11 |     if key<array[p] || key>array[r] {  return None; }
[INFO] [stdout]    |        ---^-------- T
[INFO] [stdout]    |        |
[INFO] [stdout]    |        T
[INFO] [stdout]    |
[INFO] [stdout] help: consider further restricting this bound
[INFO] [stdout]    |
[INFO] [stdout] 1  | pub fn find<T>(array: &[T], key: T) -> Option<usize> where T: AsRef<[T]> + std::cmp::PartialOrd{
[INFO] [stdout]    |                                                                          ++++++++++++++++++++++
[INFO] [stdout] 
[INFO] [stdout] 
[INFO] [stdout] error[E0369]: binary operation `>` cannot be applied to type `T`
[INFO] [stdout]   --> src/lib.rs:11:27
[INFO] [stdout]    |
[INFO] [stdout] 11 |     if key<array[p] || key>array[r] {  return None; }
[INFO] [stdout]    |                        ---^-------- T
[INFO] [stdout]    |                        |
[INFO] [stdout]    |                        T
[INFO] [stdout]    |
[INFO] [stdout] help: consider further restricting this bound
[INFO] [stdout]    |
[INFO] [stdout] 1  | pub fn find<T>(array: &[T], key: T) -> Option<usize> where T: AsRef<[T]> + std::cmp::PartialOrd{
[INFO] [stdout]    |                                                                          ++++++++++++++++++++++
[INFO] [stdout] 
[INFO] [stdout] 
[INFO] [stdout] error[E0369]: binary operation `==` cannot be applied to type `T`
[INFO] [stdout]   --> src/lib.rs:17:20
[INFO] [stdout]    |
[INFO] [stdout] 17 |         if array[q]==key { return Some(q);}
[INFO] [stdout]    |            --------^^--- T
[INFO] [stdout]    |            |
[INFO] [stdout]    |            T
[INFO] [stdout]    |
[INFO] [stdout] help: consider further restricting this bound
[INFO] [stdout]    |
[INFO] [stdout] 1  | pub fn find<T>(array: &[T], key: T) -> Option<usize> where T: AsRef<[T]> + std::cmp::PartialEq{
[INFO] [stdout]    |                                                                          +++++++++++++++++++++
[INFO] [stdout] 
[INFO] [stdout] 
[INFO] [stdout] error[E0369]: binary operation `>` cannot be applied to type `T`
[INFO] [stdout]   --> src/lib.rs:18:20
[INFO] [stdout]    |
[INFO] [stdout] 18 |         if array[q]>key{
[INFO] [stdout]    |            --------^--- T
[INFO] [stdout]    |            |
[INFO] [stdout]    |            T
[INFO] [stdout]    |
[INFO] [stdout] help: consider further restricting this bound
[INFO] [stdout]    |
[INFO] [stdout] 1  | pub fn find<T>(array: &[T], key: T) -> Option<usize> where T: AsRef<[T]> + std::cmp::PartialOrd{
[INFO] [stdout]    |                                                                          ++++++++++++++++++++++
[INFO] [stdout] 
[INFO] [stdout] 
[INFO] [stdout] error: aborting due to 4 previous errors
[INFO] [stdout] 
[INFO] [stdout] 
[INFO] [stdout] For more information about this error, try `rustc --explain E0369`.
[INFO] [stdout] 
[INFO] [stderr] error: could not compile `binary-search` due to 5 previous errors
[INFO] running `Command { std: "docker" "inspect" "1ff2ead82afdb8bfe08f315db3655aaec66417baa15ba7f27ce2c96f22e196e0", kill_on_drop: false }`
[INFO] running `Command { std: "docker" "rm" "-f" "1ff2ead82afdb8bfe08f315db3655aaec66417baa15ba7f27ce2c96f22e196e0", kill_on_drop: false }`
[INFO] [stdout] 1ff2ead82afdb8bfe08f315db3655aaec66417baa15ba7f27ce2c96f22e196e0
