[INFO] cloning repository https://github.com/fuzzcorp/materialize
[INFO] running `Command { std: "git" "-c" "credential.helper=" "-c" "credential.helper=/workspace/cargo-home/bin/git-credential-null" "clone" "--bare" "https://github.com/fuzzcorp/materialize" "/workspace/cache/git-repos/https%3A%2F%2Fgithub.com%2Ffuzzcorp%2Fmaterialize", kill_on_drop: false }`
[INFO] [stderr] Cloning into bare repository '/workspace/cache/git-repos/https%3A%2F%2Fgithub.com%2Ffuzzcorp%2Fmaterialize'...
[INFO] running `Command { std: "git" "rev-parse" "HEAD", kill_on_drop: false }`
[INFO] [stdout] 956fdf510c8a7acad4060b657c57324785205435
[INFO] testing fuzzcorp/materialize against 1.69.0 for beta-1.70-1
[INFO] running `Command { std: "git" "clone" "/workspace/cache/git-repos/https%3A%2F%2Fgithub.com%2Ffuzzcorp%2Fmaterialize" "/workspace/builds/worker-3-tc1/source", kill_on_drop: false }`
[INFO] [stderr] Cloning into '/workspace/builds/worker-3-tc1/source'...
[INFO] [stderr] done.
[INFO] validating manifest of git repo https://github.com/fuzzcorp/materialize on toolchain 1.69.0
[INFO] running `Command { std: CARGO_HOME="/workspace/cargo-home" RUSTUP_HOME="/workspace/rustup-home" "/workspace/cargo-home/bin/cargo" "+1.69.0" "metadata" "--manifest-path" "Cargo.toml" "--no-deps", kill_on_drop: false }`
[INFO] removed /workspace/builds/worker-3-tc1/source/.cargo/config
[INFO] removed /workspace/builds/worker-3-tc1/source/rust-toolchain
[INFO] started tweaking git repo https://github.com/fuzzcorp/materialize
[INFO] finished tweaking git repo https://github.com/fuzzcorp/materialize
[INFO] tweaked toml for git repo https://github.com/fuzzcorp/materialize written to /workspace/builds/worker-3-tc1/source/Cargo.toml
[INFO] crate git repo https://github.com/fuzzcorp/materialize already has a lockfile, it will not be regenerated
[INFO] running `Command { std: CARGO_HOME="/workspace/cargo-home" RUSTUP_HOME="/workspace/rustup-home" "/workspace/cargo-home/bin/cargo" "+1.69.0" "fetch" "--manifest-path" "Cargo.toml", kill_on_drop: false }`
[INFO] [stderr]     Updating git repository `https://github.com/fede1024/rust-rdkafka.git`
[INFO] [stderr]     Updating git submodule `https://github.com/edenhill/librdkafka.git`
[INFO] [stderr]     Updating git repository `https://github.com/rusoto/rusoto.git`
[INFO] [stderr]     Updating git submodule `https://github.com/boto/botocore.git`
[INFO] [stderr]     Updating git repository `https://github.com/TimelyDataflow/timely-dataflow`
[INFO] [stderr]     Updating git repository `https://github.com/TimelyDataflow/differential-dataflow.git`
[INFO] [stderr]     Updating git repository `https://github.com/MaterializeInc/serde-protobuf.git`
[INFO] [stderr]     Updating git repository `https://github.com/MaterializeInc/rust-prometheus.git`
[INFO] [stderr]     Blocking waiting for file lock on package cache
[INFO] [stderr]  Downloading crates ...
[INFO] [stderr]   Downloaded cmake v0.1.41
[INFO] [stderr]   Downloaded tokio-util v0.6.2
[INFO] [stderr]   Downloaded tokio-openssl v0.6.1
[INFO] [stderr]   Downloaded rustc_version v0.3.0
[INFO] [stderr]   Downloaded fstrings v0.2.3
[INFO] [stderr]   Downloaded fstrings-proc-macro v0.2.3
[INFO] [stderr]   Downloaded bytefmt v0.1.7
[INFO] [stderr]   Downloaded enum-kinds v0.5.0
[INFO] [stderr]   Downloaded enum-iterator v0.6.0
[INFO] [stderr]   Downloaded enum-ordinalize v3.1.8
[INFO] [stderr]   Downloaded compile-time-run v0.2.11
[INFO] [stderr]   Downloaded enum-iterator-derive v0.6.0
[INFO] [stderr]   Downloaded abomonation_derive v0.5.0
[INFO] [stderr]   Downloaded postgres-openssl v0.5.0
[INFO] [stderr]   Downloaded inotify v0.9.2
[INFO] [stderr]   Downloaded timely_sort v0.1.6
[INFO] [stderr]   Downloaded ordered-float v2.0.1
[INFO] [stderr]   Downloaded rlimit v0.5.3
[INFO] [stderr]   Downloaded os_pipe v0.9.1
[INFO] [stderr]   Downloaded protobuf-codegen v2.17.0
[INFO] [stderr]   Downloaded postgres v0.19.0
[INFO] [stderr]   Downloaded os_info v3.0.1
[INFO] [stderr]   Downloaded postgres-protocol v0.6.0
[INFO] [stderr]   Downloaded abomonation v0.7.3
[INFO] [stderr]   Downloaded parse_duration v2.1.0
[INFO] [stderr]   Downloaded assert_cmd v1.0.2
[INFO] [stderr]   Downloaded tinytemplate v1.1.0
[INFO] [stderr]   Downloaded protobuf-codegen-pure v2.17.0
[INFO] [stderr]   Downloaded stacker v0.1.13
[INFO] [stderr]   Downloaded semver-parser v0.10.1
[INFO] [stderr]   Downloaded symbolic-common v8.0.0
[INFO] [stderr]   Downloaded duct v0.13.3
[INFO] [stderr]   Downloaded educe v0.4.13
[INFO] [stderr]   Downloaded postgres-types v0.2.0
[INFO] [stderr]   Downloaded async-compression v0.3.7
[INFO] [stderr]   Downloaded sysinfo v0.16.0
[INFO] [stderr]   Downloaded rand_distr v0.4.0
[INFO] [stderr]   Downloaded tokio-postgres v0.7.0
[INFO] [stderr]   Downloaded protobuf v2.17.0
[INFO] [stderr]   Downloaded symbolic-demangle v8.0.0
[INFO] [stderr]   Downloaded tokio v1.1.0
[INFO] [stderr]   Downloaded honggfuzz v0.5.52
[INFO] [stderr]   Downloaded sysctl v0.4.0
[INFO] [stderr]   Downloaded postgres_array v0.11.0
[INFO] [stderr]   Downloaded openssl-src v111.9.0+1.1.1g
[INFO] [stderr]   Downloaded pprof v0.4.0
[INFO] [stderr]   Downloaded aws-arn v0.1.1
[INFO] [stderr]   Downloaded psm v0.1.9
[INFO] [stderr]   Downloaded datadriven v0.5.0
[INFO] [stderr]   Downloaded sasl2-sys v0.1.11
[INFO] [stderr]   Downloaded krb5-src v0.2.4+1.18.2
[INFO] running `Command { std: "docker" "create" "-v" "/var/lib/crater-agent-workspace/builds/worker-3-tc1/target:/opt/rustwide/target:rw,Z" "-v" "/var/lib/crater-agent-workspace/builds/worker-3-tc1/source:/opt/rustwide/workdir:ro,Z" "-v" "/var/lib/crater-agent-workspace/cargo-home:/opt/rustwide/cargo-home:ro,Z" "-v" "/var/lib/crater-agent-workspace/rustup-home:/opt/rustwide/rustup-home:ro,Z" "-e" "SOURCE_DIR=/opt/rustwide/workdir" "-e" "CARGO_TARGET_DIR=/opt/rustwide/target" "-e" "CARGO_HOME=/opt/rustwide/cargo-home" "-e" "RUSTUP_HOME=/opt/rustwide/rustup-home" "-w" "/opt/rustwide/workdir" "-m" "1610612736" "--user" "0:0" "--network" "none" "ghcr.io/rust-lang/crates-build-env/linux@sha256:5ff2268d62e97bff2cde7d5815dd6ed5b47097566f13b8d0ca110b04b60e07ed" "/opt/rustwide/cargo-home/bin/cargo" "+1.69.0" "metadata" "--no-deps" "--format-version=1", kill_on_drop: false }`
[INFO] [stdout] 2b2cbdb04b4f70e097ee5030e2ac277800a5eb6557fac6c7406be1ba6ea297ab
[INFO] running `Command { std: "docker" "start" "-a" "2b2cbdb04b4f70e097ee5030e2ac277800a5eb6557fac6c7406be1ba6ea297ab", kill_on_drop: false }`
[INFO] running `Command { std: "docker" "inspect" "2b2cbdb04b4f70e097ee5030e2ac277800a5eb6557fac6c7406be1ba6ea297ab", kill_on_drop: false }`
[INFO] running `Command { std: "docker" "rm" "-f" "2b2cbdb04b4f70e097ee5030e2ac277800a5eb6557fac6c7406be1ba6ea297ab", kill_on_drop: false }`
[INFO] [stdout] 2b2cbdb04b4f70e097ee5030e2ac277800a5eb6557fac6c7406be1ba6ea297ab
[INFO] running `Command { std: "docker" "create" "-v" "/var/lib/crater-agent-workspace/builds/worker-3-tc1/target:/opt/rustwide/target:rw,Z" "-v" "/var/lib/crater-agent-workspace/builds/worker-3-tc1/source:/opt/rustwide/workdir:ro,Z" "-v" "/var/lib/crater-agent-workspace/cargo-home:/opt/rustwide/cargo-home:ro,Z" "-v" "/var/lib/crater-agent-workspace/rustup-home:/opt/rustwide/rustup-home:ro,Z" "-e" "SOURCE_DIR=/opt/rustwide/workdir" "-e" "CARGO_TARGET_DIR=/opt/rustwide/target" "-e" "CARGO_INCREMENTAL=0" "-e" "RUST_BACKTRACE=full" "-e" "RUSTFLAGS=--cap-lints=warn" "-e" "RUSTDOCFLAGS=--cap-lints=warn" "-e" "CARGO_HOME=/opt/rustwide/cargo-home" "-e" "RUSTUP_HOME=/opt/rustwide/rustup-home" "-w" "/opt/rustwide/workdir" "-m" "1610612736" "--user" "0:0" "--network" "none" "ghcr.io/rust-lang/crates-build-env/linux@sha256:5ff2268d62e97bff2cde7d5815dd6ed5b47097566f13b8d0ca110b04b60e07ed" "/opt/rustwide/cargo-home/bin/cargo" "+1.69.0" "build" "--frozen" "--message-format=json", kill_on_drop: false }`
[INFO] [stdout] 5aeddeefee0cb4f11fda3b9662b2bd3040804f6b57a12594503f0c41c8887b1d
[INFO] running `Command { std: "docker" "start" "-a" "5aeddeefee0cb4f11fda3b9662b2bd3040804f6b57a12594503f0c41c8887b1d", kill_on_drop: false }`
[INFO] [stderr]     Blocking waiting for file lock on package cache
[INFO] [stderr]     Blocking waiting for file lock on package cache
[INFO] [stderr]    Compiling libc v0.2.84
[INFO] [stderr]    Compiling proc-macro2 v1.0.24
[INFO] [stderr]    Compiling unicode-xid v0.2.0
[INFO] [stderr]    Compiling syn v1.0.60
[INFO] [stderr]    Compiling autocfg v1.0.1
[INFO] [stderr]    Compiling cfg-if v1.0.0
[INFO] [stderr]    Compiling serde_derive v1.0.123
[INFO] [stderr]    Compiling serde v1.0.123
[INFO] [stderr]    Compiling memchr v2.3.3
[INFO] [stderr]    Compiling lazy_static v1.4.0
[INFO] [stderr]    Compiling version_check v0.9.2
[INFO] [stderr]    Compiling once_cell v1.5.2
[INFO] [stderr]    Compiling log v0.4.14
[INFO] [stderr]    Compiling pkg-config v0.3.17
[INFO] [stderr]    Compiling proc-macro-hack v0.5.19
[INFO] [stderr]    Compiling bytes v1.0.1
[INFO] [stderr]    Compiling pin-project-lite v0.2.4
[INFO] [stderr]    Compiling bitflags v1.2.1
[INFO] [stderr]    Compiling futures-core v0.3.12
[INFO] [stderr]    Compiling tokio v1.1.0
[INFO] [stderr]    Compiling quote v1.0.8
[INFO] [stderr]    Compiling arc-swap v0.4.8
[INFO] [stderr]    Compiling futures-sink v0.3.12
[INFO] [stderr]    Compiling proc-macro-nested v0.1.6
[INFO] [stderr]    Compiling jobserver v0.1.21
[INFO] [stderr]    Compiling num_cpus v1.13.0
[INFO] [stderr]    Compiling mio v0.7.6
[INFO] [stderr]    Compiling signal-hook-registry v1.2.0
[INFO] [stderr]    Compiling cc v1.0.50
[INFO] [stderr]    Compiling futures-channel v0.3.12
[INFO] [stderr]    Compiling futures-task v0.3.12
[INFO] [stderr]    Compiling slab v0.4.2
[INFO] [stderr]    Compiling pin-utils v0.1.0
[INFO] [stderr]    Compiling futures-io v0.3.12
[INFO] [stderr]    Compiling openssl-src v111.9.0+1.1.1g
[INFO] [stderr]    Compiling regex-syntax v0.6.22
[INFO] [stderr]    Compiling libm v0.2.1
[INFO] [stderr]    Compiling byteorder v1.4.2
[INFO] [stderr]    Compiling num-traits v0.2.14
[INFO] [stderr]    Compiling tracing-core v0.1.17
[INFO] [stderr]    Compiling aho-corasick v0.7.15
[INFO] [stderr]    Compiling thread_local v1.0.1
[INFO] [stderr]    Compiling openssl-sys v0.9.60
[INFO] [stderr]    Compiling foreign-types-shared v0.1.1
[INFO] [stderr]    Compiling openssl v0.10.32
[INFO] [stderr]    Compiling foreign-types v0.3.2
[INFO] [stderr]    Compiling itoa v0.4.6
[INFO] [stderr]    Compiling unicase v2.6.0
[INFO] [stderr]    Compiling ryu v1.0.2
[INFO] [stderr]    Compiling getrandom v0.2.1
[INFO] [stderr]    Compiling num-integer v0.1.42
[INFO] [stderr]    Compiling regex v1.4.3
[INFO] [stderr]    Compiling ppv-lite86 v0.2.10
[INFO] [stderr]    Compiling unicode-width v0.1.8
[INFO] [stderr]    Compiling typenum v1.12.0
[INFO] [stderr]    Compiling serde_json v1.0.60
[INFO] [stderr]    Compiling generic-array v0.14.4
[INFO] [stderr]    Compiling fallible-iterator v0.2.0
[INFO] [stderr]    Compiling anyhow v1.0.38
[INFO] [stderr]    Compiling siphasher v0.3.3
[INFO] [stderr]    Compiling rand_core v0.6.0
[INFO] [stderr]    Compiling phf_shared v0.8.0
[INFO] [stderr]    Compiling regex-automata v0.1.9
[INFO] [stderr]    Compiling proc-macro-error-attr v1.0.4
[INFO] [stderr]    Compiling rand_chacha v0.3.0
[INFO] [stderr]    Compiling proc-macro-error v1.0.4
[INFO] [stderr]    Compiling rand v0.8.2
[INFO] [stderr]    Compiling digest v0.9.0
[INFO] [stderr]    Compiling atty v0.2.14
[INFO] [stderr]    Compiling matches v0.1.8
[INFO] [stderr]    Compiling unicode-segmentation v1.6.0
[INFO] [stderr]    Compiling fnv v1.0.7
[INFO] [stderr]    Compiling block-buffer v0.9.0
[INFO] [stderr]    Compiling textwrap v0.11.0
[INFO] [stderr]    Compiling heck v0.3.1
[INFO] [stderr]    Compiling vec_map v0.8.1
[INFO] [stderr]    Compiling percent-encoding v2.1.0
[INFO] [stderr]    Compiling opaque-debug v0.3.0
[INFO] [stderr]    Compiling ansi_term v0.11.0
[INFO] [stderr]    Compiling strsim v0.8.0
[INFO] [stderr]    Compiling matchers v0.0.1
[INFO] [stderr]    Compiling clap v2.33.3
[INFO] [stderr]    Compiling tracing-log v0.1.1
[INFO] [stderr]    Compiling sharded-slab v0.1.1
[INFO] [stderr]    Compiling base64 v0.13.0
[INFO] [stderr]    Compiling ansi_term v0.12.1
[INFO] [stderr]    Compiling cpuid-bool v0.1.2
[INFO] [stderr]    Compiling pin-project-internal v0.4.27
[INFO] [stderr]    Compiling sha2 v0.9.3
[INFO] [stderr]    Compiling socket2 v0.3.19
[INFO] [stderr]    Compiling indexmap v1.4.0
[INFO] [stderr]    Compiling http v0.2.3
[INFO] [stderr]    Compiling unicode-bidi v0.3.4
[INFO] [stderr]    Compiling httparse v1.3.3
[INFO] [stderr]    Compiling try-lock v0.2.2
[INFO] [stderr]    Compiling want v0.3.0
[INFO] [stderr]    Compiling subtle v2.2.3
[INFO] [stderr]    Compiling tower-service v0.3.0
[INFO] [stderr]    Compiling httpdate v0.3.2
[INFO] [stderr]    Compiling crypto-mac v0.10.0
[INFO] [stderr]    Compiling adler v0.2.3
[INFO] [stderr]    Compiling crc32fast v1.2.1
[INFO] [stderr]    Compiling miniz_oxide v0.4.0
[INFO] [stderr]    Compiling hmac v0.10.1
[INFO] [stderr]    Compiling itertools v0.9.0
[INFO] [stderr]    Compiling native-tls v0.2.7
[INFO] [stderr]    Compiling openssl-probe v0.1.2
[INFO] [stderr]    Compiling glob v0.3.0
[INFO] [stderr]    Compiling form_urlencoded v1.0.0
[INFO] [stderr]    Compiling http-body v0.4.0
[INFO] [stderr]    Compiling os_pipe v0.9.1
[INFO] [stderr]    Compiling shared_child v0.3.4
[INFO] [stderr]    Compiling hex v0.4.2
[INFO] [stderr]    Compiling md5 v0.7.0
[INFO] [stderr]    Compiling duct v0.13.3
[INFO] [stderr]    Compiling scopeguard v1.1.0
[INFO] [stderr]    Compiling flate2 v1.0.20
[INFO] [stderr]    Compiling encoding_rs v0.8.26
[INFO] [stderr]    Compiling mime v0.3.13
[INFO] [stderr]    Compiling tokio-macros v1.0.0
[INFO] [stderr]    Compiling futures-macro v0.3.12
[INFO] [stderr]    Compiling tracing-attributes v0.1.11
[INFO] [stderr]    Compiling pin-project-internal v1.0.1
[INFO] [stderr]    Compiling async-trait v0.1.42
[INFO] [stderr]    Compiling futures-util v0.3.12
[INFO] [stderr]    Compiling tracing v0.1.22
[INFO] [stderr]    Compiling pin-project v1.0.1
[INFO] [stderr]    Compiling async-stream-impl v0.3.0
[INFO] [stderr]    Compiling structopt-derive v0.4.14
[INFO] [stderr]    Compiling tracing-subscriber v0.2.15
[INFO] [stderr]    Compiling async-stream v0.3.0
[INFO] [stderr]    Compiling krb5-src v0.2.4+1.18.2
[INFO] [stderr]    Compiling tokio-stream v0.1.2
[INFO] [stderr]    Compiling structopt v0.3.21
[INFO] [stderr]    Compiling futures-executor v0.3.12
[INFO] [stderr]    Compiling tokio-util v0.6.2
[INFO] [stderr]    Compiling futures v0.3.12
[INFO] [stderr]    Compiling pin-project v0.4.27
[INFO] [stderr]    Compiling ipnet v2.3.0
[INFO] [stderr]    Compiling tracing-futures v0.2.4
[INFO] [stderr]    Compiling h2 v0.3.0
[INFO] [stderr]    Compiling sasl2-sys v0.1.11
[INFO] [stderr]    Compiling enum-kinds v0.5.0
[INFO] [stderr]    Compiling zstd-sys v1.4.19+zstd.1.4.8
[INFO] [stderr]    Compiling libz-sys v1.1.2
[INFO] [stderr]    Compiling protobuf v2.17.0
[INFO] [stderr]    Compiling derivative v2.2.0
[INFO] [stderr]    Compiling cmake v0.1.41
[INFO] [stderr]    Compiling crossbeam-utils v0.8.1
[INFO] [stderr]    Compiling build_const v0.2.1
[INFO] [stderr]    Compiling instant v0.1.6
[INFO] [stderr]    Compiling crc v1.8.1
[INFO] [stderr]    Compiling rdkafka-sys v3.0.0+1.6.0 (https://github.com/fede1024/rust-rdkafka.git#d7c2baf3)
[INFO] [stderr]    Compiling hyper v0.14.2
[INFO] [stderr]    Compiling lock_api v0.4.2
[INFO] [stderr]    Compiling remove_dir_all v0.5.1
[INFO] [stderr]    Compiling ucd-trie v0.1.3
[INFO] [stderr]    Compiling snap v1.0.3
[INFO] [stderr]    Compiling smallvec v1.6.1
[INFO] [stderr]    Compiling chrono v0.4.19
[INFO] [stderr]    Compiling unicode-normalization v0.1.12
[INFO] [stderr]    Compiling uuid v0.8.2
[INFO] [stderr]    Compiling toml v0.5.8
[INFO] [stderr]    Compiling stringprep v0.1.2
[INFO] [stderr]    Compiling serde_urlencoded v0.7.0
[INFO] [stderr]    Compiling postgres-protocol v0.6.0
[INFO] [stderr]    Compiling idna v0.2.0
[INFO] [stderr]    Compiling proc-macro-crate v0.1.4
[INFO] [stderr]    Compiling postgres-types v0.2.0
[INFO] [stderr]    Compiling parking_lot_core v0.8.2
[INFO] [stderr]    Compiling url v2.2.0
[INFO] [stderr]    Compiling parking_lot v0.11.0
[INFO] [stderr]    Compiling pest v2.1.3
[INFO] [stderr]    Compiling tempfile v3.2.0
[INFO] [stderr]    Compiling num_enum_derive v0.5.1
[INFO] [stderr]    Compiling semver-parser v0.10.1
[INFO] [stderr]    Compiling avro-derive v0.0.0 (/opt/rustwide/workdir/src/avro-derive)
[INFO] [stderr]    Compiling synstructure v0.12.3
[INFO] [stderr]    Compiling phf v0.8.0
[INFO] [stderr]    Compiling cfg-if v0.1.10
[INFO] [stderr]    Compiling semver v0.11.0
[INFO] [stderr]    Compiling md-5 v0.9.1
[INFO] [stderr]    Compiling dirs-sys-next v0.1.2
[INFO] [stderr]    Compiling rustc_version v0.3.0
[INFO] [stderr]    Compiling crossbeam-channel v0.5.0
[INFO] [stderr]    Compiling num_enum v0.5.1
[INFO] [stderr]    Compiling dirs-next v2.0.0
[INFO] [stderr]    Compiling mz-avro v0.6.5 (/opt/rustwide/workdir/src/avro)
[INFO] [stderr]    Compiling shlex v0.1.1
[INFO] [stderr]    Compiling gimli v0.23.0
[INFO] [stderr]    Compiling zeroize v1.1.0
[INFO] [stderr]    Compiling rustc-demangle v0.1.16
[INFO] [stderr]    Compiling rusoto_credential v0.46.0 (https://github.com/rusoto/rusoto.git#31cf1506)
[INFO] [stderr]    Compiling rusoto_core v0.46.0 (https://github.com/rusoto/rusoto.git#31cf1506)
[INFO] [stderr]    Compiling bincode v1.3.1
[INFO] [stderr]    Compiling parse-zoneinfo v0.3.0
[INFO] [stderr]    Compiling object v0.22.0
[INFO] [stderr]    Compiling rusoto_signature v0.46.0 (https://github.com/rusoto/rusoto.git#31cf1506)
[INFO] [stderr]    Compiling chrono-tz v0.5.3
[INFO] [stderr]    Compiling protobuf-codegen v2.17.0
[INFO] [stderr]    Compiling addr2line v0.14.0
[INFO] [stderr]    Compiling ordered-float v2.0.1
[INFO] [stderr]    Compiling backtrace v0.3.55
[INFO] [stderr]    Compiling xml-rs v0.8.0
[INFO] [stderr]    Compiling protobuf-codegen-pure v2.17.0
[INFO] [stderr]    Compiling encoding_index_tests v0.1.4
[INFO] [stderr]    Compiling getrandom v0.1.14
[INFO] [stderr]    Compiling abomonation_derive v0.5.0
[INFO] [stderr]    Compiling tokio-postgres v0.7.0
[INFO] [stderr]    Compiling getopts v0.2.21
[INFO] [stderr]    Compiling num-bigint v0.3.1
[INFO] [stderr]    Compiling timely_bytes v0.11.0 (https://github.com/TimelyDataflow/timely-dataflow#de69cfc4)
[INFO] [stderr]    Compiling abomonation v0.7.3
[INFO] [stderr]    Compiling timely_logging v0.11.1 (https://github.com/TimelyDataflow/timely-dataflow#de69cfc4)
[INFO] [stderr]    Compiling failure_derive v0.1.7
[INFO] [stderr]    Compiling timely_communication v0.11.1 (https://github.com/TimelyDataflow/timely-dataflow#de69cfc4)
[INFO] [stderr]    Compiling serde_regex v1.1.0
[INFO] [stderr]    Compiling fast-float v0.2.0
[INFO] [stderr]    Compiling timely v0.11.1 (https://github.com/TimelyDataflow/timely-dataflow#de69cfc4)
[INFO] [stderr]    Compiling rand_core v0.5.1
[INFO] [stderr]    Compiling bstr v0.2.14
[INFO] [stderr]    Compiling csv-core v0.1.10
[INFO] [stderr]    Compiling num-bigint v0.2.6
[INFO] [stderr]    Compiling failure v0.1.8
[INFO] [stderr]    Compiling timely_sort v0.1.6
[INFO] [stderr]    Compiling csv v1.1.5
[INFO] [stderr]    Compiling rand_pcg v0.2.1
[INFO] [stderr]    Compiling rand_chacha v0.2.2
[INFO] [stderr]    Compiling differential-dataflow v0.11.0 (https://github.com/TimelyDataflow/differential-dataflow.git#f86e881a)
[INFO] [stderr]    Compiling encoding-index-japanese v1.20141219.5
[INFO] [stderr]    Compiling enum-ordinalize v3.1.8
[INFO] [stderr]    Compiling encoding-index-simpchinese v1.20141219.5
[INFO] [stderr]    Compiling encoding-index-singlebyte v1.20141219.5
[INFO] [stderr]    Compiling encoding-index-korean v1.20141219.5
[INFO] [stderr]    Compiling encoding-index-tradchinese v1.20141219.5
[INFO] [stderr]    Compiling enum-iterator-derive v0.6.0
[INFO] [stderr]    Compiling num-iter v0.1.40
[INFO] [stderr]    Compiling num-rational v0.2.3
[INFO] [stderr]    Compiling num-complex v0.2.4
[INFO] [stderr]    Compiling linked-hash-map v0.5.3
[INFO] [stderr]    Compiling serde-protobuf v0.8.2-alpha.0 (https://github.com/MaterializeInc/serde-protobuf.git?branch=add-iter-messages#fae1e030)
[INFO] [stderr]    Compiling educe v0.4.13
[INFO] [stderr]    Compiling encoding v0.2.33
[INFO] [stderr]    Compiling rand v0.7.3
[INFO] [stderr]    Compiling enum-iterator v0.6.0
[INFO] [stderr]    Compiling serde-value v0.7.0
[INFO] [stderr]    Compiling fstrings-proc-macro v0.2.3
[INFO] [stderr]    Compiling sha-1 v0.9.2
[INFO] [stderr]    Compiling pdqselect v0.1.0
[INFO] [stderr]    Compiling tokio-serde v0.8.0
[INFO] [stderr]    Compiling phf_generator v0.8.0
[INFO] [stderr]    Compiling globset v0.4.6
[INFO] [stderr]    Compiling thiserror-impl v1.0.20
[INFO] [stderr]    Compiling psm v0.1.9
[INFO] [stderr]    Compiling phf_codegen v0.8.0
[INFO] [stderr]    Compiling fstrings v0.2.3
[INFO] [stderr]    Compiling stacker v0.1.13
[INFO] [stderr]    Compiling prometheus v0.10.0 (https://github.com/MaterializeInc/rust-prometheus.git#8bd8207f)
[INFO] [stderr]    Compiling num v0.2.0
[INFO] [stderr]    Compiling libsqlite3-sys v0.20.1
[INFO] [stderr]    Compiling memoffset v0.6.1
[INFO] [stderr]    Compiling parse_duration v2.1.0
[INFO] [stderr]    Compiling ahash v0.4.6
[INFO] [stderr]    Compiling const_fn v0.4.5
[INFO] [stderr]    Compiling radium v0.5.3
[INFO] [stderr]    Compiling hashbrown v0.9.1
[INFO] [stderr]    Compiling aws-arn v0.1.1
[INFO] [stderr]    Compiling inotify-sys v0.1.4
[INFO] [stderr]    Compiling lexical-core v0.7.4
[INFO] [stderr]    Compiling build-info v0.0.0 (/opt/rustwide/workdir/src/build-info)
[INFO] [stderr]    Compiling termcolor v1.1.2
[INFO] [stderr]    Compiling thiserror v1.0.20
[INFO] [stderr]    Compiling fs_extra v1.1.0
[INFO] [stderr]    Compiling hashlink v0.6.0
[INFO] [stderr]    Compiling inotify v0.9.2
[INFO] [stderr]    Compiling jemalloc-sys v0.3.2
[INFO] [stderr]    Compiling dogsdogsdogs v0.1.0 (https://github.com/TimelyDataflow/differential-dataflow.git#f86e881a)
[INFO] [stderr]    Compiling postgres v0.19.0
[INFO] [stderr]    Compiling prometheus-static-metric v0.5.0-rc.1 (https://github.com/MaterializeInc/rust-prometheus.git#8bd8207f)
[INFO] [stderr]    Compiling cpp_demangle v0.3.2
[INFO] [stderr]    Compiling nom v6.0.1
[INFO] [stderr]    Compiling fallible-streaming-iterator v0.1.9
[INFO] [stderr]    Compiling static_assertions v1.1.0
[INFO] [stderr]    Compiling tap v1.0.0
[INFO] [stderr]    Compiling arrayvec v0.5.1
[INFO] [stderr]    Compiling rayon-core v1.9.0
[INFO] [stderr]    Compiling funty v1.0.1
[INFO] [stderr]    Compiling wyz v0.2.0
[INFO] [stderr]    Compiling whoami v1.1.0
[INFO] [stderr]    Compiling crossbeam-epoch v0.9.1
[INFO] [stderr]    Compiling bitvec v0.19.4
[INFO] [stderr]    Compiling debugid v0.7.2
[INFO] [stderr]    Compiling memmap v0.7.0
[INFO] [stdout] error[E0308]: mismatched types
[INFO] [stdout]   --> /opt/rustwide/cargo-home/registry/src/github.com-1ecc6299db9ec823/lexical-core-0.7.4/src/atof/algorithm/bhcomp.rs:62:24
[INFO] [stdout]    |
[INFO] [stdout] 62 |     let bytes = bits / Limb::BITS;
[INFO] [stdout]    |                        ^^^^^^^^^^ expected `usize`, found `u32`
[INFO] [stdout] 
[INFO] [stdout] 
[INFO] [stdout] error[E0277]: cannot divide `usize` by `u32`
[INFO] [stdout]   --> /opt/rustwide/cargo-home/registry/src/github.com-1ecc6299db9ec823/lexical-core-0.7.4/src/atof/algorithm/bhcomp.rs:62:22
[INFO] [stdout]    |
[INFO] [stdout] 62 |     let bytes = bits / Limb::BITS;
[INFO] [stdout]    |                      ^ no implementation for `usize / u32`
[INFO] [stdout]    |
[INFO] [stdout]    = help: the trait `Div<u32>` is not implemented for `usize`
[INFO] [stdout]    = help: the following other types implement trait `Div<Rhs>`:
[INFO] [stdout]              <&'a usize as Div<usize>>
[INFO] [stdout]              <&usize as Div<&usize>>
[INFO] [stdout]              <usize as Div<&usize>>
[INFO] [stdout]              <usize as Div<NonZeroUsize>>
[INFO] [stdout]              <usize as Div>
[INFO] [stdout] 
[INFO] [stdout] 
[INFO] [stdout] error[E0308]: mismatched types
[INFO] [stdout]    --> /opt/rustwide/cargo-home/registry/src/github.com-1ecc6299db9ec823/lexical-core-0.7.4/src/atof/algorithm/bigcomp.rs:157:55
[INFO] [stdout]     |
[INFO] [stdout] 157 |     let nlz = den.leading_zeros().wrapping_sub(wlz) & (u32::BITS - 1);
[INFO] [stdout]     |                                                       ^^^^^^^^^^^^^^^ expected `usize`, found `u32`
[INFO] [stdout] 
[INFO] [stdout] 
[INFO] [stdout] error[E0277]: no implementation for `usize & u32`
[INFO] [stdout]    --> /opt/rustwide/cargo-home/registry/src/github.com-1ecc6299db9ec823/lexical-core-0.7.4/src/atof/algorithm/bigcomp.rs:157:53
[INFO] [stdout]     |
[INFO] [stdout] 157 |     let nlz = den.leading_zeros().wrapping_sub(wlz) & (u32::BITS - 1);
[INFO] [stdout]     |                                                     ^ no implementation for `usize & u32`
[INFO] [stdout]     |
[INFO] [stdout]     = help: the trait `BitAnd<u32>` is not implemented for `usize`
[INFO] [stdout]     = help: the following other types implement trait `BitAnd<Rhs>`:
[INFO] [stdout]               <&'a usize as BitAnd<usize>>
[INFO] [stdout]               <&usize as BitAnd<&usize>>
[INFO] [stdout]               <usize as BitAnd<&usize>>
[INFO] [stdout]               <usize as BitAnd>
[INFO] [stdout] 
[INFO] [stdout] 
[INFO] [stdout] error[E0308]: mismatched types
[INFO] [stdout]    --> /opt/rustwide/cargo-home/registry/src/github.com-1ecc6299db9ec823/lexical-core-0.7.4/src/atof/algorithm/bigcomp.rs:175:40
[INFO] [stdout]     |
[INFO] [stdout] 175 |         let (q, r) = shift.ceil_divmod(Limb::BITS);
[INFO] [stdout]     |                            ----------- ^^^^^^^^^^ expected `usize`, found `u32`
[INFO] [stdout]     |                            |
[INFO] [stdout]     |                            arguments to this method are incorrect
[INFO] [stdout]     |
[INFO] [stdout] help: the return type of this call is `u32` due to the type of the argument passed
[INFO] [stdout]    --> /opt/rustwide/cargo-home/registry/src/github.com-1ecc6299db9ec823/lexical-core-0.7.4/src/atof/algorithm/bigcomp.rs:175:22
[INFO] [stdout]     |
[INFO] [stdout] 175 |         let (q, r) = shift.ceil_divmod(Limb::BITS);
[INFO] [stdout]     |                      ^^^^^^^^^^^^^^^^^^----------^
[INFO] [stdout]     |                                        |
[INFO] [stdout]     |                                        this argument influences the return type of `ceil_divmod`
[INFO] [stdout] note: method defined here
[INFO] [stdout]    --> /opt/rustwide/cargo-home/registry/src/github.com-1ecc6299db9ec823/lexical-core-0.7.4/src/util/num.rs:209:8
[INFO] [stdout]     |
[INFO] [stdout] 209 |     fn ceil_divmod(self, y: Self) -> (Self, i32) {
[INFO] [stdout]     |        ^^^^^^^^^^^       -------
[INFO] [stdout] help: you can convert a `u32` to a `usize` and panic if the converted value doesn't fit
[INFO] [stdout]     |
[INFO] [stdout] 175 |         let (q, r) = shift.ceil_divmod(Limb::BITS.try_into().unwrap());
[INFO] [stdout]     |                                                  ++++++++++++++++++++
[INFO] [stdout] 
[INFO] [stdout] 
[INFO] [stdout] error[E0308]: mismatched types
[INFO] [stdout]     --> /opt/rustwide/cargo-home/registry/src/github.com-1ecc6299db9ec823/lexical-core-0.7.4/src/atof/algorithm/math.rs:1043:42
[INFO] [stdout]      |
[INFO] [stdout] 1043 |     let mut count = index.saturating_mul(Limb::BITS);
[INFO] [stdout]      |                           -------------- ^^^^^^^^^^ expected `usize`, found `u32`
[INFO] [stdout]      |                           |
[INFO] [stdout]      |                           arguments to this method are incorrect
[INFO] [stdout]      |
[INFO] [stdout] note: method defined here
[INFO] [stdout]     --> /rustc/84c898d65adf2f39a5a98507f1fe0ce10a2b8dbc/library/core/src/num/mod.rs:1190:5
[INFO] [stdout]      = note: this error originates in the macro `uint_impl` (in Nightly builds, run with -Z macro-backtrace for more info)
[INFO] [stdout] help: you can convert a `u32` to a `usize` and panic if the converted value doesn't fit
[INFO] [stdout]      |
[INFO] [stdout] 1043 |     let mut count = index.saturating_mul(Limb::BITS.try_into().unwrap());
[INFO] [stdout]      |                                                    ++++++++++++++++++++
[INFO] [stdout] 
[INFO] [stdout] 
[INFO] [stdout] error[E0308]: mismatched types
[INFO] [stdout]     --> /opt/rustwide/cargo-home/registry/src/github.com-1ecc6299db9ec823/lexical-core-0.7.4/src/atof/algorithm/math.rs:1058:28
[INFO] [stdout]      |
[INFO] [stdout] 1058 |     Limb::BITS.checked_mul(x.len())
[INFO] [stdout]      |                ----------- ^^^^^^^ expected `u32`, found `usize`
[INFO] [stdout]      |                |
[INFO] [stdout]      |                arguments to this method are incorrect
[INFO] [stdout]      |
[INFO] [stdout] note: method defined here
[INFO] [stdout]     --> /rustc/84c898d65adf2f39a5a98507f1fe0ce10a2b8dbc/library/core/src/num/mod.rs:1071:5
[INFO] [stdout]      = note: this error originates in the macro `uint_impl` (in Nightly builds, run with -Z macro-backtrace for more info)
[INFO] [stdout] help: you can convert a `usize` to a `u32` and panic if the converted value doesn't fit
[INFO] [stdout]      |
[INFO] [stdout] 1058 |     Limb::BITS.checked_mul(x.len().try_into().unwrap())
[INFO] [stdout]      |                                   ++++++++++++++++++++
[INFO] [stdout] 
[INFO] [stdout] 
[INFO] [stdout] error[E0308]: mismatched types
[INFO] [stdout]     --> /opt/rustwide/cargo-home/registry/src/github.com-1ecc6299db9ec823/lexical-core-0.7.4/src/atof/algorithm/math.rs:1059:22
[INFO] [stdout]      |
[INFO] [stdout] 1059 |         .map(|v| v - nlz)
[INFO] [stdout]      |                      ^^^ expected `u32`, found `usize`
[INFO] [stdout] 
[INFO] [stdout] 
[INFO] [stdout] error[E0277]: cannot subtract `usize` from `u32`
[INFO] [stdout]     --> /opt/rustwide/cargo-home/registry/src/github.com-1ecc6299db9ec823/lexical-core-0.7.4/src/atof/algorithm/math.rs:1059:20
[INFO] [stdout]      |
[INFO] [stdout] 1059 |         .map(|v| v - nlz)
[INFO] [stdout]      |                    ^ no implementation for `u32 - usize`
[INFO] [stdout]      |
[INFO] [stdout]      = help: the trait `Sub<usize>` is not implemented for `u32`
[INFO] [stdout]      = help: the following other types implement trait `Sub<Rhs>`:
[INFO] [stdout]                <&'a u32 as Sub<u32>>
[INFO] [stdout]                <&u32 as Sub<&u32>>
[INFO] [stdout]                <u32 as Sub<&u32>>
[INFO] [stdout]                <u32 as Sub>
[INFO] [stdout] 
[INFO] [stdout] 
[INFO] [stdout] error[E0308]: mismatched types
[INFO] [stdout]     --> /opt/rustwide/cargo-home/registry/src/github.com-1ecc6299db9ec823/lexical-core-0.7.4/src/atof/algorithm/math.rs:1060:20
[INFO] [stdout]      |
[INFO] [stdout] 1060 |         .unwrap_or(usize::max_value())
[INFO] [stdout]      |          --------- ^^^^^^^^^^^^^^^^^^ expected `u32`, found `usize`
[INFO] [stdout]      |          |
[INFO] [stdout]      |          arguments to this method are incorrect
[INFO] [stdout]      |
[INFO] [stdout] help: the return type of this call is `usize` due to the type of the argument passed
[INFO] [stdout]     --> /opt/rustwide/cargo-home/registry/src/github.com-1ecc6299db9ec823/lexical-core-0.7.4/src/atof/algorithm/math.rs:1058:5
[INFO] [stdout]      |
[INFO] [stdout] 1058 | /     Limb::BITS.checked_mul(x.len())
[INFO] [stdout] 1059 | |         .map(|v| v - nlz)
[INFO] [stdout] 1060 | |         .unwrap_or(usize::max_value())
[INFO] [stdout]      | |____________________------------------^
[INFO] [stdout]      |                      |
[INFO] [stdout]      |                      this argument influences the return type of `unwrap_or`
[INFO] [stdout] note: method defined here
[INFO] [stdout]     --> /rustc/84c898d65adf2f39a5a98507f1fe0ce10a2b8dbc/library/core/src/option.rs:963:18
[INFO] [stdout] help: you can convert a `usize` to a `u32` and panic if the converted value doesn't fit
[INFO] [stdout]      |
[INFO] [stdout] 1060 |         .unwrap_or(usize::max_value().try_into().unwrap())
[INFO] [stdout]      |                                      ++++++++++++++++++++
[INFO] [stdout] 
[INFO] [stdout] 
[INFO] [stdout] error[E0308]: mismatched types
[INFO] [stdout]     --> /opt/rustwide/cargo-home/registry/src/github.com-1ecc6299db9ec823/lexical-core-0.7.4/src/atof/algorithm/math.rs:1058:5
[INFO] [stdout]      |
[INFO] [stdout] 1054 |   pub fn bit_length(x: &[Limb]) -> usize {
[INFO] [stdout]      |                                    ----- expected `usize` because of return type
[INFO] [stdout] ...
[INFO] [stdout] 1058 | /     Limb::BITS.checked_mul(x.len())
[INFO] [stdout] 1059 | |         .map(|v| v - nlz)
[INFO] [stdout] 1060 | |         .unwrap_or(usize::max_value())
[INFO] [stdout]      | |______________________________________^ expected `usize`, found `u32`
[INFO] [stdout]      |
[INFO] [stdout] help: you can convert a `u32` to a `usize` and panic if the converted value doesn't fit
[INFO] [stdout]      |
[INFO] [stdout] 1060 |         .unwrap_or(usize::max_value()).try_into().unwrap()
[INFO] [stdout]      |                                       ++++++++++++++++++++
[INFO] [stdout] 
[INFO] [stdout] 
[INFO] [stdout] error[E0308]: mismatched types
[INFO] [stdout]     --> /opt/rustwide/cargo-home/registry/src/github.com-1ecc6299db9ec823/lexical-core-0.7.4/src/atof/algorithm/math.rs:1085:23
[INFO] [stdout]      |
[INFO] [stdout] 1085 |     debug_assert!(n < bits && n != 0);
[INFO] [stdout]      |                   -   ^^^^ expected `usize`, found `u32`
[INFO] [stdout]      |                   |
[INFO] [stdout]      |                   expected because this is `usize`
[INFO] [stdout]      |
[INFO] [stdout] help: you can convert a `u32` to a `usize` and panic if the converted value doesn't fit
[INFO] [stdout]      |
[INFO] [stdout] 1085 |     debug_assert!(n < bits.try_into().unwrap() && n != 0);
[INFO] [stdout]      |                           ++++++++++++++++++++
[INFO] [stdout] 
[INFO] [stdout] 
[INFO] [stdout] error[E0308]: mismatched types
[INFO] [stdout]     --> /opt/rustwide/cargo-home/registry/src/github.com-1ecc6299db9ec823/lexical-core-0.7.4/src/atof/algorithm/math.rs:1092:25
[INFO] [stdout]      |
[INFO] [stdout] 1092 |     let lshift = bits - n;
[INFO] [stdout]      |                         ^ expected `u32`, found `usize`
[INFO] [stdout] 
[INFO] [stdout] 
[INFO] [stdout] error[E0277]: cannot subtract `usize` from `u32`
[INFO] [stdout]     --> /opt/rustwide/cargo-home/registry/src/github.com-1ecc6299db9ec823/lexical-core-0.7.4/src/atof/algorithm/math.rs:1092:23
[INFO] [stdout]      |
[INFO] [stdout] 1092 |     let lshift = bits - n;
[INFO] [stdout]      |                       ^ no implementation for `u32 - usize`
[INFO] [stdout]      |
[INFO] [stdout]      = help: the trait `Sub<usize>` is not implemented for `u32`
[INFO] [stdout]      = help: the following other types implement trait `Sub<Rhs>`:
[INFO] [stdout]                <&'a u32 as Sub<u32>>
[INFO] [stdout]                <&u32 as Sub<&u32>>
[INFO] [stdout]                <u32 as Sub<&u32>>
[INFO] [stdout]                <u32 as Sub>
[INFO] [stdout] 
[INFO] [stdout] 
[INFO] [stdout] error[E0308]: mismatched types
[INFO] [stdout]     --> /opt/rustwide/cargo-home/registry/src/github.com-1ecc6299db9ec823/lexical-core-0.7.4/src/atof/algorithm/math.rs:1134:19
[INFO] [stdout]      |
[INFO] [stdout] 1134 |     let rem = n % bits;
[INFO] [stdout]      |                   ^^^^ expected `usize`, found `u32`
[INFO] [stdout] 
[INFO] [stdout] 
[INFO] [stdout] error[E0277]: cannot calculate the remainder of `usize` divided by `u32`
[INFO] [stdout]     --> /opt/rustwide/cargo-home/registry/src/github.com-1ecc6299db9ec823/lexical-core-0.7.4/src/atof/algorithm/math.rs:1134:17
[INFO] [stdout]      |
[INFO] [stdout] 1134 |     let rem = n % bits;
[INFO] [stdout]      |                 ^ no implementation for `usize % u32`
[INFO] [stdout]      |
[INFO] [stdout]      = help: the trait `Rem<u32>` is not implemented for `usize`
[INFO] [stdout]      = help: the following other types implement trait `Rem<Rhs>`:
[INFO] [stdout]                <&'a usize as Rem<usize>>
[INFO] [stdout]                <&usize as Rem<&usize>>
[INFO] [stdout]                <usize as Rem<&usize>>
[INFO] [stdout]                <usize as Rem<NonZeroUsize>>
[INFO] [stdout]                <usize as Rem>
[INFO] [stdout] 
[INFO] [stdout] 
[INFO] [stdout] error[E0308]: mismatched types
[INFO] [stdout]     --> /opt/rustwide/cargo-home/registry/src/github.com-1ecc6299db9ec823/lexical-core-0.7.4/src/atof/algorithm/math.rs:1135:19
[INFO] [stdout]      |
[INFO] [stdout] 1135 |     let div = n / bits;
[INFO] [stdout]      |                   ^^^^ expected `usize`, found `u32`
[INFO] [stdout] 
[INFO] [stdout] 
[INFO] [stdout] error[E0277]: cannot divide `usize` by `u32`
[INFO] [stdout]     --> /opt/rustwide/cargo-home/registry/src/github.com-1ecc6299db9ec823/lexical-core-0.7.4/src/atof/algorithm/math.rs:1135:17
[INFO] [stdout]      |
[INFO] [stdout] 1135 |     let div = n / bits;
[INFO] [stdout]      |                 ^ no implementation for `usize / u32`
[INFO] [stdout]      |
[INFO] [stdout]      = help: the trait `Div<u32>` is not implemented for `usize`
[INFO] [stdout]      = help: the following other types implement trait `Div<Rhs>`:
[INFO] [stdout]                <&'a usize as Div<usize>>
[INFO] [stdout]                <&usize as Div<&usize>>
[INFO] [stdout]                <usize as Div<&usize>>
[INFO] [stdout]                <usize as Div<NonZeroUsize>>
[INFO] [stdout]                <usize as Div>
[INFO] [stdout] 
[INFO] [stdout] 
[INFO] [stdout] error[E0308]: mismatched types
[INFO] [stdout]     --> /opt/rustwide/cargo-home/registry/src/github.com-1ecc6299db9ec823/lexical-core-0.7.4/src/atof/algorithm/math.rs:1191:23
[INFO] [stdout]      |
[INFO] [stdout] 1191 |     debug_assert!(n < bits);
[INFO] [stdout]      |                   -   ^^^^ expected `usize`, found `u32`
[INFO] [stdout]      |                   |
[INFO] [stdout]      |                   expected because this is `usize`
[INFO] [stdout]      |
[INFO] [stdout] help: you can convert a `u32` to a `usize` and panic if the converted value doesn't fit
[INFO] [stdout]      |
[INFO] [stdout] 1191 |     debug_assert!(n < bits.try_into().unwrap());
[INFO] [stdout]      |                           ++++++++++++++++++++
[INFO] [stdout] 
[INFO] [stdout] 
[INFO] [stdout] error[E0308]: mismatched types
[INFO] [stdout]     --> /opt/rustwide/cargo-home/registry/src/github.com-1ecc6299db9ec823/lexical-core-0.7.4/src/atof/algorithm/math.rs:1201:25
[INFO] [stdout]      |
[INFO] [stdout] 1201 |     let rshift = bits - n;
[INFO] [stdout]      |                         ^ expected `u32`, found `usize`
[INFO] [stdout] 
[INFO] [stdout] 
[INFO] [stdout] error[E0277]: cannot subtract `usize` from `u32`
[INFO] [stdout]     --> /opt/rustwide/cargo-home/registry/src/github.com-1ecc6299db9ec823/lexical-core-0.7.4/src/atof/algorithm/math.rs:1201:23
[INFO] [stdout]      |
[INFO] [stdout] 1201 |     let rshift = bits - n;
[INFO] [stdout]      |                       ^ no implementation for `u32 - usize`
[INFO] [stdout]      |
[INFO] [stdout]      = help: the trait `Sub<usize>` is not implemented for `u32`
[INFO] [stdout]      = help: the following other types implement trait `Sub<Rhs>`:
[INFO] [stdout]                <&'a u32 as Sub<u32>>
[INFO] [stdout]                <&u32 as Sub<&u32>>
[INFO] [stdout]                <u32 as Sub<&u32>>
[INFO] [stdout]                <u32 as Sub>
[INFO] [stdout] 
[INFO] [stdout] 
[INFO] [stdout] error[E0308]: mismatched types
[INFO] [stdout]     --> /opt/rustwide/cargo-home/registry/src/github.com-1ecc6299db9ec823/lexical-core-0.7.4/src/atof/algorithm/math.rs:1253:19
[INFO] [stdout]      |
[INFO] [stdout] 1253 |     let rem = n % bits;
[INFO] [stdout]      |                   ^^^^ expected `usize`, found `u32`
[INFO] [stdout] 
[INFO] [stdout] 
[INFO] [stdout] error[E0277]: cannot calculate the remainder of `usize` divided by `u32`
[INFO] [stdout]     --> /opt/rustwide/cargo-home/registry/src/github.com-1ecc6299db9ec823/lexical-core-0.7.4/src/atof/algorithm/math.rs:1253:17
[INFO] [stdout]      |
[INFO] [stdout] 1253 |     let rem = n % bits;
[INFO] [stdout]      |                 ^ no implementation for `usize % u32`
[INFO] [stdout]      |
[INFO] [stdout]      = help: the trait `Rem<u32>` is not implemented for `usize`
[INFO] [stdout]      = help: the following other types implement trait `Rem<Rhs>`:
[INFO] [stdout]                <&'a usize as Rem<usize>>
[INFO] [stdout]                <&usize as Rem<&usize>>
[INFO] [stdout]                <usize as Rem<&usize>>
[INFO] [stdout]                <usize as Rem<NonZeroUsize>>
[INFO] [stdout]                <usize as Rem>
[INFO] [stdout] 
[INFO] [stdout] 
[INFO] [stdout] error[E0308]: mismatched types
[INFO] [stdout]     --> /opt/rustwide/cargo-home/registry/src/github.com-1ecc6299db9ec823/lexical-core-0.7.4/src/atof/algorithm/math.rs:1254:19
[INFO] [stdout]      |
[INFO] [stdout] 1254 |     let div = n / bits;
[INFO] [stdout]      |                   ^^^^ expected `usize`, found `u32`
[INFO] [stdout] 
[INFO] [stdout] 
[INFO] [stdout] error[E0277]: cannot divide `usize` by `u32`
[INFO] [stdout]     --> /opt/rustwide/cargo-home/registry/src/github.com-1ecc6299db9ec823/lexical-core-0.7.4/src/atof/algorithm/math.rs:1254:17
[INFO] [stdout]      |
[INFO] [stdout] 1254 |     let div = n / bits;
[INFO] [stdout]      |                 ^ no implementation for `usize / u32`
[INFO] [stdout]      |
[INFO] [stdout]      = help: the trait `Div<u32>` is not implemented for `usize`
[INFO] [stdout]      = help: the following other types implement trait `Div<Rhs>`:
[INFO] [stdout]                <&'a usize as Div<usize>>
[INFO] [stdout]                <&usize as Div<&usize>>
[INFO] [stdout]                <usize as Div<&usize>>
[INFO] [stdout]                <usize as Div<NonZeroUsize>>
[INFO] [stdout]                <usize as Div>
[INFO] [stdout] 
[INFO] [stdout] 
[INFO] [stdout] error[E0308]: mismatched types
[INFO] [stdout]     --> /opt/rustwide/cargo-home/registry/src/github.com-1ecc6299db9ec823/lexical-core-0.7.4/src/atof/algorithm/math.rs:2065:27
[INFO] [stdout]      |
[INFO] [stdout] 2065 |     let rs = Limb::BITS - s;
[INFO] [stdout]      |                           ^ expected `u32`, found `usize`
[INFO] [stdout] 
[INFO] [stdout] 
[INFO] [stdout] error[E0277]: cannot subtract `usize` from `u32`
[INFO] [stdout]     --> /opt/rustwide/cargo-home/registry/src/github.com-1ecc6299db9ec823/lexical-core-0.7.4/src/atof/algorithm/math.rs:2065:25
[INFO] [stdout]      |
[INFO] [stdout] 2065 |     let rs = Limb::BITS - s;
[INFO] [stdout]      |                         ^ no implementation for `u32 - usize`
[INFO] [stdout]      |
[INFO] [stdout]      = help: the trait `Sub<usize>` is not implemented for `u32`
[INFO] [stdout]      = help: the following other types implement trait `Sub<Rhs>`:
[INFO] [stdout]                <&'a u32 as Sub<u32>>
[INFO] [stdout]                <&u32 as Sub<&u32>>
[INFO] [stdout]                <u32 as Sub<&u32>>
[INFO] [stdout]                <u32 as Sub>
[INFO] [stdout] 
[INFO] [stdout] 
[INFO] [stderr]    Compiling humantime v2.0.1
[INFO] [stdout] error: aborting due to 27 previous errors
[INFO] [stdout] 
[INFO] [stdout] 
[INFO] [stdout] Some errors have detailed explanations: E0277, E0308.
[INFO] [stdout] 
[INFO] [stdout] For more information about an error, try `rustc --explain E0277`.
[INFO] [stdout] 
[INFO] [stderr] error: could not compile `lexical-core` due to 28 previous errors
[INFO] [stderr] warning: build failed, waiting for other jobs to finish...
[INFO] running `Command { std: "docker" "inspect" "5aeddeefee0cb4f11fda3b9662b2bd3040804f6b57a12594503f0c41c8887b1d", kill_on_drop: false }`
[INFO] running `Command { std: "docker" "rm" "-f" "5aeddeefee0cb4f11fda3b9662b2bd3040804f6b57a12594503f0c41c8887b1d", kill_on_drop: false }`
[INFO] [stdout] 5aeddeefee0cb4f11fda3b9662b2bd3040804f6b57a12594503f0c41c8887b1d
