[INFO] cloning repository https://github.com/fstp/discord_analyst_bot
[INFO] running `Command { std: "git" "-c" "credential.helper=" "-c" "credential.helper=/workspace/cargo-home/bin/git-credential-null" "clone" "--bare" "https://github.com/fstp/discord_analyst_bot" "/workspace/cache/git-repos/https%3A%2F%2Fgithub.com%2Ffstp%2Fdiscord_analyst_bot", kill_on_drop: false }`
[INFO] [stderr] Cloning into bare repository '/workspace/cache/git-repos/https%3A%2F%2Fgithub.com%2Ffstp%2Fdiscord_analyst_bot'...
[INFO] running `Command { std: "git" "rev-parse" "HEAD", kill_on_drop: false }`
[INFO] [stdout] 67072bf02320c7ff9dfaa83eb29f93eff29dbd8a
[INFO] testing fstp/discord_analyst_bot against 1.69.0 for beta-1.70-1
[INFO] running `Command { std: "git" "clone" "/workspace/cache/git-repos/https%3A%2F%2Fgithub.com%2Ffstp%2Fdiscord_analyst_bot" "/workspace/builds/worker-5-tc1/source", kill_on_drop: false }`
[INFO] [stderr] Cloning into '/workspace/builds/worker-5-tc1/source'...
[INFO] [stderr] done.
[INFO] validating manifest of git repo https://github.com/fstp/discord_analyst_bot on toolchain 1.69.0
[INFO] running `Command { std: CARGO_HOME="/workspace/cargo-home" RUSTUP_HOME="/workspace/rustup-home" "/workspace/cargo-home/bin/cargo" "+1.69.0" "metadata" "--manifest-path" "Cargo.toml" "--no-deps", kill_on_drop: false }`
[INFO] started tweaking git repo https://github.com/fstp/discord_analyst_bot
[INFO] finished tweaking git repo https://github.com/fstp/discord_analyst_bot
[INFO] tweaked toml for git repo https://github.com/fstp/discord_analyst_bot written to /workspace/builds/worker-5-tc1/source/Cargo.toml
[INFO] crate git repo https://github.com/fstp/discord_analyst_bot already has a lockfile, it will not be regenerated
[INFO] running `Command { std: CARGO_HOME="/workspace/cargo-home" RUSTUP_HOME="/workspace/rustup-home" "/workspace/cargo-home/bin/cargo" "+1.69.0" "fetch" "--manifest-path" "Cargo.toml", kill_on_drop: false }`
[INFO] [stderr]  Downloading crates ...
[INFO] [stderr]   Downloaded sqlx-rt v0.5.10
[INFO] [stderr]   Downloaded sqlx-macros v0.5.10
[INFO] [stderr]   Downloaded flume v0.10.10
[INFO] [stderr]   Downloaded sqlx-core v0.5.10
[INFO] [stderr]   Downloaded serenity v0.10.10
[INFO] [stderr]   Downloaded sqlx v0.5.10
[INFO] running `Command { std: "docker" "create" "-v" "/var/lib/crater-agent-workspace/builds/worker-5-tc1/target:/opt/rustwide/target:rw,Z" "-v" "/var/lib/crater-agent-workspace/builds/worker-5-tc1/source:/opt/rustwide/workdir:ro,Z" "-v" "/var/lib/crater-agent-workspace/cargo-home:/opt/rustwide/cargo-home:ro,Z" "-v" "/var/lib/crater-agent-workspace/rustup-home:/opt/rustwide/rustup-home:ro,Z" "-e" "SOURCE_DIR=/opt/rustwide/workdir" "-e" "CARGO_TARGET_DIR=/opt/rustwide/target" "-e" "CARGO_HOME=/opt/rustwide/cargo-home" "-e" "RUSTUP_HOME=/opt/rustwide/rustup-home" "-w" "/opt/rustwide/workdir" "-m" "1610612736" "--user" "0:0" "--network" "none" "ghcr.io/rust-lang/crates-build-env/linux@sha256:5ff2268d62e97bff2cde7d5815dd6ed5b47097566f13b8d0ca110b04b60e07ed" "/opt/rustwide/cargo-home/bin/cargo" "+1.69.0" "metadata" "--no-deps" "--format-version=1", kill_on_drop: false }`
[INFO] [stdout] 86904b77a1af5d5f773f434bd0273e762bffeef720edc03690ed4a8cd035c29e
[INFO] running `Command { std: "docker" "start" "-a" "86904b77a1af5d5f773f434bd0273e762bffeef720edc03690ed4a8cd035c29e", kill_on_drop: false }`
[INFO] running `Command { std: "docker" "inspect" "86904b77a1af5d5f773f434bd0273e762bffeef720edc03690ed4a8cd035c29e", kill_on_drop: false }`
[INFO] running `Command { std: "docker" "rm" "-f" "86904b77a1af5d5f773f434bd0273e762bffeef720edc03690ed4a8cd035c29e", kill_on_drop: false }`
[INFO] [stdout] 86904b77a1af5d5f773f434bd0273e762bffeef720edc03690ed4a8cd035c29e
[INFO] running `Command { std: "docker" "create" "-v" "/var/lib/crater-agent-workspace/builds/worker-5-tc1/target:/opt/rustwide/target:rw,Z" "-v" "/var/lib/crater-agent-workspace/builds/worker-5-tc1/source:/opt/rustwide/workdir:ro,Z" "-v" "/var/lib/crater-agent-workspace/cargo-home:/opt/rustwide/cargo-home:ro,Z" "-v" "/var/lib/crater-agent-workspace/rustup-home:/opt/rustwide/rustup-home:ro,Z" "-e" "SOURCE_DIR=/opt/rustwide/workdir" "-e" "CARGO_TARGET_DIR=/opt/rustwide/target" "-e" "CARGO_INCREMENTAL=0" "-e" "RUST_BACKTRACE=full" "-e" "RUSTFLAGS=--cap-lints=warn" "-e" "RUSTDOCFLAGS=--cap-lints=warn" "-e" "CARGO_HOME=/opt/rustwide/cargo-home" "-e" "RUSTUP_HOME=/opt/rustwide/rustup-home" "-w" "/opt/rustwide/workdir" "-m" "1610612736" "--user" "0:0" "--network" "none" "ghcr.io/rust-lang/crates-build-env/linux@sha256:5ff2268d62e97bff2cde7d5815dd6ed5b47097566f13b8d0ca110b04b60e07ed" "/opt/rustwide/cargo-home/bin/cargo" "+1.69.0" "build" "--frozen" "--message-format=json", kill_on_drop: false }`
[INFO] [stdout] 594cdf67e99de288fc3b4a1b1411c2824f28c917712b3cc853b693168bf91823
[INFO] running `Command { std: "docker" "start" "-a" "594cdf67e99de288fc3b4a1b1411c2824f28c917712b3cc853b693168bf91823", kill_on_drop: false }`
[INFO] [stderr]    Compiling libc v0.2.116
[INFO] [stderr]    Compiling unicode-xid v0.2.1
[INFO] [stderr]    Compiling syn v1.0.86
[INFO] [stderr]    Compiling ring v0.16.20
[INFO] [stderr]    Compiling scopeguard v1.1.0
[INFO] [stderr]    Compiling parking_lot_core v0.8.5
[INFO] [stderr]    Compiling instant v0.1.12
[INFO] [stderr]    Compiling smallvec v1.8.0
[INFO] [stderr]    Compiling proc-macro2 v1.0.36
[INFO] [stderr]    Compiling lock_api v0.4.5
[INFO] [stderr]    Compiling ahash v0.7.6
[INFO] [stderr]    Compiling futures-util v0.3.19
[INFO] [stderr]    Compiling num-traits v0.2.14
[INFO] [stderr]    Compiling serde_derive v1.0.136
[INFO] [stderr]    Compiling getrandom v0.1.16
[INFO] [stderr]    Compiling crossbeam-utils v0.8.7
[INFO] [stderr]    Compiling unicase v2.6.0
[INFO] [stderr]    Compiling quote v1.0.15
[INFO] [stderr]    Compiling num_cpus v1.13.1
[INFO] [stderr]    Compiling mio v0.7.14
[INFO] [stderr]    Compiling signal-hook-registry v1.4.0
[INFO] [stderr]    Compiling getrandom v0.2.4
[INFO] [stderr]    Compiling parking_lot v0.11.2
[INFO] [stderr]    Compiling nom v7.1.0
[INFO] [stderr]    Compiling hashbrown v0.11.2
[INFO] [stderr]    Compiling vcpkg v0.2.15
[INFO] [stderr]    Compiling serde v1.0.136
[INFO] [stderr]    Compiling futures-sink v0.3.19
[INFO] [stderr]    Compiling tokio v1.15.0
[INFO] [stderr]    Compiling indexmap v1.8.0
[INFO] [stderr]    Compiling spin v0.9.2
[INFO] [stderr]    Compiling either v1.6.1
[INFO] [stderr]    Compiling crossbeam-queue v0.3.4
[INFO] [stderr]    Compiling minimal-lexical v0.2.1
[INFO] [stderr]    Compiling libsqlite3-sys v0.23.2
[INFO] [stderr]    Compiling itertools v0.10.3
[INFO] [stderr]    Compiling rand_core v0.5.1
[INFO] [stderr]    Compiling crc-catalog v1.1.1
[INFO] [stderr]    Compiling unicode_categories v0.1.1
[INFO] [stderr]    Compiling futures-channel v0.3.19
[INFO] [stderr]    Compiling webpki v0.21.4
[INFO] [stderr]    Compiling sct v0.6.1
[INFO] [stderr]    Compiling rustls v0.19.1
[INFO] [stderr]    Compiling webpki v0.22.0
[INFO] [stderr]    Compiling sct v0.7.0
[INFO] [stderr]    Compiling rustls v0.20.2
[INFO] [stderr]    Compiling webpki-roots v0.21.1
[INFO] [stderr]    Compiling crc v2.1.0
[INFO] [stderr]    Compiling rand_chacha v0.2.2
[INFO] [stderr]    Compiling sqlformat v0.1.8
[INFO] [stderr]    Compiling mime_guess v2.0.3
[INFO] [stderr]    Compiling crossbeam-channel v0.5.2
[INFO] [stderr]    Compiling tokio-rustls v0.22.0
[INFO] [stderr]    Compiling hashlink v0.7.0
[INFO] [stderr]    Compiling atoi v0.4.0
[INFO] [stderr]    Compiling futures-intrusive v0.4.0
[INFO] [stderr]    Compiling socket2 v0.4.4
[INFO] [stderr]    Compiling stringprep v0.1.2
[INFO] [stderr]    Compiling num-integer v0.1.44
[INFO] [stderr]    Compiling tokio-macros v1.7.0
[INFO] [stderr]    Compiling futures-macro v0.3.19
[INFO] [stderr]    Compiling pin-project-internal v1.0.10
[INFO] [stderr]    Compiling tracing-attributes v0.1.18
[INFO] [stderr]    Compiling thiserror-impl v1.0.30
[INFO] [stderr]    Compiling pin-project v1.0.10
[INFO] [stderr]    Compiling tracing v0.1.29
[INFO] [stderr]    Compiling miniz_oxide v0.4.4
[INFO] [stderr]    Compiling bytes v0.5.6
[INFO] [stderr]    Compiling flume v0.10.10
[INFO] [stderr]    Compiling futures-executor v0.3.19
[INFO] [stderr]    Compiling input_buffer v0.3.1
[INFO] [stderr]    Compiling sqlx-rt v0.5.10
[INFO] [stderr]    Compiling tokio-stream v0.1.8
[INFO] [stderr]    Compiling rand v0.7.3
[INFO] [stderr]    Compiling thiserror v1.0.30
[INFO] [stderr]    Compiling sha-1 v0.9.8
[INFO] [stderr]    Compiling sha2 v0.9.9
[INFO] [stderr]    Compiling aho-corasick v0.7.18
[INFO] [stderr]    Compiling base64 v0.12.3
[INFO] [stderr]    Compiling unicode-segmentation v1.8.0
[INFO] [stderr]    Compiling bitflags v1.3.2
[INFO] [stderr]    Compiling byteorder v1.4.3
[INFO] [stderr]    Compiling adler v1.0.2
[INFO] [stderr]    Compiling utf-8 v0.7.6
[INFO] [stderr]    Compiling regex-syntax v0.6.25
[INFO] [stderr]    Compiling tungstenite v0.11.1
[INFO] [stderr]    Compiling sqlx-core v0.5.10
[INFO] [stderr]    Compiling heck v0.3.3
[INFO] [stderr]    Compiling tokio-util v0.6.9
[INFO] [stderr]    Compiling tokio-rustls v0.23.2
[INFO] [stderr]    Compiling h2 v0.3.11
[INFO] [stderr]    Compiling webpki-roots v0.22.2
[INFO] [stderr]    Compiling webpki-roots v0.20.0
[INFO] [stderr]    Compiling terminal_size v0.1.17
[INFO] [stderr]    Compiling unicode-width v0.1.9
[INFO] [stderr]    Compiling dotenv v0.15.0
[INFO] [stderr]    Compiling remove_dir_all v0.5.3
[INFO] [stderr]    Compiling fastrand v1.7.0
[INFO] [stderr]    Compiling serenity v0.10.10
[INFO] [stderr]    Compiling regex v1.5.4
[INFO] [stderr]    Compiling anyhow v1.0.55
[INFO] [stderr]    Compiling tempfile v3.3.0
[INFO] [stderr]    Compiling async-tungstenite v0.11.0
[INFO] [stderr]    Compiling flate2 v1.0.22
[INFO] [stderr]    Compiling console v0.15.0
[INFO] [stderr]    Compiling async-trait v0.1.52
[INFO] [stderr]    Compiling serde_urlencoded v0.7.1
[INFO] [stderr]    Compiling serde_json v1.0.78
[INFO] [stderr]    Compiling chrono v0.4.19
[INFO] [stderr]    Compiling futures v0.3.19
[INFO] [stderr]    Compiling typemap_rev v0.1.5
[INFO] [stderr]    Compiling zeroize v1.5.0
[INFO] [stderr]    Compiling sqlx-macros v0.5.10
[INFO] [stderr]    Compiling dialoguer v0.9.0
[INFO] [stderr]    Compiling sublime_fuzzy v0.7.0
[INFO] [stderr]    Compiling hyper v0.14.16
[INFO] [stderr]    Compiling sqlx v0.5.10
[INFO] [stderr]    Compiling hyper-rustls v0.23.0
[INFO] [stderr]    Compiling reqwest v0.11.9
[INFO] [stderr]    Compiling bot v0.1.0 (/opt/rustwide/workdir)
[INFO] [stdout] error: error returned from database: unable to open database file
[INFO] [stdout]   --> src/main.rs:52:5
[INFO] [stdout]    |
[INFO] [stdout] 52 | /     sqlx::query!(
[INFO] [stdout] 53 | |         "INSERT INTO Guilds (id, name, is_banned) VALUES (?, ?, false)",
[INFO] [stdout] 54 | |         guild,
[INFO] [stdout] 55 | |         name,
[INFO] [stdout] 56 | |     )
[INFO] [stdout]    | |_____^
[INFO] [stdout]    |
[INFO] [stdout]    = note: this error originates in the macro `$crate::sqlx_macros::expand_query` which comes from the expansion of the macro `sqlx::query` (in Nightly builds, run with -Z macro-backtrace for more info)
[INFO] [stdout] 
[INFO] [stdout] 
[INFO] [stdout] error: error returned from database: unable to open database file
[INFO] [stdout]   --> src/main.rs:69:13
[INFO] [stdout]    |
[INFO] [stdout] 69 | /             sqlx::query!(
[INFO] [stdout] 70 | |                 "INSERT INTO Channels (id, name, guild, webhook) VALUES (?, ?, ?, ?)",
[INFO] [stdout] 71 | |                 channel,
[INFO] [stdout] 72 | |                 name,
[INFO] [stdout] 73 | |                 guild,
[INFO] [stdout] 74 | |                 webhook
[INFO] [stdout] 75 | |             )
[INFO] [stdout]    | |_____________^
[INFO] [stdout]    |
[INFO] [stdout]    = note: this error originates in the macro `$crate::sqlx_macros::expand_query` which comes from the expansion of the macro `sqlx::query` (in Nightly builds, run with -Z macro-backtrace for more info)
[INFO] [stdout] 
[INFO] [stdout] 
[INFO] [stdout] error: error returned from database: unable to open database file
[INFO] [stdout]   --> src/main.rs:86:5
[INFO] [stdout]    |
[INFO] [stdout] 86 |     sqlx::query!("SELECT Guilds.name FROM Guilds")
[INFO] [stdout]    |     ^^^^^^^^^^^^^^^^^^^^^^^^^^^^^^^^^^^^^^^^^^^^^^
[INFO] [stdout]    |
[INFO] [stdout]    = note: this error originates in the macro `$crate::sqlx_macros::expand_query` which comes from the expansion of the macro `sqlx::query` (in Nightly builds, run with -Z macro-backtrace for more info)
[INFO] [stdout] 
[INFO] [stdout] 
[INFO] [stdout] error: error returned from database: unable to open database file
[INFO] [stdout]    --> src/main.rs:104:5
[INFO] [stdout]     |
[INFO] [stdout] 104 | /     sqlx::query!(
[INFO] [stdout] 105 | |         "
[INFO] [stdout] 106 | |         SELECT Channels.name\n\
[INFO] [stdout] 107 | |         FROM Channels\n\
[INFO] [stdout] ...   |
[INFO] [stdout] 110 | |         server_name
[INFO] [stdout] 111 | |     )
[INFO] [stdout]     | |_____^
[INFO] [stdout]     |
[INFO] [stdout]     = note: this error originates in the macro `$crate::sqlx_macros::expand_query` which comes from the expansion of the macro `sqlx::query` (in Nightly builds, run with -Z macro-backtrace for more info)
[INFO] [stdout] 
[INFO] [stdout] 
[INFO] [stdout] error: error returned from database: unable to open database file
[INFO] [stdout]    --> src/main.rs:365:37
[INFO] [stdout]     |
[INFO] [stdout] 365 |       let mut mentions: Vec<String> = sqlx::query!(
[INFO] [stdout]     |  _____________________________________^
[INFO] [stdout] 366 | |         "
[INFO] [stdout] 367 | |         SELECT mention\n\
[INFO] [stdout] 368 | |         FROM Mentions\n\
[INFO] [stdout] ...   |
[INFO] [stdout] 375 | |         user
[INFO] [stdout] 376 | |     )
[INFO] [stdout]     | |_____^
[INFO] [stdout]     |
[INFO] [stdout]     = note: this error originates in the macro `$crate::sqlx_macros::expand_query` which comes from the expansion of the macro `sqlx::query` (in Nightly builds, run with -Z macro-backtrace for more info)
[INFO] [stdout] 
[INFO] [stdout] 
[INFO] [stdout] error: error returned from database: unable to open database file
[INFO] [stdout]    --> src/main.rs:394:39
[INFO] [stdout]     |
[INFO] [stdout] 394 |       let webhook_ids: Vec<WebhookId> = sqlx::query!(
[INFO] [stdout]     |  _______________________________________^
[INFO] [stdout] 395 | |         "
[INFO] [stdout] 396 | |         SELECT webhook as \"webhook_id: i64\"\n\
[INFO] [stdout] 397 | |         FROM Connections\n\
[INFO] [stdout] ...   |
[INFO] [stdout] 401 | |         user,
[INFO] [stdout] 402 | |     )
[INFO] [stdout]     | |_____^
[INFO] [stdout]     |
[INFO] [stdout]     = note: this error originates in the macro `$crate::sqlx_macros::expand_query` which comes from the expansion of the macro `sqlx::query` (in Nightly builds, run with -Z macro-backtrace for more info)
[INFO] [stdout] 
[INFO] [stdout] 
[INFO] [stdout] error: error returned from database: unable to open database file
[INFO] [stdout]    --> src/main.rs:491:33
[INFO] [stdout]     |
[INFO] [stdout] 491 |       let channels: Vec<String> = sqlx::query!(
[INFO] [stdout]     |  _________________________________^
[INFO] [stdout] 492 | |         "
[INFO] [stdout] 493 | |         SELECT\n\
[INFO] [stdout] 494 | |         Guilds.name as guild_name,\n\
[INFO] [stdout] ...   |
[INFO] [stdout] 504 | |         source_channel
[INFO] [stdout] 505 | |     )
[INFO] [stdout]     | |_____^
[INFO] [stdout]     |
[INFO] [stdout]     = note: this error originates in the macro `$crate::sqlx_macros::expand_query` which comes from the expansion of the macro `sqlx::query` (in Nightly builds, run with -Z macro-backtrace for more info)
[INFO] [stdout] 
[INFO] [stdout] 
[INFO] [stdout] error: error returned from database: unable to open database file
[INFO] [stdout]    --> src/main.rs:835:5
[INFO] [stdout]     |
[INFO] [stdout] 835 | /     sqlx::query!(
[INFO] [stdout] 836 | |         "
[INFO] [stdout] 837 | |         SELECT\n\
[INFO] [stdout] 838 | |         Guilds.name as guild_name,\n\
[INFO] [stdout] ...   |
[INFO] [stdout] 848 | |         channel_name,
[INFO] [stdout] 849 | |     )
[INFO] [stdout]     | |_____^
[INFO] [stdout]     |
[INFO] [stdout]     = note: this error originates in the macro `$crate::sqlx_macros::expand_query` which comes from the expansion of the macro `sqlx::query` (in Nightly builds, run with -Z macro-backtrace for more info)
[INFO] [stdout] 
[INFO] [stdout] 
[INFO] [stdout] error: error returned from database: unable to open database file
[INFO] [stdout]    --> src/main.rs:892:17
[INFO] [stdout]     |
[INFO] [stdout] 892 |       let count = sqlx::query!(
[INFO] [stdout]     |  _________________^
[INFO] [stdout] 893 | |         "
[INFO] [stdout] 894 | |         SELECT COUNT(1) as count\n\
[INFO] [stdout] 895 | |         FROM Connections\n\
[INFO] [stdout] ...   |
[INFO] [stdout] 900 | |         user,
[INFO] [stdout] 901 | |     )
[INFO] [stdout]     | |_____^
[INFO] [stdout]     |
[INFO] [stdout]     = note: this error originates in the macro `$crate::sqlx_macros::expand_query` which comes from the expansion of the macro `sqlx::query` (in Nightly builds, run with -Z macro-backtrace for more info)
[INFO] [stdout] 
[INFO] [stdout] 
[INFO] [stdout] error: error returned from database: unable to open database file
[INFO] [stdout]    --> src/main.rs:926:5
[INFO] [stdout]     |
[INFO] [stdout] 926 | /     sqlx::query!(
[INFO] [stdout] 927 | |         "INSERT INTO Connections (source, target, user, webhook) VALUES (?, ?, ?, ?)",
[INFO] [stdout] 928 | |         source,
[INFO] [stdout] 929 | |         target,
[INFO] [stdout] 930 | |         user,
[INFO] [stdout] 931 | |         webhook
[INFO] [stdout] 932 | |     )
[INFO] [stdout]     | |_____^
[INFO] [stdout]     |
[INFO] [stdout]     = note: this error originates in the macro `$crate::sqlx_macros::expand_query` which comes from the expansion of the macro `sqlx::query` (in Nightly builds, run with -Z macro-backtrace for more info)
[INFO] [stdout] 
[INFO] [stdout] 
[INFO] [stdout] error: error returned from database: unable to open database file
[INFO] [stdout]    --> src/main.rs:952:22
[INFO] [stdout]     |
[INFO] [stdout] 952 |     let webhook_id = sqlx::query!("SELECT webhook FROM Channels WHERE id = ?", id)
[INFO] [stdout]     |                      ^^^^^^^^^^^^^^^^^^^^^^^^^^^^^^^^^^^^^^^^^^^^^^^^^^^^^^^^^^^^^
[INFO] [stdout]     |
[INFO] [stdout]     = note: this error originates in the macro `$crate::sqlx_macros::expand_query` which comes from the expansion of the macro `sqlx::query` (in Nightly builds, run with -Z macro-backtrace for more info)
[INFO] [stdout] 
[INFO] [stdout] 
[INFO] [stdout] error: error returned from database: unable to open database file
[INFO] [stdout]     --> src/main.rs:1008:5
[INFO] [stdout]      |
[INFO] [stdout] 1008 | /     sqlx::query!(
[INFO] [stdout] 1009 | |         "DELETE FROM Connections WHERE source = ? AND target = ? AND user = ?",
[INFO] [stdout] 1010 | |         source,
[INFO] [stdout] 1011 | |         target,
[INFO] [stdout] 1012 | |         user
[INFO] [stdout] 1013 | |     )
[INFO] [stdout]      | |_____^
[INFO] [stdout]      |
[INFO] [stdout]      = note: this error originates in the macro `$crate::sqlx_macros::expand_query` which comes from the expansion of the macro `sqlx::query` (in Nightly builds, run with -Z macro-backtrace for more info)
[INFO] [stdout] 
[INFO] [stdout] 
[INFO] [stdout] error: error returned from database: unable to open database file
[INFO] [stdout]     --> src/main.rs:1035:5
[INFO] [stdout]      |
[INFO] [stdout] 1035 | /     sqlx::query!(
[INFO] [stdout] 1036 | |         "DELETE FROM Connections WHERE source = ? AND user = ?",
[INFO] [stdout] 1037 | |         source,
[INFO] [stdout] 1038 | |         user
[INFO] [stdout] 1039 | |     )
[INFO] [stdout]      | |_____^
[INFO] [stdout]      |
[INFO] [stdout]      = note: this error originates in the macro `$crate::sqlx_macros::expand_query` which comes from the expansion of the macro `sqlx::query` (in Nightly builds, run with -Z macro-backtrace for more info)
[INFO] [stdout] 
[INFO] [stdout] 
[INFO] [stdout] error: error returned from database: unable to open database file
[INFO] [stdout]     --> src/main.rs:1126:40
[INFO] [stdout]      |
[INFO] [stdout] 1126 |       let connections: Vec<Connection> = sqlx::query!(
[INFO] [stdout]      |  ________________________________________^
[INFO] [stdout] 1127 | |         "
[INFO] [stdout] 1128 | |         SELECT\n\
[INFO] [stdout] 1129 | |         user as \"user: i64\",\n\
[INFO] [stdout] ...    |
[INFO] [stdout] 1145 | |         user
[INFO] [stdout] 1146 | |     )
[INFO] [stdout]      | |_____^
[INFO] [stdout]      |
[INFO] [stdout]      = note: this error originates in the macro `$crate::sqlx_macros::expand_query` which comes from the expansion of the macro `sqlx::query` (in Nightly builds, run with -Z macro-backtrace for more info)
[INFO] [stdout] 
[INFO] [stdout] 
[INFO] [stdout] error: error returned from database: unable to open database file
[INFO] [stdout]     --> src/main.rs:1204:5
[INFO] [stdout]      |
[INFO] [stdout] 1204 | /     sqlx::query!(
[INFO] [stdout] 1205 | |         "
[INFO] [stdout] 1206 | |         DELETE FROM Connections\n\
[INFO] [stdout] 1207 | |         WHERE Connections.id in (\n\
[INFO] [stdout] ...    |
[INFO] [stdout] 1222 | |         user
[INFO] [stdout] 1223 | |     )
[INFO] [stdout]      | |_____^
[INFO] [stdout]      |
[INFO] [stdout]      = note: this error originates in the macro `$crate::sqlx_macros::expand_query` which comes from the expansion of the macro `sqlx::query` (in Nightly builds, run with -Z macro-backtrace for more info)
[INFO] [stdout] 
[INFO] [stdout] 
[INFO] [stdout] error: error returned from database: unable to open database file
[INFO] [stdout]     --> src/main.rs:1241:5
[INFO] [stdout]      |
[INFO] [stdout] 1241 | /     sqlx::query!(
[INFO] [stdout] 1242 | |         "
[INFO] [stdout] 1243 | |         DELETE FROM Mentions\n\
[INFO] [stdout] 1244 | |         WHERE Mentions.id in (\n\
[INFO] [stdout] ...    |
[INFO] [stdout] 1259 | |         user,
[INFO] [stdout] 1260 | |     )
[INFO] [stdout]      | |_____^
[INFO] [stdout]      |
[INFO] [stdout]      = note: this error originates in the macro `$crate::sqlx_macros::expand_query` which comes from the expansion of the macro `sqlx::query` (in Nightly builds, run with -Z macro-backtrace for more info)
[INFO] [stdout] 
[INFO] [stdout] 
[INFO] [stdout] error: error returned from database: unable to open database file
[INFO] [stdout]     --> src/main.rs:1278:17
[INFO] [stdout]      |
[INFO] [stdout] 1278 |       let count = sqlx::query!(
[INFO] [stdout]      |  _________________^
[INFO] [stdout] 1279 | |         "
[INFO] [stdout] 1280 | |         SELECT COUNT(1) as count\n\
[INFO] [stdout] 1281 | |         FROM Mentions\n\
[INFO] [stdout] ...    |
[INFO] [stdout] 1286 | |         mention
[INFO] [stdout] 1287 | |     )
[INFO] [stdout]      | |_____^
[INFO] [stdout]      |
[INFO] [stdout]      = note: this error originates in the macro `$crate::sqlx_macros::expand_query` which comes from the expansion of the macro `sqlx::query` (in Nightly builds, run with -Z macro-backtrace for more info)
[INFO] [stdout] 
[INFO] [stdout] 
[INFO] [stdout] error: error returned from database: unable to open database file
[INFO] [stdout]     --> src/main.rs:1302:17
[INFO] [stdout]      |
[INFO] [stdout] 1302 |       let count = sqlx::query!(
[INFO] [stdout]      |  _________________^
[INFO] [stdout] 1303 | |         "
[INFO] [stdout] 1304 | |         SELECT COUNT(1) as count\n\
[INFO] [stdout] 1305 | |         FROM Mentions\n\
[INFO] [stdout] ...    |
[INFO] [stdout] 1309 | |         mention
[INFO] [stdout] 1310 | |     )
[INFO] [stdout]      | |_____^
[INFO] [stdout]      |
[INFO] [stdout]      = note: this error originates in the macro `$crate::sqlx_macros::expand_query` which comes from the expansion of the macro `sqlx::query` (in Nightly builds, run with -Z macro-backtrace for more info)
[INFO] [stdout] 
[INFO] [stdout] 
[INFO] [stdout] error: error returned from database: unable to open database file
[INFO] [stdout]     --> src/main.rs:1340:30
[INFO] [stdout]      |
[INFO] [stdout] 1340 |                   let result = sqlx::query!(
[INFO] [stdout]      |  ______________________________^
[INFO] [stdout] 1341 | |                     "INSERT INTO Mentions (source, target, mention, user) VALUES (?, ?, ?, ?)",
[INFO] [stdout] 1342 | |                     source,
[INFO] [stdout] 1343 | |                     target,
[INFO] [stdout] 1344 | |                     m,
[INFO] [stdout] 1345 | |                     user
[INFO] [stdout] 1346 | |                 )
[INFO] [stdout]      | |_________________^
[INFO] [stdout]      |
[INFO] [stdout]      = note: this error originates in the macro `$crate::sqlx_macros::expand_query` which comes from the expansion of the macro `sqlx::query` (in Nightly builds, run with -Z macro-backtrace for more info)
[INFO] [stdout] 
[INFO] [stdout] 
[INFO] [stdout] error: error returned from database: unable to open database file
[INFO] [stdout]     --> src/main.rs:1359:30
[INFO] [stdout]      |
[INFO] [stdout] 1359 |                   let result = sqlx::query!(
[INFO] [stdout]      |  ______________________________^
[INFO] [stdout] 1360 | |                     "INSERT INTO Mentions (source, target, mention, user) VALUES (NULL, ?, ?, ?)",
[INFO] [stdout] 1361 | |                     target,
[INFO] [stdout] 1362 | |                     m,
[INFO] [stdout] 1363 | |                     user
[INFO] [stdout] 1364 | |                 )
[INFO] [stdout]      | |_________________^
[INFO] [stdout]      |
[INFO] [stdout]      = note: this error originates in the macro `$crate::sqlx_macros::expand_query` which comes from the expansion of the macro `sqlx::query` (in Nightly builds, run with -Z macro-backtrace for more info)
[INFO] [stdout] 
[INFO] [stdout] 
[INFO] [stdout] error[E0554]: `#![feature]` may not be used on the stable release channel
[INFO] [stdout]  --> src/main.rs:1:12
[INFO] [stdout]   |
[INFO] [stdout] 1 | #![feature(hash_drain_filter)]
[INFO] [stdout]   |            ^^^^^^^^^^^^^^^^^
[INFO] [stdout] 
[INFO] [stdout] 
[INFO] [stdout] error[E0554]: `#![feature]` may not be used on the stable release channel
[INFO] [stdout]  --> src/main.rs:2:12
[INFO] [stdout]   |
[INFO] [stdout] 2 | #![feature(io_error_other)]
[INFO] [stdout]   |            ^^^^^^^^^^^^^^
[INFO] [stdout] 
[INFO] [stdout] 
[INFO] [stdout] warning: unused import: `futures::TryFutureExt`
[INFO] [stdout]  --> src/main.rs:6:5
[INFO] [stdout]   |
[INFO] [stdout] 6 | use futures::TryFutureExt;
[INFO] [stdout]   |     ^^^^^^^^^^^^^^^^^^^^^
[INFO] [stdout]   |
[INFO] [stdout]   = note: `#[warn(unused_imports)]` on by default
[INFO] [stdout] 
[INFO] [stdout] 
[INFO] [stdout] error: aborting due to 22 previous errors; 1 warning emitted
[INFO] [stdout] 
[INFO] [stdout] 
[INFO] [stdout] For more information about this error, try `rustc --explain E0554`.
[INFO] [stdout] 
[INFO] [stderr] error: could not compile `bot` due to 23 previous errors; 1 warning emitted
[INFO] running `Command { std: "docker" "inspect" "594cdf67e99de288fc3b4a1b1411c2824f28c917712b3cc853b693168bf91823", kill_on_drop: false }`
[INFO] running `Command { std: "docker" "rm" "-f" "594cdf67e99de288fc3b4a1b1411c2824f28c917712b3cc853b693168bf91823", kill_on_drop: false }`
[INFO] [stdout] 594cdf67e99de288fc3b4a1b1411c2824f28c917712b3cc853b693168bf91823
