[INFO] cloning repository https://github.com/fractalide/graviton-os
[INFO] running `Command { std: "git" "-c" "credential.helper=" "-c" "credential.helper=/workspace/cargo-home/bin/git-credential-null" "clone" "--bare" "https://github.com/fractalide/graviton-os" "/workspace/cache/git-repos/https%3A%2F%2Fgithub.com%2Ffractalide%2Fgraviton-os", kill_on_drop: false }`
[INFO] [stderr] Cloning into bare repository '/workspace/cache/git-repos/https%3A%2F%2Fgithub.com%2Ffractalide%2Fgraviton-os'...
[INFO] running `Command { std: "git" "rev-parse" "HEAD", kill_on_drop: false }`
[INFO] [stdout] 8ae370a0d2a6d397a9980731d7fbd7da2f70f12b
[INFO] testing fractalide/graviton-os against 1.69.0 for beta-1.70-1
[INFO] running `Command { std: "git" "clone" "/workspace/cache/git-repos/https%3A%2F%2Fgithub.com%2Ffractalide%2Fgraviton-os" "/workspace/builds/worker-0-tc1/source", kill_on_drop: false }`
[INFO] [stderr] Cloning into '/workspace/builds/worker-0-tc1/source'...
[INFO] [stderr] done.
[INFO] validating manifest of git repo https://github.com/fractalide/graviton-os on toolchain 1.69.0
[INFO] running `Command { std: CARGO_HOME="/workspace/cargo-home" RUSTUP_HOME="/workspace/rustup-home" "/workspace/cargo-home/bin/cargo" "+1.69.0" "metadata" "--manifest-path" "Cargo.toml" "--no-deps", kill_on_drop: false }`
[INFO] removed /workspace/builds/worker-0-tc1/source/rust-toolchain.toml
[INFO] started tweaking git repo https://github.com/fractalide/graviton-os
[INFO] finished tweaking git repo https://github.com/fractalide/graviton-os
[INFO] tweaked toml for git repo https://github.com/fractalide/graviton-os written to /workspace/builds/worker-0-tc1/source/Cargo.toml
[INFO] crate git repo https://github.com/fractalide/graviton-os already has a lockfile, it will not be regenerated
[INFO] running `Command { std: CARGO_HOME="/workspace/cargo-home" RUSTUP_HOME="/workspace/rustup-home" "/workspace/cargo-home/bin/cargo" "+1.69.0" "fetch" "--manifest-path" "Cargo.toml", kill_on_drop: false }`
[INFO] [stderr]  Downloading crates ...
[INFO] [stderr]   Downloaded tock-registers v0.7.0
[INFO] [stderr]   Downloaded cortex-a v6.1.0
[INFO] running `Command { std: "docker" "create" "-v" "/var/lib/crater-agent-workspace/builds/worker-0-tc1/target:/opt/rustwide/target:rw,Z" "-v" "/var/lib/crater-agent-workspace/builds/worker-0-tc1/source:/opt/rustwide/workdir:ro,Z" "-v" "/var/lib/crater-agent-workspace/cargo-home:/opt/rustwide/cargo-home:ro,Z" "-v" "/var/lib/crater-agent-workspace/rustup-home:/opt/rustwide/rustup-home:ro,Z" "-e" "SOURCE_DIR=/opt/rustwide/workdir" "-e" "CARGO_TARGET_DIR=/opt/rustwide/target" "-e" "CARGO_HOME=/opt/rustwide/cargo-home" "-e" "RUSTUP_HOME=/opt/rustwide/rustup-home" "-w" "/opt/rustwide/workdir" "-m" "1610612736" "--user" "0:0" "--network" "none" "ghcr.io/rust-lang/crates-build-env/linux@sha256:5ff2268d62e97bff2cde7d5815dd6ed5b47097566f13b8d0ca110b04b60e07ed" "/opt/rustwide/cargo-home/bin/cargo" "+1.69.0" "metadata" "--no-deps" "--format-version=1", kill_on_drop: false }`
[INFO] [stdout] b18308ad5c96695b1a738be98168ac8af57238d2501a4618c79f8830de992105
[INFO] running `Command { std: "docker" "start" "-a" "b18308ad5c96695b1a738be98168ac8af57238d2501a4618c79f8830de992105", kill_on_drop: false }`
[INFO] running `Command { std: "docker" "inspect" "b18308ad5c96695b1a738be98168ac8af57238d2501a4618c79f8830de992105", kill_on_drop: false }`
[INFO] running `Command { std: "docker" "rm" "-f" "b18308ad5c96695b1a738be98168ac8af57238d2501a4618c79f8830de992105", kill_on_drop: false }`
[INFO] [stdout] b18308ad5c96695b1a738be98168ac8af57238d2501a4618c79f8830de992105
[INFO] running `Command { std: "docker" "create" "-v" "/var/lib/crater-agent-workspace/builds/worker-0-tc1/target:/opt/rustwide/target:rw,Z" "-v" "/var/lib/crater-agent-workspace/builds/worker-0-tc1/source:/opt/rustwide/workdir:ro,Z" "-v" "/var/lib/crater-agent-workspace/cargo-home:/opt/rustwide/cargo-home:ro,Z" "-v" "/var/lib/crater-agent-workspace/rustup-home:/opt/rustwide/rustup-home:ro,Z" "-e" "SOURCE_DIR=/opt/rustwide/workdir" "-e" "CARGO_TARGET_DIR=/opt/rustwide/target" "-e" "CARGO_INCREMENTAL=0" "-e" "RUST_BACKTRACE=full" "-e" "RUSTFLAGS=--cap-lints=warn" "-e" "RUSTDOCFLAGS=--cap-lints=warn" "-e" "CARGO_HOME=/opt/rustwide/cargo-home" "-e" "RUSTUP_HOME=/opt/rustwide/rustup-home" "-w" "/opt/rustwide/workdir" "-m" "1610612736" "--user" "0:0" "--network" "none" "ghcr.io/rust-lang/crates-build-env/linux@sha256:5ff2268d62e97bff2cde7d5815dd6ed5b47097566f13b8d0ca110b04b60e07ed" "/opt/rustwide/cargo-home/bin/cargo" "+1.69.0" "build" "--frozen" "--message-format=json", kill_on_drop: false }`
[INFO] [stdout] 350ef0556413e2dfd9ba304672559767f402c3ca18778530c1ff9ff382390df0
[INFO] running `Command { std: "docker" "start" "-a" "350ef0556413e2dfd9ba304672559767f402c3ca18778530c1ff9ff382390df0", kill_on_drop: false }`
[INFO] [stderr]    Compiling graviton-os v0.1.0 (/opt/rustwide/workdir)
[INFO] [stdout] error[E0432]: unresolved import `arch_cpu`
[INFO] [stdout]   --> src/cpu.rs:18:9
[INFO] [stdout]    |
[INFO] [stdout] 18 | pub use arch_cpu::{wait_forever, nop};
[INFO] [stdout]    |         ^^^^^^^^ use of undeclared crate or module `arch_cpu`
[INFO] [stdout] 
[INFO] [stdout] 
[INFO] [stdout] error[E0432]: unresolved imports `bsp::console`, `console::interface::All`
[INFO] [stdout]    --> src/main.rs:144:14
[INFO] [stdout]     |
[INFO] [stdout] 144 |     use bsp::console::console;
[INFO] [stdout]     |              ^^^^^^^ could not find `console` in `bsp`
[INFO] [stdout] 145 |     use console::interface::All;
[INFO] [stdout]     |         ^^^^^^^^^^^^^^^^^^^^^^^
[INFO] [stdout] 
[INFO] [stdout] 
[INFO] [stdout] error[E0433]: failed to resolve: could not find `console` in `bsp`
[INFO] [stdout]   --> src/panic_wait.rs:18:19
[INFO] [stdout]    |
[INFO] [stdout] 18 |     unsafe { bsp::console::panic_console_out().write_fmt(args).unwrap() };
[INFO] [stdout]    |                   ^^^^^^^ could not find `console` in `bsp`
[INFO] [stdout] 
[INFO] [stdout] 
[INFO] [stdout] error[E0433]: failed to resolve: could not find `console` in `bsp`
[INFO] [stdout]   --> src/print.rs:20:10
[INFO] [stdout]    |
[INFO] [stdout] 20 |     bsp::console::console().write_fmt(args).unwrap();
[INFO] [stdout]    |          ^^^^^^^ could not find `console` in `bsp`
[INFO] [stdout] 
[INFO] [stdout] 
[INFO] [stdout] error[E0433]: failed to resolve: could not find `driver` in `bsp`
[INFO] [stdout]    --> src/main.rs:131:19
[INFO] [stdout]     |
[INFO] [stdout] 131 |     for i in bsp::driver::driver_manager().all_device_drivers().iter() {
[INFO] [stdout]     |                   ^^^^^^ could not find `driver` in `bsp`
[INFO] [stdout] 
[INFO] [stdout] 
[INFO] [stdout] error[E0433]: failed to resolve: could not find `driver` in `bsp`
[INFO] [stdout]    --> src/main.rs:136:10
[INFO] [stdout]     |
[INFO] [stdout] 136 |     bsp::driver::driver_manager().post_device_driver_init();
[INFO] [stdout]     |          ^^^^^^ could not find `driver` in `bsp`
[INFO] [stdout] 
[INFO] [stdout] 
[INFO] [stdout] error[E0433]: failed to resolve: could not find `driver` in `bsp`
[INFO] [stdout]    --> src/main.rs:154:29
[INFO] [stdout]     |
[INFO] [stdout] 154 |     for (i, driver) in bsp::driver::driver_manager()
[INFO] [stdout]     |                             ^^^^^^ could not find `driver` in `bsp`
[INFO] [stdout] 
[INFO] [stdout] 
[INFO] [stdout] error[E0433]: failed to resolve: could not find `console` in `bsp`
[INFO] [stdout]    --> src/main.rs:163:14
[INFO] [stdout]     |
[INFO] [stdout] 163 |         bsp::console::console().chars_written()
[INFO] [stdout]     |              ^^^^^^^ could not find `console` in `bsp`
[INFO] [stdout] 
[INFO] [stdout] 
[INFO] [stdout] error[E0433]: failed to resolve: could not find `console` in `bsp`
[INFO] [stdout]    --> src/main.rs:169:22
[INFO] [stdout]     |
[INFO] [stdout] 169 |         let c = bsp::console::console().read_char();
[INFO] [stdout]     |                      ^^^^^^^ could not find `console` in `bsp`
[INFO] [stdout] 
[INFO] [stdout] 
[INFO] [stdout] error[E0433]: failed to resolve: could not find `console` in `bsp`
[INFO] [stdout]    --> src/main.rs:170:14
[INFO] [stdout]     |
[INFO] [stdout] 170 |         bsp::console::console().write_char(c);
[INFO] [stdout]     |              ^^^^^^^ could not find `console` in `bsp`
[INFO] [stdout] 
[INFO] [stdout] 
[INFO] [stdout] error[E0425]: cannot find function `board_name` in module `bsp`
[INFO] [stdout]    --> src/main.rs:152:41
[INFO] [stdout]     |
[INFO] [stdout] 152 |     println!("[1] Booting on: {}", bsp::board_name());
[INFO] [stdout]     |                                         ^^^^^^^^^^ not found in `bsp`
[INFO] [stdout] 
[INFO] [stdout] 
[INFO] [stdout] error[E0659]: `console` is ambiguous
[INFO] [stdout]    --> src/main.rs:145:9
[INFO] [stdout]     |
[INFO] [stdout] 145 |     use console::interface::All;
[INFO] [stdout]     |         ^^^^^^^ ambiguous name
[INFO] [stdout]     |
[INFO] [stdout]     = note: ambiguous because of multiple potential import sources
[INFO] [stdout] note: `console` could refer to the unresolved item imported here
[INFO] [stdout]    --> src/main.rs:144:9
[INFO] [stdout]     |
[INFO] [stdout] 144 |     use bsp::console::console;
[INFO] [stdout]     |         ^^^^^^^^^^^^^^^^^^^^^
[INFO] [stdout] note: `console` could also refer to the module defined here
[INFO] [stdout]    --> src/main.rs:116:1
[INFO] [stdout]     |
[INFO] [stdout] 116 | mod console;
[INFO] [stdout]     | ^^^^^^^^^^^^
[INFO] [stdout]     = help: use `crate::console` to refer to this module unambiguously
[INFO] [stdout] 
[INFO] [stdout] 
[INFO] [stdout] error[E0554]: `#![feature]` may not be used on the stable release channel
[INFO] [stdout]    --> src/main.rs:107:1
[INFO] [stdout]     |
[INFO] [stdout] 107 | #![feature(const_fn_fn_ptr_basics)]
[INFO] [stdout]     | ^^^^^^^^^^^^^^^^^^^^^^^^^^^^^^^^^^^ help: remove the attribute
[INFO] [stdout]     |
[INFO] [stdout]     = help: the feature `const_fn_fn_ptr_basics` has been stable since `1.61.0` and no longer requires an attribute to enable
[INFO] [stdout] 
[INFO] [stdout] 
[INFO] [stdout] error[E0554]: `#![feature]` may not be used on the stable release channel
[INFO] [stdout]    --> src/main.rs:108:1
[INFO] [stdout]     |
[INFO] [stdout] 108 | #![feature(format_args_nl)]
[INFO] [stdout]     | ^^^^^^^^^^^^^^^^^^^^^^^^^^^
[INFO] [stdout] 
[INFO] [stdout] 
[INFO] [stdout] error[E0554]: `#![feature]` may not be used on the stable release channel
[INFO] [stdout]    --> src/main.rs:109:1
[INFO] [stdout]     |
[INFO] [stdout] 109 | #![feature(global_asm)]
[INFO] [stdout]     | ^^^^^^^^^^^^^^^^^^^^^^^
[INFO] [stdout] 
[INFO] [stdout] 
[INFO] [stdout] error[E0554]: `#![feature]` may not be used on the stable release channel
[INFO] [stdout]    --> src/main.rs:110:1
[INFO] [stdout]     |
[INFO] [stdout] 110 | #![feature(panic_info_message)]
[INFO] [stdout]     | ^^^^^^^^^^^^^^^^^^^^^^^^^^^^^^^
[INFO] [stdout] 
[INFO] [stdout] 
[INFO] [stdout] error[E0554]: `#![feature]` may not be used on the stable release channel
[INFO] [stdout]    --> src/main.rs:111:1
[INFO] [stdout]     |
[INFO] [stdout] 111 | #![feature(trait_alias)]
[INFO] [stdout]     | ^^^^^^^^^^^^^^^^^^^^^^^^
[INFO] [stdout] 
[INFO] [stdout] 
[INFO] [stdout] warning: the feature `const_fn_fn_ptr_basics` has been stable since 1.61.0 and no longer requires an attribute to enable
[INFO] [stdout]    --> src/main.rs:107:12
[INFO] [stdout]     |
[INFO] [stdout] 107 | #![feature(const_fn_fn_ptr_basics)]
[INFO] [stdout]     |            ^^^^^^^^^^^^^^^^^^^^^^
[INFO] [stdout]     |
[INFO] [stdout]     = note: `#[warn(stable_features)]` on by default
[INFO] [stdout] 
[INFO] [stdout] 
[INFO] [stdout] error[E0554]: `#![feature]` may not be used on the stable release channel
[INFO] [stdout]    --> src/main.rs:108:12
[INFO] [stdout]     |
[INFO] [stdout] 108 | #![feature(format_args_nl)]
[INFO] [stdout]     |            ^^^^^^^^^^^^^^
[INFO] [stdout] 
[INFO] [stdout] 
[INFO] [stdout] error[E0554]: `#![feature]` may not be used on the stable release channel
[INFO] [stdout]    --> src/main.rs:109:12
[INFO] [stdout]     |
[INFO] [stdout] 109 | #![feature(global_asm)]
[INFO] [stdout]     |            ^^^^^^^^^^
[INFO] [stdout] 
[INFO] [stdout] 
[INFO] [stdout] error[E0554]: `#![feature]` may not be used on the stable release channel
[INFO] [stdout]    --> src/main.rs:110:12
[INFO] [stdout]     |
[INFO] [stdout] 110 | #![feature(panic_info_message)]
[INFO] [stdout]     |            ^^^^^^^^^^^^^^^^^^
[INFO] [stdout] 
[INFO] [stdout] 
[INFO] [stdout] warning: the feature `global_asm` has been stable since 1.59.0 and no longer requires an attribute to enable
[INFO] [stdout]    --> src/main.rs:109:12
[INFO] [stdout]     |
[INFO] [stdout] 109 | #![feature(global_asm)]
[INFO] [stdout]     |            ^^^^^^^^^^
[INFO] [stdout] 
[INFO] [stdout] 
[INFO] [stdout] error: language item required, but not found: `eh_personality`
[INFO] [stdout]   |
[INFO] [stdout]   = note: this can occur when a binary crate with `#![no_std]` is compiled for a target where `eh_personality` is defined in the standard library
[INFO] [stdout]   = help: you may be able to compile for a target that doesn't need `eh_personality`, specify a target with `--target` or in `.cargo/config`
[INFO] [stdout] 
[INFO] [stdout] 
[INFO] [stdout] error: aborting due to 21 previous errors; 2 warnings emitted
[INFO] [stdout] 
[INFO] [stdout] 
[INFO] [stdout] Some errors have detailed explanations: E0425, E0432, E0433, E0554, E0659.
[INFO] [stdout] 
[INFO] [stdout] For more information about an error, try `rustc --explain E0425`.
[INFO] [stdout] 
[INFO] [stderr] error: could not compile `graviton-os` due to 22 previous errors; 2 warnings emitted
[INFO] running `Command { std: "docker" "inspect" "350ef0556413e2dfd9ba304672559767f402c3ca18778530c1ff9ff382390df0", kill_on_drop: false }`
[INFO] running `Command { std: "docker" "rm" "-f" "350ef0556413e2dfd9ba304672559767f402c3ca18778530c1ff9ff382390df0", kill_on_drop: false }`
[INFO] [stdout] 350ef0556413e2dfd9ba304672559767f402c3ca18778530c1ff9ff382390df0
