[INFO] cloning repository https://github.com/foxboxpdx/tiny2terra
[INFO] running `Command { std: "git" "-c" "credential.helper=" "-c" "credential.helper=/workspace/cargo-home/bin/git-credential-null" "clone" "--bare" "https://github.com/foxboxpdx/tiny2terra" "/workspace/cache/git-repos/https%3A%2F%2Fgithub.com%2Ffoxboxpdx%2Ftiny2terra", kill_on_drop: false }`
[INFO] [stderr] Cloning into bare repository '/workspace/cache/git-repos/https%3A%2F%2Fgithub.com%2Ffoxboxpdx%2Ftiny2terra'...
[INFO] running `Command { std: "git" "rev-parse" "HEAD", kill_on_drop: false }`
[INFO] [stdout] 8631b2afe6970a17cef9f562adc030646d8ee1ce
[INFO] testing foxboxpdx/tiny2terra against beta-2023-04-20 for beta-1.70-1
[INFO] running `Command { std: "git" "clone" "/workspace/cache/git-repos/https%3A%2F%2Fgithub.com%2Ffoxboxpdx%2Ftiny2terra" "/workspace/builds/worker-1-tc2/source", kill_on_drop: false }`
[INFO] [stderr] Cloning into '/workspace/builds/worker-1-tc2/source'...
[INFO] [stderr] done.
[INFO] validating manifest of git repo https://github.com/foxboxpdx/tiny2terra on toolchain beta-2023-04-20
[INFO] running `Command { std: CARGO_HOME="/workspace/cargo-home" RUSTUP_HOME="/workspace/rustup-home" "/workspace/cargo-home/bin/cargo" "+beta-2023-04-20" "metadata" "--manifest-path" "Cargo.toml" "--no-deps", kill_on_drop: false }`
[INFO] started tweaking git repo https://github.com/foxboxpdx/tiny2terra
[INFO] finished tweaking git repo https://github.com/foxboxpdx/tiny2terra
[INFO] tweaked toml for git repo https://github.com/foxboxpdx/tiny2terra written to /workspace/builds/worker-1-tc2/source/Cargo.toml
[INFO] crate git repo https://github.com/foxboxpdx/tiny2terra already has a lockfile, it will not be regenerated
[INFO] running `Command { std: CARGO_HOME="/workspace/cargo-home" RUSTUP_HOME="/workspace/rustup-home" "/workspace/cargo-home/bin/cargo" "+beta-2023-04-20" "fetch" "--manifest-path" "Cargo.toml", kill_on_drop: false }`
[INFO] running `Command { std: "docker" "create" "-v" "/var/lib/crater-agent-workspace/builds/worker-1-tc2/target:/opt/rustwide/target:rw,Z" "-v" "/var/lib/crater-agent-workspace/builds/worker-1-tc2/source:/opt/rustwide/workdir:ro,Z" "-v" "/var/lib/crater-agent-workspace/cargo-home:/opt/rustwide/cargo-home:ro,Z" "-v" "/var/lib/crater-agent-workspace/rustup-home:/opt/rustwide/rustup-home:ro,Z" "-e" "SOURCE_DIR=/opt/rustwide/workdir" "-e" "CARGO_TARGET_DIR=/opt/rustwide/target" "-e" "CARGO_HOME=/opt/rustwide/cargo-home" "-e" "RUSTUP_HOME=/opt/rustwide/rustup-home" "-w" "/opt/rustwide/workdir" "-m" "1610612736" "--user" "0:0" "--network" "none" "ghcr.io/rust-lang/crates-build-env/linux@sha256:5ff2268d62e97bff2cde7d5815dd6ed5b47097566f13b8d0ca110b04b60e07ed" "/opt/rustwide/cargo-home/bin/cargo" "+beta-2023-04-20" "metadata" "--no-deps" "--format-version=1", kill_on_drop: false }`
[INFO] [stdout] 23819530d82da045bbe4663f00996c6b4f47401c8f05fb35294fba7d72e6ed6b
[INFO] running `Command { std: "docker" "start" "-a" "23819530d82da045bbe4663f00996c6b4f47401c8f05fb35294fba7d72e6ed6b", kill_on_drop: false }`
[INFO] running `Command { std: "docker" "inspect" "23819530d82da045bbe4663f00996c6b4f47401c8f05fb35294fba7d72e6ed6b", kill_on_drop: false }`
[INFO] running `Command { std: "docker" "rm" "-f" "23819530d82da045bbe4663f00996c6b4f47401c8f05fb35294fba7d72e6ed6b", kill_on_drop: false }`
[INFO] [stdout] 23819530d82da045bbe4663f00996c6b4f47401c8f05fb35294fba7d72e6ed6b
[INFO] running `Command { std: "docker" "create" "-v" "/var/lib/crater-agent-workspace/builds/worker-1-tc2/target:/opt/rustwide/target:rw,Z" "-v" "/var/lib/crater-agent-workspace/builds/worker-1-tc2/source:/opt/rustwide/workdir:ro,Z" "-v" "/var/lib/crater-agent-workspace/cargo-home:/opt/rustwide/cargo-home:ro,Z" "-v" "/var/lib/crater-agent-workspace/rustup-home:/opt/rustwide/rustup-home:ro,Z" "-e" "SOURCE_DIR=/opt/rustwide/workdir" "-e" "CARGO_TARGET_DIR=/opt/rustwide/target" "-e" "CARGO_INCREMENTAL=0" "-e" "RUST_BACKTRACE=full" "-e" "RUSTFLAGS=--cap-lints=warn" "-e" "RUSTDOCFLAGS=--cap-lints=warn" "-e" "CARGO_HOME=/opt/rustwide/cargo-home" "-e" "RUSTUP_HOME=/opt/rustwide/rustup-home" "-w" "/opt/rustwide/workdir" "-m" "1610612736" "--user" "0:0" "--network" "none" "ghcr.io/rust-lang/crates-build-env/linux@sha256:5ff2268d62e97bff2cde7d5815dd6ed5b47097566f13b8d0ca110b04b60e07ed" "/opt/rustwide/cargo-home/bin/cargo" "+beta-2023-04-20" "build" "--frozen" "--message-format=json", kill_on_drop: false }`
[INFO] [stdout] 26c6a3732882c6e43f276ccf5c5fa0287450b85e3f47d976f1919019ddda6518
[INFO] running `Command { std: "docker" "start" "-a" "26c6a3732882c6e43f276ccf5c5fa0287450b85e3f47d976f1919019ddda6518", kill_on_drop: false }`
[INFO] [stderr]    Compiling proc-macro2 v0.4.27
[INFO] [stderr]    Compiling unicode-xid v0.1.0
[INFO] [stderr]    Compiling libc v0.2.51
[INFO] [stderr]    Compiling ryu v0.2.7
[INFO] [stderr]    Compiling serde v1.0.90
[INFO] [stderr]    Compiling syn v0.15.30
[INFO] [stderr]    Compiling unicode-width v0.1.5
[INFO] [stderr]    Compiling vec_map v0.8.1
[INFO] [stderr]    Compiling yaml-rust v0.3.5
[INFO] [stderr]    Compiling itoa v0.4.3
[INFO] [stderr]    Compiling bitflags v1.0.4
[INFO] [stderr]    Compiling strsim v0.7.0
[INFO] [stderr]    Compiling ansi_term v0.11.0
[INFO] [stderr]    Compiling textwrap v0.10.0
[INFO] [stderr]    Compiling atty v0.2.11
[INFO] [stderr]    Compiling quote v0.6.11
[INFO] [stderr]    Compiling clap v2.32.0
[INFO] [stderr]    Compiling serde_derive v1.0.90
[INFO] [stderr]    Compiling serde_json v1.0.39
[INFO] [stderr]    Compiling tiny2terra v0.5.1 (/opt/rustwide/workdir)
[INFO] [stderr]     Finished dev [unoptimized + debuginfo] target(s) in 5.68s
[INFO] running `Command { std: "docker" "inspect" "26c6a3732882c6e43f276ccf5c5fa0287450b85e3f47d976f1919019ddda6518", kill_on_drop: false }`
[INFO] running `Command { std: "docker" "rm" "-f" "26c6a3732882c6e43f276ccf5c5fa0287450b85e3f47d976f1919019ddda6518", kill_on_drop: false }`
[INFO] [stdout] 26c6a3732882c6e43f276ccf5c5fa0287450b85e3f47d976f1919019ddda6518
[INFO] running `Command { std: "docker" "create" "-v" "/var/lib/crater-agent-workspace/builds/worker-1-tc2/target:/opt/rustwide/target:rw,Z" "-v" "/var/lib/crater-agent-workspace/builds/worker-1-tc2/source:/opt/rustwide/workdir:ro,Z" "-v" "/var/lib/crater-agent-workspace/cargo-home:/opt/rustwide/cargo-home:ro,Z" "-v" "/var/lib/crater-agent-workspace/rustup-home:/opt/rustwide/rustup-home:ro,Z" "-e" "SOURCE_DIR=/opt/rustwide/workdir" "-e" "CARGO_TARGET_DIR=/opt/rustwide/target" "-e" "CARGO_INCREMENTAL=0" "-e" "RUST_BACKTRACE=full" "-e" "RUSTFLAGS=--cap-lints=warn" "-e" "RUSTDOCFLAGS=--cap-lints=warn" "-e" "CARGO_HOME=/opt/rustwide/cargo-home" "-e" "RUSTUP_HOME=/opt/rustwide/rustup-home" "-w" "/opt/rustwide/workdir" "-m" "1610612736" "--user" "0:0" "--network" "none" "ghcr.io/rust-lang/crates-build-env/linux@sha256:5ff2268d62e97bff2cde7d5815dd6ed5b47097566f13b8d0ca110b04b60e07ed" "/opt/rustwide/cargo-home/bin/cargo" "+beta-2023-04-20" "test" "--frozen" "--no-run" "--message-format=json", kill_on_drop: false }`
[INFO] [stdout] c3a73a6849d64f00d0c61a91dd5fbb00fd5dbef1e57c9ef6c59e75904cec5686
[INFO] running `Command { std: "docker" "start" "-a" "c3a73a6849d64f00d0c61a91dd5fbb00fd5dbef1e57c9ef6c59e75904cec5686", kill_on_drop: false }`
[INFO] [stderr]    Compiling tiny2terra v0.5.1 (/opt/rustwide/workdir)
[INFO] [stdout] error[E0432]: unresolved import `route53_parser`
[INFO] [stdout]   --> src/lib.rs:14:9
[INFO] [stdout]    |
[INFO] [stdout] 14 |     use route53_parser;
[INFO] [stdout]    |         ^^^^^^^^^^^^^^ no `route53_parser` in the root
[INFO] [stdout] 
[INFO] [stdout] 
[INFO] [stdout] error[E0599]: no function or associated item named `new` found for struct `types::Route53Record` in the current scope
[INFO] [stdout]   --> src/lib.rs:27:32
[INFO] [stdout]    |
[INFO] [stdout] 27 |         let y = Route53Record::new("zone", "name", "rtype", "a", 123);
[INFO] [stdout]    |                                ^^^ function or associated item not found in `Route53Record`
[INFO] [stdout]    |
[INFO] [stdout]   ::: src/types.rs:9:1
[INFO] [stdout]    |
[INFO] [stdout] 9  | pub struct Route53Record {
[INFO] [stdout]    | ------------------------ function or associated item `new` not found for this struct
[INFO] [stdout] 
[INFO] [stdout] 
[INFO] [stdout] error[E0599]: no function or associated item named `new` found for struct `types::Route53Record` in the current scope
[INFO] [stdout]   --> src/lib.rs:41:36
[INFO] [stdout]    |
[INFO] [stdout] 41 |         let mut y = Route53Record::new("zone", "name", "rtype", "a", 123);
[INFO] [stdout]    |                                    ^^^ function or associated item not found in `Route53Record`
[INFO] [stdout]    |
[INFO] [stdout]   ::: src/types.rs:9:1
[INFO] [stdout]    |
[INFO] [stdout] 9  | pub struct Route53Record {
[INFO] [stdout]    | ------------------------ function or associated item `new` not found for this struct
[INFO] [stdout] 
[INFO] [stdout] 
[INFO] [stdout] error[E0599]: no function or associated item named `new` found for struct `types::Route53Record` in the current scope
[INFO] [stdout]   --> src/lib.rs:57:36
[INFO] [stdout]    |
[INFO] [stdout] 57 |         let mut y = Route53Record::new("zone", "name", "rtype", "a", 123);
[INFO] [stdout]    |                                    ^^^ function or associated item not found in `Route53Record`
[INFO] [stdout]    |
[INFO] [stdout]   ::: src/types.rs:9:1
[INFO] [stdout]    |
[INFO] [stdout] 9  | pub struct Route53Record {
[INFO] [stdout]    | ------------------------ function or associated item `new` not found for this struct
[INFO] [stdout] 
[INFO] [stdout] 
[INFO] [stdout] error[E0599]: no function or associated item named `new` found for struct `types::Route53Record` in the current scope
[INFO] [stdout]   --> src/lib.rs:58:32
[INFO] [stdout]    |
[INFO] [stdout] 58 |         let z = Route53Record::new("zone", "name", "rtype", "b", 123);
[INFO] [stdout]    |                                ^^^ function or associated item not found in `Route53Record`
[INFO] [stdout]    |
[INFO] [stdout]   ::: src/types.rs:9:1
[INFO] [stdout]    |
[INFO] [stdout] 9  | pub struct Route53Record {
[INFO] [stdout]    | ------------------------ function or associated item `new` not found for this struct
[INFO] [stdout] 
[INFO] [stdout] 
[INFO] [stdout] error[E0599]: no function or associated item named `new` found for struct `types::Route53Record` in the current scope
[INFO] [stdout]   --> src/lib.rs:66:32
[INFO] [stdout]    |
[INFO] [stdout] 66 |         let x = Route53Record::new("zone", "name", "rtype", "a", 123);
[INFO] [stdout]    |                                ^^^ function or associated item not found in `Route53Record`
[INFO] [stdout]    |
[INFO] [stdout]   ::: src/types.rs:9:1
[INFO] [stdout]    |
[INFO] [stdout] 9  | pub struct Route53Record {
[INFO] [stdout]    | ------------------------ function or associated item `new` not found for this struct
[INFO] [stdout] 
[INFO] [stdout] 
[INFO] [stdout] error[E0599]: no function or associated item named `new` found for struct `types::Route53Record` in the current scope
[INFO] [stdout]   --> src/lib.rs:67:32
[INFO] [stdout]    |
[INFO] [stdout] 67 |         let y = Route53Record::new("zone", "name", "rtype", "a", 123);
[INFO] [stdout]    |                                ^^^ function or associated item not found in `Route53Record`
[INFO] [stdout]    |
[INFO] [stdout]   ::: src/types.rs:9:1
[INFO] [stdout]    |
[INFO] [stdout] 9  | pub struct Route53Record {
[INFO] [stdout]    | ------------------------ function or associated item `new` not found for this struct
[INFO] [stdout] 
[INFO] [stdout] 
[INFO] [stdout] error[E0599]: no function or associated item named `new` found for struct `types::Route53Record` in the current scope
[INFO] [stdout]   --> src/lib.rs:68:32
[INFO] [stdout]    |
[INFO] [stdout] 68 |         let z = Route53Record::new("zone", "name", "rtype", "b", 123);
[INFO] [stdout]    |                                ^^^ function or associated item not found in `Route53Record`
[INFO] [stdout]    |
[INFO] [stdout]   ::: src/types.rs:9:1
[INFO] [stdout]    |
[INFO] [stdout] 9  | pub struct Route53Record {
[INFO] [stdout]    | ------------------------ function or associated item `new` not found for this struct
[INFO] [stdout] 
[INFO] [stdout] 
[INFO] [stdout] error[E0599]: no function or associated item named `new` found for struct `types::Route53Record` in the current scope
[INFO] [stdout]   --> src/lib.rs:69:32
[INFO] [stdout]    |
[INFO] [stdout] 69 |         let a = Route53Record::new("zone", "eman", "rtype", "a", 123);
[INFO] [stdout]    |                                ^^^ function or associated item not found in `Route53Record`
[INFO] [stdout]    |
[INFO] [stdout]   ::: src/types.rs:9:1
[INFO] [stdout]    |
[INFO] [stdout] 9  | pub struct Route53Record {
[INFO] [stdout]    | ------------------------ function or associated item `new` not found for this struct
[INFO] [stdout] 
[INFO] [stdout] 
[INFO] [stdout] error[E0599]: no function or associated item named `new` found for struct `types::Route53Record` in the current scope
[INFO] [stdout]   --> src/lib.rs:81:32
[INFO] [stdout]    |
[INFO] [stdout] 81 |         let x = Route53Record::new(&zone, "test.foo.com", "A", "1.2.3.4", 450);
[INFO] [stdout]    |                                ^^^ function or associated item not found in `Route53Record`
[INFO] [stdout]    |
[INFO] [stdout]   ::: src/types.rs:9:1
[INFO] [stdout]    |
[INFO] [stdout] 9  | pub struct Route53Record {
[INFO] [stdout]    | ------------------------ function or associated item `new` not found for this struct
[INFO] [stdout] 
[INFO] [stdout] 
[INFO] [stdout] error[E0599]: no function or associated item named `new` found for struct `types::Route53Record` in the current scope
[INFO] [stdout]    --> src/lib.rs:139:32
[INFO] [stdout]     |
[INFO] [stdout] 139 |         let a = Route53Record::new(&zone, "foo.example.com", "A", "1.2.3.4", 600);
[INFO] [stdout]     |                                ^^^ function or associated item not found in `Route53Record`
[INFO] [stdout]     |
[INFO] [stdout]    ::: src/types.rs:9:1
[INFO] [stdout]     |
[INFO] [stdout] 9   | pub struct Route53Record {
[INFO] [stdout]     | ------------------------ function or associated item `new` not found for this struct
[INFO] [stdout] 
[INFO] [stdout] 
[INFO] [stdout] error[E0599]: no function or associated item named `new` found for struct `types::Route53Record` in the current scope
[INFO] [stdout]    --> src/lib.rs:140:32
[INFO] [stdout]     |
[INFO] [stdout] 140 |         let b = Route53Record::new(&zone, "4.3.2.1.in-addr.arpa", "PTR", "foo.example.com", 600);
[INFO] [stdout]     |                                ^^^ function or associated item not found in `Route53Record`
[INFO] [stdout]     |
[INFO] [stdout]    ::: src/types.rs:9:1
[INFO] [stdout]     |
[INFO] [stdout] 9   | pub struct Route53Record {
[INFO] [stdout]     | ------------------------ function or associated item `new` not found for this struct
[INFO] [stdout] 
[INFO] [stdout] 
[INFO] [stdout] error[E0599]: no function or associated item named `new` found for struct `types::Route53Record` in the current scope
[INFO] [stdout]    --> src/lib.rs:141:32
[INFO] [stdout]     |
[INFO] [stdout] 141 |         let c = Route53Record::new(&zone, "bar.example.com", "CNAME", "foo.example.com", 600);
[INFO] [stdout]     |                                ^^^ function or associated item not found in `Route53Record`
[INFO] [stdout]     |
[INFO] [stdout]    ::: src/types.rs:9:1
[INFO] [stdout]     |
[INFO] [stdout] 9   | pub struct Route53Record {
[INFO] [stdout]     | ------------------------ function or associated item `new` not found for this struct
[INFO] [stdout] 
[INFO] [stdout] 
[INFO] [stdout] error[E0599]: no function or associated item named `new` found for struct `types::Route53Record` in the current scope
[INFO] [stdout]    --> src/lib.rs:142:32
[INFO] [stdout]     |
[INFO] [stdout] 142 |         let d = Route53Record::new(&zone, "txt.example.com", "TXT", "Some text string", 600);
[INFO] [stdout]     |                                ^^^ function or associated item not found in `Route53Record`
[INFO] [stdout]     |
[INFO] [stdout]    ::: src/types.rs:9:1
[INFO] [stdout]     |
[INFO] [stdout] 9   | pub struct Route53Record {
[INFO] [stdout]     | ------------------------ function or associated item `new` not found for this struct
[INFO] [stdout] 
[INFO] [stdout] 
[INFO] [stdout] error: aborting due to 14 previous errors
[INFO] [stdout] 
[INFO] [stdout] 
[INFO] [stdout] Some errors have detailed explanations: E0432, E0599.
[INFO] [stdout] 
[INFO] [stdout] For more information about an error, try `rustc --explain E0432`.
[INFO] [stdout] 
[INFO] [stderr] error: could not compile `tiny2terra` (lib test) due to 15 previous errors
[INFO] [stderr] warning: build failed, waiting for other jobs to finish...
[INFO] running `Command { std: "docker" "inspect" "c3a73a6849d64f00d0c61a91dd5fbb00fd5dbef1e57c9ef6c59e75904cec5686", kill_on_drop: false }`
[INFO] running `Command { std: "docker" "rm" "-f" "c3a73a6849d64f00d0c61a91dd5fbb00fd5dbef1e57c9ef6c59e75904cec5686", kill_on_drop: false }`
[INFO] [stdout] c3a73a6849d64f00d0c61a91dd5fbb00fd5dbef1e57c9ef6c59e75904cec5686
