[INFO] cloning repository https://github.com/fky2015/multithread-cgi-server
[INFO] running `Command { std: "git" "-c" "credential.helper=" "-c" "credential.helper=/workspace/cargo-home/bin/git-credential-null" "clone" "--bare" "https://github.com/fky2015/multithread-cgi-server" "/workspace/cache/git-repos/https%3A%2F%2Fgithub.com%2Ffky2015%2Fmultithread-cgi-server", kill_on_drop: false }`
[INFO] [stderr] Cloning into bare repository '/workspace/cache/git-repos/https%3A%2F%2Fgithub.com%2Ffky2015%2Fmultithread-cgi-server'...
[INFO] running `Command { std: "git" "rev-parse" "HEAD", kill_on_drop: false }`
[INFO] [stdout] b84117cb4d1933c5c58f8e433f189bf7bc8b7e03
[INFO] testing fky2015/multithread-cgi-server against beta-2023-04-20 for beta-1.70-1
[INFO] running `Command { std: "git" "clone" "/workspace/cache/git-repos/https%3A%2F%2Fgithub.com%2Ffky2015%2Fmultithread-cgi-server" "/workspace/builds/worker-5-tc2/source", kill_on_drop: false }`
[INFO] [stderr] Cloning into '/workspace/builds/worker-5-tc2/source'...
[INFO] [stderr] done.
[INFO] validating manifest of git repo https://github.com/fky2015/multithread-cgi-server on toolchain beta-2023-04-20
[INFO] running `Command { std: CARGO_HOME="/workspace/cargo-home" RUSTUP_HOME="/workspace/rustup-home" "/workspace/cargo-home/bin/cargo" "+beta-2023-04-20" "metadata" "--manifest-path" "Cargo.toml" "--no-deps", kill_on_drop: false }`
[INFO] started tweaking git repo https://github.com/fky2015/multithread-cgi-server
[INFO] finished tweaking git repo https://github.com/fky2015/multithread-cgi-server
[INFO] tweaked toml for git repo https://github.com/fky2015/multithread-cgi-server written to /workspace/builds/worker-5-tc2/source/Cargo.toml
[INFO] crate git repo https://github.com/fky2015/multithread-cgi-server already has a lockfile, it will not be regenerated
[INFO] running `Command { std: CARGO_HOME="/workspace/cargo-home" RUSTUP_HOME="/workspace/rustup-home" "/workspace/cargo-home/bin/cargo" "+beta-2023-04-20" "fetch" "--manifest-path" "Cargo.toml", kill_on_drop: false }`
[INFO] [stderr]  Downloading crates ...
[INFO] [stderr]   Downloaded ctrlc v3.1.7
[INFO] running `Command { std: "docker" "create" "-v" "/var/lib/crater-agent-workspace/builds/worker-5-tc2/target:/opt/rustwide/target:rw,Z" "-v" "/var/lib/crater-agent-workspace/builds/worker-5-tc2/source:/opt/rustwide/workdir:ro,Z" "-v" "/var/lib/crater-agent-workspace/cargo-home:/opt/rustwide/cargo-home:ro,Z" "-v" "/var/lib/crater-agent-workspace/rustup-home:/opt/rustwide/rustup-home:ro,Z" "-e" "SOURCE_DIR=/opt/rustwide/workdir" "-e" "CARGO_TARGET_DIR=/opt/rustwide/target" "-e" "CARGO_HOME=/opt/rustwide/cargo-home" "-e" "RUSTUP_HOME=/opt/rustwide/rustup-home" "-w" "/opt/rustwide/workdir" "-m" "1610612736" "--user" "0:0" "--network" "none" "ghcr.io/rust-lang/crates-build-env/linux@sha256:5ff2268d62e97bff2cde7d5815dd6ed5b47097566f13b8d0ca110b04b60e07ed" "/opt/rustwide/cargo-home/bin/cargo" "+beta-2023-04-20" "metadata" "--no-deps" "--format-version=1", kill_on_drop: false }`
[INFO] [stdout] 571765923c7a4d94cab449e39f4cce67c09f5325f32c5ed559ad6b0f2f0064d0
[INFO] running `Command { std: "docker" "start" "-a" "571765923c7a4d94cab449e39f4cce67c09f5325f32c5ed559ad6b0f2f0064d0", kill_on_drop: false }`
[INFO] running `Command { std: "docker" "inspect" "571765923c7a4d94cab449e39f4cce67c09f5325f32c5ed559ad6b0f2f0064d0", kill_on_drop: false }`
[INFO] running `Command { std: "docker" "rm" "-f" "571765923c7a4d94cab449e39f4cce67c09f5325f32c5ed559ad6b0f2f0064d0", kill_on_drop: false }`
[INFO] [stdout] 571765923c7a4d94cab449e39f4cce67c09f5325f32c5ed559ad6b0f2f0064d0
[INFO] running `Command { std: "docker" "create" "-v" "/var/lib/crater-agent-workspace/builds/worker-5-tc2/target:/opt/rustwide/target:rw,Z" "-v" "/var/lib/crater-agent-workspace/builds/worker-5-tc2/source:/opt/rustwide/workdir:ro,Z" "-v" "/var/lib/crater-agent-workspace/cargo-home:/opt/rustwide/cargo-home:ro,Z" "-v" "/var/lib/crater-agent-workspace/rustup-home:/opt/rustwide/rustup-home:ro,Z" "-e" "SOURCE_DIR=/opt/rustwide/workdir" "-e" "CARGO_TARGET_DIR=/opt/rustwide/target" "-e" "CARGO_INCREMENTAL=0" "-e" "RUST_BACKTRACE=full" "-e" "RUSTFLAGS=--cap-lints=warn" "-e" "RUSTDOCFLAGS=--cap-lints=warn" "-e" "CARGO_HOME=/opt/rustwide/cargo-home" "-e" "RUSTUP_HOME=/opt/rustwide/rustup-home" "-w" "/opt/rustwide/workdir" "-m" "1610612736" "--user" "0:0" "--network" "none" "ghcr.io/rust-lang/crates-build-env/linux@sha256:5ff2268d62e97bff2cde7d5815dd6ed5b47097566f13b8d0ca110b04b60e07ed" "/opt/rustwide/cargo-home/bin/cargo" "+beta-2023-04-20" "build" "--frozen" "--message-format=json", kill_on_drop: false }`
[INFO] [stdout] 36fa6deea55d9b8de5d32084a649d619ad1eb31dd0a6d0dfd9371fa3c9eb9c2c
[INFO] running `Command { std: "docker" "start" "-a" "36fa6deea55d9b8de5d32084a649d619ad1eb31dd0a6d0dfd9371fa3c9eb9c2c", kill_on_drop: false }`
[INFO] [stderr]    Compiling libc v0.2.79
[INFO] [stderr]    Compiling num-traits v0.2.12
[INFO] [stderr]    Compiling num-integer v0.1.43
[INFO] [stderr]    Compiling nix v0.18.0
[INFO] [stderr]    Compiling httparse v1.3.4
[INFO] [stderr]    Compiling cfg-if v0.1.10
[INFO] [stderr]    Compiling dotenv v0.15.0
[INFO] [stderr]    Compiling time v0.1.44
[INFO] [stderr]    Compiling chrono v0.4.19
[INFO] [stderr]    Compiling ctrlc v3.1.7
[INFO] [stderr]    Compiling multithread-cgi-server v0.1.0 (/opt/rustwide/workdir)
[INFO] [stdout] warning: unused import: `std::env`
[INFO] [stdout]  --> src/cgi.rs:1:5
[INFO] [stdout]   |
[INFO] [stdout] 1 | use std::env;
[INFO] [stdout]   |     ^^^^^^^^
[INFO] [stdout]   |
[INFO] [stdout]   = note: `#[warn(unused_imports)]` on by default
[INFO] [stdout] 
[INFO] [stdout] 
[INFO] [stdout] warning: unused import: `self`
[INFO] [stdout]  --> src/cgi.rs:2:15
[INFO] [stdout]   |
[INFO] [stdout] 2 | use std::io::{self, Write};
[INFO] [stdout]   |               ^^^^
[INFO] [stdout] 
[INFO] [stdout] 
[INFO] [stdout] warning: unused import: `std::sync::mpsc::Sender`
[INFO] [stdout]  --> src/thread_pool.rs:1:5
[INFO] [stdout]   |
[INFO] [stdout] 1 | use std::sync::mpsc::Sender;
[INFO] [stdout]   |     ^^^^^^^^^^^^^^^^^^^^^^^
[INFO] [stdout] 
[INFO] [stdout] 
[INFO] [stdout] warning: variable does not need to be mutable
[INFO] [stdout]   --> src/parser.rs:70:9
[INFO] [stdout]    |
[INFO] [stdout] 70 |     let mut url = req.path.unwrap().to_string();
[INFO] [stdout]    |         ----^^^
[INFO] [stdout]    |         |
[INFO] [stdout]    |         help: remove this `mut`
[INFO] [stdout]    |
[INFO] [stdout]    = note: `#[warn(unused_mut)]` on by default
[INFO] [stdout] 
[INFO] [stdout] 
[INFO] [stdout] warning: variable does not need to be mutable
[INFO] [stdout]   --> src/parser.rs:71:9
[INFO] [stdout]    |
[INFO] [stdout] 71 |     let mut spliturl = url.split("?");
[INFO] [stdout]    |         ----^^^^^^^^
[INFO] [stdout]    |         |
[INFO] [stdout]    |         help: remove this `mut`
[INFO] [stdout] 
[INFO] [stdout] 
[INFO] [stdout] warning: function `cgi_file_exists` is never used
[INFO] [stdout]   --> src/cgi.rs:83:4
[INFO] [stdout]    |
[INFO] [stdout] 83 | fn cgi_file_exists(cgi_path: &str) -> bool {
[INFO] [stdout]    |    ^^^^^^^^^^^^^^^
[INFO] [stdout]    |
[INFO] [stdout]    = note: `#[warn(dead_code)]` on by default
[INFO] [stdout] 
[INFO] [stdout] 
[INFO] [stdout] warning: unused `Result` that must be used
[INFO] [stdout]   --> src/main.rs:49:21
[INFO] [stdout]    |
[INFO] [stdout] 49 |                     file.write(message.as_bytes());
[INFO] [stdout]    |                     ^^^^^^^^^^^^^^^^^^^^^^^^^^^^^^
[INFO] [stdout]    |
[INFO] [stdout]    = note: this `Result` may be an `Err` variant, which should be handled
[INFO] [stdout]    = note: `#[warn(unused_must_use)]` on by default
[INFO] [stdout] help: use `let _ = ...` to ignore the resulting value
[INFO] [stdout]    |
[INFO] [stdout] 49 |                     let _ = file.write(message.as_bytes());
[INFO] [stdout]    |                     +++++++
[INFO] [stdout] 
[INFO] [stdout] 
[INFO] [stdout] warning: unused `Result` that must be used
[INFO] [stdout]   --> src/main.rs:71:17
[INFO] [stdout]    |
[INFO] [stdout] 71 |                 log_sender_shutdown.send(LoggingSignal::Shutdown);
[INFO] [stdout]    |                 ^^^^^^^^^^^^^^^^^^^^^^^^^^^^^^^^^^^^^^^^^^^^^^^^^
[INFO] [stdout]    |
[INFO] [stdout]    = note: this `Result` may be an `Err` variant, which should be handled
[INFO] [stdout] help: use `let _ = ...` to ignore the resulting value
[INFO] [stdout]    |
[INFO] [stdout] 71 |                 let _ = log_sender_shutdown.send(LoggingSignal::Shutdown);
[INFO] [stdout]    |                 +++++++
[INFO] [stdout] 
[INFO] [stdout] 
[INFO] [stdout] warning: unused `Result` that must be used
[INFO] [stdout]   --> src/main.rs:72:17
[INFO] [stdout]    |
[INFO] [stdout] 72 |                 t.join();
[INFO] [stdout]    |                 ^^^^^^^^
[INFO] [stdout]    |
[INFO] [stdout]    = note: this `Result` may be an `Err` variant, which should be handled
[INFO] [stdout] help: use `let _ = ...` to ignore the resulting value
[INFO] [stdout]    |
[INFO] [stdout] 72 |                 let _ = t.join();
[INFO] [stdout]    |                 +++++++
[INFO] [stdout] 
[INFO] [stdout] 
[INFO] [stdout] warning: unused `Result` that must be used
[INFO] [stdout]    --> src/main.rs:102:13
[INFO] [stdout]     |
[INFO] [stdout] 102 |             log_sender.send(LoggingSignal::Logging(log));
[INFO] [stdout]     |             ^^^^^^^^^^^^^^^^^^^^^^^^^^^^^^^^^^^^^^^^^^^^
[INFO] [stdout]     |
[INFO] [stdout]     = note: this `Result` may be an `Err` variant, which should be handled
[INFO] [stdout] help: use `let _ = ...` to ignore the resulting value
[INFO] [stdout]     |
[INFO] [stdout] 102 |             let _ = log_sender.send(LoggingSignal::Logging(log));
[INFO] [stdout]     |             +++++++
[INFO] [stdout] 
[INFO] [stdout] 
[INFO] [stdout] warning: unused `Result` that must be used
[INFO] [stdout]    --> src/main.rs:118:5
[INFO] [stdout]     |
[INFO] [stdout] 118 |     stream.set_read_timeout(Some( std::time::Duration::from_millis(500) ));
[INFO] [stdout]     |     ^^^^^^^^^^^^^^^^^^^^^^^^^^^^^^^^^^^^^^^^^^^^^^^^^^^^^^^^^^^^^^^^^^^^^^
[INFO] [stdout]     |
[INFO] [stdout]     = note: this `Result` may be an `Err` variant, which should be handled
[INFO] [stdout] help: use `let _ = ...` to ignore the resulting value
[INFO] [stdout]     |
[INFO] [stdout] 118 |     let _ = stream.set_read_timeout(Some( std::time::Duration::from_millis(500) ));
[INFO] [stdout]     |     +++++++
[INFO] [stdout] 
[INFO] [stdout] 
[INFO] [stdout] warning: 11 warnings emitted
[INFO] [stdout] 
[INFO] [stdout] 
[INFO] [stderr]     Finished dev [unoptimized + debuginfo] target(s) in 6.47s
[INFO] running `Command { std: "docker" "inspect" "36fa6deea55d9b8de5d32084a649d619ad1eb31dd0a6d0dfd9371fa3c9eb9c2c", kill_on_drop: false }`
[INFO] running `Command { std: "docker" "rm" "-f" "36fa6deea55d9b8de5d32084a649d619ad1eb31dd0a6d0dfd9371fa3c9eb9c2c", kill_on_drop: false }`
[INFO] [stdout] 36fa6deea55d9b8de5d32084a649d619ad1eb31dd0a6d0dfd9371fa3c9eb9c2c
[INFO] running `Command { std: "docker" "create" "-v" "/var/lib/crater-agent-workspace/builds/worker-5-tc2/target:/opt/rustwide/target:rw,Z" "-v" "/var/lib/crater-agent-workspace/builds/worker-5-tc2/source:/opt/rustwide/workdir:ro,Z" "-v" "/var/lib/crater-agent-workspace/cargo-home:/opt/rustwide/cargo-home:ro,Z" "-v" "/var/lib/crater-agent-workspace/rustup-home:/opt/rustwide/rustup-home:ro,Z" "-e" "SOURCE_DIR=/opt/rustwide/workdir" "-e" "CARGO_TARGET_DIR=/opt/rustwide/target" "-e" "CARGO_INCREMENTAL=0" "-e" "RUST_BACKTRACE=full" "-e" "RUSTFLAGS=--cap-lints=warn" "-e" "RUSTDOCFLAGS=--cap-lints=warn" "-e" "CARGO_HOME=/opt/rustwide/cargo-home" "-e" "RUSTUP_HOME=/opt/rustwide/rustup-home" "-w" "/opt/rustwide/workdir" "-m" "1610612736" "--user" "0:0" "--network" "none" "ghcr.io/rust-lang/crates-build-env/linux@sha256:5ff2268d62e97bff2cde7d5815dd6ed5b47097566f13b8d0ca110b04b60e07ed" "/opt/rustwide/cargo-home/bin/cargo" "+beta-2023-04-20" "test" "--frozen" "--no-run" "--message-format=json", kill_on_drop: false }`
[INFO] [stdout] cec4a3f0147547e3d552be67df0de2a0eec31296cb1f2e0462d092e09acc3d54
[INFO] running `Command { std: "docker" "start" "-a" "cec4a3f0147547e3d552be67df0de2a0eec31296cb1f2e0462d092e09acc3d54", kill_on_drop: false }`
[INFO] [stderr]    Compiling multithread-cgi-server v0.1.0 (/opt/rustwide/workdir)
[INFO] [stdout] warning: unused import: `std::env`
[INFO] [stdout]  --> src/cgi.rs:1:5
[INFO] [stdout]   |
[INFO] [stdout] 1 | use std::env;
[INFO] [stdout]   |     ^^^^^^^^
[INFO] [stdout]   |
[INFO] [stdout]   = note: `#[warn(unused_imports)]` on by default
[INFO] [stdout] 
[INFO] [stdout] 
[INFO] [stdout] warning: unused import: `self`
[INFO] [stdout]  --> src/cgi.rs:2:15
[INFO] [stdout]   |
[INFO] [stdout] 2 | use std::io::{self, Write};
[INFO] [stdout]   |               ^^^^
[INFO] [stdout] 
[INFO] [stdout] 
[INFO] [stdout] warning: unused import: `cgi_file_exists`
[INFO] [stdout]   --> src/cgi.rs:90:55
[INFO] [stdout]    |
[INFO] [stdout] 90 |     use crate::cgi::{cgi_caller_get, cgi_caller_post, cgi_file_exists, CgiCallError};
[INFO] [stdout]    |                                                       ^^^^^^^^^^^^^^^
[INFO] [stdout] 
[INFO] [stdout] 
[INFO] [stdout] warning: unused import: `std::sync::mpsc::Sender`
[INFO] [stdout]  --> src/thread_pool.rs:1:5
[INFO] [stdout]   |
[INFO] [stdout] 1 | use std::sync::mpsc::Sender;
[INFO] [stdout]   |     ^^^^^^^^^^^^^^^^^^^^^^^
[INFO] [stdout] 
[INFO] [stdout] 
[INFO] [stdout] error[E0308]: mismatched types
[INFO] [stdout]    --> src/parser.rs:143:27
[INFO] [stdout]     |
[INFO] [stdout] 143 |         let pkgp = parser(get1.to_string());
[INFO] [stdout]     |                    ------ ^^^^^^^^^^^^^^^^ expected `&[u8]`, found `String`
[INFO] [stdout]     |                    |
[INFO] [stdout]     |                    arguments to this function are incorrect
[INFO] [stdout]     |
[INFO] [stdout] note: function defined here
[INFO] [stdout]    --> src/parser.rs:26:8
[INFO] [stdout]     |
[INFO] [stdout] 26  | pub fn parser(s: &[u8]) -> Result<Pkg, ()> {
[INFO] [stdout]     |        ^^^^^^ --------
[INFO] [stdout] 
[INFO] [stdout] 
[INFO] [stdout] error[E0609]: no field `query_string` on type `Result<Pkg, ()>`
[INFO] [stdout]    --> src/parser.rs:144:39
[INFO] [stdout]     |
[INFO] [stdout] 144 |         assert_eq!(query_string, pkgp.query_string);
[INFO] [stdout]     |                                       ^^^^^^^^^^^^
[INFO] [stdout] 
[INFO] [stdout] 
[INFO] [stdout] error[E0609]: no field `path` on type `Result<Pkg, ()>`
[INFO] [stdout]    --> src/parser.rs:145:31
[INFO] [stdout]     |
[INFO] [stdout] 145 |         assert_eq!(path, pkgp.path);
[INFO] [stdout]     |                               ^^^^
[INFO] [stdout] 
[INFO] [stdout] 
[INFO] [stdout] error[E0308]: mismatched types
[INFO] [stdout]    --> src/parser.rs:156:27
[INFO] [stdout]     |
[INFO] [stdout] 156 |         let pkgp = parser(post1.to_string());
[INFO] [stdout]     |                    ------ ^^^^^^^^^^^^^^^^^ expected `&[u8]`, found `String`
[INFO] [stdout]     |                    |
[INFO] [stdout]     |                    arguments to this function are incorrect
[INFO] [stdout]     |
[INFO] [stdout] note: function defined here
[INFO] [stdout]    --> src/parser.rs:26:8
[INFO] [stdout]     |
[INFO] [stdout] 26  | pub fn parser(s: &[u8]) -> Result<Pkg, ()> {
[INFO] [stdout]     |        ^^^^^^ --------
[INFO] [stdout] 
[INFO] [stdout] 
[INFO] [stdout] error[E0609]: no field `query_string` on type `Result<Pkg, ()>`
[INFO] [stdout]    --> src/parser.rs:157:39
[INFO] [stdout]     |
[INFO] [stdout] 157 |         assert_eq!(query_string, pkgp.query_string);
[INFO] [stdout]     |                                       ^^^^^^^^^^^^
[INFO] [stdout] 
[INFO] [stdout] 
[INFO] [stdout] error[E0609]: no field `path` on type `Result<Pkg, ()>`
[INFO] [stdout]    --> src/parser.rs:158:31
[INFO] [stdout]     |
[INFO] [stdout] 158 |         assert_eq!(path, pkgp.path);
[INFO] [stdout]     |                               ^^^^
[INFO] [stdout] 
[INFO] [stdout] 
[INFO] [stdout] error[E0609]: no field `content_type` on type `Result<Pkg, ()>`
[INFO] [stdout]    --> src/parser.rs:159:39
[INFO] [stdout]     |
[INFO] [stdout] 159 |         assert_eq!(content_type, pkgp.content_type);
[INFO] [stdout]     |                                       ^^^^^^^^^^^^
[INFO] [stdout] 
[INFO] [stdout] 
[INFO] [stdout] error[E0609]: no field `content_length` on type `Result<Pkg, ()>`
[INFO] [stdout]    --> src/parser.rs:160:41
[INFO] [stdout]     |
[INFO] [stdout] 160 |         assert_eq!(content_length, pkgp.content_length);
[INFO] [stdout]     |                                         ^^^^^^^^^^^^^^
[INFO] [stdout] 
[INFO] [stdout] 
[INFO] [stdout] error[E0609]: no field `body_string` on type `Result<Pkg, ()>`
[INFO] [stdout]    --> src/parser.rs:161:38
[INFO] [stdout]     |
[INFO] [stdout] 161 |         assert_eq!(body_string, pkgp.body_string);
[INFO] [stdout]     |                                      ^^^^^^^^^^^
[INFO] [stdout] 
[INFO] [stdout] 
[INFO] [stdout] error: aborting due to 9 previous errors; 4 warnings emitted
[INFO] [stdout] 
[INFO] [stdout] 
[INFO] [stdout] Some errors have detailed explanations: E0308, E0609.
[INFO] [stdout] 
[INFO] [stdout] For more information about an error, try `rustc --explain E0308`.
[INFO] [stdout] 
[INFO] [stderr] error: could not compile `multithread-cgi-server` (bin "multithread-cgi-server" test) due to 10 previous errors; 4 warnings emitted
[INFO] running `Command { std: "docker" "inspect" "cec4a3f0147547e3d552be67df0de2a0eec31296cb1f2e0462d092e09acc3d54", kill_on_drop: false }`
[INFO] running `Command { std: "docker" "rm" "-f" "cec4a3f0147547e3d552be67df0de2a0eec31296cb1f2e0462d092e09acc3d54", kill_on_drop: false }`
[INFO] [stdout] cec4a3f0147547e3d552be67df0de2a0eec31296cb1f2e0462d092e09acc3d54
