[INFO] cloning repository https://github.com/fkusche/test-cloudfile
[INFO] running `Command { std: "git" "-c" "credential.helper=" "-c" "credential.helper=/workspace/cargo-home/bin/git-credential-null" "clone" "--bare" "https://github.com/fkusche/test-cloudfile" "/workspace/cache/git-repos/https%3A%2F%2Fgithub.com%2Ffkusche%2Ftest-cloudfile", kill_on_drop: false }`
[INFO] [stderr] Cloning into bare repository '/workspace/cache/git-repos/https%3A%2F%2Fgithub.com%2Ffkusche%2Ftest-cloudfile'...
[INFO] running `Command { std: "git" "rev-parse" "HEAD", kill_on_drop: false }`
[INFO] [stdout] 93eb6b567ad829848dc1c16d777d88fba3919388
[INFO] testing fkusche/test-cloudfile against beta-2023-04-20 for beta-1.70-1
[INFO] running `Command { std: "git" "clone" "/workspace/cache/git-repos/https%3A%2F%2Fgithub.com%2Ffkusche%2Ftest-cloudfile" "/workspace/builds/worker-7-tc2/source", kill_on_drop: false }`
[INFO] [stderr] Cloning into '/workspace/builds/worker-7-tc2/source'...
[INFO] [stderr] done.
[INFO] validating manifest of git repo https://github.com/fkusche/test-cloudfile on toolchain beta-2023-04-20
[INFO] running `Command { std: CARGO_HOME="/workspace/cargo-home" RUSTUP_HOME="/workspace/rustup-home" "/workspace/cargo-home/bin/cargo" "+beta-2023-04-20" "metadata" "--manifest-path" "Cargo.toml" "--no-deps", kill_on_drop: false }`
[INFO] started tweaking git repo https://github.com/fkusche/test-cloudfile
[INFO] finished tweaking git repo https://github.com/fkusche/test-cloudfile
[INFO] tweaked toml for git repo https://github.com/fkusche/test-cloudfile written to /workspace/builds/worker-7-tc2/source/Cargo.toml
[INFO] crate git repo https://github.com/fkusche/test-cloudfile already has a lockfile, it will not be regenerated
[INFO] running `Command { std: CARGO_HOME="/workspace/cargo-home" RUSTUP_HOME="/workspace/rustup-home" "/workspace/cargo-home/bin/cargo" "+beta-2023-04-20" "fetch" "--manifest-path" "Cargo.toml", kill_on_drop: false }`
[INFO] running `Command { std: "docker" "create" "-v" "/var/lib/crater-agent-workspace/builds/worker-7-tc2/target:/opt/rustwide/target:rw,Z" "-v" "/var/lib/crater-agent-workspace/builds/worker-7-tc2/source:/opt/rustwide/workdir:ro,Z" "-v" "/var/lib/crater-agent-workspace/cargo-home:/opt/rustwide/cargo-home:ro,Z" "-v" "/var/lib/crater-agent-workspace/rustup-home:/opt/rustwide/rustup-home:ro,Z" "-e" "SOURCE_DIR=/opt/rustwide/workdir" "-e" "CARGO_TARGET_DIR=/opt/rustwide/target" "-e" "CARGO_HOME=/opt/rustwide/cargo-home" "-e" "RUSTUP_HOME=/opt/rustwide/rustup-home" "-w" "/opt/rustwide/workdir" "-m" "1610612736" "--user" "0:0" "--network" "none" "ghcr.io/rust-lang/crates-build-env/linux@sha256:5ff2268d62e97bff2cde7d5815dd6ed5b47097566f13b8d0ca110b04b60e07ed" "/opt/rustwide/cargo-home/bin/cargo" "+beta-2023-04-20" "metadata" "--no-deps" "--format-version=1", kill_on_drop: false }`
[INFO] [stdout] 4e18091fd9d621455e70a32f6f353119f40d172c597f6f93af1310406c03ce6b
[INFO] running `Command { std: "docker" "start" "-a" "4e18091fd9d621455e70a32f6f353119f40d172c597f6f93af1310406c03ce6b", kill_on_drop: false }`
[INFO] running `Command { std: "docker" "inspect" "4e18091fd9d621455e70a32f6f353119f40d172c597f6f93af1310406c03ce6b", kill_on_drop: false }`
[INFO] running `Command { std: "docker" "rm" "-f" "4e18091fd9d621455e70a32f6f353119f40d172c597f6f93af1310406c03ce6b", kill_on_drop: false }`
[INFO] [stdout] 4e18091fd9d621455e70a32f6f353119f40d172c597f6f93af1310406c03ce6b
[INFO] running `Command { std: "docker" "create" "-v" "/var/lib/crater-agent-workspace/builds/worker-7-tc2/target:/opt/rustwide/target:rw,Z" "-v" "/var/lib/crater-agent-workspace/builds/worker-7-tc2/source:/opt/rustwide/workdir:ro,Z" "-v" "/var/lib/crater-agent-workspace/cargo-home:/opt/rustwide/cargo-home:ro,Z" "-v" "/var/lib/crater-agent-workspace/rustup-home:/opt/rustwide/rustup-home:ro,Z" "-e" "SOURCE_DIR=/opt/rustwide/workdir" "-e" "CARGO_TARGET_DIR=/opt/rustwide/target" "-e" "CARGO_INCREMENTAL=0" "-e" "RUST_BACKTRACE=full" "-e" "RUSTFLAGS=--cap-lints=warn" "-e" "RUSTDOCFLAGS=--cap-lints=warn" "-e" "CARGO_HOME=/opt/rustwide/cargo-home" "-e" "RUSTUP_HOME=/opt/rustwide/rustup-home" "-w" "/opt/rustwide/workdir" "-m" "1610612736" "--user" "0:0" "--network" "none" "ghcr.io/rust-lang/crates-build-env/linux@sha256:5ff2268d62e97bff2cde7d5815dd6ed5b47097566f13b8d0ca110b04b60e07ed" "/opt/rustwide/cargo-home/bin/cargo" "+beta-2023-04-20" "build" "--frozen" "--message-format=json", kill_on_drop: false }`
[INFO] [stdout] 9645803812ab79280436332f1affb842616017026e3bd94f1beed9fefd8537e6
[INFO] running `Command { std: "docker" "start" "-a" "9645803812ab79280436332f1affb842616017026e3bd94f1beed9fefd8537e6", kill_on_drop: false }`
[INFO] [stderr]    Compiling test-cloudfile v0.1.0 (/opt/rustwide/workdir)
[INFO] [stdout] error[E0433]: failed to resolve: could not find `windows` in `os`
[INFO] [stdout]  --> src/main.rs:2:14
[INFO] [stdout]   |
[INFO] [stdout] 2 | use std::os::windows::ffi::OsStrExt;            // contains encode_wide
[INFO] [stdout]   |              ^^^^^^^ could not find `windows` in `os`
[INFO] [stdout] 
[INFO] [stdout] 
[INFO] [stdout] error[E0433]: failed to resolve: use of undeclared crate or module `winapi`
[INFO] [stdout]  --> src/main.rs:4:5
[INFO] [stdout]   |
[INFO] [stdout] 4 | use winapi::um::fileapi;
[INFO] [stdout]   |     ^^^^^^ use of undeclared crate or module `winapi`
[INFO] [stdout] 
[INFO] [stdout] 
[INFO] [stdout] error[E0433]: failed to resolve: use of undeclared crate or module `winapi`
[INFO] [stdout]   --> src/main.rs:21:18
[INFO] [stdout]    |
[INFO] [stdout] 21 |     let mut fd = winapi::um::minwinbase::WIN32_FIND_DATAW::default();
[INFO] [stdout]    |                  ^^^^^^ use of undeclared crate or module `winapi`
[INFO] [stdout] 
[INFO] [stdout] 
[INFO] [stdout] error[E0433]: failed to resolve: use of undeclared crate or module `winapi`
[INFO] [stdout]   --> src/main.rs:26:13
[INFO] [stdout]    |
[INFO] [stdout] 26 |     if h == winapi::um::handleapi::INVALID_HANDLE_VALUE {
[INFO] [stdout]    |             ^^^^^^ use of undeclared crate or module `winapi`
[INFO] [stdout] 
[INFO] [stdout] 
[INFO] [stdout] error[E0433]: failed to resolve: use of undeclared crate or module `winapi`
[INFO] [stdout]   --> src/main.rs:33:44
[INFO] [stdout]    |
[INFO] [stdout] 33 |         let pinned = fd.dwFileAttributes & winapi::um::winnt::FILE_ATTRIBUTE_PINNED != 0;
[INFO] [stdout]    |                                            ^^^^^^ use of undeclared crate or module `winapi`
[INFO] [stdout] 
[INFO] [stdout] 
[INFO] [stdout] error[E0433]: failed to resolve: use of undeclared crate or module `winapi`
[INFO] [stdout]   --> src/main.rs:34:46
[INFO] [stdout]    |
[INFO] [stdout] 34 |         let unpinned = fd.dwFileAttributes & winapi::um::winnt::FILE_ATTRIBUTE_UNPINNED != 0;
[INFO] [stdout]    |                                              ^^^^^^ use of undeclared crate or module `winapi`
[INFO] [stdout] 
[INFO] [stdout] 
[INFO] [stdout] error[E0433]: failed to resolve: use of undeclared crate or module `winapi`
[INFO] [stdout]   --> src/main.rs:35:49
[INFO] [stdout]    |
[INFO] [stdout] 35 |         let recall_open = fd.dwFileAttributes & winapi::um::winnt::FILE_ATTRIBUTE_RECALL_ON_OPEN != 0;
[INFO] [stdout]    |                                                 ^^^^^^ use of undeclared crate or module `winapi`
[INFO] [stdout] 
[INFO] [stdout] 
[INFO] [stdout] error[E0433]: failed to resolve: use of undeclared crate or module `winapi`
[INFO] [stdout]   --> src/main.rs:36:51
[INFO] [stdout]    |
[INFO] [stdout] 36 |         let recall_access = fd.dwFileAttributes & winapi::um::winnt::FILE_ATTRIBUTE_RECALL_ON_DATA_ACCESS != 0;
[INFO] [stdout]    |                                                   ^^^^^^ use of undeclared crate or module `winapi`
[INFO] [stdout] 
[INFO] [stdout] 
[INFO] [stdout] error[E0599]: no method named `encode_wide` found for reference `&OsStr` in the current scope
[INFO] [stdout]   --> src/main.rs:20:53
[INFO] [stdout]    |
[INFO] [stdout] 20 |     let directory: Vec<u16> = OsStr::new(directory).encode_wide().chain(once(0)).collect();
[INFO] [stdout]    |                                                     ^^^^^^^^^^^ method not found in `&OsStr`
[INFO] [stdout] 
[INFO] [stdout] 
[INFO] [stdout] error: aborting due to 9 previous errors
[INFO] [stdout] 
[INFO] [stdout] 
[INFO] [stdout] Some errors have detailed explanations: E0433, E0599.
[INFO] [stdout] 
[INFO] [stdout] For more information about an error, try `rustc --explain E0433`.
[INFO] [stdout] 
[INFO] [stderr] error: could not compile `test-cloudfile` (bin "test-cloudfile") due to 10 previous errors
[INFO] running `Command { std: "docker" "inspect" "9645803812ab79280436332f1affb842616017026e3bd94f1beed9fefd8537e6", kill_on_drop: false }`
[INFO] running `Command { std: "docker" "rm" "-f" "9645803812ab79280436332f1affb842616017026e3bd94f1beed9fefd8537e6", kill_on_drop: false }`
[INFO] [stdout] 9645803812ab79280436332f1affb842616017026e3bd94f1beed9fefd8537e6
