[INFO] cloning repository https://github.com/fireking220/Game-Of-Life
[INFO] running `Command { std: "git" "-c" "credential.helper=" "-c" "credential.helper=/workspace/cargo-home/bin/git-credential-null" "clone" "--bare" "https://github.com/fireking220/Game-Of-Life" "/workspace/cache/git-repos/https%3A%2F%2Fgithub.com%2Ffireking220%2FGame-Of-Life", kill_on_drop: false }`
[INFO] [stderr] Cloning into bare repository '/workspace/cache/git-repos/https%3A%2F%2Fgithub.com%2Ffireking220%2FGame-Of-Life'...
[INFO] running `Command { std: "git" "rev-parse" "HEAD", kill_on_drop: false }`
[INFO] [stdout] 4d4b4539956b029d3e84bebf0e6482c78de7c2a7
[INFO] testing fireking220/Game-Of-Life against 1.69.0 for beta-1.70-1
[INFO] running `Command { std: "git" "clone" "/workspace/cache/git-repos/https%3A%2F%2Fgithub.com%2Ffireking220%2FGame-Of-Life" "/workspace/builds/worker-3-tc1/source", kill_on_drop: false }`
[INFO] [stderr] Cloning into '/workspace/builds/worker-3-tc1/source'...
[INFO] [stderr] done.
[INFO] validating manifest of git repo https://github.com/fireking220/Game-Of-Life on toolchain 1.69.0
[INFO] running `Command { std: CARGO_HOME="/workspace/cargo-home" RUSTUP_HOME="/workspace/rustup-home" "/workspace/cargo-home/bin/cargo" "+1.69.0" "metadata" "--manifest-path" "Cargo.toml" "--no-deps", kill_on_drop: false }`
[INFO] started tweaking git repo https://github.com/fireking220/Game-Of-Life
[INFO] finished tweaking git repo https://github.com/fireking220/Game-Of-Life
[INFO] tweaked toml for git repo https://github.com/fireking220/Game-Of-Life written to /workspace/builds/worker-3-tc1/source/Cargo.toml
[INFO] crate git repo https://github.com/fireking220/Game-Of-Life already has a lockfile, it will not be regenerated
[INFO] running `Command { std: CARGO_HOME="/workspace/cargo-home" RUSTUP_HOME="/workspace/rustup-home" "/workspace/cargo-home/bin/cargo" "+1.69.0" "fetch" "--manifest-path" "Cargo.toml", kill_on_drop: false }`
[INFO] running `Command { std: "docker" "create" "-v" "/var/lib/crater-agent-workspace/builds/worker-3-tc1/target:/opt/rustwide/target:rw,Z" "-v" "/var/lib/crater-agent-workspace/builds/worker-3-tc1/source:/opt/rustwide/workdir:ro,Z" "-v" "/var/lib/crater-agent-workspace/cargo-home:/opt/rustwide/cargo-home:ro,Z" "-v" "/var/lib/crater-agent-workspace/rustup-home:/opt/rustwide/rustup-home:ro,Z" "-e" "SOURCE_DIR=/opt/rustwide/workdir" "-e" "CARGO_TARGET_DIR=/opt/rustwide/target" "-e" "CARGO_HOME=/opt/rustwide/cargo-home" "-e" "RUSTUP_HOME=/opt/rustwide/rustup-home" "-w" "/opt/rustwide/workdir" "-m" "1610612736" "--user" "0:0" "--network" "none" "ghcr.io/rust-lang/crates-build-env/linux@sha256:5ff2268d62e97bff2cde7d5815dd6ed5b47097566f13b8d0ca110b04b60e07ed" "/opt/rustwide/cargo-home/bin/cargo" "+1.69.0" "metadata" "--no-deps" "--format-version=1", kill_on_drop: false }`
[INFO] [stdout] 9edf595d50abec7982b37c3579eeec145159c60304c011b42014ca3590cb7bc8
[INFO] running `Command { std: "docker" "start" "-a" "9edf595d50abec7982b37c3579eeec145159c60304c011b42014ca3590cb7bc8", kill_on_drop: false }`
[INFO] running `Command { std: "docker" "inspect" "9edf595d50abec7982b37c3579eeec145159c60304c011b42014ca3590cb7bc8", kill_on_drop: false }`
[INFO] running `Command { std: "docker" "rm" "-f" "9edf595d50abec7982b37c3579eeec145159c60304c011b42014ca3590cb7bc8", kill_on_drop: false }`
[INFO] [stdout] 9edf595d50abec7982b37c3579eeec145159c60304c011b42014ca3590cb7bc8
[INFO] running `Command { std: "docker" "create" "-v" "/var/lib/crater-agent-workspace/builds/worker-3-tc1/target:/opt/rustwide/target:rw,Z" "-v" "/var/lib/crater-agent-workspace/builds/worker-3-tc1/source:/opt/rustwide/workdir:ro,Z" "-v" "/var/lib/crater-agent-workspace/cargo-home:/opt/rustwide/cargo-home:ro,Z" "-v" "/var/lib/crater-agent-workspace/rustup-home:/opt/rustwide/rustup-home:ro,Z" "-e" "SOURCE_DIR=/opt/rustwide/workdir" "-e" "CARGO_TARGET_DIR=/opt/rustwide/target" "-e" "CARGO_INCREMENTAL=0" "-e" "RUST_BACKTRACE=full" "-e" "RUSTFLAGS=--cap-lints=warn" "-e" "RUSTDOCFLAGS=--cap-lints=warn" "-e" "CARGO_HOME=/opt/rustwide/cargo-home" "-e" "RUSTUP_HOME=/opt/rustwide/rustup-home" "-w" "/opt/rustwide/workdir" "-m" "1610612736" "--user" "0:0" "--network" "none" "ghcr.io/rust-lang/crates-build-env/linux@sha256:5ff2268d62e97bff2cde7d5815dd6ed5b47097566f13b8d0ca110b04b60e07ed" "/opt/rustwide/cargo-home/bin/cargo" "+1.69.0" "build" "--frozen" "--message-format=json", kill_on_drop: false }`
[INFO] [stdout] 86ae6c3968e65f540d06bddaa625fca70787db6b5738bf78232800676e2c3a9c
[INFO] running `Command { std: "docker" "start" "-a" "86ae6c3968e65f540d06bddaa625fca70787db6b5738bf78232800676e2c3a9c", kill_on_drop: false }`
[INFO] [stderr]    Compiling autocfg v0.1.5
[INFO] [stderr]    Compiling spin v0.5.0
[INFO] [stderr]    Compiling libc v0.2.60
[INFO] [stderr]    Compiling matrixmultiply v0.1.15
[INFO] [stderr]    Compiling ppv-lite86 v0.2.5
[INFO] [stderr]    Compiling either v1.5.2
[INFO] [stderr]    Compiling rawpointer v0.1.0
[INFO] [stderr]    Compiling ndarray v0.12.1
[INFO] [stderr]    Compiling lazy_static v1.3.0
[INFO] [stderr]    Compiling itertools v0.7.11
[INFO] [stderr]    Compiling num-traits v0.2.8
[INFO] [stderr]    Compiling num-complex v0.2.3
[INFO] [stderr]    Compiling rand_chacha v0.2.0
[INFO] [stderr]    Compiling c2-chacha v0.2.2
[INFO] [stderr]    Compiling getrandom v0.1.6
[INFO] [stderr]    Compiling rand_core v0.5.0
[INFO] [stderr]    Compiling rand v0.7.0
[INFO] [stderr]    Compiling life v0.1.0 (/opt/rustwide/workdir)
[INFO] [stdout] error[E0433]: failed to resolve: use of undeclared crate or module `fmt`
[INFO] [stdout]   --> src/main.rs:16:41
[INFO] [stdout]    |
[INFO] [stdout] 16 |     fn fmt(&self, f: &mut Formatter) -> fmt::Result {
[INFO] [stdout]    |                                         ^^^ use of undeclared crate or module `fmt`
[INFO] [stdout] 
[INFO] [stdout] 
[INFO] [stdout] error[E0425]: cannot find value `world` in this scope
[INFO] [stdout]   --> src/main.rs:20:20
[INFO] [stdout]    |
[INFO] [stdout] 7  | struct World(Array2<bool>);
[INFO] [stdout]    | --------------------------- similarly named tuple struct `World` defined here
[INFO] [stdout] ...
[INFO] [stdout] 20 |                 if world[[r, c]] {
[INFO] [stdout]    |                    ^^^^^ help: a tuple struct with a similar name exists (notice the capitalization): `World`
[INFO] [stdout] 
[INFO] [stdout] 
[INFO] [stdout] error[E0214]: parenthesized type parameters may only be used with a `Fn` trait
[INFO] [stdout]   --> src/main.rs:34:23
[INFO] [stdout]    |
[INFO] [stdout] 34 |     let mut w: World::new();
[INFO] [stdout]    |                       ^^^^^ only `Fn` traits may use parentheses
[INFO] [stdout] 
[INFO] [stdout] 
[INFO] [stdout] error[E0223]: ambiguous associated type
[INFO] [stdout]   --> src/main.rs:34:16
[INFO] [stdout]    |
[INFO] [stdout] 34 |     let mut w: World::new();
[INFO] [stdout]    |                ^^^^^^^^^^^^
[INFO] [stdout]    |
[INFO] [stdout] help: if there were a trait named `Example` with associated type `new` implemented for `World`, you could use the fully-qualified path
[INFO] [stdout]    |
[INFO] [stdout] 34 |     let mut w: <World as Example>::new;
[INFO] [stdout]    |                ~~~~~~~~~~~~~~~~~~~~~~~
[INFO] [stdout] 
[INFO] [stdout] 
[INFO] [stdout] error: aborting due to 4 previous errors
[INFO] [stdout] 
[INFO] [stdout] 
[INFO] [stdout] Some errors have detailed explanations: E0214, E0223, E0425, E0433.
[INFO] [stdout] 
[INFO] [stdout] For more information about an error, try `rustc --explain E0214`.
[INFO] [stdout] 
[INFO] [stderr] error: could not compile `life` due to 5 previous errors
[INFO] running `Command { std: "docker" "inspect" "86ae6c3968e65f540d06bddaa625fca70787db6b5738bf78232800676e2c3a9c", kill_on_drop: false }`
[INFO] running `Command { std: "docker" "rm" "-f" "86ae6c3968e65f540d06bddaa625fca70787db6b5738bf78232800676e2c3a9c", kill_on_drop: false }`
[INFO] [stdout] 86ae6c3968e65f540d06bddaa625fca70787db6b5738bf78232800676e2c3a9c
