[INFO] cloning repository https://github.com/fenhl/boerse.willkommeninwoellstein.de
[INFO] running `Command { std: "git" "-c" "credential.helper=" "-c" "credential.helper=/workspace/cargo-home/bin/git-credential-null" "clone" "--bare" "https://github.com/fenhl/boerse.willkommeninwoellstein.de" "/workspace/cache/git-repos/https%3A%2F%2Fgithub.com%2Ffenhl%2Fboerse.willkommeninwoellstein.de", kill_on_drop: false }`
[INFO] [stderr] Cloning into bare repository '/workspace/cache/git-repos/https%3A%2F%2Fgithub.com%2Ffenhl%2Fboerse.willkommeninwoellstein.de'...
[INFO] running `Command { std: "git" "rev-parse" "HEAD", kill_on_drop: false }`
[INFO] [stdout] 4ff50b7267bbd5a17efa5089ab9bf2fed16cc26e
[INFO] testing fenhl/boerse.willkommeninwoellstein.de against 1.69.0 for beta-1.70-1
[INFO] running `Command { std: "git" "clone" "/workspace/cache/git-repos/https%3A%2F%2Fgithub.com%2Ffenhl%2Fboerse.willkommeninwoellstein.de" "/workspace/builds/worker-7-tc1/source", kill_on_drop: false }`
[INFO] [stderr] Cloning into '/workspace/builds/worker-7-tc1/source'...
[INFO] [stderr] done.
[INFO] validating manifest of git repo https://github.com/fenhl/boerse.willkommeninwoellstein.de on toolchain 1.69.0
[INFO] running `Command { std: CARGO_HOME="/workspace/cargo-home" RUSTUP_HOME="/workspace/rustup-home" "/workspace/cargo-home/bin/cargo" "+1.69.0" "metadata" "--manifest-path" "Cargo.toml" "--no-deps", kill_on_drop: false }`
[INFO] started tweaking git repo https://github.com/fenhl/boerse.willkommeninwoellstein.de
[INFO] finished tweaking git repo https://github.com/fenhl/boerse.willkommeninwoellstein.de
[INFO] tweaked toml for git repo https://github.com/fenhl/boerse.willkommeninwoellstein.de written to /workspace/builds/worker-7-tc1/source/Cargo.toml
[INFO] crate git repo https://github.com/fenhl/boerse.willkommeninwoellstein.de already has a lockfile, it will not be regenerated
[INFO] running `Command { std: CARGO_HOME="/workspace/cargo-home" RUSTUP_HOME="/workspace/rustup-home" "/workspace/cargo-home/bin/cargo" "+1.69.0" "fetch" "--manifest-path" "Cargo.toml", kill_on_drop: false }`
[INFO] [stderr]     Updating git repository `https://github.com/fenhl/wiw-web-common.git`
[INFO] [stderr]  Downloading crates ...
[INFO] [stderr]   Downloaded urlencoded v0.5.0
[INFO] [stderr]   Downloaded uuid v0.5.0
[INFO] [stderr]   Downloaded cfg-if v0.1.1
[INFO] [stderr]   Downloaded router v0.5.1
[INFO] [stderr]   Downloaded net2 v0.2.29
[INFO] [stderr]   Downloaded nom v3.1.0
[INFO] [stderr]   Downloaded chrono v0.3.1
[INFO] [stderr]   Downloaded unicode-bidi v0.3.3
[INFO] [stderr]   Downloaded bodyparser v0.5.0
[INFO] [stderr]   Downloaded num-traits v0.1.39
[INFO] [stderr]   Downloaded num v0.1.39
[INFO] [stderr]   Downloaded redox_syscall v0.1.18
[INFO] [stderr]   Downloaded version_check v0.1.2
[INFO] [stderr]   Downloaded num_cpus v1.6.0
[INFO] [stderr]   Downloaded idna v0.1.2
[INFO] [stderr]   Downloaded staticfile v0.4.0
[INFO] [stderr]   Downloaded persistent v0.3.0
[INFO] [stderr]   Downloaded url v1.5.0
[INFO] [stderr]   Downloaded parse-zoneinfo v0.1.0
[INFO] [stderr]   Downloaded mysql v11.1.2
[INFO] [stderr]   Downloaded chrono-tz v0.3.2
[INFO] running `Command { std: "docker" "create" "-v" "/var/lib/crater-agent-workspace/builds/worker-7-tc1/target:/opt/rustwide/target:rw,Z" "-v" "/var/lib/crater-agent-workspace/builds/worker-7-tc1/source:/opt/rustwide/workdir:ro,Z" "-v" "/var/lib/crater-agent-workspace/cargo-home:/opt/rustwide/cargo-home:ro,Z" "-v" "/var/lib/crater-agent-workspace/rustup-home:/opt/rustwide/rustup-home:ro,Z" "-e" "SOURCE_DIR=/opt/rustwide/workdir" "-e" "CARGO_TARGET_DIR=/opt/rustwide/target" "-e" "CARGO_HOME=/opt/rustwide/cargo-home" "-e" "RUSTUP_HOME=/opt/rustwide/rustup-home" "-w" "/opt/rustwide/workdir" "-m" "1610612736" "--user" "0:0" "--network" "none" "ghcr.io/rust-lang/crates-build-env/linux@sha256:5ff2268d62e97bff2cde7d5815dd6ed5b47097566f13b8d0ca110b04b60e07ed" "/opt/rustwide/cargo-home/bin/cargo" "+1.69.0" "metadata" "--no-deps" "--format-version=1", kill_on_drop: false }`
[INFO] [stdout] f63a95b82c01beeab8816f437669b3628e184b1fafb4541f5a54d7f599642f04
[INFO] running `Command { std: "docker" "start" "-a" "f63a95b82c01beeab8816f437669b3628e184b1fafb4541f5a54d7f599642f04", kill_on_drop: false }`
[INFO] running `Command { std: "docker" "inspect" "f63a95b82c01beeab8816f437669b3628e184b1fafb4541f5a54d7f599642f04", kill_on_drop: false }`
[INFO] running `Command { std: "docker" "rm" "-f" "f63a95b82c01beeab8816f437669b3628e184b1fafb4541f5a54d7f599642f04", kill_on_drop: false }`
[INFO] [stdout] f63a95b82c01beeab8816f437669b3628e184b1fafb4541f5a54d7f599642f04
[INFO] running `Command { std: "docker" "create" "-v" "/var/lib/crater-agent-workspace/builds/worker-7-tc1/target:/opt/rustwide/target:rw,Z" "-v" "/var/lib/crater-agent-workspace/builds/worker-7-tc1/source:/opt/rustwide/workdir:ro,Z" "-v" "/var/lib/crater-agent-workspace/cargo-home:/opt/rustwide/cargo-home:ro,Z" "-v" "/var/lib/crater-agent-workspace/rustup-home:/opt/rustwide/rustup-home:ro,Z" "-e" "SOURCE_DIR=/opt/rustwide/workdir" "-e" "CARGO_TARGET_DIR=/opt/rustwide/target" "-e" "CARGO_INCREMENTAL=0" "-e" "RUST_BACKTRACE=full" "-e" "RUSTFLAGS=--cap-lints=warn" "-e" "RUSTDOCFLAGS=--cap-lints=warn" "-e" "CARGO_HOME=/opt/rustwide/cargo-home" "-e" "RUSTUP_HOME=/opt/rustwide/rustup-home" "-w" "/opt/rustwide/workdir" "-m" "1610612736" "--user" "0:0" "--network" "none" "ghcr.io/rust-lang/crates-build-env/linux@sha256:5ff2268d62e97bff2cde7d5815dd6ed5b47097566f13b8d0ca110b04b60e07ed" "/opt/rustwide/cargo-home/bin/cargo" "+1.69.0" "build" "--frozen" "--message-format=json", kill_on_drop: false }`
[INFO] [stdout] b5aa3334bfa22785d3a9f0fc7b7333ae25669bc1941aee5e7a4e110bc5b1cc00
[INFO] running `Command { std: "docker" "start" "-a" "b5aa3334bfa22785d3a9f0fc7b7333ae25669bc1941aee5e7a4e110bc5b1cc00", kill_on_drop: false }`
[INFO] [stderr]    Compiling libc v0.2.24
[INFO] [stderr]    Compiling traitobject v0.1.0
[INFO] [stderr]    Compiling matches v0.1.6
[INFO] [stderr]    Compiling unicode-normalization v0.1.5
[INFO] [stderr]    Compiling version_check v0.1.2
[INFO] [stderr]    Compiling winapi-build v0.1.1
[INFO] [stderr]    Compiling num-traits v0.1.39
[INFO] [stderr]    Compiling percent-encoding v1.0.0
[INFO] [stderr]    Compiling byteorder v1.0.0
[INFO] [stderr]    Compiling log v0.3.8
[INFO] [stderr]    Compiling typeable v0.1.2
[INFO] [stderr]    Compiling httparse v1.2.3
[INFO] [stderr]    Compiling winapi v0.2.8
[INFO] [stderr]    Compiling language-tags v0.2.2
[INFO] [stderr]    Compiling lazy_static v0.2.8
[INFO] [stderr]    Compiling rustc-serialize v0.3.24
[INFO] [stderr]    Compiling unicode-bidi v0.3.3
[INFO] [stderr]    Compiling unsafe-any v0.4.2
[INFO] [stderr]    Compiling error v0.1.9
[INFO] [stderr]    Compiling modifier v0.1.0
[INFO] [stderr]    Compiling utf8-ranges v0.1.3
[INFO] [stderr]    Compiling typemap v0.3.3
[INFO] [stderr]    Compiling base64 v0.5.2
[INFO] [stderr]    Compiling mime v0.2.6
[INFO] [stderr]    Compiling void v1.0.2
[INFO] [stderr]    Compiling kernel32-sys v0.2.2
[INFO] [stderr]    Compiling regex-syntax v0.3.9
[INFO] [stderr]    Compiling serde v1.0.8
[INFO] [stderr]    Compiling unicode-xid v0.0.4
[INFO] [stderr]    Compiling time v0.1.37
[INFO] [stderr]    Compiling unicase v1.4.2
[INFO] [stderr]    Compiling num_cpus v1.6.0
[INFO] [stderr]    Compiling plugin v0.2.6
[INFO] [stderr]    Compiling memchr v0.1.11
[INFO] [stderr]    Compiling idna v0.1.2
[INFO] [stderr]    Compiling memchr v1.0.1
[INFO] [stderr]    Compiling num-integer v0.1.34
[INFO] [stderr]    Compiling synom v0.11.3
[INFO] [stderr]    Compiling thread-id v2.0.0
[INFO] [stderr]    Compiling aho-corasick v0.5.3
[INFO] [stderr]    Compiling thread-id v3.1.0
[INFO] [stderr]    Compiling unreachable v0.1.1
[INFO] [stderr]    Compiling thread_local v0.2.7
[INFO] [stderr]    Compiling cfg-if v0.1.1
[INFO] [stderr]    Compiling serde v0.8.23
[INFO] [stderr]    Compiling num-iter v0.1.33
[INFO] [stderr]    Compiling dtoa v0.2.2
[INFO] [stderr]    Compiling itoa v0.1.1
[INFO] [stderr]    Compiling quote v0.3.15
[INFO] [stderr]    Compiling thread_local v0.3.3
[INFO] [stderr]    Compiling num v0.1.39
[INFO] [stderr]    Compiling aho-corasick v0.6.3
[INFO] [stderr]    Compiling rand v0.3.15
[INFO] [stderr]    Compiling sequence_trie v0.2.1
[INFO] [stderr]    Compiling bitflags v0.7.0
[INFO] [stderr]    Compiling regex-syntax v0.4.1
[INFO] [stderr]    Compiling utf8-ranges v1.0.0
[INFO] [stderr]    Compiling syn v0.11.11
[INFO] [stderr]    Compiling dtoa v0.4.1
[INFO] [stderr]    Compiling itoa v0.3.1
[INFO] [stderr]    Compiling nix v0.8.1
[INFO] [stderr]    Compiling net2 v0.2.29
[INFO] [stderr]    Compiling nom v3.1.0
[INFO] [stderr]    Compiling route-recognizer v0.1.12
[INFO] [stderr]    Compiling uuid v0.5.0
[INFO] [stderr]    Compiling url v1.5.0
[INFO] [stderr]    Compiling regex v0.1.80
[INFO] [stderr]    Compiling bufstream v0.1.3
[INFO] [stderr]    Compiling bitflags v0.8.2
[INFO] [stderr]    Compiling fnv v1.0.5
[INFO] [stderr]    Compiling twox-hash v1.1.0
[INFO] [stderr]    Compiling wiw v0.0.1 (https://github.com/fenhl/wiw-web-common.git#b1342b59)
[INFO] [stdout] error[E0214]: parenthesized type parameters may only be used with a `Fn` trait
[INFO] [stdout]   --> /opt/rustwide/cargo-home/registry/src/github.com-1ecc6299db9ec823/twox-hash-1.1.0/src/number_streams.rs:67:23
[INFO] [stdout]    |
[INFO] [stdout] 67 |     fn count(self) -> usize() {
[INFO] [stdout]    |                       ^^^^^^^ only `Fn` traits may use parentheses
[INFO] [stdout] ...
[INFO] [stdout] 74 | number_stream!(U32FromBytes, u32, U32_BYTES);
[INFO] [stdout]    | -------------------------------------------- in this macro invocation
[INFO] [stdout]    |
[INFO] [stdout]    = note: this error originates in the macro `number_stream` (in Nightly builds, run with -Z macro-backtrace for more info)
[INFO] [stdout] 
[INFO] [stdout] 
[INFO] [stdout] error[E0214]: parenthesized type parameters may only be used with a `Fn` trait
[INFO] [stdout]   --> /opt/rustwide/cargo-home/registry/src/github.com-1ecc6299db9ec823/twox-hash-1.1.0/src/number_streams.rs:67:23
[INFO] [stdout]    |
[INFO] [stdout] 67 |     fn count(self) -> usize() {
[INFO] [stdout]    |                       ^^^^^^^ only `Fn` traits may use parentheses
[INFO] [stdout] ...
[INFO] [stdout] 75 | number_stream!(U64FromBytes, u64, U64_BYTES);
[INFO] [stdout]    | -------------------------------------------- in this macro invocation
[INFO] [stdout]    |
[INFO] [stdout]    = note: this error originates in the macro `number_stream` (in Nightly builds, run with -Z macro-backtrace for more info)
[INFO] [stdout] 
[INFO] [stdout] 
[INFO] [stdout] error[E0713]: borrow may still be in use when destructor runs
[INFO] [stdout]    --> /opt/rustwide/cargo-home/registry/src/github.com-1ecc6299db9ec823/url-1.5.0/src/form_urlencoded.rs:251:40
[INFO] [stdout]     |
[INFO] [stdout] 249 | impl<'a> Target for ::UrlQuery<'a> {
[INFO] [stdout]     |      -- lifetime `'a` defined here
[INFO] [stdout] 250 |     fn as_mut_string(&mut self) -> &mut String { &mut self.url.serialization }
[INFO] [stdout] 251 |     fn finish(self) -> &'a mut ::Url { self.url }
[INFO] [stdout]     |                                        ^^^^^^^^ - here, drop of `self` needs exclusive access to `*self.url`, because the type `UrlQuery<'_>` implements the `Drop` trait
[INFO] [stdout]     |                                        |
[INFO] [stdout]     |                                        returning this value requires that `*self.url` is borrowed for `'a`
[INFO] [stdout] 
[INFO] [stdout] 
[INFO] [stdout] error: aborting due to 2 previous errors
[INFO] [stdout] 
[INFO] [stdout] 
[INFO] [stdout] For more information about this error, try `rustc --explain E0214`.
[INFO] [stdout] 
[INFO] [stderr] error: could not compile `twox-hash` due to 3 previous errors
[INFO] [stderr] warning: build failed, waiting for other jobs to finish...
[INFO] [stdout] error: aborting due to previous error
[INFO] [stdout] 
[INFO] [stdout] 
[INFO] [stdout] For more information about this error, try `rustc --explain E0713`.
[INFO] [stdout] 
[INFO] [stderr] error: could not compile `url` due to 2 previous errors
[INFO] running `Command { std: "docker" "inspect" "b5aa3334bfa22785d3a9f0fc7b7333ae25669bc1941aee5e7a4e110bc5b1cc00", kill_on_drop: false }`
[INFO] running `Command { std: "docker" "rm" "-f" "b5aa3334bfa22785d3a9f0fc7b7333ae25669bc1941aee5e7a4e110bc5b1cc00", kill_on_drop: false }`
[INFO] [stdout] b5aa3334bfa22785d3a9f0fc7b7333ae25669bc1941aee5e7a4e110bc5b1cc00
