[INFO] cloning repository https://github.com/f-prettyland/GeoFrac
[INFO] running `Command { std: "git" "-c" "credential.helper=" "-c" "credential.helper=/workspace/cargo-home/bin/git-credential-null" "clone" "--bare" "https://github.com/f-prettyland/GeoFrac" "/workspace/cache/git-repos/https%3A%2F%2Fgithub.com%2Ff-prettyland%2FGeoFrac", kill_on_drop: false }`
[INFO] [stderr] Cloning into bare repository '/workspace/cache/git-repos/https%3A%2F%2Fgithub.com%2Ff-prettyland%2FGeoFrac'...
[INFO] running `Command { std: "git" "rev-parse" "HEAD", kill_on_drop: false }`
[INFO] [stdout] 66070cb5d9d2564ebd83149db693fb67047ee79c
[INFO] testing f-prettyland/GeoFrac against beta-2023-04-20 for beta-1.70-1
[INFO] running `Command { std: "git" "clone" "/workspace/cache/git-repos/https%3A%2F%2Fgithub.com%2Ff-prettyland%2FGeoFrac" "/workspace/builds/worker-6-tc2/source", kill_on_drop: false }`
[INFO] [stderr] Cloning into '/workspace/builds/worker-6-tc2/source'...
[INFO] [stderr] done.
[INFO] validating manifest of git repo https://github.com/f-prettyland/GeoFrac on toolchain beta-2023-04-20
[INFO] running `Command { std: CARGO_HOME="/workspace/cargo-home" RUSTUP_HOME="/workspace/rustup-home" "/workspace/cargo-home/bin/cargo" "+beta-2023-04-20" "metadata" "--manifest-path" "Cargo.toml" "--no-deps", kill_on_drop: false }`
[INFO] started tweaking git repo https://github.com/f-prettyland/GeoFrac
[INFO] finished tweaking git repo https://github.com/f-prettyland/GeoFrac
[INFO] tweaked toml for git repo https://github.com/f-prettyland/GeoFrac written to /workspace/builds/worker-6-tc2/source/Cargo.toml
[INFO] crate git repo https://github.com/f-prettyland/GeoFrac already has a lockfile, it will not be regenerated
[INFO] running `Command { std: CARGO_HOME="/workspace/cargo-home" RUSTUP_HOME="/workspace/rustup-home" "/workspace/cargo-home/bin/cargo" "+beta-2023-04-20" "fetch" "--manifest-path" "Cargo.toml", kill_on_drop: false }`
[INFO] [stderr]     Updating crates.io index
[INFO] [stderr]  Downloading crates ...
[INFO] [stderr]   Downloaded jpeg-decoder v0.1.4
[INFO] [stderr]   Downloaded png v0.5.1
[INFO] [stderr]   Downloaded miniz-sys v0.1.7
[INFO] [stderr]   Downloaded image v0.10.0
[INFO] [stderr]   Downloaded num_cpus v0.2.12
[INFO] [stderr]   Downloaded strsim v0.4.1
[INFO] [stderr]   Downloaded num-complex v0.1.33
[INFO] [stderr]   Downloaded inflate v0.1.1
[INFO] [stderr]   Downloaded ansi_term v0.7.2
[INFO] [stderr]   Downloaded gif v0.8.0
[INFO] [stderr]   Downloaded euclid v0.6.6
[INFO] [stderr]   Downloaded libc v0.2.11
[INFO] [stderr]   Downloaded rayon v0.3.1
[INFO] [stderr]   Downloaded flate2 v0.2.14
[INFO] [stderr]   Downloaded deque v0.3.1
[INFO] [stderr]   Downloaded gcc v0.3.28
[INFO] [stderr]   Downloaded threadpool v1.3.0
[INFO] [stderr]   Downloaded colored v1.2.0
[INFO] [stderr]   Downloaded clap v2.5.1
[INFO] running `Command { std: "docker" "create" "-v" "/var/lib/crater-agent-workspace/builds/worker-6-tc2/target:/opt/rustwide/target:rw,Z" "-v" "/var/lib/crater-agent-workspace/builds/worker-6-tc2/source:/opt/rustwide/workdir:ro,Z" "-v" "/var/lib/crater-agent-workspace/cargo-home:/opt/rustwide/cargo-home:ro,Z" "-v" "/var/lib/crater-agent-workspace/rustup-home:/opt/rustwide/rustup-home:ro,Z" "-e" "SOURCE_DIR=/opt/rustwide/workdir" "-e" "CARGO_TARGET_DIR=/opt/rustwide/target" "-e" "CARGO_HOME=/opt/rustwide/cargo-home" "-e" "RUSTUP_HOME=/opt/rustwide/rustup-home" "-w" "/opt/rustwide/workdir" "-m" "1610612736" "--user" "0:0" "--network" "none" "ghcr.io/rust-lang/crates-build-env/linux@sha256:5ff2268d62e97bff2cde7d5815dd6ed5b47097566f13b8d0ca110b04b60e07ed" "/opt/rustwide/cargo-home/bin/cargo" "+beta-2023-04-20" "metadata" "--no-deps" "--format-version=1", kill_on_drop: false }`
[INFO] [stdout] 27a55b337af0186764da00a46c9befef61888e617fb30d465a586e3f1cff90fc
[INFO] running `Command { std: "docker" "start" "-a" "27a55b337af0186764da00a46c9befef61888e617fb30d465a586e3f1cff90fc", kill_on_drop: false }`
[INFO] running `Command { std: "docker" "inspect" "27a55b337af0186764da00a46c9befef61888e617fb30d465a586e3f1cff90fc", kill_on_drop: false }`
[INFO] running `Command { std: "docker" "rm" "-f" "27a55b337af0186764da00a46c9befef61888e617fb30d465a586e3f1cff90fc", kill_on_drop: false }`
[INFO] [stdout] 27a55b337af0186764da00a46c9befef61888e617fb30d465a586e3f1cff90fc
[INFO] running `Command { std: "docker" "create" "-v" "/var/lib/crater-agent-workspace/builds/worker-6-tc2/target:/opt/rustwide/target:rw,Z" "-v" "/var/lib/crater-agent-workspace/builds/worker-6-tc2/source:/opt/rustwide/workdir:ro,Z" "-v" "/var/lib/crater-agent-workspace/cargo-home:/opt/rustwide/cargo-home:ro,Z" "-v" "/var/lib/crater-agent-workspace/rustup-home:/opt/rustwide/rustup-home:ro,Z" "-e" "SOURCE_DIR=/opt/rustwide/workdir" "-e" "CARGO_TARGET_DIR=/opt/rustwide/target" "-e" "CARGO_INCREMENTAL=0" "-e" "RUST_BACKTRACE=full" "-e" "RUSTFLAGS=--cap-lints=warn" "-e" "RUSTDOCFLAGS=--cap-lints=warn" "-e" "CARGO_HOME=/opt/rustwide/cargo-home" "-e" "RUSTUP_HOME=/opt/rustwide/rustup-home" "-w" "/opt/rustwide/workdir" "-m" "1610612736" "--user" "0:0" "--network" "none" "ghcr.io/rust-lang/crates-build-env/linux@sha256:5ff2268d62e97bff2cde7d5815dd6ed5b47097566f13b8d0ca110b04b60e07ed" "/opt/rustwide/cargo-home/bin/cargo" "+beta-2023-04-20" "build" "--frozen" "--message-format=json", kill_on_drop: false }`
[INFO] [stdout] 00f8519a4a1e2ecb8481a336cd036d3a32032b1609bc8ea2a7ee4960cf863dda
[INFO] running `Command { std: "docker" "start" "-a" "00f8519a4a1e2ecb8481a336cd036d3a32032b1609bc8ea2a7ee4960cf863dda", kill_on_drop: false }`
[INFO] [stderr]    Compiling libc v0.2.11
[INFO] [stderr]    Compiling num-traits v0.1.32
[INFO] [stderr]    Compiling rustc-serialize v0.3.19
[INFO] [stderr]    Compiling gcc v0.3.28
[INFO] [stderr]    Compiling log v0.3.6
[INFO] [stderr]    Compiling inflate v0.1.1
[INFO] [stderr]    Compiling lzw v0.10.0
[INFO] [stderr]    Compiling color_quant v1.0.0
[INFO] [stdout] error[E0642]: patterns aren't allowed in functions without bodies
[INFO] [stdout]    --> /opt/rustwide/cargo-home/registry/src/index.crates.io-6f17d22bba15001f/rustc-serialize-0.3.19/src/serialize.rs:147:45
[INFO] [stdout]     |
[INFO] [stdout] 147 | ...                   &f_name: &str,
[INFO] [stdout]     |                       ^^^^^^^ pattern not allowed in function without body
[INFO] [stdout] 
[INFO] [stdout] 
[INFO] [stderr]    Compiling rand v0.3.14
[INFO] [stderr]    Compiling num_cpus v0.2.12
[INFO] [stderr]    Compiling bitflags v0.7.0
[INFO] [stderr]    Compiling byteorder v0.5.1
[INFO] [stderr]    Compiling gif v0.8.0
[INFO] [stderr]    Compiling vec_map v0.6.0
[INFO] [stderr]    Compiling num-integer v0.1.32
[INFO] [stderr]    Compiling ansi_term v0.7.2
[INFO] [stderr]    Compiling miniz-sys v0.1.7
[INFO] [stderr]    Compiling num-iter v0.1.32
[INFO] [stderr]    Compiling unicode-width v0.1.3
[INFO] [stderr]    Compiling strsim v0.4.1
[INFO] [stderr]    Compiling bitflags v0.5.0
[INFO] [stderr]    Compiling deque v0.3.1
[INFO] [stderr]    Compiling glob v0.2.11
[INFO] [stderr]    Compiling lazy_static v0.1.16
[INFO] [stderr]    Compiling rayon v0.3.1
[INFO] [stderr]    Compiling colored v1.2.0
[INFO] [stdout] error: aborting due to previous error
[INFO] [stdout] 
[INFO] [stdout] 
[INFO] [stdout] For more information about this error, try `rustc --explain E0642`.
[INFO] [stdout] 
[INFO] [stderr] error: could not compile `rustc-serialize` (lib) due to 2 previous errors; 1 warning emitted
[INFO] [stderr] warning: build failed, waiting for other jobs to finish...
[INFO] [stdout] error[E0277]: the size for values of type `Self` cannot be known at compilation time
[INFO] [stdout]   --> /opt/rustwide/cargo-home/registry/src/index.crates.io-6f17d22bba15001f/rayon-0.3.1/src/par_iter/internal.rs:25:40
[INFO] [stdout]    |
[INFO] [stdout] 25 |     fn split_at(self, index: usize) -> (Self, Self);
[INFO] [stdout]    |                                        ^^^^^^^^^^^^ doesn't have a size known at compile-time
[INFO] [stdout]    |
[INFO] [stdout]    = note: only the last element of a tuple may have a dynamically sized type
[INFO] [stdout] help: consider further restricting `Self`
[INFO] [stdout]    |
[INFO] [stdout] 25 |     fn split_at(self, index: usize) -> (Self, Self) where Self: Sized;
[INFO] [stdout]    |                                                     +++++++++++++++++
[INFO] [stdout] 
[INFO] [stdout] 
[INFO] [stdout] error[E0277]: the size for values of type `Self` cannot be known at compilation time
[INFO] [stdout]   --> /opt/rustwide/cargo-home/registry/src/index.crates.io-6f17d22bba15001f/rayon-0.3.1/src/par_iter/internal.rs:42:40
[INFO] [stdout]    |
[INFO] [stdout] 42 |     fn split_at(self, index: usize) -> (Self, Self, Self::Reducer);
[INFO] [stdout]    |                                        ^^^^^^^^^^^^^^^^^^^^^^^^^^^ doesn't have a size known at compile-time
[INFO] [stdout]    |
[INFO] [stdout]    = note: only the last element of a tuple may have a dynamically sized type
[INFO] [stdout] help: consider further restricting `Self`
[INFO] [stdout]    |
[INFO] [stdout] 42 |     fn split_at(self, index: usize) -> (Self, Self, Self::Reducer) where Self: Sized;
[INFO] [stdout]    |                                                                    +++++++++++++++++
[INFO] [stdout] 
[INFO] [stdout] 
[INFO] [stdout] error: aborting due to 2 previous errors
[INFO] [stdout] 
[INFO] [stdout] 
[INFO] [stdout] For more information about this error, try `rustc --explain E0277`.
[INFO] [stdout] 
[INFO] [stderr] error: could not compile `rayon` (lib) due to 3 previous errors
[INFO] running `Command { std: "docker" "inspect" "00f8519a4a1e2ecb8481a336cd036d3a32032b1609bc8ea2a7ee4960cf863dda", kill_on_drop: false }`
[INFO] running `Command { std: "docker" "rm" "-f" "00f8519a4a1e2ecb8481a336cd036d3a32032b1609bc8ea2a7ee4960cf863dda", kill_on_drop: false }`
[INFO] [stdout] 00f8519a4a1e2ecb8481a336cd036d3a32032b1609bc8ea2a7ee4960cf863dda
