[INFO] cloning repository https://github.com/expede/gca-rust
[INFO] running `Command { std: "git" "-c" "credential.helper=" "-c" "credential.helper=/workspace/cargo-home/bin/git-credential-null" "clone" "--bare" "https://github.com/expede/gca-rust" "/workspace/cache/git-repos/https%3A%2F%2Fgithub.com%2Fexpede%2Fgca-rust", kill_on_drop: false }`
[INFO] [stderr] Cloning into bare repository '/workspace/cache/git-repos/https%3A%2F%2Fgithub.com%2Fexpede%2Fgca-rust'...
[INFO] running `Command { std: "git" "rev-parse" "HEAD", kill_on_drop: false }`
[INFO] [stdout] 764eef2183ecda8768f4a430ce90acf383c554e2
[INFO] testing expede/gca-rust against beta-2023-04-20 for beta-1.70-1
[INFO] running `Command { std: "git" "clone" "/workspace/cache/git-repos/https%3A%2F%2Fgithub.com%2Fexpede%2Fgca-rust" "/workspace/builds/worker-6-tc2/source", kill_on_drop: false }`
[INFO] [stderr] Cloning into '/workspace/builds/worker-6-tc2/source'...
[INFO] [stderr] done.
[INFO] validating manifest of git repo https://github.com/expede/gca-rust on toolchain beta-2023-04-20
[INFO] running `Command { std: CARGO_HOME="/workspace/cargo-home" RUSTUP_HOME="/workspace/rustup-home" "/workspace/cargo-home/bin/cargo" "+beta-2023-04-20" "metadata" "--manifest-path" "Cargo.toml" "--no-deps", kill_on_drop: false }`
[INFO] removed /workspace/builds/worker-6-tc2/source/rust-toolchain
[INFO] started tweaking git repo https://github.com/expede/gca-rust
[INFO] finished tweaking git repo https://github.com/expede/gca-rust
[INFO] tweaked toml for git repo https://github.com/expede/gca-rust written to /workspace/builds/worker-6-tc2/source/Cargo.toml
[INFO] crate git repo https://github.com/expede/gca-rust already has a lockfile, it will not be regenerated
[INFO] running `Command { std: CARGO_HOME="/workspace/cargo-home" RUSTUP_HOME="/workspace/rustup-home" "/workspace/cargo-home/bin/cargo" "+beta-2023-04-20" "fetch" "--manifest-path" "Cargo.toml", kill_on_drop: false }`
[INFO] [stderr]     Updating crates.io index
[INFO] [stderr]  Downloading crates ...
[INFO] [stderr]   Downloaded serde_ignored v0.0.4
[INFO] [stderr]   Downloaded binary-install v0.0.2
[INFO] [stderr]   Downloaded is_executable v0.1.2
[INFO] [stderr]   Downloaded os_type v2.3.0
[INFO] [stderr]   Downloaded wasm-pack v0.10.0
[INFO] [stderr]   Downloaded openssl-src v111.16.0+1.1.1l
[INFO] running `Command { std: "docker" "create" "-v" "/var/lib/crater-agent-workspace/builds/worker-6-tc2/target:/opt/rustwide/target:rw,Z" "-v" "/var/lib/crater-agent-workspace/builds/worker-6-tc2/source:/opt/rustwide/workdir:ro,Z" "-v" "/var/lib/crater-agent-workspace/cargo-home:/opt/rustwide/cargo-home:ro,Z" "-v" "/var/lib/crater-agent-workspace/rustup-home:/opt/rustwide/rustup-home:ro,Z" "-e" "SOURCE_DIR=/opt/rustwide/workdir" "-e" "CARGO_TARGET_DIR=/opt/rustwide/target" "-e" "CARGO_HOME=/opt/rustwide/cargo-home" "-e" "RUSTUP_HOME=/opt/rustwide/rustup-home" "-w" "/opt/rustwide/workdir" "-m" "1610612736" "--user" "0:0" "--network" "none" "ghcr.io/rust-lang/crates-build-env/linux@sha256:5ff2268d62e97bff2cde7d5815dd6ed5b47097566f13b8d0ca110b04b60e07ed" "/opt/rustwide/cargo-home/bin/cargo" "+beta-2023-04-20" "metadata" "--no-deps" "--format-version=1", kill_on_drop: false }`
[INFO] [stdout] f65444f28a8d7fb89448d02646d75a9666c3fd599f79bb4fe858e612eac19d6b
[INFO] running `Command { std: "docker" "start" "-a" "f65444f28a8d7fb89448d02646d75a9666c3fd599f79bb4fe858e612eac19d6b", kill_on_drop: false }`
[INFO] running `Command { std: "docker" "inspect" "f65444f28a8d7fb89448d02646d75a9666c3fd599f79bb4fe858e612eac19d6b", kill_on_drop: false }`
[INFO] running `Command { std: "docker" "rm" "-f" "f65444f28a8d7fb89448d02646d75a9666c3fd599f79bb4fe858e612eac19d6b", kill_on_drop: false }`
[INFO] [stdout] f65444f28a8d7fb89448d02646d75a9666c3fd599f79bb4fe858e612eac19d6b
[INFO] running `Command { std: "docker" "create" "-v" "/var/lib/crater-agent-workspace/builds/worker-6-tc2/target:/opt/rustwide/target:rw,Z" "-v" "/var/lib/crater-agent-workspace/builds/worker-6-tc2/source:/opt/rustwide/workdir:ro,Z" "-v" "/var/lib/crater-agent-workspace/cargo-home:/opt/rustwide/cargo-home:ro,Z" "-v" "/var/lib/crater-agent-workspace/rustup-home:/opt/rustwide/rustup-home:ro,Z" "-e" "SOURCE_DIR=/opt/rustwide/workdir" "-e" "CARGO_TARGET_DIR=/opt/rustwide/target" "-e" "CARGO_INCREMENTAL=0" "-e" "RUST_BACKTRACE=full" "-e" "RUSTFLAGS=--cap-lints=warn" "-e" "RUSTDOCFLAGS=--cap-lints=warn" "-e" "CARGO_HOME=/opt/rustwide/cargo-home" "-e" "RUSTUP_HOME=/opt/rustwide/rustup-home" "-w" "/opt/rustwide/workdir" "-m" "1610612736" "--user" "0:0" "--network" "none" "ghcr.io/rust-lang/crates-build-env/linux@sha256:5ff2268d62e97bff2cde7d5815dd6ed5b47097566f13b8d0ca110b04b60e07ed" "/opt/rustwide/cargo-home/bin/cargo" "+beta-2023-04-20" "build" "--frozen" "--message-format=json", kill_on_drop: false }`
[INFO] [stdout] a06211860297cc3e0396bda443544d8b048b34a73517674a4cf8969785fec620
[INFO] running `Command { std: "docker" "start" "-a" "a06211860297cc3e0396bda443544d8b048b34a73517674a4cf8969785fec620", kill_on_drop: false }`
[INFO] [stderr]    Compiling cfg-if v1.0.0
[INFO] [stderr]    Compiling proc-macro2 v1.0.29
[INFO] [stderr]    Compiling unicode-xid v0.2.2
[INFO] [stderr]    Compiling log v0.4.14
[INFO] [stderr]    Compiling wasm-bindgen-shared v0.2.76
[INFO] [stderr]    Compiling syn v1.0.75
[INFO] [stderr]    Compiling bumpalo v3.7.0
[INFO] [stderr]    Compiling lazy_static v1.4.0
[INFO] [stderr]    Compiling libc v0.2.101
[INFO] [stderr]    Compiling wasm-bindgen v0.2.76
[INFO] [stderr]    Compiling ppv-lite86 v0.2.10
[INFO] [stderr]    Compiling static_assertions v1.1.0
[INFO] [stderr]    Compiling cfg-if v0.1.10
[INFO] [stderr]    Compiling quote v1.0.9
[INFO] [stderr]    Compiling getrandom v0.2.3
[INFO] [stderr]    Compiling rand_core v0.6.3
[INFO] [stderr]    Compiling rand_chacha v0.3.1
[INFO] [stderr]    Compiling rand v0.8.4
[INFO] [stderr]    Compiling twox-hash v1.6.1
[INFO] [stderr]    Compiling wasm-bindgen-backend v0.2.76
[INFO] [stderr]    Compiling wasm-bindgen-macro-support v0.2.76
[INFO] [stderr]    Compiling wasm-bindgen-macro v0.2.76
[INFO] [stderr]    Compiling js-sys v0.3.53
[INFO] [stderr]    Compiling console_error_panic_hook v0.1.6
[INFO] [stderr]    Compiling wasm-bindgen-futures v0.4.26
[INFO] [stderr]    Compiling web-sys v0.3.53
[INFO] [stderr]    Compiling gca-rust v0.1.0 (/opt/rustwide/workdir)
[INFO] [stdout] warning: found module declaration for lib.rs
[INFO] [stdout]  --> src/main.rs:3:1
[INFO] [stdout]   |
[INFO] [stdout] 3 | mod lib;
[INFO] [stdout]   | ^^^^^^^^
[INFO] [stdout]   |
[INFO] [stdout]   = note: lib.rs is the root of this crate's library target
[INFO] [stdout]   = help: to refer to it from other targets, use the library's name as the path
[INFO] [stdout]   = note: `#[warn(special_module_name)]` on by default
[INFO] [stdout] 
[INFO] [stdout] 
[INFO] [stdout] error[E0597]: `arg1` does not live long enough
[INFO] [stdout]    --> src/lib.rs:151:1
[INFO] [stdout]     |
[INFO] [stdout] 151 | #[wasm_bindgen]
[INFO] [stdout]     | ^^^^^^^^^^^^^^-
[INFO] [stdout]     | |             |
[INFO] [stdout]     | |             `arg1` dropped here while still borrowed
[INFO] [stdout]     | borrowed value does not live long enough
[INFO] [stdout]     | argument requires that `arg1` is borrowed for `'static`
[INFO] [stdout]     |
[INFO] [stdout]     = note: this error originates in the attribute macro `wasm_bindgen` (in Nightly builds, run with -Z macro-backtrace for more info)
[INFO] [stdout] 
[INFO] [stdout] 
[INFO] [stdout] error[E0597]: `arg0` does not live long enough
[INFO] [stdout]    --> src/lib.rs:151:1
[INFO] [stdout]     |
[INFO] [stdout] 151 | #[wasm_bindgen]
[INFO] [stdout]     | ^^^^^^^^^^^^^^-
[INFO] [stdout]     | |             |
[INFO] [stdout]     | |             `arg0` dropped here while still borrowed
[INFO] [stdout]     | borrowed value does not live long enough
[INFO] [stdout]     | argument requires that `arg0` is borrowed for `'static`
[INFO] [stdout]     |
[INFO] [stdout]     = note: this error originates in the attribute macro `wasm_bindgen` (in Nightly builds, run with -Z macro-backtrace for more info)
[INFO] [stdout] 
[INFO] [stdout] 
[INFO] [stdout] error: aborting due to 2 previous errors
[INFO] [stdout] 
[INFO] [stdout] 
[INFO] [stdout] For more information about this error, try `rustc --explain E0597`.
[INFO] [stdout] 
[INFO] [stderr] error: could not compile `gca-rust` (lib) due to 3 previous errors
[INFO] [stderr] warning: build failed, waiting for other jobs to finish...
[INFO] [stdout] error[E0597]: `arg1` does not live long enough
[INFO] [stdout]    --> src/lib.rs:151:1
[INFO] [stdout]     |
[INFO] [stdout] 151 | #[wasm_bindgen]
[INFO] [stdout]     | ^^^^^^^^^^^^^^-
[INFO] [stdout]     | |             |
[INFO] [stdout]     | |             `arg1` dropped here while still borrowed
[INFO] [stdout]     | borrowed value does not live long enough
[INFO] [stdout]     | argument requires that `arg1` is borrowed for `'static`
[INFO] [stdout]     |
[INFO] [stdout]     = note: this error originates in the attribute macro `wasm_bindgen` (in Nightly builds, run with -Z macro-backtrace for more info)
[INFO] [stdout] 
[INFO] [stdout] 
[INFO] [stdout] error[E0597]: `arg0` does not live long enough
[INFO] [stdout]    --> src/lib.rs:151:1
[INFO] [stdout]     |
[INFO] [stdout] 151 | #[wasm_bindgen]
[INFO] [stdout]     | ^^^^^^^^^^^^^^-
[INFO] [stdout]     | |             |
[INFO] [stdout]     | |             `arg0` dropped here while still borrowed
[INFO] [stdout]     | borrowed value does not live long enough
[INFO] [stdout]     | argument requires that `arg0` is borrowed for `'static`
[INFO] [stdout]     |
[INFO] [stdout]     = note: this error originates in the attribute macro `wasm_bindgen` (in Nightly builds, run with -Z macro-backtrace for more info)
[INFO] [stdout] 
[INFO] [stdout] 
[INFO] [stdout] error: aborting due to 2 previous errors; 1 warning emitted
[INFO] [stdout] 
[INFO] [stdout] 
[INFO] [stdout] For more information about this error, try `rustc --explain E0597`.
[INFO] [stdout] 
[INFO] [stderr] error: could not compile `gca-rust` (bin "gca-rust") due to 3 previous errors; 1 warning emitted
[INFO] running `Command { std: "docker" "inspect" "a06211860297cc3e0396bda443544d8b048b34a73517674a4cf8969785fec620", kill_on_drop: false }`
[INFO] running `Command { std: "docker" "rm" "-f" "a06211860297cc3e0396bda443544d8b048b34a73517674a4cf8969785fec620", kill_on_drop: false }`
[INFO] [stdout] a06211860297cc3e0396bda443544d8b048b34a73517674a4cf8969785fec620
