[INFO] cloning repository https://github.com/evopen/git-lock-manager
[INFO] running `Command { std: "git" "-c" "credential.helper=" "-c" "credential.helper=/workspace/cargo-home/bin/git-credential-null" "clone" "--bare" "https://github.com/evopen/git-lock-manager" "/workspace/cache/git-repos/https%3A%2F%2Fgithub.com%2Fevopen%2Fgit-lock-manager", kill_on_drop: false }`
[INFO] [stderr] Cloning into bare repository '/workspace/cache/git-repos/https%3A%2F%2Fgithub.com%2Fevopen%2Fgit-lock-manager'...
[INFO] running `Command { std: "git" "rev-parse" "HEAD", kill_on_drop: false }`
[INFO] [stdout] 34156e23d814e16a79237ad4e52f50f8b030de4d
[INFO] testing evopen/git-lock-manager against 1.69.0 for beta-1.70-1
[INFO] running `Command { std: "git" "clone" "/workspace/cache/git-repos/https%3A%2F%2Fgithub.com%2Fevopen%2Fgit-lock-manager" "/workspace/builds/worker-2-tc1/source", kill_on_drop: false }`
[INFO] [stderr] Cloning into '/workspace/builds/worker-2-tc1/source'...
[INFO] [stderr] done.
[INFO] validating manifest of git repo https://github.com/evopen/git-lock-manager on toolchain 1.69.0
[INFO] running `Command { std: CARGO_HOME="/workspace/cargo-home" RUSTUP_HOME="/workspace/rustup-home" "/workspace/cargo-home/bin/cargo" "+1.69.0" "metadata" "--manifest-path" "Cargo.toml" "--no-deps", kill_on_drop: false }`
[INFO] started tweaking git repo https://github.com/evopen/git-lock-manager
[INFO] finished tweaking git repo https://github.com/evopen/git-lock-manager
[INFO] tweaked toml for git repo https://github.com/evopen/git-lock-manager written to /workspace/builds/worker-2-tc1/source/Cargo.toml
[INFO] crate git repo https://github.com/evopen/git-lock-manager already has a lockfile, it will not be regenerated
[INFO] running `Command { std: CARGO_HOME="/workspace/cargo-home" RUSTUP_HOME="/workspace/rustup-home" "/workspace/cargo-home/bin/cargo" "+1.69.0" "fetch" "--manifest-path" "Cargo.toml", kill_on_drop: false }`
[INFO] [stderr] warning: profiles for the non root package will be ignored, specify profiles at the workspace root:
[INFO] [stderr] package:   /workspace/builds/worker-2-tc1/source/frontend/Cargo.toml
[INFO] [stderr] workspace: /workspace/builds/worker-2-tc1/source/Cargo.toml
[INFO] [stderr] warning: profiles for the non root package will be ignored, specify profiles at the workspace root:
[INFO] [stderr] package:   /workspace/builds/worker-2-tc1/source/src-tauri/Cargo.toml
[INFO] [stderr] workspace: /workspace/builds/worker-2-tc1/source/Cargo.toml
[INFO] [stderr]  Downloading crates ...
[INFO] [stderr]   Downloaded ascii v1.0.0
[INFO] [stderr]   Downloaded runas v0.2.1
[INFO] [stderr]   Downloaded tauri-dialog v0.1.1
[INFO] [stderr]   Downloaded tauri_includedir_codegen v0.6.3
[INFO] [stderr]   Downloaded tauri-dialog-sys v0.1.1
[INFO] [stderr]   Downloaded tauri_includedir v0.6.1
[INFO] [stderr]   Downloaded tauri-utils v0.5.1
[INFO] [stderr]   Downloaded zvariant_derive v3.4.1
[INFO] [stderr]   Downloaded tauri-api v0.7.6
[INFO] [stderr]   Downloaded mac-notification-sys v0.5.2
[INFO] [stderr]   Downloaded async-broadcast v0.4.0
[INFO] [stderr]   Downloaded yewtil v0.3.2
[INFO] [stderr]   Downloaded nfd2 v0.2.3
[INFO] [stderr]   Downloaded winrt-notification v0.5.1
[INFO] [stderr]   Downloaded zbus_macros v2.3.2
[INFO] [stderr]   Downloaded notify-rust v4.5.8
[INFO] [stderr]   Downloaded sysinfo v0.10.5
[INFO] [stderr]   Downloaded attohttpc v0.16.3
[INFO] [stderr]   Downloaded zvariant v3.4.1
[INFO] [stderr]   Downloaded zbus v2.3.2
[INFO] [stderr]   Downloaded nfd v0.0.4
[INFO] [stderr]   Downloaded windows_x86_64_gnu v0.24.0
[INFO] [stderr]   Downloaded windows_x86_64_msvc v0.24.0
[INFO] [stderr]   Downloaded windows_i686_gnu v0.24.0
[INFO] [stderr]   Downloaded windows_i686_msvc v0.24.0
[INFO] [stderr]   Downloaded webview-official-sys v0.1.2
[INFO] [stderr]   Downloaded windows v0.24.0
[INFO] [stderr]   Downloaded webview_official v0.0.3
[INFO] [stderr]   Downloaded tauri v0.9.2
[INFO] running `Command { std: "docker" "create" "-v" "/var/lib/crater-agent-workspace/builds/worker-2-tc1/target:/opt/rustwide/target:rw,Z" "-v" "/var/lib/crater-agent-workspace/builds/worker-2-tc1/source:/opt/rustwide/workdir:ro,Z" "-v" "/var/lib/crater-agent-workspace/cargo-home:/opt/rustwide/cargo-home:ro,Z" "-v" "/var/lib/crater-agent-workspace/rustup-home:/opt/rustwide/rustup-home:ro,Z" "-e" "SOURCE_DIR=/opt/rustwide/workdir" "-e" "CARGO_TARGET_DIR=/opt/rustwide/target" "-e" "CARGO_HOME=/opt/rustwide/cargo-home" "-e" "RUSTUP_HOME=/opt/rustwide/rustup-home" "-w" "/opt/rustwide/workdir" "-m" "1610612736" "--user" "0:0" "--network" "none" "ghcr.io/rust-lang/crates-build-env/linux@sha256:5ff2268d62e97bff2cde7d5815dd6ed5b47097566f13b8d0ca110b04b60e07ed" "/opt/rustwide/cargo-home/bin/cargo" "+1.69.0" "metadata" "--no-deps" "--format-version=1", kill_on_drop: false }`
[INFO] [stdout] 34f9e48907c529f5f0fa864f8c223b3bb3d5c254ac98b320f93b496f422cc972
[INFO] running `Command { std: "docker" "start" "-a" "34f9e48907c529f5f0fa864f8c223b3bb3d5c254ac98b320f93b496f422cc972", kill_on_drop: false }`
[INFO] running `Command { std: "docker" "inspect" "34f9e48907c529f5f0fa864f8c223b3bb3d5c254ac98b320f93b496f422cc972", kill_on_drop: false }`
[INFO] running `Command { std: "docker" "rm" "-f" "34f9e48907c529f5f0fa864f8c223b3bb3d5c254ac98b320f93b496f422cc972", kill_on_drop: false }`
[INFO] [stdout] 34f9e48907c529f5f0fa864f8c223b3bb3d5c254ac98b320f93b496f422cc972
[INFO] running `Command { std: "docker" "create" "-v" "/var/lib/crater-agent-workspace/builds/worker-2-tc1/target:/opt/rustwide/target:rw,Z" "-v" "/var/lib/crater-agent-workspace/builds/worker-2-tc1/source:/opt/rustwide/workdir:ro,Z" "-v" "/var/lib/crater-agent-workspace/cargo-home:/opt/rustwide/cargo-home:ro,Z" "-v" "/var/lib/crater-agent-workspace/rustup-home:/opt/rustwide/rustup-home:ro,Z" "-e" "SOURCE_DIR=/opt/rustwide/workdir" "-e" "CARGO_TARGET_DIR=/opt/rustwide/target" "-e" "CARGO_INCREMENTAL=0" "-e" "RUST_BACKTRACE=full" "-e" "RUSTFLAGS=--cap-lints=warn" "-e" "RUSTDOCFLAGS=--cap-lints=warn" "-e" "CARGO_HOME=/opt/rustwide/cargo-home" "-e" "RUSTUP_HOME=/opt/rustwide/rustup-home" "-w" "/opt/rustwide/workdir" "-m" "1610612736" "--user" "0:0" "--network" "none" "ghcr.io/rust-lang/crates-build-env/linux@sha256:5ff2268d62e97bff2cde7d5815dd6ed5b47097566f13b8d0ca110b04b60e07ed" "/opt/rustwide/cargo-home/bin/cargo" "+1.69.0" "build" "--frozen" "--message-format=json", kill_on_drop: false }`
[INFO] [stdout] bece59059e1614f47ce485c70a243c9792c06e90d8e754421be0dc88c2b9e3a6
[INFO] running `Command { std: "docker" "start" "-a" "bece59059e1614f47ce485c70a243c9792c06e90d8e754421be0dc88c2b9e3a6", kill_on_drop: false }`
[INFO] [stderr] warning: profiles for the non root package will be ignored, specify profiles at the workspace root:
[INFO] [stderr] package:   /opt/rustwide/workdir/frontend/Cargo.toml
[INFO] [stderr] workspace: /opt/rustwide/workdir/Cargo.toml
[INFO] [stderr] warning: profiles for the non root package will be ignored, specify profiles at the workspace root:
[INFO] [stderr] package:   /opt/rustwide/workdir/src-tauri/Cargo.toml
[INFO] [stderr] workspace: /opt/rustwide/workdir/Cargo.toml
[INFO] [stderr]    Compiling proc-macro2 v1.0.40
[INFO] [stderr]    Compiling quote v1.0.20
[INFO] [stderr]    Compiling unicode-ident v1.0.1
[INFO] [stderr]    Compiling syn v1.0.98
[INFO] [stderr]    Compiling libc v0.2.126
[INFO] [stderr]    Compiling autocfg v1.1.0
[INFO] [stderr]    Compiling serde_derive v1.0.138
[INFO] [stderr]    Compiling serde v1.0.138
[INFO] [stderr]    Compiling cc v1.0.73
[INFO] [stderr]    Compiling log v0.4.17
[INFO] [stderr]    Compiling pkg-config v0.3.25
[INFO] [stderr]    Compiling lazy_static v1.4.0
[INFO] [stderr]    Compiling once_cell v1.12.0
[INFO] [stderr]    Compiling futures-core v0.3.21
[INFO] [stderr]    Compiling memchr v2.5.0
[INFO] [stderr]    Compiling serde_json v1.0.82
[INFO] [stderr]    Compiling itoa v1.0.2
[INFO] [stderr]    Compiling wasm-bindgen-shared v0.2.81
[INFO] [stderr]    Compiling ryu v1.0.10
[INFO] [stderr]    Compiling bumpalo v3.10.0
[INFO] [stderr]    Compiling pin-project-lite v0.2.9
[INFO] [stderr]    Compiling futures-io v0.3.21
[INFO] [stderr]    Compiling memoffset v0.6.5
[INFO] [stderr]    Compiling wasm-bindgen v0.2.81
[INFO] [stderr]    Compiling scopeguard v1.1.0
[INFO] [stderr]    Compiling getrandom v0.1.16
[INFO] [stderr]    Compiling ppv-lite86 v0.2.16
[INFO] [stderr]    Compiling futures-channel v0.3.21
[INFO] [stderr]    Compiling slab v0.4.6
[INFO] [stderr]    Compiling futures-task v0.3.21
[INFO] [stderr]    Compiling crossbeam-utils v0.8.10
[INFO] [stderr]    Compiling futures-util v0.3.21
[INFO] [stderr]    Compiling futures-sink v0.3.21
[INFO] [stderr]    Compiling crc32fast v1.3.2
[INFO] [stderr]    Compiling pin-utils v0.1.0
[INFO] [stderr]    Compiling adler v1.0.2
[INFO] [stderr]    Compiling crossbeam-epoch v0.9.9
[INFO] [stderr]    Compiling siphasher v0.3.10
[INFO] [stderr]    Compiling miniz_oxide v0.5.3
[INFO] [stderr]    Compiling lock_api v0.4.7
[INFO] [stderr]    Compiling rayon-core v1.9.3
[INFO] [stderr]    Compiling anyhow v1.0.58
[INFO] [stderr]    Compiling phf_shared v0.8.0
[INFO] [stderr]    Compiling tinyvec_macros v0.1.0
[INFO] [stderr]    Compiling parking_lot_core v0.8.5
[INFO] [stderr]    Compiling cache-padded v1.2.0
[INFO] [stderr]    Compiling fastrand v1.7.0
[INFO] [stderr]    Compiling bitflags v1.3.2
[INFO] [stderr]    Compiling tinyvec v1.6.0
[INFO] [stderr]    Compiling concurrent-queue v1.2.2
[INFO] [stderr]    Compiling indexmap v1.9.1
[INFO] [stderr]    Compiling instant v0.1.12
[INFO] [stderr]    Compiling openssl-sys v0.9.74
[INFO] [stderr]    Compiling bytes v1.1.0
[INFO] [stderr]    Compiling smallvec v1.9.0
[INFO] [stderr]    Compiling waker-fn v1.1.0
[INFO] [stderr]    Compiling cfg-if v0.1.10
[INFO] [stderr]    Compiling fnv v1.0.7
[INFO] [stderr]    Compiling parking v2.0.0
[INFO] [stderr]    Compiling matches v0.1.9
[INFO] [stderr]    Compiling event-listener v2.5.2
[INFO] [stderr]    Compiling getrandom v0.2.7
[INFO] [stderr]    Compiling num_cpus v1.13.1
[INFO] [stderr]    Compiling byteorder v1.4.3
[INFO] [stderr]    Compiling futures-lite v1.12.0
[INFO] [stderr]    Compiling crossbeam-deque v0.8.1
[INFO] [stderr]    Compiling rand_core v0.5.1
[INFO] [stderr]    Compiling flate2 v1.0.24
[INFO] [stderr]    Compiling unicode-normalization v0.1.21
[INFO] [stderr]    Compiling rand_core v0.6.3
[INFO] [stderr]    Compiling bzip2-sys v0.1.11+1.0.8
[INFO] [stderr]    Compiling rand_pcg v0.2.1
[INFO] [stderr]    Compiling rand_chacha v0.2.2
[INFO] [stderr]    Compiling http v0.2.8
[INFO] [stderr]    Compiling crossbeam-channel v0.5.5
[INFO] [stderr]    Compiling aho-corasick v0.7.18
[INFO] [stderr]    Compiling rayon v1.5.3
[INFO] [stderr]    Compiling openssl v0.10.40
[INFO] [stderr]    Compiling rand v0.7.3
[INFO] [stderr]    Compiling unicode-bidi v0.3.8
[INFO] [stderr]    Compiling regex-syntax v0.6.26
[INFO] [stderr]    Compiling hashbrown v0.12.1
[INFO] [stderr]    Compiling static_assertions v1.1.0
[INFO] [stderr]    Compiling foreign-types-shared v0.1.1
[INFO] [stderr]    Compiling async-trait v0.1.56
[INFO] [stderr]    Compiling percent-encoding v2.1.0
[INFO] [stderr]    Compiling doc-comment v0.3.3
[INFO] [stderr]    Compiling foreign-types v0.3.2
[INFO] [stderr]    Compiling parking_lot v0.11.2
[INFO] [stderr]    Compiling idna v0.2.3
[INFO] [stderr]    Compiling form_urlencoded v1.0.1
[INFO] [stderr]    Compiling rand_chacha v0.3.1
[INFO] [stderr]    Compiling dirs-sys v0.3.7
[INFO] [stderr]    Compiling socket2 v0.4.4
[INFO] [stderr]    Compiling polling v2.2.0
[INFO] [stderr]    Compiling tauri-dialog-sys v0.1.1
[INFO] [stderr]    Compiling tracing-core v0.1.28
[INFO] [stderr]    Compiling proc-macro-hack v0.5.19
[INFO] [stderr]    Compiling phf_generator v0.8.0
[INFO] [stderr]    Compiling easy-parallel v3.2.0
[INFO] [stderr]    Compiling async-task v4.2.0
[INFO] [stderr]    Compiling sysinfo v0.10.5
[INFO] [stderr]    Compiling sha1_smol v1.0.0
[INFO] [stderr]    Compiling ucd-trie v0.1.3
[INFO] [stderr]    Compiling either v1.7.0
[INFO] [stderr]    Compiling gcc v0.3.55
[INFO] [stderr]    Compiling same-file v1.0.6
[INFO] [stderr]    Compiling native-tls v0.2.10
[INFO] [stderr]    Compiling pest v2.1.3
[INFO] [stderr]    Compiling sha1 v0.6.1
[INFO] [stderr]    Compiling async-executor v1.4.1
[INFO] [stderr]    Compiling walkdir v2.3.2
[INFO] [stderr]    Compiling async-broadcast v0.4.0
[INFO] [stderr]    Compiling phf_codegen v0.8.0
[INFO] [stderr]    Compiling async-io v1.7.0
[INFO] [stderr]    Compiling url v2.2.2
[INFO] [stderr]    Compiling regex v1.5.6
[INFO] [stderr]    Compiling rand v0.8.5
[INFO] [stderr]    Compiling dirs v4.0.0
[INFO] [stderr]    Compiling async-lock v2.5.0
[INFO] [stderr]    Compiling async-channel v1.6.1
[INFO] [stderr]    Compiling nix v0.23.1
[INFO] [stderr]    Compiling webview-official-sys v0.1.2
[INFO] [stderr]    Compiling ordered-stream v0.0.1
[INFO] [stderr]    Compiling nfd v0.0.4
[INFO] [stderr]    Compiling hex v0.4.3
[INFO] [stderr]    Compiling proc-macro-nested v0.1.7
[INFO] [stderr]    Compiling openssl-probe v0.1.5
[INFO] [stderr]    Compiling itoa v0.4.8
[INFO] [stderr]    Compiling dtoa v0.4.8
[INFO] [stderr]    Compiling semver-parser v0.10.2
[INFO] [stderr]    Compiling bzip2 v0.4.3
[INFO] [stderr]    Compiling tauri_includedir_codegen v0.6.3
[INFO] [stderr]    Compiling filetime v0.2.17
[INFO] [stderr]    Compiling xattr v0.2.3
[INFO] [stderr]    Compiling dirs-sys-next v0.1.2
[INFO] [stderr]    Compiling wasm-bindgen-backend v0.2.81
[INFO] [stderr]    Compiling time v0.1.44
[INFO] [stderr]    Compiling cfg_aliases v0.1.1
[INFO] [stderr]    Compiling remove_dir_all v0.5.3
[INFO] [stderr]    Compiling tauri-api v0.7.6
[INFO] [stderr]    Compiling yew v0.17.4
[INFO] [stderr]    Compiling boolinator v2.4.0
[INFO] [stderr]    Compiling wildmatch v1.1.0
[INFO] [stderr]    Compiling tauri v0.9.2
[INFO] [stderr]    Compiling tempfile v3.3.0
[INFO] [stderr]    Compiling semver v0.11.0
[INFO] [stderr]    Compiling dirs-next v1.0.2
[INFO] [stderr]    Compiling tar v0.4.38
[INFO] [stderr]    Compiling tauri-dialog v0.1.1
[INFO] [stderr]    Compiling nfd2 v0.2.3
[INFO] [stderr]    Compiling phf v0.8.0
[INFO] [stderr]    Compiling anymap v0.12.1
[INFO] [stderr]    Compiling fsio v0.1.3
[INFO] [stderr]    Compiling wasm-bindgen-macro-support v0.2.81
[INFO] [stderr]    Compiling cfg-match v0.2.1
[INFO] [stderr]    Compiling winapi v0.3.9
[INFO] [stderr]    Compiling envmnt v0.8.4
[INFO] [stderr]    Compiling tauri_includedir v0.6.1
[INFO] [stderr]    Compiling threadpool v1.8.1
[INFO] [stderr]    Compiling uuid v0.8.2
[INFO] [stderr]    Compiling thread_local v1.1.4
[INFO] [stderr]    Compiling git-lock-manager v1.1.1 (/opt/rustwide/workdir/src-tauri)
[INFO] [stderr]    Compiling urlencoding v1.3.3
[INFO] [stderr]    Compiling base64 v0.12.3
[INFO] [stderr]    Compiling webbrowser v0.5.5
[INFO] [stderr]    Compiling fuzzy-matcher v0.3.7
[INFO] [stderr]    Compiling webview_official v0.0.3
[INFO] [stderr]    Compiling thiserror-impl v1.0.31
[INFO] [stderr]    Compiling wasm-bindgen-macro v0.2.81
[INFO] [stderr]    Compiling futures-macro v0.3.21
[INFO] [stderr]    Compiling enumflags2_derive v0.7.4
[INFO] [stderr]    Compiling tracing-attributes v0.1.22
[INFO] [stderr]    Compiling openssl-macros v0.1.0
[INFO] [stderr]    Compiling derivative v2.2.0
[INFO] [stderr]    Compiling async-recursion v0.3.2
[INFO] [stderr]    Compiling serde_repr v0.1.8
[INFO] [stderr]    Compiling yew-macro v0.17.0
[INFO] [stderr]    Compiling tracing v0.1.35
[INFO] [stderr]    Compiling thiserror v1.0.31
[INFO] [stderr]    Compiling zip v0.5.13
[INFO] [stderr]    Compiling tauri-utils v0.5.1
[INFO] [stderr]    Compiling futures-executor v0.3.21
[INFO] [stderr]    Compiling futures v0.3.21
[INFO] [stderr]    Compiling toml v0.5.9
[INFO] [stderr]    Compiling enumflags2 v0.7.5
[INFO] [stderr]    Compiling serde_urlencoded v0.6.1
[INFO] [stderr]    Compiling bincode v1.3.3
[INFO] [stderr]    Compiling backend-api v0.1.0 (/opt/rustwide/workdir/backend-api)
[INFO] [stderr]    Compiling proc-macro-crate v1.1.3
[INFO] [stderr]    Compiling attohttpc v0.16.3
[INFO] [stderr]    Compiling zvariant_derive v3.4.1
[INFO] [stderr]    Compiling zbus_macros v2.3.2
[INFO] [stderr]    Compiling js-sys v0.3.58
[INFO] [stderr]    Compiling console_error_panic_hook v0.1.7
[INFO] [stderr]    Compiling zvariant v3.4.1
[INFO] [stderr]    Compiling web-sys v0.3.58
[INFO] [stderr]    Compiling gloo-timers v0.2.4
[INFO] [stderr]    Compiling wasm-bindgen-futures v0.4.31
[INFO] [stderr]    Compiling zbus_names v2.1.0
[INFO] [stderr]    Compiling zbus v2.3.2
[INFO] [stderr]    Compiling notify-rust v4.5.8
[INFO] [stderr]    Compiling gloo-events v0.1.2
[INFO] [stderr]    Compiling gloo-console-timer v0.1.0
[INFO] [stderr]    Compiling gloo-file v0.1.0
[INFO] [stderr]    Compiling gloo v0.2.1
[INFO] [stderr]    Compiling yewtil v0.3.2
[INFO] [stdout] error[E0433]: failed to resolve: could not find `windows` in `os`
[INFO] [stdout]   --> src-tauri/src/main.rs:13:14
[INFO] [stdout]    |
[INFO] [stdout] 13 | use std::os::windows::process::CommandExt;
[INFO] [stdout]    |              ^^^^^^^ could not find `windows` in `os`
[INFO] [stdout] 
[INFO] [stdout] 
[INFO] [stdout] error[E0433]: failed to resolve: could not find `um` in `winapi`
[INFO] [stdout]   --> src-tauri/src/main.rs:38:33
[INFO] [stdout]    |
[INFO] [stdout] 38 |         .creation_flags(winapi::um::winbase::CREATE_NO_WINDOW)
[INFO] [stdout]    |                                 ^^ could not find `um` in `winapi`
[INFO] [stdout] 
[INFO] [stdout] 
[INFO] [stdout] error[E0433]: failed to resolve: could not find `um` in `winapi`
[INFO] [stdout]   --> src-tauri/src/main.rs:55:33
[INFO] [stdout]    |
[INFO] [stdout] 55 |         .creation_flags(winapi::um::winbase::CREATE_NO_WINDOW)
[INFO] [stdout]    |                                 ^^ could not find `um` in `winapi`
[INFO] [stdout] 
[INFO] [stdout] 
[INFO] [stdout] error[E0433]: failed to resolve: could not find `um` in `winapi`
[INFO] [stdout]   --> src-tauri/src/main.rs:75:33
[INFO] [stdout]    |
[INFO] [stdout] 75 |         .creation_flags(winapi::um::winbase::CREATE_NO_WINDOW)
[INFO] [stdout]    |                                 ^^ could not find `um` in `winapi`
[INFO] [stdout] 
[INFO] [stdout] 
[INFO] [stdout] error[E0433]: failed to resolve: could not find `um` in `winapi`
[INFO] [stdout]   --> src-tauri/src/main.rs:98:33
[INFO] [stdout]    |
[INFO] [stdout] 98 |         .creation_flags(winapi::um::winbase::CREATE_NO_WINDOW)
[INFO] [stdout]    |                                 ^^ could not find `um` in `winapi`
[INFO] [stdout] 
[INFO] [stdout] 
[INFO] [stdout] warning: unused import: `Result`
[INFO] [stdout]  --> src-tauri/src/main.rs:6:22
[INFO] [stdout]   |
[INFO] [stdout] 6 | use anyhow::{anyhow, Result};
[INFO] [stdout]   |                      ^^^^^^
[INFO] [stdout]   |
[INFO] [stdout]   = note: `#[warn(unused_imports)]` on by default
[INFO] [stdout] 
[INFO] [stdout] 
[INFO] [stdout] warning: unused import: `LockEntry`
[INFO] [stdout]  --> src-tauri/src/main.rs:8:19
[INFO] [stdout]   |
[INFO] [stdout] 8 | use backend_api::{LockEntry, Request};
[INFO] [stdout]   |                   ^^^^^^^^^
[INFO] [stdout] 
[INFO] [stdout] 
[INFO] [stdout] warning: unused import: `serde_json::Error`
[INFO] [stdout]   --> src-tauri/src/main.rs:12:5
[INFO] [stdout]    |
[INFO] [stdout] 12 | use serde_json::Error;
[INFO] [stdout]    |     ^^^^^^^^^^^^^^^^^
[INFO] [stdout] 
[INFO] [stdout] 
[INFO] [stdout] warning: unused import: `PathBuf`
[INFO] [stdout]   --> src-tauri/src/main.rs:14:23
[INFO] [stdout]    |
[INFO] [stdout] 14 | use std::path::{Path, PathBuf};
[INFO] [stdout]    |                       ^^^^^^^
[INFO] [stdout] 
[INFO] [stdout] 
[INFO] [stdout] warning: unused import: `std::process::ExitStatus`
[INFO] [stdout]   --> src-tauri/src/main.rs:15:5
[INFO] [stdout]    |
[INFO] [stdout] 15 | use std::process::ExitStatus;
[INFO] [stdout]    |     ^^^^^^^^^^^^^^^^^^^^^^^^
[INFO] [stdout] 
[INFO] [stdout] 
[INFO] [stdout] error[E0599]: no method named `creation_flags` found for mutable reference `&mut std::process::Command` in the current scope
[INFO] [stdout]   --> src-tauri/src/main.rs:38:10
[INFO] [stdout]    |
[INFO] [stdout] 34 |       let output = std::process::Command::new("git")
[INFO] [stdout]    |  __________________-
[INFO] [stdout] 35 | |         .arg("lfs")
[INFO] [stdout] 36 | |         .arg("ls-files")
[INFO] [stdout] 37 | |         .arg("-n")
[INFO] [stdout] 38 | |         .creation_flags(winapi::um::winbase::CREATE_NO_WINDOW)
[INFO] [stdout]    | |         -^^^^^^^^^^^^^^ method not found in `&mut Command`
[INFO] [stdout]    | |_________|
[INFO] [stdout]    | 
[INFO] [stdout] 
[INFO] [stdout] 
[INFO] [stderr]    Compiling frontend v0.1.0 (/opt/rustwide/workdir/frontend)
[INFO] [stdout] error[E0599]: no method named `creation_flags` found for mutable reference `&mut std::process::Command` in the current scope
[INFO] [stdout]   --> src-tauri/src/main.rs:55:10
[INFO] [stdout]    |
[INFO] [stdout] 51 |       let output = std::process::Command::new("git")
[INFO] [stdout]    |  __________________-
[INFO] [stdout] 52 | |         .arg("lfs")
[INFO] [stdout] 53 | |         .arg("locks")
[INFO] [stdout] 54 | |         .current_dir(&path)
[INFO] [stdout] 55 | |         .creation_flags(winapi::um::winbase::CREATE_NO_WINDOW)
[INFO] [stdout]    | |         -^^^^^^^^^^^^^^ method not found in `&mut Command`
[INFO] [stdout]    | |_________|
[INFO] [stdout]    | 
[INFO] [stdout] 
[INFO] [stdout] 
[INFO] [stdout] error[E0599]: no method named `creation_flags` found for mutable reference `&mut std::process::Command` in the current scope
[INFO] [stdout]   --> src-tauri/src/main.rs:75:10
[INFO] [stdout]    |
[INFO] [stdout] 69 |       let output = std::process::Command::new("git")
[INFO] [stdout]    |  __________________-
[INFO] [stdout] 70 | |         .arg("lfs")
[INFO] [stdout] 71 | |         .arg("lock")
[INFO] [stdout] 72 | |         .arg(&file)
[INFO] [stdout] 73 | |         .arg("--json")
[INFO] [stdout] 74 | |         .current_dir(&repo)
[INFO] [stdout] 75 | |         .creation_flags(winapi::um::winbase::CREATE_NO_WINDOW)
[INFO] [stdout]    | |         -^^^^^^^^^^^^^^ method not found in `&mut Command`
[INFO] [stdout]    | |_________|
[INFO] [stdout]    | 
[INFO] [stdout] 
[INFO] [stdout] 
[INFO] [stdout] error[E0599]: no method named `creation_flags` found for mutable reference `&mut std::process::Command` in the current scope
[INFO] [stdout]   --> src-tauri/src/main.rs:98:10
[INFO] [stdout]    |
[INFO] [stdout] 92 |       let output = std::process::Command::new("git")
[INFO] [stdout]    |  __________________-
[INFO] [stdout] 93 | |         .arg("lfs")
[INFO] [stdout] 94 | |         .arg("unlock")
[INFO] [stdout] 95 | |         .arg("-i")
[INFO] [stdout] 96 | |         .arg(id.to_string())
[INFO] [stdout] 97 | |         .current_dir(&repo)
[INFO] [stdout] 98 | |         .creation_flags(winapi::um::winbase::CREATE_NO_WINDOW)
[INFO] [stdout]    | |         -^^^^^^^^^^^^^^ method not found in `&mut Command`
[INFO] [stdout]    | |_________|
[INFO] [stdout]    | 
[INFO] [stdout] 
[INFO] [stdout] 
[INFO] [stdout] error: aborting due to 9 previous errors; 5 warnings emitted
[INFO] [stdout] 
[INFO] [stdout] 
[INFO] [stdout] Some errors have detailed explanations: E0433, E0599.
[INFO] [stdout] 
[INFO] [stdout] For more information about an error, try `rustc --explain E0433`.
[INFO] [stdout] 
[INFO] [stderr] error: could not compile `git-lock-manager` due to 10 previous errors; 5 warnings emitted
[INFO] [stderr] warning: build failed, waiting for other jobs to finish...
[INFO] [stdout] warning: unused imports: `Duration`, `SystemTime`
[INFO] [stdout]  --> frontend/src/main.rs:6:17
[INFO] [stdout]   |
[INFO] [stdout] 6 | use std::time::{Duration, SystemTime};
[INFO] [stdout]   |                 ^^^^^^^^  ^^^^^^^^^^
[INFO] [stdout]   |
[INFO] [stdout]   = note: `#[warn(unused_imports)]` on by default
[INFO] [stdout] 
[INFO] [stdout] 
[INFO] [stdout] error[E0533]: expected value, found struct variant `api::Request::PickRepo`
[INFO] [stdout]   --> frontend/src/main.rs:75:43
[INFO] [stdout]    |
[INFO] [stdout] 75 |         .promisified(JsValue::from_serde(&api::Request::PickRepo).unwrap())
[INFO] [stdout]    |                                           ^^^^^^^^^^^^^^^^^^^^^^ not a value
[INFO] [stdout] 
[INFO] [stdout] 
[INFO] [stdout] error[E0063]: missing fields `callback` and `error` in initializer of `backend_api::Request`
[INFO] [stdout]   --> frontend/src/main.rs:90:34
[INFO] [stdout]    |
[INFO] [stdout] 90 |             JsValue::from_serde(&api::Request::Echo {
[INFO] [stdout]    |                                  ^^^^^^^^^^^^^^^^^^ missing `callback` and `error`
[INFO] [stdout] 
[INFO] [stdout] 
[INFO] [stdout] error[E0533]: expected value, found struct variant `api::Request::GetLockedFiles`
[INFO] [stdout]    --> frontend/src/main.rs:108:43
[INFO] [stdout]     |
[INFO] [stdout] 108 |         .promisified(JsValue::from_serde(&api::Request::GetLockedFiles).unwrap())
[INFO] [stdout]     |                                           ^^^^^^^^^^^^^^^^^^^^^^^^^^^^ not a value
[INFO] [stdout] 
[INFO] [stdout] 
[INFO] [stdout] error[E0063]: missing fields `callback` and `error` in initializer of `backend_api::Request`
[INFO] [stdout]    --> frontend/src/main.rs:124:43
[INFO] [stdout]     |
[INFO] [stdout] 124 |         .promisified(JsValue::from_serde(&api::Request::GetFilteredFiles { filter }).unwrap())
[INFO] [stdout]     |                                           ^^^^^^^^^^^^^^^^^^^^^^^^^^^^^^ missing `callback` and `error`
[INFO] [stdout] 
[INFO] [stdout] 
[INFO] [stdout] error[E0063]: missing fields `callback` and `error` in initializer of `backend_api::Request`
[INFO] [stdout]    --> frontend/src/main.rs:140:43
[INFO] [stdout]     |
[INFO] [stdout] 140 |         .promisified(JsValue::from_serde(&api::Request::UnlockFile { id }).unwrap())
[INFO] [stdout]     |                                           ^^^^^^^^^^^^^^^^^^^^^^^^ missing `callback` and `error`
[INFO] [stdout] 
[INFO] [stdout] 
[INFO] [stdout] error[E0063]: missing fields `callback` and `error` in initializer of `backend_api::Request`
[INFO] [stdout]    --> frontend/src/main.rs:155:43
[INFO] [stdout]     |
[INFO] [stdout] 155 |         .promisified(JsValue::from_serde(&api::Request::LockFile { path }).unwrap())
[INFO] [stdout]     |                                           ^^^^^^^^^^^^^^^^^^^^^^ missing `callback` and `error`
[INFO] [stdout] 
[INFO] [stdout] 
[INFO] [stdout] error: aborting due to 6 previous errors; 1 warning emitted
[INFO] [stdout] 
[INFO] [stdout] 
[INFO] [stdout] Some errors have detailed explanations: E0063, E0533.
[INFO] [stdout] 
[INFO] [stdout] For more information about an error, try `rustc --explain E0063`.
[INFO] [stdout] 
[INFO] [stderr] error: could not compile `frontend` due to 7 previous errors; 1 warning emitted
[INFO] running `Command { std: "docker" "inspect" "bece59059e1614f47ce485c70a243c9792c06e90d8e754421be0dc88c2b9e3a6", kill_on_drop: false }`
[INFO] running `Command { std: "docker" "rm" "-f" "bece59059e1614f47ce485c70a243c9792c06e90d8e754421be0dc88c2b9e3a6", kill_on_drop: false }`
[INFO] [stdout] bece59059e1614f47ce485c70a243c9792c06e90d8e754421be0dc88c2b9e3a6
