[INFO] cloning repository https://github.com/evomata/evomata12
[INFO] running `Command { std: "git" "-c" "credential.helper=" "-c" "credential.helper=/workspace/cargo-home/bin/git-credential-null" "clone" "--bare" "https://github.com/evomata/evomata12" "/workspace/cache/git-repos/https%3A%2F%2Fgithub.com%2Fevomata%2Fevomata12", kill_on_drop: false }`
[INFO] [stderr] Cloning into bare repository '/workspace/cache/git-repos/https%3A%2F%2Fgithub.com%2Fevomata%2Fevomata12'...
[INFO] running `Command { std: "git" "rev-parse" "HEAD", kill_on_drop: false }`
[INFO] [stdout] 98b176ba29746a66df62155293cfe50ef044ef40
[INFO] testing evomata/evomata12 against beta-2023-04-20 for beta-1.70-1
[INFO] running `Command { std: "git" "clone" "/workspace/cache/git-repos/https%3A%2F%2Fgithub.com%2Fevomata%2Fevomata12" "/workspace/builds/worker-2-tc2/source", kill_on_drop: false }`
[INFO] [stderr] Cloning into '/workspace/builds/worker-2-tc2/source'...
[INFO] [stderr] done.
[INFO] validating manifest of git repo https://github.com/evomata/evomata12 on toolchain beta-2023-04-20
[INFO] running `Command { std: CARGO_HOME="/workspace/cargo-home" RUSTUP_HOME="/workspace/rustup-home" "/workspace/cargo-home/bin/cargo" "+beta-2023-04-20" "metadata" "--manifest-path" "Cargo.toml" "--no-deps", kill_on_drop: false }`
[INFO] started tweaking git repo https://github.com/evomata/evomata12
[INFO] finished tweaking git repo https://github.com/evomata/evomata12
[INFO] tweaked toml for git repo https://github.com/evomata/evomata12 written to /workspace/builds/worker-2-tc2/source/Cargo.toml
[INFO] crate git repo https://github.com/evomata/evomata12 already has a lockfile, it will not be regenerated
[INFO] running `Command { std: CARGO_HOME="/workspace/cargo-home" RUSTUP_HOME="/workspace/rustup-home" "/workspace/cargo-home/bin/cargo" "+beta-2023-04-20" "fetch" "--manifest-path" "Cargo.toml", kill_on_drop: false }`
[INFO] [stderr]     Updating crates.io index
[INFO] [stderr]  Downloading crates ...
[INFO] [stderr]   Downloaded array-init v0.0.3
[INFO] [stderr]   Downloaded gridsim-ui v0.2.0
[INFO] [stderr]   Downloaded cc v1.0.13
[INFO] [stderr]   Downloaded backtrace v0.3.6
[INFO] [stderr]   Downloaded gleam v0.4.34
[INFO] [stderr]   Downloaded enum-iterator-derive v0.1.1
[INFO] [stderr]   Downloaded gridsim v0.2.0
[INFO] [stderr]   Downloaded noisy_float v0.1.4
[INFO] [stderr]   Downloaded alga v0.5.4
[INFO] [stderr]   Downloaded bitflags v1.0.2
[INFO] [stderr]   Downloaded rand_core v0.2.0-pre.0
[INFO] [stderr]   Downloaded rand v0.5.0-pre.2
[INFO] [stderr]   Downloaded nalgebra v0.14.3
[INFO] running `Command { std: "docker" "create" "-v" "/var/lib/crater-agent-workspace/builds/worker-2-tc2/target:/opt/rustwide/target:rw,Z" "-v" "/var/lib/crater-agent-workspace/builds/worker-2-tc2/source:/opt/rustwide/workdir:ro,Z" "-v" "/var/lib/crater-agent-workspace/cargo-home:/opt/rustwide/cargo-home:ro,Z" "-v" "/var/lib/crater-agent-workspace/rustup-home:/opt/rustwide/rustup-home:ro,Z" "-e" "SOURCE_DIR=/opt/rustwide/workdir" "-e" "CARGO_TARGET_DIR=/opt/rustwide/target" "-e" "CARGO_HOME=/opt/rustwide/cargo-home" "-e" "RUSTUP_HOME=/opt/rustwide/rustup-home" "-w" "/opt/rustwide/workdir" "-m" "1610612736" "--user" "0:0" "--network" "none" "ghcr.io/rust-lang/crates-build-env/linux@sha256:5ff2268d62e97bff2cde7d5815dd6ed5b47097566f13b8d0ca110b04b60e07ed" "/opt/rustwide/cargo-home/bin/cargo" "+beta-2023-04-20" "metadata" "--no-deps" "--format-version=1", kill_on_drop: false }`
[INFO] [stdout] ca1ecaa5beb606cf0ae981b59ff27d35b4caccb543662f2761b26bb7491b24a7
[INFO] running `Command { std: "docker" "start" "-a" "ca1ecaa5beb606cf0ae981b59ff27d35b4caccb543662f2761b26bb7491b24a7", kill_on_drop: false }`
[INFO] running `Command { std: "docker" "inspect" "ca1ecaa5beb606cf0ae981b59ff27d35b4caccb543662f2761b26bb7491b24a7", kill_on_drop: false }`
[INFO] running `Command { std: "docker" "rm" "-f" "ca1ecaa5beb606cf0ae981b59ff27d35b4caccb543662f2761b26bb7491b24a7", kill_on_drop: false }`
[INFO] [stdout] ca1ecaa5beb606cf0ae981b59ff27d35b4caccb543662f2761b26bb7491b24a7
[INFO] running `Command { std: "docker" "create" "-v" "/var/lib/crater-agent-workspace/builds/worker-2-tc2/target:/opt/rustwide/target:rw,Z" "-v" "/var/lib/crater-agent-workspace/builds/worker-2-tc2/source:/opt/rustwide/workdir:ro,Z" "-v" "/var/lib/crater-agent-workspace/cargo-home:/opt/rustwide/cargo-home:ro,Z" "-v" "/var/lib/crater-agent-workspace/rustup-home:/opt/rustwide/rustup-home:ro,Z" "-e" "SOURCE_DIR=/opt/rustwide/workdir" "-e" "CARGO_TARGET_DIR=/opt/rustwide/target" "-e" "CARGO_INCREMENTAL=0" "-e" "RUST_BACKTRACE=full" "-e" "RUSTFLAGS=--cap-lints=warn" "-e" "RUSTDOCFLAGS=--cap-lints=warn" "-e" "CARGO_HOME=/opt/rustwide/cargo-home" "-e" "RUSTUP_HOME=/opt/rustwide/rustup-home" "-w" "/opt/rustwide/workdir" "-m" "1610612736" "--user" "0:0" "--network" "none" "ghcr.io/rust-lang/crates-build-env/linux@sha256:5ff2268d62e97bff2cde7d5815dd6ed5b47097566f13b8d0ca110b04b60e07ed" "/opt/rustwide/cargo-home/bin/cargo" "+beta-2023-04-20" "build" "--frozen" "--message-format=json", kill_on_drop: false }`
[INFO] [stdout] bce08f063b3149e6669e8324bf94994b4ab221bfe3866744dc848d2b71f7b08c
[INFO] running `Command { std: "docker" "start" "-a" "bce08f063b3149e6669e8324bf94994b4ab221bfe3866744dc848d2b71f7b08c", kill_on_drop: false }`
[INFO] [stderr]    Compiling libc v0.2.40
[INFO] [stderr]    Compiling bitflags v1.0.2
[INFO] [stderr]    Compiling num-traits v0.2.2
[INFO] [stderr]    Compiling cc v1.0.13
[INFO] [stderr]    Compiling cfg-if v0.1.2
[INFO] [stderr]    Compiling lazy_static v1.0.0
[INFO] [stderr]    Compiling siphasher v0.2.2
[INFO] [stderr]    Compiling dtoa v0.4.2
[INFO] [stderr]    Compiling xml-rs v0.7.0
[INFO] [stderr]    Compiling itoa v0.3.4
[INFO] [stderr]    Compiling serde v0.9.15
[INFO] [stderr]    Compiling nodrop v0.1.12
[INFO] [stderr]    Compiling phf_shared v0.7.21
[INFO] [stderr]    Compiling khronos_api v2.2.0
[INFO] [stderr]    Compiling log v0.4.1
[INFO] [stderr]    Compiling phf v0.7.21
[INFO] [stderr]    Compiling rand v0.4.2
[INFO] [stderr]    Compiling log v0.3.9
[INFO] [stderr]    Compiling token_store v0.1.2
[INFO] [stderr]    Compiling num-traits v0.1.43
[INFO] [stderr]    Compiling wayland-scanner v0.12.5
[INFO] [stderr]    Compiling lazy_static v0.2.11
[INFO] [stderr]    Compiling bitflags v0.9.1
[INFO] [stderr]    Compiling pkg-config v0.3.11
[INFO] [stderr]    Compiling xml-rs v0.6.1
[INFO] [stderr]    Compiling gl_generator v0.7.0
[INFO] [stderr]    Compiling libloading v0.5.0
[INFO] [stderr]    Compiling rand v0.3.22
[INFO] [stderr]    Compiling wayland-client v0.12.5
[INFO] [stderr]    Compiling phf_generator v0.7.21
[INFO] [stderr]    Compiling phf_codegen v0.7.21
[INFO] [stderr]    Compiling wayland-protocols v0.12.5
[INFO] [stderr]    Compiling wayland-scanner v0.9.10
[INFO] [stderr]    Compiling target_build_utils v0.3.1
[INFO] [stderr]    Compiling dlib v0.4.1
[INFO] [stderr]    Compiling wayland-sys v0.12.5
[INFO] [stderr]    Compiling x11-dl v2.17.5
[INFO] [stderr]    Compiling memmap v0.6.2
[INFO] [stderr]    Compiling arrayvec v0.4.7
[INFO] [stderr]    Compiling crossbeam-utils v0.2.2
[INFO] [stderr]    Compiling unicode-xid v0.1.0
[INFO] [stderr]    Compiling serde_json v0.9.10
[INFO] [stderr]    Compiling remove_dir_all v0.5.1
[INFO] [stderr]    Compiling memoffset v0.2.1
[INFO] [stderr]    Compiling scopeguard v0.3.3
[INFO] [stderr]    Compiling tempfile v3.0.2
[INFO] [stderr]    Compiling proc-macro2 v0.2.3
[INFO] [stderr]    Compiling crossbeam-epoch v0.3.1
[INFO] [stderr]    Compiling wayland-client v0.9.10
[INFO] [stderr]    Compiling backtrace-sys v0.1.16
[INFO] [stderr]    Compiling rayon-core v1.4.0
[INFO] [stderr]    Compiling wayland-kbd v0.13.1
[INFO] [stderr]    Compiling quote v0.4.2
[INFO] [stderr]    Compiling crossbeam-deque v0.2.0
[INFO] [stderr]    Compiling glutin v0.11.0
[INFO] [stderr]    Compiling shared_library v0.1.8
[INFO] [stderr]    Compiling num_cpus v1.8.0
[INFO] [stderr]    Compiling approx v0.1.1
[INFO] [stderr]    Compiling typenum v1.10.0
[INFO] [stderr]    Compiling osmesa-sys v0.1.2
[INFO] [stderr]    Compiling wayland-window v0.13.3
[INFO] [stderr]    Compiling syn v0.12.15
[INFO] [stderr]    Compiling glium v0.19.0
[INFO] [stderr]    Compiling matrixmultiply v0.1.14
[INFO] [stderr]    Compiling either v1.5.0
[INFO] [stderr]    Compiling winit v0.9.0
[INFO] [stderr]    Compiling rustc-demangle v0.1.7
[INFO] [stderr]    Compiling cgmath v0.16.1
[INFO] [stderr]    Compiling rayon v1.0.1
[INFO] [stderr]    Compiling num-complex v0.1.43
[INFO] [stderr]    Compiling smallvec v0.4.4
[INFO] [stderr]    Compiling rawpointer v0.1.0
[INFO] [stderr]    Compiling fnv v1.0.6
[INFO] [stderr]    Compiling alga v0.5.4
[INFO] [stderr]    Compiling enum-iterator-derive v0.1.1
[INFO] [stderr]    Compiling generic-array v0.8.3
[INFO] [stderr]    Compiling rand_core v0.2.0-pre.0
[INFO] [stderr]    Compiling nalgebra v0.14.3
[INFO] [stderr]    Compiling noisy_float v0.1.4
[INFO] [stderr]    Compiling gridsim v0.2.0
[INFO] [stderr]    Compiling rand v0.5.0-pre.2
[INFO] [stderr]    Compiling array-init v0.0.3
[INFO] [stdout] error[E0554]: `#![feature]` may not be used on the beta release channel
[INFO] [stdout]  --> /opt/rustwide/cargo-home/registry/src/index.crates.io-6f17d22bba15001f/gridsim-0.2.0/src/lib.rs:7:12
[INFO] [stdout]   |
[INFO] [stdout] 7 | #![feature(test)]
[INFO] [stdout]   |            ^^^^
[INFO] [stdout] 
[INFO] [stdout] 
[INFO] [stdout] error: aborting due to previous error
[INFO] [stdout] 
[INFO] [stdout] 
[INFO] [stdout] For more information about this error, try `rustc --explain E0554`.
[INFO] [stdout] 
[INFO] [stderr] error: could not compile `gridsim` (lib) due to 2 previous errors
[INFO] [stderr] warning: build failed, waiting for other jobs to finish...
[INFO] [stdout] error[E0592]: duplicate definitions with name `new`
[INFO] [stdout]    --> /opt/rustwide/cargo-home/registry/src/index.crates.io-6f17d22bba15001f/nalgebra-0.14.3/src/core/construction.rs:489:13
[INFO] [stdout]     |
[INFO] [stdout] 489 |               pub fn new($($args: N),*) -> Self {
[INFO] [stdout]     |               ^^^^^^^^^^^^^^^^^^^^^^^^^^^^^^^^^ duplicate definitions for `new`
[INFO] [stdout] ...
[INFO] [stdout] 501 | / componentwise_constructors_impl!(
[INFO] [stdout] 502 | |     /*
[INFO] [stdout] 503 | |      * Square matrices 1 .. 6.
[INFO] [stdout] 504 | |      */
[INFO] [stdout] ...   |
[INFO] [stdout] 643 | |     U6, U1, x:(0,0), y:(1,0), z:(2,0), w:(3,0), a:(4,0), b:(5,0);
[INFO] [stdout] 644 | | );
[INFO] [stdout]     | |_- in this macro invocation
[INFO] [stdout]     |
[INFO] [stdout]    ::: /opt/rustwide/cargo-home/registry/src/index.crates.io-6f17d22bba15001f/nalgebra-0.14.3/src/core/construction_slice_deprecated.rs:171:13
[INFO] [stdout]     |
[INFO] [stdout] 171 |               pub fn new(data: &'a [N], $($args: usize),*) -> Self {
[INFO] [stdout]     |               ---------------------------------------------------- other definition for `new`
[INFO] [stdout]     |
[INFO] [stdout]     = note: this error originates in the macro `componentwise_constructors_impl` (in Nightly builds, run with -Z macro-backtrace for more info)
[INFO] [stdout] 
[INFO] [stdout] 
[INFO] [stdout] error[E0592]: duplicate definitions with name `new`
[INFO] [stdout]    --> /opt/rustwide/cargo-home/registry/src/index.crates.io-6f17d22bba15001f/nalgebra-0.14.3/src/core/construction.rs:489:13
[INFO] [stdout]     |
[INFO] [stdout] 489 |               pub fn new($($args: N),*) -> Self {
[INFO] [stdout]     |               ^^^^^^^^^^^^^^^^^^^^^^^^^^^^^^^^^ duplicate definitions for `new`
[INFO] [stdout] ...
[INFO] [stdout] 501 | / componentwise_constructors_impl!(
[INFO] [stdout] 502 | |     /*
[INFO] [stdout] 503 | |      * Square matrices 1 .. 6.
[INFO] [stdout] 504 | |      */
[INFO] [stdout] ...   |
[INFO] [stdout] 643 | |     U6, U1, x:(0,0), y:(1,0), z:(2,0), w:(3,0), a:(4,0), b:(5,0);
[INFO] [stdout] 644 | | );
[INFO] [stdout]     | |_- in this macro invocation
[INFO] [stdout]     |
[INFO] [stdout]    ::: /opt/rustwide/cargo-home/registry/src/index.crates.io-6f17d22bba15001f/nalgebra-0.14.3/src/core/construction_slice_deprecated.rs:232:13
[INFO] [stdout]     |
[INFO] [stdout] 232 |               pub fn new(data: &'a mut [N], $($args: usize),*) -> Self {
[INFO] [stdout]     |               -------------------------------------------------------- other definition for `new`
[INFO] [stdout]     |
[INFO] [stdout]     = note: this error originates in the macro `componentwise_constructors_impl` (in Nightly builds, run with -Z macro-backtrace for more info)
[INFO] [stdout] 
[INFO] [stdout] 
[INFO] [stdout] error: aborting due to 2 previous errors
[INFO] [stdout] 
[INFO] [stdout] 
[INFO] [stdout] For more information about this error, try `rustc --explain E0592`.
[INFO] [stdout] 
[INFO] [stderr] error: could not compile `nalgebra` (lib) due to 3 previous errors
[INFO] running `Command { std: "docker" "inspect" "bce08f063b3149e6669e8324bf94994b4ab221bfe3866744dc848d2b71f7b08c", kill_on_drop: false }`
[INFO] running `Command { std: "docker" "rm" "-f" "bce08f063b3149e6669e8324bf94994b4ab221bfe3866744dc848d2b71f7b08c", kill_on_drop: false }`
[INFO] [stdout] bce08f063b3149e6669e8324bf94994b4ab221bfe3866744dc848d2b71f7b08c
