[INFO] cloning repository https://github.com/esnowkropla/tcg
[INFO] running `Command { std: "git" "-c" "credential.helper=" "-c" "credential.helper=/workspace/cargo-home/bin/git-credential-null" "clone" "--bare" "https://github.com/esnowkropla/tcg" "/workspace/cache/git-repos/https%3A%2F%2Fgithub.com%2Fesnowkropla%2Ftcg", kill_on_drop: false }`
[INFO] [stderr] Cloning into bare repository '/workspace/cache/git-repos/https%3A%2F%2Fgithub.com%2Fesnowkropla%2Ftcg'...
[INFO] running `Command { std: "git" "rev-parse" "HEAD", kill_on_drop: false }`
[INFO] [stdout] 06bcc5259b2e92976b532d8d6ed7314296fca817
[INFO] testing esnowkropla/tcg against 1.69.0 for beta-1.70-1
[INFO] running `Command { std: "git" "clone" "/workspace/cache/git-repos/https%3A%2F%2Fgithub.com%2Fesnowkropla%2Ftcg" "/workspace/builds/worker-7-tc1/source", kill_on_drop: false }`
[INFO] [stderr] Cloning into '/workspace/builds/worker-7-tc1/source'...
[INFO] [stderr] done.
[INFO] validating manifest of git repo https://github.com/esnowkropla/tcg on toolchain 1.69.0
[INFO] running `Command { std: CARGO_HOME="/workspace/cargo-home" RUSTUP_HOME="/workspace/rustup-home" "/workspace/cargo-home/bin/cargo" "+1.69.0" "metadata" "--manifest-path" "Cargo.toml" "--no-deps", kill_on_drop: false }`
[INFO] started tweaking git repo https://github.com/esnowkropla/tcg
[INFO] finished tweaking git repo https://github.com/esnowkropla/tcg
[INFO] tweaked toml for git repo https://github.com/esnowkropla/tcg written to /workspace/builds/worker-7-tc1/source/Cargo.toml
[INFO] crate git repo https://github.com/esnowkropla/tcg already has a lockfile, it will not be regenerated
[INFO] running `Command { std: CARGO_HOME="/workspace/cargo-home" RUSTUP_HOME="/workspace/rustup-home" "/workspace/cargo-home/bin/cargo" "+1.69.0" "fetch" "--manifest-path" "Cargo.toml", kill_on_drop: false }`
[INFO] [stderr]  Downloading crates ...
[INFO] [stderr]   Downloaded serde v1.0.36
[INFO] [stderr]   Downloaded uuid v0.6.2
[INFO] running `Command { std: "docker" "create" "-v" "/var/lib/crater-agent-workspace/builds/worker-7-tc1/target:/opt/rustwide/target:rw,Z" "-v" "/var/lib/crater-agent-workspace/builds/worker-7-tc1/source:/opt/rustwide/workdir:ro,Z" "-v" "/var/lib/crater-agent-workspace/cargo-home:/opt/rustwide/cargo-home:ro,Z" "-v" "/var/lib/crater-agent-workspace/rustup-home:/opt/rustwide/rustup-home:ro,Z" "-e" "SOURCE_DIR=/opt/rustwide/workdir" "-e" "CARGO_TARGET_DIR=/opt/rustwide/target" "-e" "CARGO_HOME=/opt/rustwide/cargo-home" "-e" "RUSTUP_HOME=/opt/rustwide/rustup-home" "-w" "/opt/rustwide/workdir" "-m" "1610612736" "--user" "0:0" "--network" "none" "ghcr.io/rust-lang/crates-build-env/linux@sha256:5ff2268d62e97bff2cde7d5815dd6ed5b47097566f13b8d0ca110b04b60e07ed" "/opt/rustwide/cargo-home/bin/cargo" "+1.69.0" "metadata" "--no-deps" "--format-version=1", kill_on_drop: false }`
[INFO] [stdout] 8cace79fb015dc28be5dcd3f44af46491d0b63299c4dbcf025c1ffbb4b403279
[INFO] running `Command { std: "docker" "start" "-a" "8cace79fb015dc28be5dcd3f44af46491d0b63299c4dbcf025c1ffbb4b403279", kill_on_drop: false }`
[INFO] running `Command { std: "docker" "inspect" "8cace79fb015dc28be5dcd3f44af46491d0b63299c4dbcf025c1ffbb4b403279", kill_on_drop: false }`
[INFO] running `Command { std: "docker" "rm" "-f" "8cace79fb015dc28be5dcd3f44af46491d0b63299c4dbcf025c1ffbb4b403279", kill_on_drop: false }`
[INFO] [stdout] 8cace79fb015dc28be5dcd3f44af46491d0b63299c4dbcf025c1ffbb4b403279
[INFO] running `Command { std: "docker" "create" "-v" "/var/lib/crater-agent-workspace/builds/worker-7-tc1/target:/opt/rustwide/target:rw,Z" "-v" "/var/lib/crater-agent-workspace/builds/worker-7-tc1/source:/opt/rustwide/workdir:ro,Z" "-v" "/var/lib/crater-agent-workspace/cargo-home:/opt/rustwide/cargo-home:ro,Z" "-v" "/var/lib/crater-agent-workspace/rustup-home:/opt/rustwide/rustup-home:ro,Z" "-e" "SOURCE_DIR=/opt/rustwide/workdir" "-e" "CARGO_TARGET_DIR=/opt/rustwide/target" "-e" "CARGO_INCREMENTAL=0" "-e" "RUST_BACKTRACE=full" "-e" "RUSTFLAGS=--cap-lints=warn" "-e" "RUSTDOCFLAGS=--cap-lints=warn" "-e" "CARGO_HOME=/opt/rustwide/cargo-home" "-e" "RUSTUP_HOME=/opt/rustwide/rustup-home" "-w" "/opt/rustwide/workdir" "-m" "1610612736" "--user" "0:0" "--network" "none" "ghcr.io/rust-lang/crates-build-env/linux@sha256:5ff2268d62e97bff2cde7d5815dd6ed5b47097566f13b8d0ca110b04b60e07ed" "/opt/rustwide/cargo-home/bin/cargo" "+1.69.0" "build" "--frozen" "--message-format=json", kill_on_drop: false }`
[INFO] [stdout] dcdd83cb467a8071b6e0ea7e3237018f76cc346a3e98798fd52a57ee3eb0bb21
[INFO] running `Command { std: "docker" "start" "-a" "dcdd83cb467a8071b6e0ea7e3237018f76cc346a3e98798fd52a57ee3eb0bb21", kill_on_drop: false }`
[INFO] [stderr]    Compiling libc v0.2.40
[INFO] [stderr]    Compiling cfg-if v0.1.2
[INFO] [stderr]    Compiling serde v1.0.36
[INFO] [stderr]    Compiling rand v0.4.2
[INFO] [stderr]    Compiling uuid v0.6.2
[INFO] [stderr]    Compiling tcg v0.1.0 (/opt/rustwide/workdir)
[INFO] [stderr]     Finished dev [unoptimized + debuginfo] target(s) in 3.77s
[INFO] running `Command { std: "docker" "inspect" "dcdd83cb467a8071b6e0ea7e3237018f76cc346a3e98798fd52a57ee3eb0bb21", kill_on_drop: false }`
[INFO] running `Command { std: "docker" "rm" "-f" "dcdd83cb467a8071b6e0ea7e3237018f76cc346a3e98798fd52a57ee3eb0bb21", kill_on_drop: false }`
[INFO] [stdout] dcdd83cb467a8071b6e0ea7e3237018f76cc346a3e98798fd52a57ee3eb0bb21
[INFO] running `Command { std: "docker" "create" "-v" "/var/lib/crater-agent-workspace/builds/worker-7-tc1/target:/opt/rustwide/target:rw,Z" "-v" "/var/lib/crater-agent-workspace/builds/worker-7-tc1/source:/opt/rustwide/workdir:ro,Z" "-v" "/var/lib/crater-agent-workspace/cargo-home:/opt/rustwide/cargo-home:ro,Z" "-v" "/var/lib/crater-agent-workspace/rustup-home:/opt/rustwide/rustup-home:ro,Z" "-e" "SOURCE_DIR=/opt/rustwide/workdir" "-e" "CARGO_TARGET_DIR=/opt/rustwide/target" "-e" "CARGO_INCREMENTAL=0" "-e" "RUST_BACKTRACE=full" "-e" "RUSTFLAGS=--cap-lints=warn" "-e" "RUSTDOCFLAGS=--cap-lints=warn" "-e" "CARGO_HOME=/opt/rustwide/cargo-home" "-e" "RUSTUP_HOME=/opt/rustwide/rustup-home" "-w" "/opt/rustwide/workdir" "-m" "1610612736" "--user" "0:0" "--network" "none" "ghcr.io/rust-lang/crates-build-env/linux@sha256:5ff2268d62e97bff2cde7d5815dd6ed5b47097566f13b8d0ca110b04b60e07ed" "/opt/rustwide/cargo-home/bin/cargo" "+1.69.0" "test" "--frozen" "--no-run" "--message-format=json", kill_on_drop: false }`
[INFO] [stdout] 610a9086099d713205124fb567389e4dc2c549cd5ffbd4f5404ec0fef93ae6d8
[INFO] running `Command { std: "docker" "start" "-a" "610a9086099d713205124fb567389e4dc2c549cd5ffbd4f5404ec0fef93ae6d8", kill_on_drop: false }`
[INFO] [stderr]    Compiling tcg v0.1.0 (/opt/rustwide/workdir)
[INFO] [stdout] error[E0308]: mismatched types
[INFO] [stdout]   --> src/state/cards.rs:65:45
[INFO] [stdout]    |
[INFO] [stdout] 65 |             location: Zone::Deck(Player::A, 0),
[INFO] [stdout]    |                       ----------            ^ expected `Option<u32>`, found integer
[INFO] [stdout]    |                       |
[INFO] [stdout]    |                       arguments to this enum variant are incorrect
[INFO] [stdout]    |
[INFO] [stdout]    = note: expected enum `Option<u32>`
[INFO] [stdout]               found type `{integer}`
[INFO] [stdout] note: tuple variant defined here
[INFO] [stdout]   --> src/state/zones.rs:6:5
[INFO] [stdout]    |
[INFO] [stdout] 6  |     Deck(Player, Option<u32>),
[INFO] [stdout]    |     ^^^^
[INFO] [stdout] help: try wrapping the expression in `Some`
[INFO] [stdout]    |
[INFO] [stdout] 65 |             location: Zone::Deck(Player::A, Some(0)),
[INFO] [stdout]    |                                             +++++ +
[INFO] [stdout] 
[INFO] [stdout] 
[INFO] [stdout] error[E0308]: mismatched types
[INFO] [stdout]   --> src/state/cards.rs:71:45
[INFO] [stdout]    |
[INFO] [stdout] 71 |             location: Zone::Deck(Player::A, 1),
[INFO] [stdout]    |                       ----------            ^ expected `Option<u32>`, found integer
[INFO] [stdout]    |                       |
[INFO] [stdout]    |                       arguments to this enum variant are incorrect
[INFO] [stdout]    |
[INFO] [stdout]    = note: expected enum `Option<u32>`
[INFO] [stdout]               found type `{integer}`
[INFO] [stdout] note: tuple variant defined here
[INFO] [stdout]   --> src/state/zones.rs:6:5
[INFO] [stdout]    |
[INFO] [stdout] 6  |     Deck(Player, Option<u32>),
[INFO] [stdout]    |     ^^^^
[INFO] [stdout] help: try wrapping the expression in `Some`
[INFO] [stdout]    |
[INFO] [stdout] 71 |             location: Zone::Deck(Player::A, Some(1)),
[INFO] [stdout]    |                                             +++++ +
[INFO] [stdout] 
[INFO] [stdout] 
[INFO] [stdout] error[E0308]: mismatched types
[INFO] [stdout]   --> src/state/cards.rs:77:46
[INFO] [stdout]    |
[INFO] [stdout] 77 |             location: Zone::Field(Player::A, 0),
[INFO] [stdout]    |                       -----------            ^ expected `Option<u32>`, found integer
[INFO] [stdout]    |                       |
[INFO] [stdout]    |                       arguments to this enum variant are incorrect
[INFO] [stdout]    |
[INFO] [stdout]    = note: expected enum `Option<u32>`
[INFO] [stdout]               found type `{integer}`
[INFO] [stdout] note: tuple variant defined here
[INFO] [stdout]   --> src/state/zones.rs:7:5
[INFO] [stdout]    |
[INFO] [stdout] 7  |     Field(Player, Option<u32>),
[INFO] [stdout]    |     ^^^^^
[INFO] [stdout] help: try wrapping the expression in `Some`
[INFO] [stdout]    |
[INFO] [stdout] 77 |             location: Zone::Field(Player::A, Some(0)),
[INFO] [stdout]    |                                              +++++ +
[INFO] [stdout] 
[INFO] [stdout] 
[INFO] [stdout] error[E0308]: mismatched types
[INFO] [stdout]   --> src/state/cards.rs:83:35
[INFO] [stdout]    |
[INFO] [stdout] 83 |             location: Zone::Stack(0),
[INFO] [stdout]    |                       ----------- ^ expected `Option<u32>`, found integer
[INFO] [stdout]    |                       |
[INFO] [stdout]    |                       arguments to this enum variant are incorrect
[INFO] [stdout]    |
[INFO] [stdout]    = note: expected enum `Option<u32>`
[INFO] [stdout]               found type `{integer}`
[INFO] [stdout] note: tuple variant defined here
[INFO] [stdout]   --> src/state/zones.rs:5:5
[INFO] [stdout]    |
[INFO] [stdout] 5  |     Stack(Option<u32>),
[INFO] [stdout]    |     ^^^^^
[INFO] [stdout] help: try wrapping the expression in `Some`
[INFO] [stdout]    |
[INFO] [stdout] 83 |             location: Zone::Stack(Some(0)),
[INFO] [stdout]    |                                   +++++ +
[INFO] [stdout] 
[INFO] [stdout] 
[INFO] [stdout] error[E0308]: mismatched types
[INFO] [stdout]   --> src/state/cards.rs:89:35
[INFO] [stdout]    |
[INFO] [stdout] 89 |             location: Zone::Stack(1),
[INFO] [stdout]    |                       ----------- ^ expected `Option<u32>`, found integer
[INFO] [stdout]    |                       |
[INFO] [stdout]    |                       arguments to this enum variant are incorrect
[INFO] [stdout]    |
[INFO] [stdout]    = note: expected enum `Option<u32>`
[INFO] [stdout]               found type `{integer}`
[INFO] [stdout] note: tuple variant defined here
[INFO] [stdout]   --> src/state/zones.rs:5:5
[INFO] [stdout]    |
[INFO] [stdout] 5  |     Stack(Option<u32>),
[INFO] [stdout]    |     ^^^^^
[INFO] [stdout] help: try wrapping the expression in `Some`
[INFO] [stdout]    |
[INFO] [stdout] 89 |             location: Zone::Stack(Some(1)),
[INFO] [stdout]    |                                   +++++ +
[INFO] [stdout] 
[INFO] [stdout] 
[INFO] [stdout] error[E0308]: mismatched types
[INFO] [stdout]   --> src/state/cards.rs:93:54
[INFO] [stdout]    |
[INFO] [stdout] 93 |         assert_eq!(cards.count(Zone::Deck(Player::A, 0)), 2);
[INFO] [stdout]    |                                ----------            ^ expected `Option<u32>`, found integer
[INFO] [stdout]    |                                |
[INFO] [stdout]    |                                arguments to this enum variant are incorrect
[INFO] [stdout]    |
[INFO] [stdout]    = note: expected enum `Option<u32>`
[INFO] [stdout]               found type `{integer}`
[INFO] [stdout] note: tuple variant defined here
[INFO] [stdout]   --> src/state/zones.rs:6:5
[INFO] [stdout]    |
[INFO] [stdout] 6  |     Deck(Player, Option<u32>),
[INFO] [stdout]    |     ^^^^
[INFO] [stdout] help: try wrapping the expression in `Some`
[INFO] [stdout]    |
[INFO] [stdout] 93 |         assert_eq!(cards.count(Zone::Deck(Player::A, Some(0))), 2);
[INFO] [stdout]    |                                                      +++++ +
[INFO] [stdout] 
[INFO] [stdout] 
[INFO] [stdout] error[E0308]: mismatched types
[INFO] [stdout]   --> src/state/cards.rs:94:54
[INFO] [stdout]    |
[INFO] [stdout] 94 |         assert_eq!(cards.count(Zone::Deck(Player::B, 0)), 0);
[INFO] [stdout]    |                                ----------            ^ expected `Option<u32>`, found integer
[INFO] [stdout]    |                                |
[INFO] [stdout]    |                                arguments to this enum variant are incorrect
[INFO] [stdout]    |
[INFO] [stdout]    = note: expected enum `Option<u32>`
[INFO] [stdout]               found type `{integer}`
[INFO] [stdout] note: tuple variant defined here
[INFO] [stdout]   --> src/state/zones.rs:6:5
[INFO] [stdout]    |
[INFO] [stdout] 6  |     Deck(Player, Option<u32>),
[INFO] [stdout]    |     ^^^^
[INFO] [stdout] help: try wrapping the expression in `Some`
[INFO] [stdout]    |
[INFO] [stdout] 94 |         assert_eq!(cards.count(Zone::Deck(Player::B, Some(0))), 0);
[INFO] [stdout]    |                                                      +++++ +
[INFO] [stdout] 
[INFO] [stdout] 
[INFO] [stdout] error[E0308]: mismatched types
[INFO] [stdout]   --> src/state/cards.rs:95:55
[INFO] [stdout]    |
[INFO] [stdout] 95 |         assert_eq!(cards.count(Zone::Field(Player::A, 0)), 1);
[INFO] [stdout]    |                                -----------            ^ expected `Option<u32>`, found integer
[INFO] [stdout]    |                                |
[INFO] [stdout]    |                                arguments to this enum variant are incorrect
[INFO] [stdout]    |
[INFO] [stdout]    = note: expected enum `Option<u32>`
[INFO] [stdout]               found type `{integer}`
[INFO] [stdout] note: tuple variant defined here
[INFO] [stdout]   --> src/state/zones.rs:7:5
[INFO] [stdout]    |
[INFO] [stdout] 7  |     Field(Player, Option<u32>),
[INFO] [stdout]    |     ^^^^^
[INFO] [stdout] help: try wrapping the expression in `Some`
[INFO] [stdout]    |
[INFO] [stdout] 95 |         assert_eq!(cards.count(Zone::Field(Player::A, Some(0))), 1);
[INFO] [stdout]    |                                                       +++++ +
[INFO] [stdout] 
[INFO] [stdout] 
[INFO] [stdout] error[E0308]: mismatched types
[INFO] [stdout]   --> src/state/cards.rs:96:44
[INFO] [stdout]    |
[INFO] [stdout] 96 |         assert_eq!(cards.count(Zone::Stack(0)), 2);
[INFO] [stdout]    |                                ----------- ^ expected `Option<u32>`, found integer
[INFO] [stdout]    |                                |
[INFO] [stdout]    |                                arguments to this enum variant are incorrect
[INFO] [stdout]    |
[INFO] [stdout]    = note: expected enum `Option<u32>`
[INFO] [stdout]               found type `{integer}`
[INFO] [stdout] note: tuple variant defined here
[INFO] [stdout]   --> src/state/zones.rs:5:5
[INFO] [stdout]    |
[INFO] [stdout] 5  |     Stack(Option<u32>),
[INFO] [stdout]    |     ^^^^^
[INFO] [stdout] help: try wrapping the expression in `Some`
[INFO] [stdout]    |
[INFO] [stdout] 96 |         assert_eq!(cards.count(Zone::Stack(Some(0))), 2);
[INFO] [stdout]    |                                            +++++ +
[INFO] [stdout] 
[INFO] [stdout] 
[INFO] [stdout] error: aborting due to 9 previous errors
[INFO] [stdout] 
[INFO] [stdout] 
[INFO] [stdout] For more information about this error, try `rustc --explain E0308`.
[INFO] [stdout] 
[INFO] [stderr] error: could not compile `tcg` due to 10 previous errors
[INFO] [stderr] warning: build failed, waiting for other jobs to finish...
[INFO] running `Command { std: "docker" "inspect" "610a9086099d713205124fb567389e4dc2c549cd5ffbd4f5404ec0fef93ae6d8", kill_on_drop: false }`
[INFO] running `Command { std: "docker" "rm" "-f" "610a9086099d713205124fb567389e4dc2c549cd5ffbd4f5404ec0fef93ae6d8", kill_on_drop: false }`
[INFO] [stdout] 610a9086099d713205124fb567389e4dc2c549cd5ffbd4f5404ec0fef93ae6d8
