[INFO] cloning repository https://github.com/esehata/noktulo
[INFO] running `Command { std: "git" "-c" "credential.helper=" "-c" "credential.helper=/workspace/cargo-home/bin/git-credential-null" "clone" "--bare" "https://github.com/esehata/noktulo" "/workspace/cache/git-repos/https%3A%2F%2Fgithub.com%2Fesehata%2Fnoktulo", kill_on_drop: false }`
[INFO] [stderr] Cloning into bare repository '/workspace/cache/git-repos/https%3A%2F%2Fgithub.com%2Fesehata%2Fnoktulo'...
[INFO] running `Command { std: "git" "rev-parse" "HEAD", kill_on_drop: false }`
[INFO] [stdout] 1fca5d630709bbeba20c0e5531262cdce2cad94c
[INFO] testing esehata/noktulo against beta-2023-04-20 for beta-1.70-1
[INFO] running `Command { std: "git" "clone" "/workspace/cache/git-repos/https%3A%2F%2Fgithub.com%2Fesehata%2Fnoktulo" "/workspace/builds/worker-5-tc2/source", kill_on_drop: false }`
[INFO] [stderr] Cloning into '/workspace/builds/worker-5-tc2/source'...
[INFO] [stderr] done.
[INFO] validating manifest of git repo https://github.com/esehata/noktulo on toolchain beta-2023-04-20
[INFO] running `Command { std: CARGO_HOME="/workspace/cargo-home" RUSTUP_HOME="/workspace/rustup-home" "/workspace/cargo-home/bin/cargo" "+beta-2023-04-20" "metadata" "--manifest-path" "Cargo.toml" "--no-deps", kill_on_drop: false }`
[INFO] started tweaking git repo https://github.com/esehata/noktulo
[INFO] finished tweaking git repo https://github.com/esehata/noktulo
[INFO] tweaked toml for git repo https://github.com/esehata/noktulo written to /workspace/builds/worker-5-tc2/source/Cargo.toml
[INFO] crate git repo https://github.com/esehata/noktulo already has a lockfile, it will not be regenerated
[INFO] running `Command { std: CARGO_HOME="/workspace/cargo-home" RUSTUP_HOME="/workspace/rustup-home" "/workspace/cargo-home/bin/cargo" "+beta-2023-04-20" "fetch" "--manifest-path" "Cargo.toml", kill_on_drop: false }`
[INFO] [stderr]  Downloading crates ...
[INFO] [stderr]   Downloaded ed25519 v1.5.0
[INFO] [stderr]   Downloaded serde-big-array v0.4.1
[INFO] running `Command { std: "docker" "create" "-v" "/var/lib/crater-agent-workspace/builds/worker-5-tc2/target:/opt/rustwide/target:rw,Z" "-v" "/var/lib/crater-agent-workspace/builds/worker-5-tc2/source:/opt/rustwide/workdir:ro,Z" "-v" "/var/lib/crater-agent-workspace/cargo-home:/opt/rustwide/cargo-home:ro,Z" "-v" "/var/lib/crater-agent-workspace/rustup-home:/opt/rustwide/rustup-home:ro,Z" "-e" "SOURCE_DIR=/opt/rustwide/workdir" "-e" "CARGO_TARGET_DIR=/opt/rustwide/target" "-e" "CARGO_HOME=/opt/rustwide/cargo-home" "-e" "RUSTUP_HOME=/opt/rustwide/rustup-home" "-w" "/opt/rustwide/workdir" "-m" "1610612736" "--user" "0:0" "--network" "none" "ghcr.io/rust-lang/crates-build-env/linux@sha256:5ff2268d62e97bff2cde7d5815dd6ed5b47097566f13b8d0ca110b04b60e07ed" "/opt/rustwide/cargo-home/bin/cargo" "+beta-2023-04-20" "metadata" "--no-deps" "--format-version=1", kill_on_drop: false }`
[INFO] [stdout] 5ba96954c383c9b925e9f5bc5d771c86c2e63095aaf880952347e5ab3c6bb54b
[INFO] running `Command { std: "docker" "start" "-a" "5ba96954c383c9b925e9f5bc5d771c86c2e63095aaf880952347e5ab3c6bb54b", kill_on_drop: false }`
[INFO] running `Command { std: "docker" "inspect" "5ba96954c383c9b925e9f5bc5d771c86c2e63095aaf880952347e5ab3c6bb54b", kill_on_drop: false }`
[INFO] running `Command { std: "docker" "rm" "-f" "5ba96954c383c9b925e9f5bc5d771c86c2e63095aaf880952347e5ab3c6bb54b", kill_on_drop: false }`
[INFO] [stdout] 5ba96954c383c9b925e9f5bc5d771c86c2e63095aaf880952347e5ab3c6bb54b
[INFO] running `Command { std: "docker" "create" "-v" "/var/lib/crater-agent-workspace/builds/worker-5-tc2/target:/opt/rustwide/target:rw,Z" "-v" "/var/lib/crater-agent-workspace/builds/worker-5-tc2/source:/opt/rustwide/workdir:ro,Z" "-v" "/var/lib/crater-agent-workspace/cargo-home:/opt/rustwide/cargo-home:ro,Z" "-v" "/var/lib/crater-agent-workspace/rustup-home:/opt/rustwide/rustup-home:ro,Z" "-e" "SOURCE_DIR=/opt/rustwide/workdir" "-e" "CARGO_TARGET_DIR=/opt/rustwide/target" "-e" "CARGO_INCREMENTAL=0" "-e" "RUST_BACKTRACE=full" "-e" "RUSTFLAGS=--cap-lints=warn" "-e" "RUSTDOCFLAGS=--cap-lints=warn" "-e" "CARGO_HOME=/opt/rustwide/cargo-home" "-e" "RUSTUP_HOME=/opt/rustwide/rustup-home" "-w" "/opt/rustwide/workdir" "-m" "1610612736" "--user" "0:0" "--network" "none" "ghcr.io/rust-lang/crates-build-env/linux@sha256:5ff2268d62e97bff2cde7d5815dd6ed5b47097566f13b8d0ca110b04b60e07ed" "/opt/rustwide/cargo-home/bin/cargo" "+beta-2023-04-20" "build" "--frozen" "--message-format=json", kill_on_drop: false }`
[INFO] [stdout] 1a6b2e2823b931c9ad3166e59e2e17c537b6fff2d5e5ddb633084c0232bc914c
[INFO] running `Command { std: "docker" "start" "-a" "1a6b2e2823b931c9ad3166e59e2e17c537b6fff2d5e5ddb633084c0232bc914c", kill_on_drop: false }`
[INFO] [stderr]    Compiling libc v0.2.101
[INFO] [stderr]    Compiling proc-macro2 v1.0.29
[INFO] [stderr]    Compiling unicode-xid v0.2.2
[INFO] [stderr]    Compiling syn v1.0.76
[INFO] [stderr]    Compiling version_check v0.9.3
[INFO] [stderr]    Compiling typenum v1.14.0
[INFO] [stderr]    Compiling autocfg v1.0.1
[INFO] [stderr]    Compiling memchr v2.4.1
[INFO] [stderr]    Compiling ppv-lite86 v0.2.10
[INFO] [stderr]    Compiling generic-array v0.14.4
[INFO] [stderr]    Compiling log v0.4.14
[INFO] [stderr]    Compiling futures-core v0.3.21
[INFO] [stderr]    Compiling getrandom v0.1.16
[INFO] [stderr]    Compiling futures-task v0.3.21
[INFO] [stderr]    Compiling cpufeatures v0.2.1
[INFO] [stderr]    Compiling parking_lot_core v0.8.5
[INFO] [stderr]    Compiling quote v1.0.9
[INFO] [stderr]    Compiling serde_derive v1.0.130
[INFO] [stderr]    Compiling tinyvec_macros v0.1.0
[INFO] [stderr]    Compiling getrandom v0.2.3
[INFO] [stderr]    Compiling pin-project-lite v0.2.7
[INFO] [stderr]    Compiling futures-channel v0.3.21
[INFO] [stderr]    Compiling rand_core v0.6.3
[INFO] [stderr]    Compiling tinyvec v1.5.1
[INFO] [stderr]    Compiling num-traits v0.2.14
[INFO] [stderr]    Compiling instant v0.1.10
[INFO] [stderr]    Compiling futures-util v0.3.21
[INFO] [stderr]    Compiling bytes v1.1.0
[INFO] [stderr]    Compiling scopeguard v1.1.0
[INFO] [stderr]    Compiling smallvec v1.6.1
[INFO] [stderr]    Compiling matches v0.1.9
[INFO] [stderr]    Compiling serde v1.0.130
[INFO] [stderr]    Compiling futures-sink v0.3.21
[INFO] [stderr]    Compiling lock_api v0.4.5
[INFO] [stderr]    Compiling digest v0.9.0
[INFO] [stderr]    Compiling crypto-common v0.1.3
[INFO] [stderr]    Compiling block-buffer v0.10.2
[INFO] [stderr]    Compiling digest v0.10.3
[INFO] [stderr]    Compiling unicode-normalization v0.1.19
[INFO] [stderr]    Compiling rand_chacha v0.3.1
[INFO] [stderr]    Compiling rand_core v0.5.1
[INFO] [stderr]    Compiling tokio v1.12.0
[INFO] [stderr]    Compiling num-integer v0.1.44
[INFO] [stderr]    Compiling futures-io v0.3.21
[INFO] [stderr]    Compiling subtle v2.4.1
[INFO] [stderr]    Compiling opaque-debug v0.3.0
[INFO] [stderr]    Compiling byteorder v1.4.3
[INFO] [stderr]    Compiling unicode-bidi v0.3.7
[INFO] [stderr]    Compiling slab v0.4.6
[INFO] [stderr]    Compiling pin-utils v0.1.0
[INFO] [stderr]    Compiling httparse v1.6.0
[INFO] [stderr]    Compiling block-padding v0.2.1
[INFO] [stderr]    Compiling form_urlencoded v1.0.1
[INFO] [stderr]    Compiling block-buffer v0.9.0
[INFO] [stderr]    Compiling rand v0.8.4
[INFO] [stderr]    Compiling parking_lot v0.11.2
[INFO] [stderr]    Compiling num_cpus v1.13.0
[INFO] [stderr]    Compiling idna v0.2.3
[INFO] [stderr]    Compiling signal-hook-registry v1.4.0
[INFO] [stderr]    Compiling mio v0.7.13
[INFO] [stderr]    Compiling itoa v1.0.1
[INFO] [stderr]    Compiling once_cell v1.9.0
[INFO] [stderr]    Compiling ryu v1.0.5
[INFO] [stderr]    Compiling fnv v1.0.7
[INFO] [stderr]    Compiling http v0.2.6
[INFO] [stderr]    Compiling url v2.2.2
[INFO] [stderr]    Compiling rand_chacha v0.2.2
[INFO] [stderr]    Compiling sha-1 v0.10.0
[INFO] [stderr]    Compiling aho-corasick v0.7.18
[INFO] [stderr]    Compiling num-bigint v0.4.2
[INFO] [stderr]    Compiling serde_json v1.0.67
[INFO] [stderr]    Compiling utf-8 v0.7.6
[INFO] [stderr]    Compiling anyhow v1.0.44
[INFO] [stderr]    Compiling base64 v0.13.0
[INFO] [stderr]    Compiling signature v1.5.0
[INFO] [stderr]    Compiling regex-syntax v0.6.25
[INFO] [stderr]    Compiling ed25519 v1.5.0
[INFO] [stderr]    Compiling rand v0.7.3
[INFO] [stderr]    Compiling sha2 v0.9.9
[INFO] [stderr]    Compiling synstructure v0.12.6
[INFO] [stderr]    Compiling crypto-mac v0.8.0
[INFO] [stderr]    Compiling time v0.1.43
[INFO] [stderr]    Compiling atty v0.2.14
[INFO] [stderr]    Compiling keccak v0.1.0
[INFO] [stderr]    Compiling regex v1.5.4
[INFO] [stderr]    Compiling humantime v2.1.0
[INFO] [stderr]    Compiling itoa v0.4.8
[INFO] [stderr]    Compiling termcolor v1.1.2
[INFO] [stderr]    Compiling sha3 v0.9.1
[INFO] [stderr]    Compiling chrono v0.4.19
[INFO] [stderr]    Compiling blake2 v0.9.2
[INFO] [stderr]    Compiling sha2 v0.10.2
[INFO] [stderr]    Compiling env_logger v0.9.0
[INFO] [stderr]    Compiling hex v0.4.3
[INFO] [stderr]    Compiling futures-macro v0.3.21
[INFO] [stderr]    Compiling tokio-macros v1.3.0
[INFO] [stderr]    Compiling zeroize_derive v1.3.2
[INFO] [stderr]    Compiling thiserror-impl v1.0.29
[INFO] [stderr]    Compiling zeroize v1.3.0
[INFO] [stderr]    Compiling curve25519-dalek v3.2.1
[INFO] [stderr]    Compiling thiserror v1.0.29
[INFO] [stderr]    Compiling tungstenite v0.17.2
[INFO] [stderr]    Compiling futures-executor v0.3.21
[INFO] [stderr]    Compiling futures v0.3.21
[INFO] [stderr]    Compiling tokio-stream v0.1.8
[INFO] [stderr]    Compiling tokio-tungstenite v0.17.1
[INFO] [stderr]    Compiling ed25519-dalek v1.0.1
[INFO] [stderr]    Compiling serde-big-array v0.4.1
[INFO] [stderr]    Compiling noktulo v0.1.0 (/opt/rustwide/workdir)
[INFO] [stdout] error[E0432]: unresolved imports `crate::crypto::Ed25519Error`, `crate::crypto::PublicKey`
[INFO] [stdout]    --> src/user/user.rs:1:21
[INFO] [stdout]     |
[INFO] [stdout] 1   | use crate::crypto::{Ed25519Error, PublicKey};
[INFO] [stdout]     |                     ^^^^^^^^^^^^  ^^^^^^^^^ no `PublicKey` in `crypto`
[INFO] [stdout]     |                     |
[INFO] [stdout]     |                     no `Ed25519Error` in `crypto`
[INFO] [stdout]     |
[INFO] [stdout] note: enum `crate::crypto::ed25519::Ed25519Error` exists but is inaccessible
[INFO] [stdout]    --> src/crypto/ed25519.rs:307:1
[INFO] [stdout]     |
[INFO] [stdout] 307 | pub enum Ed25519Error {
[INFO] [stdout]     | ^^^^^^^^^^^^^^^^^^^^^ not accessible
[INFO] [stdout]     = help: consider importing this struct instead:
[INFO] [stdout]             ed25519_dalek::PublicKey
[INFO] [stdout] 
[INFO] [stdout] 
[INFO] [stdout] error[E0432]: unresolved import `crate::crypto::PublicKey`
[INFO] [stdout]  --> src/service/network.rs:1:5
[INFO] [stdout]   |
[INFO] [stdout] 1 | use crate::crypto::PublicKey;
[INFO] [stdout]   |     ^^^^^^^^^^^^^^^^^^^^^^^^ no `PublicKey` in `crypto`
[INFO] [stdout]   |
[INFO] [stdout] help: consider importing this struct instead
[INFO] [stdout]   |
[INFO] [stdout] 1 | use ed25519_dalek::PublicKey;
[INFO] [stdout]   |     ~~~~~~~~~~~~~~~~~~~~~~~~
[INFO] [stdout] 
[INFO] [stdout] 
[INFO] [stdout] error[E0432]: unresolved imports `crate::crypto::PublicKey`, `crate::crypto::SecretKey`
[INFO] [stdout]  --> src/service/user_handle.rs:3:21
[INFO] [stdout]   |
[INFO] [stdout] 3 | use crate::crypto::{PublicKey,SecretKey};
[INFO] [stdout]   |                     ^^^^^^^^^ ^^^^^^^^^ no `SecretKey` in `crypto`
[INFO] [stdout]   |                     |
[INFO] [stdout]   |                     no `PublicKey` in `crypto`
[INFO] [stdout]   |
[INFO] [stdout]   = help: consider importing this struct instead:
[INFO] [stdout]           ed25519_dalek::PublicKey
[INFO] [stdout]   = help: consider importing this struct instead:
[INFO] [stdout]           ed25519_dalek::SecretKey
[INFO] [stdout] 
[INFO] [stdout] 
[INFO] [stdout] error[E0432]: unresolved import `crate::crypto::PublicKey`
[INFO] [stdout]  --> src/api_server/client_info.rs:6:13
[INFO] [stdout]   |
[INFO] [stdout] 6 | use crate::{crypto::PublicKey, user::user::Address};
[INFO] [stdout]   |             ^^^^^^^^^^^^^^^^^ no `PublicKey` in `crypto`
[INFO] [stdout]   |
[INFO] [stdout]   = help: consider importing one of these items instead:
[INFO] [stdout]           crate::api_server::message::ClientMessage::PublicKey
[INFO] [stdout]           ed25519_dalek::PublicKey
[INFO] [stdout] 
[INFO] [stdout] 
[INFO] [stdout] error[E0432]: unresolved import `crate::crypto::PublicKey`
[INFO] [stdout]   --> src/api_server/server.rs:20:5
[INFO] [stdout]    |
[INFO] [stdout] 20 | use crate::crypto::PublicKey;
[INFO] [stdout]    |     ^^^^^^^^^^^^^^^^^^^^^^^^ no `PublicKey` in `crypto`
[INFO] [stdout]    |
[INFO] [stdout] help: consider importing one of these items instead
[INFO] [stdout]    |
[INFO] [stdout] 20 | use crate::api_server::server::ClientMessage::PublicKey;
[INFO] [stdout]    |     ~~~~~~~~~~~~~~~~~~~~~~~~~~~~~~~~~~~~~~~~~~~~~~~~~~~
[INFO] [stdout] 20 | use ed25519_dalek::PublicKey;
[INFO] [stdout]    |     ~~~~~~~~~~~~~~~~~~~~~~~~
[INFO] [stdout] 
[INFO] [stdout] 
[INFO] [stdout] error[E0412]: cannot find type `Ed25519Error` in this scope
[INFO] [stdout]    --> src/user/post.rs:70:15
[INFO] [stdout]     |
[INFO] [stdout] 70  |     Signature(Ed25519Error),
[INFO] [stdout]     |               ^^^^^^^^^^^^ not found in this scope
[INFO] [stdout]     |
[INFO] [stdout] note: enum `crate::crypto::ed25519::Ed25519Error` exists but is inaccessible
[INFO] [stdout]    --> src/crypto/ed25519.rs:307:1
[INFO] [stdout]     |
[INFO] [stdout] 307 | pub enum Ed25519Error {
[INFO] [stdout]     | ^^^^^^^^^^^^^^^^^^^^^ not accessible
[INFO] [stdout] 
[INFO] [stdout] 
[INFO] [stdout] error[E0425]: cannot find value `dst` in this scope
[INFO] [stdout]    --> src/api_server/server.rs:208:60
[INFO] [stdout]     |
[INFO] [stdout] 208 | ...                   publisher.publish(msg, dst)
[INFO] [stdout]     |                                              ^^^ not found in this scope
[INFO] [stdout] 
[INFO] [stdout] 
[INFO] [stdout] warning: unused import: `std::collections::hash_map::Entry`
[INFO] [stdout]  --> src/api_server/subscription_router.rs:1:5
[INFO] [stdout]   |
[INFO] [stdout] 1 | use std::collections::hash_map::Entry;
[INFO] [stdout]   |     ^^^^^^^^^^^^^^^^^^^^^^^^^^^^^^^^^
[INFO] [stdout]   |
[INFO] [stdout]   = note: `#[warn(unused_imports)]` on by default
[INFO] [stdout] 
[INFO] [stdout] 
[INFO] [stdout] warning: unused import: `tokio::sync::broadcast::Receiver`
[INFO] [stdout]  --> src/api_server/subscription_router.rs:5:5
[INFO] [stdout]   |
[INFO] [stdout] 5 | use tokio::sync::broadcast::Receiver;
[INFO] [stdout]   |     ^^^^^^^^^^^^^^^^^^^^^^^^^^^^^^^^
[INFO] [stdout] 
[INFO] [stdout] 
[INFO] [stdout] warning: unused import: `crate::user::post::SignedPost`
[INFO] [stdout]   --> src/api_server/subscription_router.rs:11:5
[INFO] [stdout]    |
[INFO] [stdout] 11 | use crate::user::post::SignedPost;
[INFO] [stdout]    |     ^^^^^^^^^^^^^^^^^^^^^^^^^^^^^
[INFO] [stdout] 
[INFO] [stdout] 
[INFO] [stdout] error[E0277]: the trait bound `Address: From<ed25519_dalek::PublicKey>` is not satisfied
[INFO] [stdout]   --> src/service/controller.rs:61:27
[INFO] [stdout]    |
[INFO] [stdout] 61 |             Address::from(pubkey.clone()),
[INFO] [stdout]    |             ------------- ^^^^^^^^^^^^^^ the trait `From<ed25519_dalek::PublicKey>` is not implemented for `Address`
[INFO] [stdout]    |             |
[INFO] [stdout]    |             required by a bound introduced by this call
[INFO] [stdout]    |
[INFO] [stdout]    = help: the following other types implement trait `From<T>`:
[INFO] [stdout]              <Address as From<[type error]>>
[INFO] [stdout]              <Address as From<[u8; 32]>>
[INFO] [stdout] 
[INFO] [stdout] 
[INFO] [stdout] error: future cannot be sent between threads safely
[INFO] [stdout]    --> src/api_server/server.rs:118:40
[INFO] [stdout]     |
[INFO] [stdout] 118 |           let from_client = tokio::spawn(async move {
[INFO] [stdout]     |  ________________________________________^
[INFO] [stdout] 119 | |             while let Some(msg) = incoming.next().await {
[INFO] [stdout] 120 | |                 match msg {
[INFO] [stdout] 121 | |                     Ok(msg) => match msg {
[INFO] [stdout] ...   |
[INFO] [stdout] 142 | |             Ok(())
[INFO] [stdout] 143 | |         });
[INFO] [stdout]     | |_________^ future created by async block is not `Send`
[INFO] [stdout]     |
[INFO] [stdout]     = help: within `[async block@src/api_server/server.rs:118:40: 143:10]`, the trait `std::marker::Send` is not implemented for `NonNull<u8>`
[INFO] [stdout] note: captured value is not `Send`
[INFO] [stdout]    --> src/api_server/server.rs:124:67
[INFO] [stdout]     |
[INFO] [stdout] 124 | ...                   server.handle_client_message(&mut info, msg).await?;
[INFO] [stdout]     |                                                         ^^^^ has type `ClientInfo` which is not `Send`
[INFO] [stdout] note: required by a bound in `tokio::spawn`
[INFO] [stdout]    --> /opt/rustwide/cargo-home/registry/src/index.crates.io-6f17d22bba15001f/tokio-1.12.0/src/task/spawn.rs:127:21
[INFO] [stdout]     |
[INFO] [stdout] 127 |         T: Future + Send + 'static,
[INFO] [stdout]     |                     ^^^^ required by this bound in `spawn`
[INFO] [stdout] 
[INFO] [stdout] 
[INFO] [stdout] error[E0308]: mismatched types
[INFO] [stdout]    --> src/api_server/server.rs:208:55
[INFO] [stdout]     |
[INFO] [stdout] 208 | ...                   publisher.publish(msg, dst)
[INFO] [stdout]     |                                 ------- ^^^ expected `&[u8]`, found `ClientMessage`
[INFO] [stdout]     |                                 |
[INFO] [stdout]     |                                 arguments to this method are incorrect
[INFO] [stdout]     |
[INFO] [stdout] note: method defined here
[INFO] [stdout]    --> src/service/network.rs:107:18
[INFO] [stdout]     |
[INFO] [stdout] 107 |     pub async fn publish(&self, msg: &[u8], dst: &Address) {
[INFO] [stdout]     |                  ^^^^^^^        ----------
[INFO] [stdout] 
[INFO] [stdout] 
[INFO] [stdout] error[E0308]: mismatched types
[INFO] [stdout]    --> src/api_server/server.rs:208:37
[INFO] [stdout]     |
[INFO] [stdout] 207 | / ...                   if let Some(publisher) =  publishers.get_mut(&post.addr) {
[INFO] [stdout] 208 | | ...                       publisher.publish(msg, dst)
[INFO] [stdout]     | |                           ^^^^^^^^^^^^^^^^^^^^^^^^^^^ expected `()`, found future
[INFO] [stdout] 209 | | ...                   }
[INFO] [stdout]     | |_______________________- expected this to be `()`
[INFO] [stdout]     |
[INFO] [stdout] note: calling an async function returns a future
[INFO] [stdout]    --> src/api_server/server.rs:208:37
[INFO] [stdout]     |
[INFO] [stdout] 208 | ...                   publisher.publish(msg, dst)
[INFO] [stdout]     |                       ^^^^^^^^^^^^^^^^^^^^^^^^^^^
[INFO] [stdout] help: consider `await`ing on the `Future`
[INFO] [stdout]     |
[INFO] [stdout] 208 |                                     publisher.publish(msg, dst).await
[INFO] [stdout]     |                                                                ++++++
[INFO] [stdout] help: consider using a semicolon here
[INFO] [stdout]     |
[INFO] [stdout] 208 |                                     publisher.publish(msg, dst);
[INFO] [stdout]     |                                                                +
[INFO] [stdout] help: consider using a semicolon here
[INFO] [stdout]     |
[INFO] [stdout] 209 |                                 };
[INFO] [stdout]     |                                  +
[INFO] [stdout] 
[INFO] [stdout] 
[INFO] [stdout] error[E0277]: the trait bound `Address: From<ed25519_dalek::PublicKey>` is not satisfied
[INFO] [stdout]   --> src/user/post.rs:23:34
[INFO] [stdout]    |
[INFO] [stdout] 23 |         let addr = Address::from(pubkey.clone());
[INFO] [stdout]    |                    ------------- ^^^^^^^^^^^^^^ the trait `From<ed25519_dalek::PublicKey>` is not implemented for `Address`
[INFO] [stdout]    |                    |
[INFO] [stdout]    |                    required by a bound introduced by this call
[INFO] [stdout]    |
[INFO] [stdout]    = help: the following other types implement trait `From<T>`:
[INFO] [stdout]              <Address as From<[type error]>>
[INFO] [stdout]              <Address as From<[u8; 32]>>
[INFO] [stdout] 
[INFO] [stdout] 
[INFO] [stdout] error[E0599]: no method named `verify` found for reference `&ed25519_dalek::PublicKey` in the current scope
[INFO] [stdout]   --> src/user/post.rs:32:22
[INFO] [stdout]    |
[INFO] [stdout] 31 | /                 pubkey
[INFO] [stdout] 32 | |                     .verify(
[INFO] [stdout]    | |                     -^^^^^^ method not found in `&PublicKey`
[INFO] [stdout]    | |_____________________|
[INFO] [stdout]    | 
[INFO] [stdout]    |
[INFO] [stdout]    = help: items from traits can only be used if the trait is in scope
[INFO] [stdout] help: the following trait is implemented but not in scope; perhaps add a `use` for it:
[INFO] [stdout]    |
[INFO] [stdout] 1  + use ed25519_dalek::Verifier;
[INFO] [stdout]    |
[INFO] [stdout] 
[INFO] [stdout] 
[INFO] [stdout] error: aborting due to 13 previous errors; 3 warnings emitted
[INFO] [stdout] 
[INFO] [stdout] 
[INFO] [stdout] Some errors have detailed explanations: E0277, E0308, E0412, E0425, E0432, E0599.
[INFO] [stdout] 
[INFO] [stdout] For more information about an error, try `rustc --explain E0277`.
[INFO] [stdout] 
[INFO] [stderr] error: could not compile `noktulo` (lib) due to 14 previous errors; 3 warnings emitted
[INFO] running `Command { std: "docker" "inspect" "1a6b2e2823b931c9ad3166e59e2e17c537b6fff2d5e5ddb633084c0232bc914c", kill_on_drop: false }`
[INFO] running `Command { std: "docker" "rm" "-f" "1a6b2e2823b931c9ad3166e59e2e17c537b6fff2d5e5ddb633084c0232bc914c", kill_on_drop: false }`
[INFO] [stdout] 1a6b2e2823b931c9ad3166e59e2e17c537b6fff2d5e5ddb633084c0232bc914c
