[INFO] cloning repository https://github.com/esau1116/rust_new
[INFO] running `Command { std: "git" "-c" "credential.helper=" "-c" "credential.helper=/workspace/cargo-home/bin/git-credential-null" "clone" "--bare" "https://github.com/esau1116/rust_new" "/workspace/cache/git-repos/https%3A%2F%2Fgithub.com%2Fesau1116%2Frust_new", kill_on_drop: false }`
[INFO] [stderr] Cloning into bare repository '/workspace/cache/git-repos/https%3A%2F%2Fgithub.com%2Fesau1116%2Frust_new'...
[INFO] running `Command { std: "git" "rev-parse" "HEAD", kill_on_drop: false }`
[INFO] [stdout] f5e94017ce163f2dcef31f3f39384847697ebd43
[INFO] testing esau1116/rust_new against 1.69.0 for beta-1.70-1
[INFO] running `Command { std: "git" "clone" "/workspace/cache/git-repos/https%3A%2F%2Fgithub.com%2Fesau1116%2Frust_new" "/workspace/builds/worker-5-tc1/source", kill_on_drop: false }`
[INFO] [stderr] Cloning into '/workspace/builds/worker-5-tc1/source'...
[INFO] [stderr] done.
[INFO] validating manifest of git repo https://github.com/esau1116/rust_new on toolchain 1.69.0
[INFO] running `Command { std: CARGO_HOME="/workspace/cargo-home" RUSTUP_HOME="/workspace/rustup-home" "/workspace/cargo-home/bin/cargo" "+1.69.0" "metadata" "--manifest-path" "Cargo.toml" "--no-deps", kill_on_drop: false }`
[INFO] started tweaking git repo https://github.com/esau1116/rust_new
[INFO] finished tweaking git repo https://github.com/esau1116/rust_new
[INFO] tweaked toml for git repo https://github.com/esau1116/rust_new written to /workspace/builds/worker-5-tc1/source/Cargo.toml
[INFO] crate git repo https://github.com/esau1116/rust_new already has a lockfile, it will not be regenerated
[INFO] running `Command { std: CARGO_HOME="/workspace/cargo-home" RUSTUP_HOME="/workspace/rustup-home" "/workspace/cargo-home/bin/cargo" "+1.69.0" "fetch" "--manifest-path" "Cargo.toml", kill_on_drop: false }`
[INFO] [stderr]     Blocking waiting for file lock on package cache
[INFO] running `Command { std: "docker" "create" "-v" "/var/lib/crater-agent-workspace/builds/worker-5-tc1/target:/opt/rustwide/target:rw,Z" "-v" "/var/lib/crater-agent-workspace/builds/worker-5-tc1/source:/opt/rustwide/workdir:ro,Z" "-v" "/var/lib/crater-agent-workspace/cargo-home:/opt/rustwide/cargo-home:ro,Z" "-v" "/var/lib/crater-agent-workspace/rustup-home:/opt/rustwide/rustup-home:ro,Z" "-e" "SOURCE_DIR=/opt/rustwide/workdir" "-e" "CARGO_TARGET_DIR=/opt/rustwide/target" "-e" "CARGO_HOME=/opt/rustwide/cargo-home" "-e" "RUSTUP_HOME=/opt/rustwide/rustup-home" "-w" "/opt/rustwide/workdir" "-m" "1610612736" "--user" "0:0" "--network" "none" "ghcr.io/rust-lang/crates-build-env/linux@sha256:5ff2268d62e97bff2cde7d5815dd6ed5b47097566f13b8d0ca110b04b60e07ed" "/opt/rustwide/cargo-home/bin/cargo" "+1.69.0" "metadata" "--no-deps" "--format-version=1", kill_on_drop: false }`
[INFO] [stdout] d946702cf700b379cd0adc220dc5a977ed30791c3feebcebe1b755342f460767
[INFO] running `Command { std: "docker" "start" "-a" "d946702cf700b379cd0adc220dc5a977ed30791c3feebcebe1b755342f460767", kill_on_drop: false }`
[INFO] running `Command { std: "docker" "inspect" "d946702cf700b379cd0adc220dc5a977ed30791c3feebcebe1b755342f460767", kill_on_drop: false }`
[INFO] running `Command { std: "docker" "rm" "-f" "d946702cf700b379cd0adc220dc5a977ed30791c3feebcebe1b755342f460767", kill_on_drop: false }`
[INFO] [stdout] d946702cf700b379cd0adc220dc5a977ed30791c3feebcebe1b755342f460767
[INFO] running `Command { std: "docker" "create" "-v" "/var/lib/crater-agent-workspace/builds/worker-5-tc1/target:/opt/rustwide/target:rw,Z" "-v" "/var/lib/crater-agent-workspace/builds/worker-5-tc1/source:/opt/rustwide/workdir:ro,Z" "-v" "/var/lib/crater-agent-workspace/cargo-home:/opt/rustwide/cargo-home:ro,Z" "-v" "/var/lib/crater-agent-workspace/rustup-home:/opt/rustwide/rustup-home:ro,Z" "-e" "SOURCE_DIR=/opt/rustwide/workdir" "-e" "CARGO_TARGET_DIR=/opt/rustwide/target" "-e" "CARGO_INCREMENTAL=0" "-e" "RUST_BACKTRACE=full" "-e" "RUSTFLAGS=--cap-lints=warn" "-e" "RUSTDOCFLAGS=--cap-lints=warn" "-e" "CARGO_HOME=/opt/rustwide/cargo-home" "-e" "RUSTUP_HOME=/opt/rustwide/rustup-home" "-w" "/opt/rustwide/workdir" "-m" "1610612736" "--user" "0:0" "--network" "none" "ghcr.io/rust-lang/crates-build-env/linux@sha256:5ff2268d62e97bff2cde7d5815dd6ed5b47097566f13b8d0ca110b04b60e07ed" "/opt/rustwide/cargo-home/bin/cargo" "+1.69.0" "build" "--frozen" "--message-format=json", kill_on_drop: false }`
[INFO] [stdout] 0f056dee383a0d518cfdb045552da681c32aba0503e54b6b1079ac09cfea55bc
[INFO] running `Command { std: "docker" "start" "-a" "0f056dee383a0d518cfdb045552da681c32aba0503e54b6b1079ac09cfea55bc", kill_on_drop: false }`
[INFO] [stderr]    Compiling activities v0.1.0 (/opt/rustwide/workdir)
[INFO] [stdout] error: expected `:`, found `,`
[INFO] [stdout]   --> src/bin/a18b.rs:29:12
[INFO] [stdout]    |
[INFO] [stdout] 28 | struct Status{
[INFO] [stdout]    |        ------ while parsing this struct
[INFO] [stdout] 29 |     Acitive,
[INFO] [stdout]    |            ^ expected `:`
[INFO] [stdout] 
[INFO] [stdout] 
[INFO] [stdout] error[E0599]: no associated item named `Terminated` found for struct `Status` in the current scope
[INFO] [stdout]   --> src/bin/a18b.rs:41:17
[INFO] [stdout]    |
[INFO] [stdout] 28 | struct Status{
[INFO] [stdout]    | ------------- associated item `Terminated` not found for this struct
[INFO] [stdout] ...
[INFO] [stdout] 41 |         Status::Terminated => return err("cant access".to_owned())
[INFO] [stdout]    |                 ^^^^^^^^^^ associated item not found in `Status`
[INFO] [stdout] 
[INFO] [stdout] 
[INFO] [stdout] error[E0425]: cannot find function `err` in this scope
[INFO] [stdout]   --> src/bin/a18b.rs:41:38
[INFO] [stdout]    |
[INFO] [stdout] 41 |         Status::Terminated => return err("cant access".to_owned())
[INFO] [stdout]    |                                      ^^^ help: a tuple variant with a similar name exists: `Err`
[INFO] [stdout]   --> /rustc/84c898d65adf2f39a5a98507f1fe0ce10a2b8dbc/library/core/src/result.rs:512:5
[INFO] [stdout]    |
[INFO] [stdout]    = note: similarly named tuple variant `Err` defined here
[INFO] [stdout] 
[INFO] [stdout] 
[INFO] [stdout] error: aborting due to 3 previous errors
[INFO] [stdout] 
[INFO] [stdout] 
[INFO] [stdout] Some errors have detailed explanations: E0425, E0599.
[INFO] [stdout] 
[INFO] [stdout] For more information about an error, try `rustc --explain E0425`.
[INFO] [stdout] 
[INFO] [stderr] error: could not compile `activities` due to 4 previous errors
[INFO] [stderr] warning: build failed, waiting for other jobs to finish...
[INFO] [stdout] error[E0308]: mismatched types
[INFO] [stdout]   --> src/bin/a23.rs:16:5
[INFO] [stdout]    |
[INFO] [stdout] 11 | fn part_1() -> bool {
[INFO] [stdout]    |                ---- expected `bool` because of return type
[INFO] [stdout] ...
[INFO] [stdout] 16 |     maybe_access("admin")
[INFO] [stdout]    |     ^^^^^^^^^^^^^^^^^^^^^ expected `bool`, found `Option<Access>`
[INFO] [stdout]    |
[INFO] [stdout]    = note: expected type `bool`
[INFO] [stdout]               found enum `Option<Access>`
[INFO] [stdout] help: use `Option::is_some` to test if the `Option` has a value
[INFO] [stdout]    |
[INFO] [stdout] 16 |     maybe_access("admin").is_some()
[INFO] [stdout]    |                          ++++++++++
[INFO] [stdout] 
[INFO] [stdout] 
[INFO] [stdout] error[E0308]: mismatched types
[INFO] [stdout]   --> src/bin/a23.rs:29:5
[INFO] [stdout]    |
[INFO] [stdout] 26 | fn part_3() -> Access {
[INFO] [stdout]    |                ------ expected `Access` because of return type
[INFO] [stdout] ...
[INFO] [stdout] 29 |     maybe_access("Alice")
[INFO] [stdout]    |     ^^^^^^^^^^^^^^^^^^^^^ expected `Access`, found `Option<Access>`
[INFO] [stdout]    |
[INFO] [stdout]    = note: expected enum `Access`
[INFO] [stdout]               found enum `Option<Access>`
[INFO] [stdout] 
[INFO] [stdout] 
[INFO] [stdout] error: aborting due to 2 previous errors
[INFO] [stdout] 
[INFO] [stdout] 
[INFO] [stdout] For more information about this error, try `rustc --explain E0308`.
[INFO] [stdout] 
[INFO] [stdout] error: expected `:`, found `,`
[INFO] [stdout]  --> src/bin/a11.rs:9:10
[INFO] [stdout]   |
[INFO] [stdout] 8 | struct Grocery{
[INFO] [stdout]   |        ------- while parsing this struct
[INFO] [stdout] 9 |     apple,
[INFO] [stdout]   |          ^ expected `:`
[INFO] [stdout] 
[INFO] [stdout] 
[INFO] [stdout] error: aborting due to previous error
[INFO] [stdout] 
[INFO] [stdout] 
[INFO] [stderr] error: could not compile `activities` due to 3 previous errors
[INFO] [stderr] error: could not compile `activities` due to 2 previous errors
[INFO] [stdout] warning: function `clamp` is never used
[INFO] [stdout]   --> src/bin/a22.rs:14:4
[INFO] [stdout]    |
[INFO] [stdout] 14 | fn clamp(n: i32, lower: i32, upper: i32) -> i32 {
[INFO] [stdout]    |    ^^^^^
[INFO] [stdout]    |
[INFO] [stdout]    = note: `#[warn(dead_code)]` on by default
[INFO] [stdout] 
[INFO] [stdout] 
[INFO] [stdout] warning: function `div` is never used
[INFO] [stdout]   --> src/bin/a22.rs:25:4
[INFO] [stdout]    |
[INFO] [stdout] 25 | fn div(a: i32, b: i32) -> Option<i32> {
[INFO] [stdout]    |    ^^^
[INFO] [stdout] 
[INFO] [stdout] 
[INFO] [stdout] warning: function `concat` is never used
[INFO] [stdout]   --> src/bin/a22.rs:30:4
[INFO] [stdout]    |
[INFO] [stdout] 30 | fn concat(first: &str, second: &str) -> String {
[INFO] [stdout]    |    ^^^^^^
[INFO] [stdout] 
[INFO] [stdout] 
[INFO] [stdout] warning: 3 warnings emitted
[INFO] [stdout] 
[INFO] [stdout] 
[INFO] running `Command { std: "docker" "inspect" "0f056dee383a0d518cfdb045552da681c32aba0503e54b6b1079ac09cfea55bc", kill_on_drop: false }`
[INFO] running `Command { std: "docker" "rm" "-f" "0f056dee383a0d518cfdb045552da681c32aba0503e54b6b1079ac09cfea55bc", kill_on_drop: false }`
[INFO] [stdout] 0f056dee383a0d518cfdb045552da681c32aba0503e54b6b1079ac09cfea55bc
