[INFO] cloning repository https://github.com/eratio08/learn-actix-web
[INFO] running `Command { std: "git" "-c" "credential.helper=" "-c" "credential.helper=/workspace/cargo-home/bin/git-credential-null" "clone" "--bare" "https://github.com/eratio08/learn-actix-web" "/workspace/cache/git-repos/https%3A%2F%2Fgithub.com%2Feratio08%2Flearn-actix-web", kill_on_drop: false }`
[INFO] [stderr] Cloning into bare repository '/workspace/cache/git-repos/https%3A%2F%2Fgithub.com%2Feratio08%2Flearn-actix-web'...
[INFO] running `Command { std: "git" "rev-parse" "HEAD", kill_on_drop: false }`
[INFO] [stdout] b7051a906c18f771d7ec0965df38dfe227f3cbd5
[INFO] testing eratio08/learn-actix-web against beta-2023-04-20 for beta-1.70-1
[INFO] running `Command { std: "git" "clone" "/workspace/cache/git-repos/https%3A%2F%2Fgithub.com%2Feratio08%2Flearn-actix-web" "/workspace/builds/worker-1-tc2/source", kill_on_drop: false }`
[INFO] [stderr] Cloning into '/workspace/builds/worker-1-tc2/source'...
[INFO] [stderr] done.
[INFO] validating manifest of git repo https://github.com/eratio08/learn-actix-web on toolchain beta-2023-04-20
[INFO] running `Command { std: CARGO_HOME="/workspace/cargo-home" RUSTUP_HOME="/workspace/rustup-home" "/workspace/cargo-home/bin/cargo" "+beta-2023-04-20" "metadata" "--manifest-path" "Cargo.toml" "--no-deps", kill_on_drop: false }`
[INFO] started tweaking git repo https://github.com/eratio08/learn-actix-web
[INFO] finished tweaking git repo https://github.com/eratio08/learn-actix-web
[INFO] tweaked toml for git repo https://github.com/eratio08/learn-actix-web written to /workspace/builds/worker-1-tc2/source/Cargo.toml
[INFO] crate git repo https://github.com/eratio08/learn-actix-web already has a lockfile, it will not be regenerated
[INFO] running `Command { std: CARGO_HOME="/workspace/cargo-home" RUSTUP_HOME="/workspace/rustup-home" "/workspace/cargo-home/bin/cargo" "+beta-2023-04-20" "fetch" "--manifest-path" "Cargo.toml", kill_on_drop: false }`
[INFO] [stderr]  Downloading crates ...
[INFO] [stderr]   Downloaded rustls v0.20.3
[INFO] running `Command { std: "docker" "create" "-v" "/var/lib/crater-agent-workspace/builds/worker-1-tc2/target:/opt/rustwide/target:rw,Z" "-v" "/var/lib/crater-agent-workspace/builds/worker-1-tc2/source:/opt/rustwide/workdir:ro,Z" "-v" "/var/lib/crater-agent-workspace/cargo-home:/opt/rustwide/cargo-home:ro,Z" "-v" "/var/lib/crater-agent-workspace/rustup-home:/opt/rustwide/rustup-home:ro,Z" "-e" "SOURCE_DIR=/opt/rustwide/workdir" "-e" "CARGO_TARGET_DIR=/opt/rustwide/target" "-e" "CARGO_HOME=/opt/rustwide/cargo-home" "-e" "RUSTUP_HOME=/opt/rustwide/rustup-home" "-w" "/opt/rustwide/workdir" "-m" "1610612736" "--user" "0:0" "--network" "none" "ghcr.io/rust-lang/crates-build-env/linux@sha256:5ff2268d62e97bff2cde7d5815dd6ed5b47097566f13b8d0ca110b04b60e07ed" "/opt/rustwide/cargo-home/bin/cargo" "+beta-2023-04-20" "metadata" "--no-deps" "--format-version=1", kill_on_drop: false }`
[INFO] [stdout] 584b830663e98148afee5be1dab43d30b2aac009187d41ab1a41d6ecf5934630
[INFO] running `Command { std: "docker" "start" "-a" "584b830663e98148afee5be1dab43d30b2aac009187d41ab1a41d6ecf5934630", kill_on_drop: false }`
[INFO] running `Command { std: "docker" "inspect" "584b830663e98148afee5be1dab43d30b2aac009187d41ab1a41d6ecf5934630", kill_on_drop: false }`
[INFO] running `Command { std: "docker" "rm" "-f" "584b830663e98148afee5be1dab43d30b2aac009187d41ab1a41d6ecf5934630", kill_on_drop: false }`
[INFO] [stdout] 584b830663e98148afee5be1dab43d30b2aac009187d41ab1a41d6ecf5934630
[INFO] running `Command { std: "docker" "create" "-v" "/var/lib/crater-agent-workspace/builds/worker-1-tc2/target:/opt/rustwide/target:rw,Z" "-v" "/var/lib/crater-agent-workspace/builds/worker-1-tc2/source:/opt/rustwide/workdir:ro,Z" "-v" "/var/lib/crater-agent-workspace/cargo-home:/opt/rustwide/cargo-home:ro,Z" "-v" "/var/lib/crater-agent-workspace/rustup-home:/opt/rustwide/rustup-home:ro,Z" "-e" "SOURCE_DIR=/opt/rustwide/workdir" "-e" "CARGO_TARGET_DIR=/opt/rustwide/target" "-e" "CARGO_INCREMENTAL=0" "-e" "RUST_BACKTRACE=full" "-e" "RUSTFLAGS=--cap-lints=warn" "-e" "RUSTDOCFLAGS=--cap-lints=warn" "-e" "CARGO_HOME=/opt/rustwide/cargo-home" "-e" "RUSTUP_HOME=/opt/rustwide/rustup-home" "-w" "/opt/rustwide/workdir" "-m" "1610612736" "--user" "0:0" "--network" "none" "ghcr.io/rust-lang/crates-build-env/linux@sha256:5ff2268d62e97bff2cde7d5815dd6ed5b47097566f13b8d0ca110b04b60e07ed" "/opt/rustwide/cargo-home/bin/cargo" "+beta-2023-04-20" "build" "--frozen" "--message-format=json", kill_on_drop: false }`
[INFO] [stdout] 84deba2d9b0997a347b5ec38071b268ef331870e6036636c420e8fd4ee7bb296
[INFO] running `Command { std: "docker" "start" "-a" "84deba2d9b0997a347b5ec38071b268ef331870e6036636c420e8fd4ee7bb296", kill_on_drop: false }`
[INFO] [stderr]    Compiling libc v0.2.117
[INFO] [stderr]    Compiling proc-macro2 v1.0.36
[INFO] [stderr]    Compiling unicode-xid v0.2.2
[INFO] [stderr]    Compiling syn v1.0.86
[INFO] [stderr]    Compiling cfg-if v1.0.0
[INFO] [stderr]    Compiling log v0.4.14
[INFO] [stderr]    Compiling memchr v2.4.1
[INFO] [stderr]    Compiling futures-core v0.3.21
[INFO] [stderr]    Compiling version_check v0.9.4
[INFO] [stderr]    Compiling slab v0.4.5
[INFO] [stderr]    Compiling lazy_static v1.4.0
[INFO] [stderr]    Compiling futures-sink v0.3.21
[INFO] [stderr]    Compiling cfg-if v0.1.10
[INFO] [stderr]    Compiling futures-channel v0.3.21
[INFO] [stderr]    Compiling pin-project-lite v0.2.8
[INFO] [stderr]    Compiling futures-task v0.3.21
[INFO] [stderr]    Compiling futures-util v0.3.21
[INFO] [stderr]    Compiling cc v1.0.72
[INFO] [stderr]    Compiling futures-io v0.3.21
[INFO] [stderr]    Compiling pin-utils v0.1.0
[INFO] [stderr]    Compiling pin-project-lite v0.1.12
[INFO] [stderr]    Compiling bytes v0.5.6
[INFO] [stderr]    Compiling untrusted v0.7.1
[INFO] [stderr]    Compiling smallvec v1.8.0
[INFO] [stderr]    Compiling spin v0.5.2
[INFO] [stderr]    Compiling once_cell v1.9.0
[INFO] [stderr]    Compiling parking_lot_core v0.8.5
[INFO] [stderr]    Compiling pin-project-internal v0.4.29
[INFO] [stderr]    Compiling instant v0.1.12
[INFO] [stderr]    Compiling scopeguard v1.1.0
[INFO] [stderr]    Compiling convert_case v0.4.0
[INFO] [stderr]    Compiling getrandom v0.1.16
[INFO] [stderr]    Compiling autocfg v1.1.0
[INFO] [stderr]    Compiling matches v0.1.9
[INFO] [stderr]    Compiling lock_api v0.4.6
[INFO] [stderr]    Compiling tinyvec_macros v0.1.0
[INFO] [stderr]    Compiling percent-encoding v2.1.0
[INFO] [stderr]    Compiling standback v0.2.17
[INFO] [stderr]    Compiling proc-macro-hack v0.5.19
[INFO] [stderr]    Compiling tinyvec v1.5.1
[INFO] [stderr]    Compiling typenum v1.15.0
[INFO] [stderr]    Compiling bitflags v1.3.2
[INFO] [stderr]    Compiling serde_derive v1.0.136
[INFO] [stderr]    Compiling itoa v1.0.1
[INFO] [stderr]    Compiling copyless v0.1.5
[INFO] [stderr]    Compiling quote v1.0.15
[INFO] [stderr]    Compiling form_urlencoded v1.0.1
[INFO] [stderr]    Compiling generic-array v0.14.5
[INFO] [stderr]    Compiling either v1.6.1
[INFO] [stderr]    Compiling bytes v1.1.0
[INFO] [stderr]    Compiling unicode-bidi v0.3.7
[INFO] [stderr]    Compiling ppv-lite86 v0.2.16
[INFO] [stderr]    Compiling net2 v0.2.37
[INFO] [stderr]    Compiling iovec v0.1.4
[INFO] [stderr]    Compiling signal-hook-registry v1.4.0
[INFO] [stderr]    Compiling num_cpus v1.13.1
[INFO] [stderr]    Compiling serde v1.0.136
[INFO] [stderr]    Compiling unicode-segmentation v1.9.0
[INFO] [stderr]    Compiling async-trait v0.1.52
[INFO] [stderr]    Compiling ring v0.16.20
[INFO] [stderr]    Compiling mio v0.6.23
[INFO] [stderr]    Compiling parking_lot v0.11.2
[INFO] [stderr]    Compiling threadpool v1.8.1
[INFO] [stderr]    Compiling rand_core v0.5.1
[INFO] [stderr]    Compiling unicode-normalization v0.1.19
[INFO] [stderr]    Compiling rand_chacha v0.2.2
[INFO] [stderr]    Compiling heck v0.3.3
[INFO] [stderr]    Compiling match_cfg v0.1.0
[INFO] [stderr]    Compiling fnv v1.0.7
[INFO] [stderr]    Compiling base64 v0.12.3
[INFO] [stderr]    Compiling const_fn v0.4.9
[INFO] [stderr]    Compiling indexmap v1.8.0
[INFO] [stderr]    Compiling hostname v0.3.1
[INFO] [stderr]    Compiling mio-uds v0.6.8
[INFO] [stderr]    Compiling rand v0.7.3
[INFO] [stderr]    Compiling http v0.2.6
[INFO] [stderr]    Compiling miniz_oxide v0.4.4
[INFO] [stderr]    Compiling tokio v0.2.25
[INFO] [stderr]    Compiling aho-corasick v0.7.18
[INFO] [stderr]    Compiling time v0.2.27
[INFO] [stderr]    Compiling tracing-core v0.1.22
[INFO] [stderr]    Compiling alloc-no-stdlib v2.0.3
[INFO] [stderr]    Compiling quick-error v1.2.3
[INFO] [stderr]    Compiling regex-syntax v0.6.25
[INFO] [stderr]    Compiling crc32fast v1.3.2
[INFO] [stderr]    Compiling idna v0.2.3
[INFO] [stderr]    Compiling linked-hash-map v0.5.4
[INFO] [stderr]    Compiling resolv-conf v0.7.0
[INFO] [stderr]    Compiling tracing v0.1.30
[INFO] [stderr]    Compiling lru-cache v0.1.2
[INFO] [stderr]    Compiling alloc-stdlib v0.2.1
[INFO] [stderr]    Compiling cookie v0.14.4
[INFO] [stderr]    Compiling httparse v1.6.0
[INFO] [stderr]    Compiling url v2.2.2
[INFO] [stderr]    Compiling adler v1.0.2
[INFO] [stderr]    Compiling encoding_rs v0.8.30
[INFO] [stderr]    Compiling serde_json v1.0.79
[INFO] [stderr]    Compiling ryu v1.0.9
[INFO] [stderr]    Compiling hashbrown v0.11.2
[INFO] [stderr]    Compiling brotli-decompressor v2.3.2
[INFO] [stderr]    Compiling block-buffer v0.9.0
[INFO] [stderr]    Compiling digest v0.9.0
[INFO] [stderr]    Compiling base64 v0.13.0
[INFO] [stderr]    Compiling opaque-debug v0.3.0
[INFO] [stderr]    Compiling cpufeatures v0.2.1
[INFO] [stderr]    Compiling byteorder v1.4.3
[INFO] [stderr]    Compiling sha-1 v0.9.8
[INFO] [stderr]    Compiling socket2 v0.3.19
[INFO] [stderr]    Compiling fxhash v0.2.1
[INFO] [stderr]    Compiling flate2 v1.0.22
[INFO] [stderr]    Compiling itoa v0.4.8
[INFO] [stderr]    Compiling mime v0.3.16
[INFO] [stderr]    Compiling language-tags v0.2.2
[INFO] [stderr]    Compiling bytestring v1.0.0
[INFO] [stderr]    Compiling rustls v0.20.3
[INFO] [stderr]    Compiling atty v0.2.14
[INFO] [stderr]    Compiling humantime v2.1.0
[INFO] [stderr]    Compiling termcolor v1.1.2
[INFO] [stderr]    Compiling rustls-pemfile v0.3.0
[INFO] [stderr]    Compiling regex v1.5.4
[INFO] [stderr]    Compiling brotli v3.3.3
[INFO] [stderr]    Compiling webpki v0.21.4
[INFO] [stderr]    Compiling sct v0.6.1
[INFO] [stderr]    Compiling sct v0.7.0
[INFO] [stderr]    Compiling webpki v0.22.0
[INFO] [stderr]    Compiling tokio-util v0.3.1
[INFO] [stderr]    Compiling rustls v0.18.1
[INFO] [stderr]    Compiling webpki-roots v0.20.0
[INFO] [stderr]    Compiling env_logger v0.9.0
[INFO] [stderr]    Compiling futures-macro v0.3.21
[INFO] [stderr]    Compiling derive_more v0.99.17
[INFO] [stderr]    Compiling actix-macros v0.1.3
[INFO] [stderr]    Compiling thiserror-impl v1.0.30
[INFO] [stderr]    Compiling time-macros-impl v0.1.2
[INFO] [stderr]    Compiling enum-as-inner v0.3.3
[INFO] [stderr]    Compiling pin-project-internal v1.0.10
[INFO] [stderr]    Compiling actix-web-codegen v0.4.0
[INFO] [stderr]    Compiling time-macros v0.1.1
[INFO] [stderr]    Compiling tokio-rustls v0.14.1
[INFO] [stderr]    Compiling pin-project v0.4.29
[INFO] [stderr]    Compiling thiserror v1.0.30
[INFO] [stderr]    Compiling pin-project v1.0.10
[INFO] [stderr]    Compiling actix-codec v0.3.0
[INFO] [stderr]    Compiling tracing-futures v0.2.5
[INFO] [stderr]    Compiling actix-threadpool v0.3.3
[INFO] [stderr]    Compiling actix-rt v1.1.1
[INFO] [stderr]    Compiling actix-service v1.0.6
[INFO] [stderr]    Compiling futures-executor v0.3.21
[INFO] [stderr]    Compiling h2 v0.2.7
[INFO] [stderr]    Compiling futures v0.3.21
[INFO] [stderr]    Compiling trust-dns-proto v0.19.7
[INFO] [stderr]    Compiling actix-utils v2.0.0
[INFO] [stderr]    Compiling actix-tls v2.0.0
[INFO] [stderr]    Compiling actix-server v1.0.4
[INFO] [stderr]    Compiling actix-testing v1.0.1
[INFO] [stderr]    Compiling trust-dns-resolver v0.19.7
[INFO] [stderr]    Compiling serde_urlencoded v0.7.1
[INFO] [stderr]    Compiling actix-router v0.2.7
[INFO] [stderr]    Compiling actix-connect v2.0.0
[INFO] [stderr]    Compiling actix-http v2.2.2
[INFO] [stderr]    Compiling awc v2.0.3
[INFO] [stderr]    Compiling actix-web v3.3.3
[INFO] [stderr]    Compiling learn-actix-web v0.1.0 (/opt/rustwide/workdir)
[INFO] [stdout] warning: unused import: `env_logger::Logger`
[INFO] [stdout]  --> src/bin/errors.rs:8:5
[INFO] [stdout]   |
[INFO] [stdout] 8 | use env_logger::Logger;
[INFO] [stdout]   |     ^^^^^^^^^^^^^^^^^^
[INFO] [stdout]   |
[INFO] [stdout]   = note: `#[warn(unused_imports)]` on by default
[INFO] [stdout] 
[INFO] [stdout] 
[INFO] [stdout] warning: variant `ValidationError` is never constructed
[INFO] [stdout]   --> src/bin/errors.rs:26:5
[INFO] [stdout]    |
[INFO] [stdout] 24 | enum UserError {
[INFO] [stdout]    |      --------- variant in this enum
[INFO] [stdout] 25 |     #[display(fmt = "ValidationError on filed: {}", field)]
[INFO] [stdout] 26 |     ValidationError { field: String },
[INFO] [stdout]    |     ^^^^^^^^^^^^^^^
[INFO] [stdout]    |
[INFO] [stdout]    = note: `UserError` has a derived impl for the trait `Debug`, but this is intentionally ignored during dead code analysis
[INFO] [stdout]    = note: `#[warn(dead_code)]` on by default
[INFO] [stdout] 
[INFO] [stdout] 
[INFO] [stdout] error[E0308]: mismatched types
[INFO] [stdout]    --> src/bin/ssl.rs:40:40
[INFO] [stdout]     |
[INFO] [stdout] 40  |         .bind_rustls("127.0.0.1:8888", config)?
[INFO] [stdout]     |          -----------                   ^^^^^^ expected `rustls::server::ServerConfig`, found `ServerConfig`
[INFO] [stdout]     |          |
[INFO] [stdout]     |          arguments to this method are incorrect
[INFO] [stdout]     |
[INFO] [stdout]     = note: `ServerConfig` and `rustls::server::ServerConfig` have similar names, but are actually distinct types
[INFO] [stdout] note: `ServerConfig` is defined in crate `rustls`
[INFO] [stdout]    --> /opt/rustwide/cargo-home/registry/src/index.crates.io-6f17d22bba15001f/rustls-0.20.3/src/server/server_conn.rs:177:1
[INFO] [stdout]     |
[INFO] [stdout] 177 | pub struct ServerConfig {
[INFO] [stdout]     | ^^^^^^^^^^^^^^^^^^^^^^^
[INFO] [stdout] note: `rustls::server::ServerConfig` is defined in crate `rustls`
[INFO] [stdout]    --> /opt/rustwide/cargo-home/registry/src/index.crates.io-6f17d22bba15001f/rustls-0.18.1/src/server/mod.rs:147:1
[INFO] [stdout]     |
[INFO] [stdout] 147 | pub struct ServerConfig {
[INFO] [stdout]     | ^^^^^^^^^^^^^^^^^^^^^^^
[INFO] [stdout] note: method defined here
[INFO] [stdout]    --> /opt/rustwide/cargo-home/registry/src/index.crates.io-6f17d22bba15001f/actix-web-3.3.3/src/server.rs:498:12
[INFO] [stdout]     |
[INFO] [stdout] 498 |     pub fn bind_rustls<A: net::ToSocketAddrs>(
[INFO] [stdout]     |            ^^^^^^^^^^^
[INFO] [stdout] 
[INFO] [stdout] 
[INFO] [stdout] error: aborting due to previous error
[INFO] [stdout] 
[INFO] [stdout] 
[INFO] [stdout] For more information about this error, try `rustc --explain E0308`.
[INFO] [stdout] 
[INFO] [stderr] error: could not compile `learn-actix-web` (bin "ssl") due to 2 previous errors
[INFO] [stderr] warning: build failed, waiting for other jobs to finish...
[INFO] [stdout] error: linking with `cc` failed: exit status: 1
[INFO] [stdout]   |
[INFO] [stdout]   = note: LC_ALL="C" PATH="/opt/rustwide/rustup-home/toolchains/beta-2023-04-20-x86_64-unknown-linux-gnu/lib/rustlib/x86_64-unknown-linux-gnu/bin:/opt/rustwide/cargo-home/bin:/usr/local/sbin:/usr/local/bin:/usr/sbin:/usr/bin:/sbin:/bin" VSLANG="1033" "cc" "-m64" "/tmp/rustcOyTXcF/symbols.o" "/opt/rustwide/target/debug/deps/multi_thread-ec1075b56d97b829.multi_thread.123b124b-cgu.0.rcgu.o" "/opt/rustwide/target/debug/deps/multi_thread-ec1075b56d97b829.multi_thread.123b124b-cgu.1.rcgu.o" "/opt/rustwide/target/debug/deps/multi_thread-ec1075b56d97b829.multi_thread.123b124b-cgu.10.rcgu.o" "/opt/rustwide/target/debug/deps/multi_thread-ec1075b56d97b829.multi_thread.123b124b-cgu.11.rcgu.o" "/opt/rustwide/target/debug/deps/multi_thread-ec1075b56d97b829.multi_thread.123b124b-cgu.12.rcgu.o" "/opt/rustwide/target/debug/deps/multi_thread-ec1075b56d97b829.multi_thread.123b124b-cgu.13.rcgu.o" "/opt/rustwide/target/debug/deps/multi_thread-ec1075b56d97b829.multi_thread.123b124b-cgu.14.rcgu.o" "/opt/rustwide/target/debug/deps/multi_thread-ec1075b56d97b829.multi_thread.123b124b-cgu.15.rcgu.o" "/opt/rustwide/target/debug/deps/multi_thread-ec1075b56d97b829.multi_thread.123b124b-cgu.2.rcgu.o" "/opt/rustwide/target/debug/deps/multi_thread-ec1075b56d97b829.multi_thread.123b124b-cgu.3.rcgu.o" "/opt/rustwide/target/debug/deps/multi_thread-ec1075b56d97b829.multi_thread.123b124b-cgu.4.rcgu.o" "/opt/rustwide/target/debug/deps/multi_thread-ec1075b56d97b829.multi_thread.123b124b-cgu.5.rcgu.o" "/opt/rustwide/target/debug/deps/multi_thread-ec1075b56d97b829.multi_thread.123b124b-cgu.6.rcgu.o" "/opt/rustwide/target/debug/deps/multi_thread-ec1075b56d97b829.multi_thread.123b124b-cgu.7.rcgu.o" "/opt/rustwide/target/debug/deps/multi_thread-ec1075b56d97b829.multi_thread.123b124b-cgu.8.rcgu.o" "/opt/rustwide/target/debug/deps/multi_thread-ec1075b56d97b829.multi_thread.123b124b-cgu.9.rcgu.o" "/opt/rustwide/target/debug/deps/multi_thread-ec1075b56d97b829.35f2hzy6x8ro1p49.rcgu.o" "-Wl,--as-needed" "-L" "/opt/rustwide/target/debug/deps" "-L" "/opt/rustwide/target/debug/build/ring-18781a71d37daa3b/out" "-L" "/opt/rustwide/rustup-home/toolchains/beta-2023-04-20-x86_64-unknown-linux-gnu/lib/rustlib/x86_64-unknown-linux-gnu/lib" "-Wl,-Bstatic" "/opt/rustwide/target/debug/deps/libactix_web-c1d3da45975dbbfa.rlib" "/opt/rustwide/target/debug/deps/libawc-afb200edf97e21ad.rlib" "/opt/rustwide/target/debug/deps/libactix_server-ff2e31dc2cd14401.rlib" "/opt/rustwide/target/debug/deps/libsocket2-535666a5d64105f6.rlib" "/opt/rustwide/target/debug/deps/libactix_router-d1334d2c38bfa06f.rlib" "/opt/rustwide/target/debug/deps/libbytestring-c5aeca0c4eec74eb.rlib" "/opt/rustwide/target/debug/deps/libactix_http-3435b0090d7b66d1.rlib" "/opt/rustwide/target/debug/deps/libbase64-bff61f2d1660603b.rlib" "/opt/rustwide/target/debug/deps/libhttparse-72ae373da43497e9.rlib" "/opt/rustwide/target/debug/deps/libitoa-d0264c8ce1ce890b.rlib" "/opt/rustwide/target/debug/deps/libsha1-e589d762ca2a0195.rlib" "/opt/rustwide/target/debug/deps/libopaque_debug-ffbe13ab2928830a.rlib" "/opt/rustwide/target/debug/deps/libcpufeatures-0ab975038e942af0.rlib" "/opt/rustwide/target/debug/deps/libblock_buffer-70a34175df23a075.rlib" "/opt/rustwide/target/debug/deps/libdigest-a5dc0d346cb66e3d.rlib" "/opt/rustwide/target/debug/deps/libgeneric_array-349734d09e808f19.rlib" "/opt/rustwide/target/debug/deps/libtypenum-f068cdcc1d945756.rlib" "/opt/rustwide/target/debug/deps/libserde_urlencoded-1cdb2e5ebbd173d8.rlib" "/opt/rustwide/target/debug/deps/libserde_json-86647f98046d6fc6.rlib" "/opt/rustwide/target/debug/deps/libryu-1f87c9e09d988964.rlib" "/opt/rustwide/target/debug/deps/libcookie-57144eccd32c07d3.rlib" "/opt/rustwide/target/debug/deps/libactix_tls-cf8aea6daa72e322.rlib" "/opt/rustwide/target/debug/deps/libwebpki_roots-6fad14e58f3039e7.rlib" "/opt/rustwide/target/debug/deps/libserde-659ea92a8720e3c6.rlib" "/opt/rustwide/target/debug/deps/libencoding_rs-dbd08aaf41facaaa.rlib" "/opt/rustwide/target/debug/deps/libregex-da1e29c7a5edb1d3.rlib" "/opt/rustwide/target/debug/deps/libaho_corasick-ecbb33cb0ecb9f4f.rlib" "/opt/rustwide/target/debug/deps/libregex_syntax-fd0c3ba7c22fa1f4.rlib" "/opt/rustwide/target/debug/deps/liblanguage_tags-66706a840c6b3f9e.rlib" "/opt/rustwide/target/debug/deps/libmime-6adaefd5c465bdcc.rlib" "/opt/rustwide/target/debug/deps/libflate2-5d8131a0fcb09d1b.rlib" "/opt/rustwide/target/debug/deps/libminiz_oxide-bc5d546600890b9e.rlib" "/opt/rustwide/target/debug/deps/libadler-92f8db84032ff960.rlib" "/opt/rustwide/target/debug/deps/libcrc32fast-fc15e7c737c5fb18.rlib" "/opt/rustwide/target/debug/deps/libbrotli-0c978255cf43c778.rlib" "/opt/rustwide/target/debug/deps/libbrotli_decompressor-f273f1a80228c2b4.rlib" "/opt/rustwide/target/debug/deps/liballoc_stdlib-0596e8a6af30c3f3.rlib" "/opt/rustwide/target/debug/deps/liballoc_no_stdlib-394b41666b4a7459.rlib" "/opt/rustwide/target/debug/deps/libtime-c8ad98ace952d066.rlib" "/opt/rustwide/target/debug/deps/libtime_macros-02089fd3145c7fde.rlib" "/opt/rustwide/target/debug/deps/libstandback-8a02aa41c7349d54.rlib" "/opt/rustwide/target/debug/deps/libfxhash-e2bbac7e1bf7d43b.rlib" "/opt/rustwide/target/debug/deps/libbyteorder-614d7e4e7f7903e2.rlib" "/opt/rustwide/target/debug/deps/libactix_utils-42dbd3f70977d04d.rlib" "/opt/rustwide/target/debug/deps/libactix_connect-7c2cc613816ec8ae.rlib" "/opt/rustwide/target/debug/deps/libtokio_rustls-0b40ad89e79fc06f.rlib" "/opt/rustwide/target/debug/deps/librustls-f45ffe2af689c439.rlib" "/opt/rustwide/target/debug/deps/libbase64-8999ceb24e01210b.rlib" "/opt/rustwide/target/debug/deps/libsct-b3342d6032e29ea3.rlib" "/opt/rustwide/target/debug/deps/libwebpki-649dd14a03e56002.rlib" "/opt/rustwide/target/debug/deps/libring-39fe4f472eb967cb.rlib" "/opt/rustwide/target/debug/deps/libspin-0ce7eed86e654be1.rlib" "/opt/rustwide/target/debug/deps/libuntrusted-299fbcd347deffe0.rlib" "/opt/rustwide/target/debug/deps/libonce_cell-6cf04b9f111c9217.rlib" "/opt/rustwide/target/debug/deps/libtrust_dns_resolver-e72b1606d80070b0.rlib" "/opt/rustwide/target/debug/deps/libresolv_conf-7f2c1fb3e478cd98.rlib" "/opt/rustwide/target/debug/deps/libhostname-ccd25260f0703876.rlib" "/opt/rustwide/target/debug/deps/libmatch_cfg-f55f469ac74b7fae.rlib" "/opt/rustwide/target/debug/deps/libquick_error-9f037071f33ff693.rlib" "/opt/rustwide/target/debug/deps/libtrust_dns_proto-cc3d8456ee3c1086.rlib" "/opt/rustwide/target/debug/deps/librand-14242a408915345b.rlib" "/opt/rustwide/target/debug/deps/librand_chacha-97ee325d3f7d9609.rlib" "/opt/rustwide/target/debug/deps/libppv_lite86-0fa3e45be755835a.rlib" "/opt/rustwide/target/debug/deps/librand_core-21469ba0acfa1d4f.rlib" "/opt/rustwide/target/debug/deps/libgetrandom-f39a56b5f34c0c87.rlib" "/opt/rustwide/target/debug/deps/liburl-a02fb8fdb5737796.rlib" "/opt/rustwide/target/debug/deps/libform_urlencoded-a5e98da7c1c4a0eb.rlib" "/opt/rustwide/target/debug/deps/libpercent_encoding-8c83310236959ef9.rlib" "/opt/rustwide/target/debug/deps/libidna-6f8cd264df389d63.rlib" "/opt/rustwide/target/debug/deps/libunicode_normalization-78a01cc621c7dad6.rlib" "/opt/rustwide/target/debug/deps/libtinyvec-c348951c3414c332.rlib" "/opt/rustwide/target/debug/deps/libtinyvec_macros-c8728763a1cfbcab.rlib" "/opt/rustwide/target/debug/deps/libunicode_bidi-a69ffc9ceeb64fbb.rlib" "/opt/rustwide/target/debug/deps/libmatches-bfb4602457f1458f.rlib" "/opt/rustwide/target/debug/deps/libthiserror-da149ff4baa29217.rlib" "/opt/rustwide/target/debug/deps/liblru_cache-c9726424f3cfa668.rlib" "/opt/rustwide/target/debug/deps/liblinked_hash_map-2d73749d53e508e5.rlib" "/opt/rustwide/target/debug/deps/libfutures-3e5cfa36b1f09e09.rlib" "/opt/rustwide/target/debug/deps/libfutures_executor-0f48e4fdb064fcf4.rlib" "/opt/rustwide/target/debug/deps/libactix_rt-b7e5714e619384ca.rlib" "/opt/rustwide/target/debug/deps/libactix_threadpool-5172dda6d1eaa905.rlib" "/opt/rustwide/target/debug/deps/libthreadpool-0cfb40099e8d9d5b.rlib" "/opt/rustwide/target/debug/deps/libnum_cpus-4f54064a379fe45a.rlib" "/opt/rustwide/target/debug/deps/libparking_lot-bc2e9dc3b9d5a5f9.rlib" "/opt/rustwide/target/debug/deps/libparking_lot_core-b8f53b7c8af0473b.rlib" "/opt/rustwide/target/debug/deps/liblock_api-b68d8cfff37d1e2b.rlib" "/opt/rustwide/target/debug/deps/libscopeguard-54ff2283d814f48f.rlib" "/opt/rustwide/target/debug/deps/libinstant-939f0c301cdc968a.rlib" "/opt/rustwide/target/debug/deps/libsmallvec-9a9406f60e570d53.rlib" "/opt/rustwide/target/debug/deps/libcopyless-8cdcbfe983327a21.rlib" "/opt/rustwide/target/debug/deps/libeither-e3062db716b81c8a.rlib" "/opt/rustwide/target/debug/deps/libh2-d54cffa6af254cd6.rlib" "/opt/rustwide/target/debug/deps/libtracing_futures-b208ae1db86a8a22.rlib" "/opt/rustwide/target/debug/deps/libtracing-1f104a03efb00452.rlib" "/opt/rustwide/target/debug/deps/libtracing_core-3e7a02b8515b7efe.rlib" "/opt/rustwide/target/debug/deps/libindexmap-599f47ce0d01892b.rlib" "/opt/rustwide/target/debug/deps/libhashbrown-743e8c262a81811e.rlib" "/opt/rustwide/target/debug/deps/libhttp-e5a60057394e8171.rlib" "/opt/rustwide/target/debug/deps/libitoa-57ac2f3fee0fa4c3.rlib" "/opt/rustwide/target/debug/deps/libbytes-44851e2768c88cca.rlib" "/opt/rustwide/target/debug/deps/libfnv-bb690c336855f248.rlib" "/opt/rustwide/target/debug/deps/libactix_service-526821dca3be4598.rlib" "/opt/rustwide/target/debug/deps/libactix_codec-36299d31b4e292aa.rlib" "/opt/rustwide/target/debug/deps/libbitflags-610a73087f46ba3b.rlib" "/opt/rustwide/target/debug/deps/libtokio_util-3f2fee32807d927b.rlib" "/opt/rustwide/target/debug/deps/libtokio-73df7c3629c03579.rlib" "/opt/rustwide/target/debug/deps/libsignal_hook_registry-993bce68de23baac.rlib" "/opt/rustwide/target/debug/deps/libmio_uds-1b34c79ceb534592.rlib" "/opt/rustwide/target/debug/deps/liblazy_static-86422d76b8bd90ed.rlib" "/opt/rustwide/target/debug/deps/libmio-9b7f1c52e9670823.rlib" "/opt/rustwide/target/debug/deps/libiovec-3b89b7f6fd33c755.rlib" "/opt/rustwide/target/debug/deps/libnet2-20bfdc3b6ea34afc.rlib" "/opt/rustwide/target/debug/deps/libcfg_if-b22544e46cbb7baa.rlib" "/opt/rustwide/target/debug/deps/liblibc-6324f0b3a3e98ae1.rlib" "/opt/rustwide/target/debug/deps/libpin_project_lite-63b62835ca9808f8.rlib" "/opt/rustwide/target/debug/deps/libpin_project-16db84509c23dbc5.rlib" "/opt/rustwide/target/debug/deps/libpin_project-bf3635736488c70a.rlib" "/opt/rustwide/target/debug/deps/libfutures_util-d68495dc603fd18b.rlib" "/opt/rustwide/target/debug/deps/libmemchr-59863dd316d0aea8.rlib" "/opt/rustwide/target/debug/deps/libfutures_io-4300e281b5a02122.rlib" "/opt/rustwide/target/debug/deps/libslab-de4c8617047c1765.rlib" "/opt/rustwide/target/debug/deps/libfutures_channel-4b3345061ffd581b.rlib" "/opt/rustwide/target/debug/deps/libpin_project_lite-02e5e2d23f061f41.rlib" "/opt/rustwide/target/debug/deps/libfutures_sink-2ae458a46da8d250.rlib" "/opt/rustwide/target/debug/deps/libfutures_task-cbab94a1bc1cf455.rlib" "/opt/rustwide/target/debug/deps/libpin_utils-501725f4e360d46d.rlib" "/opt/rustwide/target/debug/deps/libfutures_core-6eb40deea68a95e1.rlib" "/opt/rustwide/target/debug/deps/libbytes-b63c3b3ea06c4474.rlib" "/opt/rustwide/target/debug/deps/liblog-25b121a22046e37a.rlib" "/opt/rustwide/target/debug/deps/libcfg_if-97437e183f3ae6e4.rlib" "/opt/rustwide/rustup-home/toolchains/beta-2023-04-20-x86_64-unknown-linux-gnu/lib/rustlib/x86_64-unknown-linux-gnu/lib/libstd-0e29cc23c5e02021.rlib" "/opt/rustwide/rustup-home/toolchains/beta-2023-04-20-x86_64-unknown-linux-gnu/lib/rustlib/x86_64-unknown-linux-gnu/lib/libpanic_unwind-d903621768a861d9.rlib" "/opt/rustwide/rustup-home/toolchains/beta-2023-04-20-x86_64-unknown-linux-gnu/lib/rustlib/x86_64-unknown-linux-gnu/lib/libobject-6d0225e655f31c13.rlib" "/opt/rustwide/rustup-home/toolchains/beta-2023-04-20-x86_64-unknown-linux-gnu/lib/rustlib/x86_64-unknown-linux-gnu/lib/libmemchr-9dbaf4eac7eaa079.rlib" "/opt/rustwide/rustup-home/toolchains/beta-2023-04-20-x86_64-unknown-linux-gnu/lib/rustlib/x86_64-unknown-linux-gnu/lib/libaddr2line-27f05b3d42a66dd0.rlib" "/opt/rustwide/rustup-home/toolchains/beta-2023-04-20-x86_64-unknown-linux-gnu/lib/rustlib/x86_64-unknown-linux-gnu/lib/libgimli-4d73f1030321c9a2.rlib" "/opt/rustwide/rustup-home/toolchains/beta-2023-04-20-x86_64-unknown-linux-gnu/lib/rustlib/x86_64-unknown-linux-gnu/lib/librustc_demangle-2846c9e58abd0acb.rlib" "/opt/rustwide/rustup-home/toolchains/beta-2023-04-20-x86_64-unknown-linux-gnu/lib/rustlib/x86_64-unknown-linux-gnu/lib/libstd_detect-a53d0f50415947be.rlib" "/opt/rustwide/rustup-home/toolchains/beta-2023-04-20-x86_64-unknown-linux-gnu/lib/rustlib/x86_64-unknown-linux-gnu/lib/libhashbrown-d48e4b6abc25b9dc.rlib" "/opt/rustwide/rustup-home/toolchains/beta-2023-04-20-x86_64-unknown-linux-gnu/lib/rustlib/x86_64-unknown-linux-gnu/lib/libminiz_oxide-2991859439ef1207.rlib" "/opt/rustwide/rustup-home/toolchains/beta-2023-04-20-x86_64-unknown-linux-gnu/lib/rustlib/x86_64-unknown-linux-gnu/lib/libadler-8a687517e4221bae.rlib" "/opt/rustwide/rustup-home/toolchains/beta-2023-04-20-x86_64-unknown-linux-gnu/lib/rustlib/x86_64-unknown-linux-gnu/lib/librustc_std_workspace_alloc-e07b554f6a67f5b3.rlib" "/opt/rustwide/rustup-home/toolchains/beta-2023-04-20-x86_64-unknown-linux-gnu/lib/rustlib/x86_64-unknown-linux-gnu/lib/libunwind-b68238b7c3c619dd.rlib" "/opt/rustwide/rustup-home/toolchains/beta-2023-04-20-x86_64-unknown-linux-gnu/lib/rustlib/x86_64-unknown-linux-gnu/lib/libcfg_if-d5e213e896c017e4.rlib" "/opt/rustwide/rustup-home/toolchains/beta-2023-04-20-x86_64-unknown-linux-gnu/lib/rustlib/x86_64-unknown-linux-gnu/lib/liblibc-0211a3b2e61d8689.rlib" "/opt/rustwide/rustup-home/toolchains/beta-2023-04-20-x86_64-unknown-linux-gnu/lib/rustlib/x86_64-unknown-linux-gnu/lib/liballoc-b371f055239ba51f.rlib" "/opt/rustwide/rustup-home/toolchains/beta-2023-04-20-x86_64-unknown-linux-gnu/lib/rustlib/x86_64-unknown-linux-gnu/lib/librustc_std_workspace_core-e60518d2760eb01e.rlib" "/opt/rustwide/rustup-home/toolchains/beta-2023-04-20-x86_64-unknown-linux-gnu/lib/rustlib/x86_64-unknown-linux-gnu/lib/libcore-1ad943f92a4b1081.rlib" "/opt/rustwide/rustup-home/toolchains/beta-2023-04-20-x86_64-unknown-linux-gnu/lib/rustlib/x86_64-unknown-linux-gnu/lib/libcompiler_builtins-f0d6e4d0fc1e80b4.rlib" "-Wl,-Bdynamic" "-lgcc_s" "-lutil" "-lrt" "-lpthread" "-lm" "-ldl" "-lc" "-Wl,--eh-frame-hdr" "-Wl,-z,noexecstack" "-L" "/opt/rustwide/rustup-home/toolchains/beta-2023-04-20-x86_64-unknown-linux-gnu/lib/rustlib/x86_64-unknown-linux-gnu/lib" "-o" "/opt/rustwide/target/debug/deps/multi_thread-ec1075b56d97b829" "-Wl,--gc-sections" "-pie" "-Wl,-z,relro,-z,now" "-nodefaultlibs"
[INFO] [stdout]   = note: collect2: fatal error: ld terminated with signal 9 [Killed]
[INFO] [stdout]           compilation terminated.
[INFO] [stdout]           
[INFO] [stdout] 
[INFO] [stdout] 
[INFO] [stdout] error: aborting due to previous error
[INFO] [stdout] 
[INFO] [stdout] 
[INFO] [stderr] error: could not compile `learn-actix-web` (bin "multi_thread") due to 2 previous errors
[INFO] [stderr] error: could not compile `learn-actix-web` (bin "extractor")
[INFO] [stderr] 
[INFO] [stderr] Caused by:
[INFO] [stderr]   process didn't exit successfully: `rustc --crate-name extractor --edition=2021 src/bin/extractor.rs --error-format=json --json=diagnostic-rendered-ansi,artifacts,future-incompat --crate-type bin --emit=dep-info,link -C embed-bitcode=no -C debuginfo=2 -C metadata=1e0288397f0dccf9 -C extra-filename=-1e0288397f0dccf9 --out-dir /opt/rustwide/target/debug/deps -L dependency=/opt/rustwide/target/debug/deps --extern actix_web=/opt/rustwide/target/debug/deps/libactix_web-c1d3da45975dbbfa.rlib --extern derive_more=/opt/rustwide/target/debug/deps/libderive_more-bdaebfea25c26228.so --extern env_logger=/opt/rustwide/target/debug/deps/libenv_logger-86a023b71450887b.rlib --extern futures=/opt/rustwide/target/debug/deps/libfutures-3e5cfa36b1f09e09.rlib --extern learn_actix_web=/opt/rustwide/target/debug/deps/liblearn_actix_web-29ce9eacc2a3467f.rlib --extern log=/opt/rustwide/target/debug/deps/liblog-25b121a22046e37a.rlib --extern rustls=/opt/rustwide/target/debug/deps/librustls-d9beef68011aefe6.rlib --extern rustls_pemfile=/opt/rustwide/target/debug/deps/librustls_pemfile-c6c22acaf1d0078d.rlib --extern serde=/opt/rustwide/target/debug/deps/libserde-659ea92a8720e3c6.rlib --extern serde_json=/opt/rustwide/target/debug/deps/libserde_json-86647f98046d6fc6.rlib --cap-lints=warn -L native=/opt/rustwide/target/debug/build/ring-18781a71d37daa3b/out` (signal: 9, SIGKILL: kill)
[INFO] [stderr] error: could not compile `learn-actix-web` (bin "errors"); 2 warnings emitted
[INFO] [stderr] 
[INFO] [stderr] Caused by:
[INFO] [stderr]   process didn't exit successfully: `rustc --crate-name errors --edition=2021 src/bin/errors.rs --error-format=json --json=diagnostic-rendered-ansi,artifacts,future-incompat --crate-type bin --emit=dep-info,link -C embed-bitcode=no -C debuginfo=2 -C metadata=7d0687a07541450b -C extra-filename=-7d0687a07541450b --out-dir /opt/rustwide/target/debug/deps -L dependency=/opt/rustwide/target/debug/deps --extern actix_web=/opt/rustwide/target/debug/deps/libactix_web-c1d3da45975dbbfa.rlib --extern derive_more=/opt/rustwide/target/debug/deps/libderive_more-bdaebfea25c26228.so --extern env_logger=/opt/rustwide/target/debug/deps/libenv_logger-86a023b71450887b.rlib --extern futures=/opt/rustwide/target/debug/deps/libfutures-3e5cfa36b1f09e09.rlib --extern learn_actix_web=/opt/rustwide/target/debug/deps/liblearn_actix_web-29ce9eacc2a3467f.rlib --extern log=/opt/rustwide/target/debug/deps/liblog-25b121a22046e37a.rlib --extern rustls=/opt/rustwide/target/debug/deps/librustls-d9beef68011aefe6.rlib --extern rustls_pemfile=/opt/rustwide/target/debug/deps/librustls_pemfile-c6c22acaf1d0078d.rlib --extern serde=/opt/rustwide/target/debug/deps/libserde-659ea92a8720e3c6.rlib --extern serde_json=/opt/rustwide/target/debug/deps/libserde_json-86647f98046d6fc6.rlib --cap-lints=warn -L native=/opt/rustwide/target/debug/build/ring-18781a71d37daa3b/out` (signal: 9, SIGKILL: kill)
[INFO] [stderr] error: could not compile `learn-actix-web` (bin "resource_configuration")
[INFO] [stderr] 
[INFO] [stderr] Caused by:
[INFO] [stderr]   process didn't exit successfully: `rustc --crate-name resource_configuration --edition=2021 src/bin/resource_configuration.rs --error-format=json --json=diagnostic-rendered-ansi,artifacts,future-incompat --crate-type bin --emit=dep-info,link -C embed-bitcode=no -C debuginfo=2 -C metadata=5acd1114cb5b6617 -C extra-filename=-5acd1114cb5b6617 --out-dir /opt/rustwide/target/debug/deps -L dependency=/opt/rustwide/target/debug/deps --extern actix_web=/opt/rustwide/target/debug/deps/libactix_web-c1d3da45975dbbfa.rlib --extern derive_more=/opt/rustwide/target/debug/deps/libderive_more-bdaebfea25c26228.so --extern env_logger=/opt/rustwide/target/debug/deps/libenv_logger-86a023b71450887b.rlib --extern futures=/opt/rustwide/target/debug/deps/libfutures-3e5cfa36b1f09e09.rlib --extern learn_actix_web=/opt/rustwide/target/debug/deps/liblearn_actix_web-29ce9eacc2a3467f.rlib --extern log=/opt/rustwide/target/debug/deps/liblog-25b121a22046e37a.rlib --extern rustls=/opt/rustwide/target/debug/deps/librustls-d9beef68011aefe6.rlib --extern rustls_pemfile=/opt/rustwide/target/debug/deps/librustls_pemfile-c6c22acaf1d0078d.rlib --extern serde=/opt/rustwide/target/debug/deps/libserde-659ea92a8720e3c6.rlib --extern serde_json=/opt/rustwide/target/debug/deps/libserde_json-86647f98046d6fc6.rlib --cap-lints=warn -L native=/opt/rustwide/target/debug/build/ring-18781a71d37daa3b/out` (signal: 9, SIGKILL: kill)
[INFO] [stderr] error: could not compile `learn-actix-web` (bin "getting_started")
[INFO] [stderr] 
[INFO] [stderr] Caused by:
[INFO] [stderr]   process didn't exit successfully: `rustc --crate-name getting_started --edition=2021 src/bin/getting_started.rs --error-format=json --json=diagnostic-rendered-ansi,artifacts,future-incompat --crate-type bin --emit=dep-info,link -C embed-bitcode=no -C debuginfo=2 -C metadata=637235ffb7d318fb -C extra-filename=-637235ffb7d318fb --out-dir /opt/rustwide/target/debug/deps -L dependency=/opt/rustwide/target/debug/deps --extern actix_web=/opt/rustwide/target/debug/deps/libactix_web-c1d3da45975dbbfa.rlib --extern derive_more=/opt/rustwide/target/debug/deps/libderive_more-bdaebfea25c26228.so --extern env_logger=/opt/rustwide/target/debug/deps/libenv_logger-86a023b71450887b.rlib --extern futures=/opt/rustwide/target/debug/deps/libfutures-3e5cfa36b1f09e09.rlib --extern learn_actix_web=/opt/rustwide/target/debug/deps/liblearn_actix_web-29ce9eacc2a3467f.rlib --extern log=/opt/rustwide/target/debug/deps/liblog-25b121a22046e37a.rlib --extern rustls=/opt/rustwide/target/debug/deps/librustls-d9beef68011aefe6.rlib --extern rustls_pemfile=/opt/rustwide/target/debug/deps/librustls_pemfile-c6c22acaf1d0078d.rlib --extern serde=/opt/rustwide/target/debug/deps/libserde-659ea92a8720e3c6.rlib --extern serde_json=/opt/rustwide/target/debug/deps/libserde_json-86647f98046d6fc6.rlib --cap-lints=warn -L native=/opt/rustwide/target/debug/build/ring-18781a71d37daa3b/out` (signal: 9, SIGKILL: kill)
[INFO] [stderr] error: could not compile `learn-actix-web` (bin "state")
[INFO] [stderr] 
[INFO] [stderr] Caused by:
[INFO] [stderr]   process didn't exit successfully: `rustc --crate-name state --edition=2021 src/bin/state.rs --error-format=json --json=diagnostic-rendered-ansi,artifacts,future-incompat --crate-type bin --emit=dep-info,link -C embed-bitcode=no -C debuginfo=2 -C metadata=ba871be80c13809a -C extra-filename=-ba871be80c13809a --out-dir /opt/rustwide/target/debug/deps -L dependency=/opt/rustwide/target/debug/deps --extern actix_web=/opt/rustwide/target/debug/deps/libactix_web-c1d3da45975dbbfa.rlib --extern derive_more=/opt/rustwide/target/debug/deps/libderive_more-bdaebfea25c26228.so --extern env_logger=/opt/rustwide/target/debug/deps/libenv_logger-86a023b71450887b.rlib --extern futures=/opt/rustwide/target/debug/deps/libfutures-3e5cfa36b1f09e09.rlib --extern learn_actix_web=/opt/rustwide/target/debug/deps/liblearn_actix_web-29ce9eacc2a3467f.rlib --extern log=/opt/rustwide/target/debug/deps/liblog-25b121a22046e37a.rlib --extern rustls=/opt/rustwide/target/debug/deps/librustls-d9beef68011aefe6.rlib --extern rustls_pemfile=/opt/rustwide/target/debug/deps/librustls_pemfile-c6c22acaf1d0078d.rlib --extern serde=/opt/rustwide/target/debug/deps/libserde-659ea92a8720e3c6.rlib --extern serde_json=/opt/rustwide/target/debug/deps/libserde_json-86647f98046d6fc6.rlib --cap-lints=warn -L native=/opt/rustwide/target/debug/build/ring-18781a71d37daa3b/out` (signal: 9, SIGKILL: kill)
[INFO] [stderr] error: could not compile `learn-actix-web` (bin "streaming")
[INFO] [stderr] 
[INFO] [stderr] Caused by:
[INFO] [stderr]   process didn't exit successfully: `rustc --crate-name streaming --edition=2021 src/bin/streaming.rs --error-format=json --json=diagnostic-rendered-ansi,artifacts,future-incompat --crate-type bin --emit=dep-info,link -C embed-bitcode=no -C debuginfo=2 -C metadata=aa706009fae1343c -C extra-filename=-aa706009fae1343c --out-dir /opt/rustwide/target/debug/deps -L dependency=/opt/rustwide/target/debug/deps --extern actix_web=/opt/rustwide/target/debug/deps/libactix_web-c1d3da45975dbbfa.rlib --extern derive_more=/opt/rustwide/target/debug/deps/libderive_more-bdaebfea25c26228.so --extern env_logger=/opt/rustwide/target/debug/deps/libenv_logger-86a023b71450887b.rlib --extern futures=/opt/rustwide/target/debug/deps/libfutures-3e5cfa36b1f09e09.rlib --extern learn_actix_web=/opt/rustwide/target/debug/deps/liblearn_actix_web-29ce9eacc2a3467f.rlib --extern log=/opt/rustwide/target/debug/deps/liblog-25b121a22046e37a.rlib --extern rustls=/opt/rustwide/target/debug/deps/librustls-d9beef68011aefe6.rlib --extern rustls_pemfile=/opt/rustwide/target/debug/deps/librustls_pemfile-c6c22acaf1d0078d.rlib --extern serde=/opt/rustwide/target/debug/deps/libserde-659ea92a8720e3c6.rlib --extern serde_json=/opt/rustwide/target/debug/deps/libserde_json-86647f98046d6fc6.rlib --cap-lints=warn -L native=/opt/rustwide/target/debug/build/ring-18781a71d37daa3b/out` (signal: 9, SIGKILL: kill)
[INFO] [stderr] error: could not compile `learn-actix-web` (bin "custom_type_response")
[INFO] [stderr] 
[INFO] [stderr] Caused by:
[INFO] [stderr]   process didn't exit successfully: `rustc --crate-name custom_type_response --edition=2021 src/bin/custom_type_response.rs --error-format=json --json=diagnostic-rendered-ansi,artifacts,future-incompat --crate-type bin --emit=dep-info,link -C embed-bitcode=no -C debuginfo=2 -C metadata=958cbf826b03ffb5 -C extra-filename=-958cbf826b03ffb5 --out-dir /opt/rustwide/target/debug/deps -L dependency=/opt/rustwide/target/debug/deps --extern actix_web=/opt/rustwide/target/debug/deps/libactix_web-c1d3da45975dbbfa.rlib --extern derive_more=/opt/rustwide/target/debug/deps/libderive_more-bdaebfea25c26228.so --extern env_logger=/opt/rustwide/target/debug/deps/libenv_logger-86a023b71450887b.rlib --extern futures=/opt/rustwide/target/debug/deps/libfutures-3e5cfa36b1f09e09.rlib --extern learn_actix_web=/opt/rustwide/target/debug/deps/liblearn_actix_web-29ce9eacc2a3467f.rlib --extern log=/opt/rustwide/target/debug/deps/liblog-25b121a22046e37a.rlib --extern rustls=/opt/rustwide/target/debug/deps/librustls-d9beef68011aefe6.rlib --extern rustls_pemfile=/opt/rustwide/target/debug/deps/librustls_pemfile-c6c22acaf1d0078d.rlib --extern serde=/opt/rustwide/target/debug/deps/libserde-659ea92a8720e3c6.rlib --extern serde_json=/opt/rustwide/target/debug/deps/libserde_json-86647f98046d6fc6.rlib --cap-lints=warn -L native=/opt/rustwide/target/debug/build/ring-18781a71d37daa3b/out` (signal: 9, SIGKILL: kill)
[INFO] [stderr] error: could not compile `learn-actix-web` (bin "configure")
[INFO] [stderr] 
[INFO] [stderr] Caused by:
[INFO] [stderr]   process didn't exit successfully: `rustc --crate-name configure --edition=2021 src/bin/configure.rs --error-format=json --json=diagnostic-rendered-ansi,artifacts,future-incompat --crate-type bin --emit=dep-info,link -C embed-bitcode=no -C debuginfo=2 -C metadata=535b5cc04f4f8d3d -C extra-filename=-535b5cc04f4f8d3d --out-dir /opt/rustwide/target/debug/deps -L dependency=/opt/rustwide/target/debug/deps --extern actix_web=/opt/rustwide/target/debug/deps/libactix_web-c1d3da45975dbbfa.rlib --extern derive_more=/opt/rustwide/target/debug/deps/libderive_more-bdaebfea25c26228.so --extern env_logger=/opt/rustwide/target/debug/deps/libenv_logger-86a023b71450887b.rlib --extern futures=/opt/rustwide/target/debug/deps/libfutures-3e5cfa36b1f09e09.rlib --extern learn_actix_web=/opt/rustwide/target/debug/deps/liblearn_actix_web-29ce9eacc2a3467f.rlib --extern log=/opt/rustwide/target/debug/deps/liblog-25b121a22046e37a.rlib --extern rustls=/opt/rustwide/target/debug/deps/librustls-d9beef68011aefe6.rlib --extern rustls_pemfile=/opt/rustwide/target/debug/deps/librustls_pemfile-c6c22acaf1d0078d.rlib --extern serde=/opt/rustwide/target/debug/deps/libserde-659ea92a8720e3c6.rlib --extern serde_json=/opt/rustwide/target/debug/deps/libserde_json-86647f98046d6fc6.rlib --cap-lints=warn -L native=/opt/rustwide/target/debug/build/ring-18781a71d37daa3b/out` (signal: 9, SIGKILL: kill)
[INFO] [stdout] error: linking with `cc` failed: exit status: 1
[INFO] [stdout]   |
[INFO] [stdout]   = note: LC_ALL="C" PATH="/opt/rustwide/rustup-home/toolchains/beta-2023-04-20-x86_64-unknown-linux-gnu/lib/rustlib/x86_64-unknown-linux-gnu/bin:/opt/rustwide/cargo-home/bin:/usr/local/sbin:/usr/local/bin:/usr/sbin:/usr/bin:/sbin:/bin" VSLANG="1033" "cc" "-m64" "/tmp/rustcwH58dK/symbols.o" "/opt/rustwide/target/debug/deps/http_server-c73c76826dc3f320.http_server.ef58b6ab-cgu.0.rcgu.o" "/opt/rustwide/target/debug/deps/http_server-c73c76826dc3f320.http_server.ef58b6ab-cgu.1.rcgu.o" "/opt/rustwide/target/debug/deps/http_server-c73c76826dc3f320.http_server.ef58b6ab-cgu.10.rcgu.o" "/opt/rustwide/target/debug/deps/http_server-c73c76826dc3f320.http_server.ef58b6ab-cgu.11.rcgu.o" "/opt/rustwide/target/debug/deps/http_server-c73c76826dc3f320.http_server.ef58b6ab-cgu.12.rcgu.o" "/opt/rustwide/target/debug/deps/http_server-c73c76826dc3f320.http_server.ef58b6ab-cgu.13.rcgu.o" "/opt/rustwide/target/debug/deps/http_server-c73c76826dc3f320.http_server.ef58b6ab-cgu.14.rcgu.o" "/opt/rustwide/target/debug/deps/http_server-c73c76826dc3f320.http_server.ef58b6ab-cgu.15.rcgu.o" "/opt/rustwide/target/debug/deps/http_server-c73c76826dc3f320.http_server.ef58b6ab-cgu.2.rcgu.o" "/opt/rustwide/target/debug/deps/http_server-c73c76826dc3f320.http_server.ef58b6ab-cgu.3.rcgu.o" "/opt/rustwide/target/debug/deps/http_server-c73c76826dc3f320.http_server.ef58b6ab-cgu.4.rcgu.o" "/opt/rustwide/target/debug/deps/http_server-c73c76826dc3f320.http_server.ef58b6ab-cgu.5.rcgu.o" "/opt/rustwide/target/debug/deps/http_server-c73c76826dc3f320.http_server.ef58b6ab-cgu.6.rcgu.o" "/opt/rustwide/target/debug/deps/http_server-c73c76826dc3f320.http_server.ef58b6ab-cgu.7.rcgu.o" "/opt/rustwide/target/debug/deps/http_server-c73c76826dc3f320.http_server.ef58b6ab-cgu.8.rcgu.o" "/opt/rustwide/target/debug/deps/http_server-c73c76826dc3f320.http_server.ef58b6ab-cgu.9.rcgu.o" "/opt/rustwide/target/debug/deps/http_server-c73c76826dc3f320.2sr4lm3mv69he120.rcgu.o" "-Wl,--as-needed" "-L" "/opt/rustwide/target/debug/deps" "-L" "/opt/rustwide/target/debug/build/ring-18781a71d37daa3b/out" "-L" "/opt/rustwide/rustup-home/toolchains/beta-2023-04-20-x86_64-unknown-linux-gnu/lib/rustlib/x86_64-unknown-linux-gnu/lib" "-Wl,-Bstatic" "/opt/rustwide/target/debug/deps/libactix_web-c1d3da45975dbbfa.rlib" "/opt/rustwide/target/debug/deps/libawc-afb200edf97e21ad.rlib" "/opt/rustwide/target/debug/deps/libactix_server-ff2e31dc2cd14401.rlib" "/opt/rustwide/target/debug/deps/libsocket2-535666a5d64105f6.rlib" "/opt/rustwide/target/debug/deps/libactix_router-d1334d2c38bfa06f.rlib" "/opt/rustwide/target/debug/deps/libbytestring-c5aeca0c4eec74eb.rlib" "/opt/rustwide/target/debug/deps/libactix_http-3435b0090d7b66d1.rlib" "/opt/rustwide/target/debug/deps/libbase64-bff61f2d1660603b.rlib" "/opt/rustwide/target/debug/deps/libhttparse-72ae373da43497e9.rlib" "/opt/rustwide/target/debug/deps/libitoa-d0264c8ce1ce890b.rlib" "/opt/rustwide/target/debug/deps/libsha1-e589d762ca2a0195.rlib" "/opt/rustwide/target/debug/deps/libopaque_debug-ffbe13ab2928830a.rlib" "/opt/rustwide/target/debug/deps/libcpufeatures-0ab975038e942af0.rlib" "/opt/rustwide/target/debug/deps/libblock_buffer-70a34175df23a075.rlib" "/opt/rustwide/target/debug/deps/libdigest-a5dc0d346cb66e3d.rlib" "/opt/rustwide/target/debug/deps/libgeneric_array-349734d09e808f19.rlib" "/opt/rustwide/target/debug/deps/libtypenum-f068cdcc1d945756.rlib" "/opt/rustwide/target/debug/deps/libserde_urlencoded-1cdb2e5ebbd173d8.rlib" "/opt/rustwide/target/debug/deps/libserde_json-86647f98046d6fc6.rlib" "/opt/rustwide/target/debug/deps/libryu-1f87c9e09d988964.rlib" "/opt/rustwide/target/debug/deps/libcookie-57144eccd32c07d3.rlib" "/opt/rustwide/target/debug/deps/libactix_tls-cf8aea6daa72e322.rlib" "/opt/rustwide/target/debug/deps/libwebpki_roots-6fad14e58f3039e7.rlib" "/opt/rustwide/target/debug/deps/libserde-659ea92a8720e3c6.rlib" "/opt/rustwide/target/debug/deps/libencoding_rs-dbd08aaf41facaaa.rlib" "/opt/rustwide/target/debug/deps/libregex-da1e29c7a5edb1d3.rlib" "/opt/rustwide/target/debug/deps/libaho_corasick-ecbb33cb0ecb9f4f.rlib" "/opt/rustwide/target/debug/deps/libregex_syntax-fd0c3ba7c22fa1f4.rlib" "/opt/rustwide/target/debug/deps/liblanguage_tags-66706a840c6b3f9e.rlib" "/opt/rustwide/target/debug/deps/libmime-6adaefd5c465bdcc.rlib" "/opt/rustwide/target/debug/deps/libflate2-5d8131a0fcb09d1b.rlib" "/opt/rustwide/target/debug/deps/libminiz_oxide-bc5d546600890b9e.rlib" "/opt/rustwide/target/debug/deps/libadler-92f8db84032ff960.rlib" "/opt/rustwide/target/debug/deps/libcrc32fast-fc15e7c737c5fb18.rlib" "/opt/rustwide/target/debug/deps/libbrotli-0c978255cf43c778.rlib" "/opt/rustwide/target/debug/deps/libbrotli_decompressor-f273f1a80228c2b4.rlib" "/opt/rustwide/target/debug/deps/liballoc_stdlib-0596e8a6af30c3f3.rlib" "/opt/rustwide/target/debug/deps/liballoc_no_stdlib-394b41666b4a7459.rlib" "/opt/rustwide/target/debug/deps/libtime-c8ad98ace952d066.rlib" "/opt/rustwide/target/debug/deps/libtime_macros-02089fd3145c7fde.rlib" "/opt/rustwide/target/debug/deps/libstandback-8a02aa41c7349d54.rlib" "/opt/rustwide/target/debug/deps/libfxhash-e2bbac7e1bf7d43b.rlib" "/opt/rustwide/target/debug/deps/libbyteorder-614d7e4e7f7903e2.rlib" "/opt/rustwide/target/debug/deps/libactix_utils-42dbd3f70977d04d.rlib" "/opt/rustwide/target/debug/deps/libactix_connect-7c2cc613816ec8ae.rlib" "/opt/rustwide/target/debug/deps/libtokio_rustls-0b40ad89e79fc06f.rlib" "/opt/rustwide/target/debug/deps/librustls-f45ffe2af689c439.rlib" "/opt/rustwide/target/debug/deps/libbase64-8999ceb24e01210b.rlib" "/opt/rustwide/target/debug/deps/libsct-b3342d6032e29ea3.rlib" "/opt/rustwide/target/debug/deps/libwebpki-649dd14a03e56002.rlib" "/opt/rustwide/target/debug/deps/libring-39fe4f472eb967cb.rlib" "/opt/rustwide/target/debug/deps/libspin-0ce7eed86e654be1.rlib" "/opt/rustwide/target/debug/deps/libuntrusted-299fbcd347deffe0.rlib" "/opt/rustwide/target/debug/deps/libonce_cell-6cf04b9f111c9217.rlib" "/opt/rustwide/target/debug/deps/libtrust_dns_resolver-e72b1606d80070b0.rlib" "/opt/rustwide/target/debug/deps/libresolv_conf-7f2c1fb3e478cd98.rlib" "/opt/rustwide/target/debug/deps/libhostname-ccd25260f0703876.rlib" "/opt/rustwide/target/debug/deps/libmatch_cfg-f55f469ac74b7fae.rlib" "/opt/rustwide/target/debug/deps/libquick_error-9f037071f33ff693.rlib" "/opt/rustwide/target/debug/deps/libtrust_dns_proto-cc3d8456ee3c1086.rlib" "/opt/rustwide/target/debug/deps/librand-14242a408915345b.rlib" "/opt/rustwide/target/debug/deps/librand_chacha-97ee325d3f7d9609.rlib" "/opt/rustwide/target/debug/deps/libppv_lite86-0fa3e45be755835a.rlib" "/opt/rustwide/target/debug/deps/librand_core-21469ba0acfa1d4f.rlib" "/opt/rustwide/target/debug/deps/libgetrandom-f39a56b5f34c0c87.rlib" "/opt/rustwide/target/debug/deps/liburl-a02fb8fdb5737796.rlib" "/opt/rustwide/target/debug/deps/libform_urlencoded-a5e98da7c1c4a0eb.rlib" "/opt/rustwide/target/debug/deps/libpercent_encoding-8c83310236959ef9.rlib" "/opt/rustwide/target/debug/deps/libidna-6f8cd264df389d63.rlib" "/opt/rustwide/target/debug/deps/libunicode_normalization-78a01cc621c7dad6.rlib" "/opt/rustwide/target/debug/deps/libtinyvec-c348951c3414c332.rlib" "/opt/rustwide/target/debug/deps/libtinyvec_macros-c8728763a1cfbcab.rlib" "/opt/rustwide/target/debug/deps/libunicode_bidi-a69ffc9ceeb64fbb.rlib" "/opt/rustwide/target/debug/deps/libmatches-bfb4602457f1458f.rlib" "/opt/rustwide/target/debug/deps/libthiserror-da149ff4baa29217.rlib" "/opt/rustwide/target/debug/deps/liblru_cache-c9726424f3cfa668.rlib" "/opt/rustwide/target/debug/deps/liblinked_hash_map-2d73749d53e508e5.rlib" "/opt/rustwide/target/debug/deps/libfutures-3e5cfa36b1f09e09.rlib" "/opt/rustwide/target/debug/deps/libfutures_executor-0f48e4fdb064fcf4.rlib" "/opt/rustwide/target/debug/deps/libactix_rt-b7e5714e619384ca.rlib" "/opt/rustwide/target/debug/deps/libactix_threadpool-5172dda6d1eaa905.rlib" "/opt/rustwide/target/debug/deps/libthreadpool-0cfb40099e8d9d5b.rlib" "/opt/rustwide/target/debug/deps/libnum_cpus-4f54064a379fe45a.rlib" "/opt/rustwide/target/debug/deps/libparking_lot-bc2e9dc3b9d5a5f9.rlib" "/opt/rustwide/target/debug/deps/libparking_lot_core-b8f53b7c8af0473b.rlib" "/opt/rustwide/target/debug/deps/liblock_api-b68d8cfff37d1e2b.rlib" "/opt/rustwide/target/debug/deps/libscopeguard-54ff2283d814f48f.rlib" "/opt/rustwide/target/debug/deps/libinstant-939f0c301cdc968a.rlib" "/opt/rustwide/target/debug/deps/libsmallvec-9a9406f60e570d53.rlib" "/opt/rustwide/target/debug/deps/libcopyless-8cdcbfe983327a21.rlib" "/opt/rustwide/target/debug/deps/libeither-e3062db716b81c8a.rlib" "/opt/rustwide/target/debug/deps/libh2-d54cffa6af254cd6.rlib" "/opt/rustwide/target/debug/deps/libtracing_futures-b208ae1db86a8a22.rlib" "/opt/rustwide/target/debug/deps/libtracing-1f104a03efb00452.rlib" "/opt/rustwide/target/debug/deps/libtracing_core-3e7a02b8515b7efe.rlib" "/opt/rustwide/target/debug/deps/libindexmap-599f47ce0d01892b.rlib" "/opt/rustwide/target/debug/deps/libhashbrown-743e8c262a81811e.rlib" "/opt/rustwide/target/debug/deps/libhttp-e5a60057394e8171.rlib" "/opt/rustwide/target/debug/deps/libitoa-57ac2f3fee0fa4c3.rlib" "/opt/rustwide/target/debug/deps/libbytes-44851e2768c88cca.rlib" "/opt/rustwide/target/debug/deps/libfnv-bb690c336855f248.rlib" "/opt/rustwide/target/debug/deps/libactix_service-526821dca3be4598.rlib" "/opt/rustwide/target/debug/deps/libactix_codec-36299d31b4e292aa.rlib" "/opt/rustwide/target/debug/deps/libbitflags-610a73087f46ba3b.rlib" "/opt/rustwide/target/debug/deps/libtokio_util-3f2fee32807d927b.rlib" "/opt/rustwide/target/debug/deps/libtokio-73df7c3629c03579.rlib" "/opt/rustwide/target/debug/deps/libsignal_hook_registry-993bce68de23baac.rlib" "/opt/rustwide/target/debug/deps/libmio_uds-1b34c79ceb534592.rlib" "/opt/rustwide/target/debug/deps/liblazy_static-86422d76b8bd90ed.rlib" "/opt/rustwide/target/debug/deps/libmio-9b7f1c52e9670823.rlib" "/opt/rustwide/target/debug/deps/libiovec-3b89b7f6fd33c755.rlib" "/opt/rustwide/target/debug/deps/libnet2-20bfdc3b6ea34afc.rlib" "/opt/rustwide/target/debug/deps/libcfg_if-b22544e46cbb7baa.rlib" "/opt/rustwide/target/debug/deps/liblibc-6324f0b3a3e98ae1.rlib" "/opt/rustwide/target/debug/deps/libpin_project_lite-63b62835ca9808f8.rlib" "/opt/rustwide/target/debug/deps/libpin_project-16db84509c23dbc5.rlib" "/opt/rustwide/target/debug/deps/libpin_project-bf3635736488c70a.rlib" "/opt/rustwide/target/debug/deps/libfutures_util-d68495dc603fd18b.rlib" "/opt/rustwide/target/debug/deps/libmemchr-59863dd316d0aea8.rlib" "/opt/rustwide/target/debug/deps/libfutures_io-4300e281b5a02122.rlib" "/opt/rustwide/target/debug/deps/libslab-de4c8617047c1765.rlib" "/opt/rustwide/target/debug/deps/libfutures_channel-4b3345061ffd581b.rlib" "/opt/rustwide/target/debug/deps/libpin_project_lite-02e5e2d23f061f41.rlib" "/opt/rustwide/target/debug/deps/libfutures_sink-2ae458a46da8d250.rlib" "/opt/rustwide/target/debug/deps/libfutures_task-cbab94a1bc1cf455.rlib" "/opt/rustwide/target/debug/deps/libpin_utils-501725f4e360d46d.rlib" "/opt/rustwide/target/debug/deps/libfutures_core-6eb40deea68a95e1.rlib" "/opt/rustwide/target/debug/deps/libbytes-b63c3b3ea06c4474.rlib" "/opt/rustwide/target/debug/deps/liblog-25b121a22046e37a.rlib" "/opt/rustwide/target/debug/deps/libcfg_if-97437e183f3ae6e4.rlib" "/opt/rustwide/rustup-home/toolchains/beta-2023-04-20-x86_64-unknown-linux-gnu/lib/rustlib/x86_64-unknown-linux-gnu/lib/libstd-0e29cc23c5e02021.rlib" "/opt/rustwide/rustup-home/toolchains/beta-2023-04-20-x86_64-unknown-linux-gnu/lib/rustlib/x86_64-unknown-linux-gnu/lib/libpanic_unwind-d903621768a861d9.rlib" "/opt/rustwide/rustup-home/toolchains/beta-2023-04-20-x86_64-unknown-linux-gnu/lib/rustlib/x86_64-unknown-linux-gnu/lib/libobject-6d0225e655f31c13.rlib" "/opt/rustwide/rustup-home/toolchains/beta-2023-04-20-x86_64-unknown-linux-gnu/lib/rustlib/x86_64-unknown-linux-gnu/lib/libmemchr-9dbaf4eac7eaa079.rlib" "/opt/rustwide/rustup-home/toolchains/beta-2023-04-20-x86_64-unknown-linux-gnu/lib/rustlib/x86_64-unknown-linux-gnu/lib/libaddr2line-27f05b3d42a66dd0.rlib" "/opt/rustwide/rustup-home/toolchains/beta-2023-04-20-x86_64-unknown-linux-gnu/lib/rustlib/x86_64-unknown-linux-gnu/lib/libgimli-4d73f1030321c9a2.rlib" "/opt/rustwide/rustup-home/toolchains/beta-2023-04-20-x86_64-unknown-linux-gnu/lib/rustlib/x86_64-unknown-linux-gnu/lib/librustc_demangle-2846c9e58abd0acb.rlib" "/opt/rustwide/rustup-home/toolchains/beta-2023-04-20-x86_64-unknown-linux-gnu/lib/rustlib/x86_64-unknown-linux-gnu/lib/libstd_detect-a53d0f50415947be.rlib" "/opt/rustwide/rustup-home/toolchains/beta-2023-04-20-x86_64-unknown-linux-gnu/lib/rustlib/x86_64-unknown-linux-gnu/lib/libhashbrown-d48e4b6abc25b9dc.rlib" "/opt/rustwide/rustup-home/toolchains/beta-2023-04-20-x86_64-unknown-linux-gnu/lib/rustlib/x86_64-unknown-linux-gnu/lib/libminiz_oxide-2991859439ef1207.rlib" "/opt/rustwide/rustup-home/toolchains/beta-2023-04-20-x86_64-unknown-linux-gnu/lib/rustlib/x86_64-unknown-linux-gnu/lib/libadler-8a687517e4221bae.rlib" "/opt/rustwide/rustup-home/toolchains/beta-2023-04-20-x86_64-unknown-linux-gnu/lib/rustlib/x86_64-unknown-linux-gnu/lib/librustc_std_workspace_alloc-e07b554f6a67f5b3.rlib" "/opt/rustwide/rustup-home/toolchains/beta-2023-04-20-x86_64-unknown-linux-gnu/lib/rustlib/x86_64-unknown-linux-gnu/lib/libunwind-b68238b7c3c619dd.rlib" "/opt/rustwide/rustup-home/toolchains/beta-2023-04-20-x86_64-unknown-linux-gnu/lib/rustlib/x86_64-unknown-linux-gnu/lib/libcfg_if-d5e213e896c017e4.rlib" "/opt/rustwide/rustup-home/toolchains/beta-2023-04-20-x86_64-unknown-linux-gnu/lib/rustlib/x86_64-unknown-linux-gnu/lib/liblibc-0211a3b2e61d8689.rlib" "/opt/rustwide/rustup-home/toolchains/beta-2023-04-20-x86_64-unknown-linux-gnu/lib/rustlib/x86_64-unknown-linux-gnu/lib/liballoc-b371f055239ba51f.rlib" "/opt/rustwide/rustup-home/toolchains/beta-2023-04-20-x86_64-unknown-linux-gnu/lib/rustlib/x86_64-unknown-linux-gnu/lib/librustc_std_workspace_core-e60518d2760eb01e.rlib" "/opt/rustwide/rustup-home/toolchains/beta-2023-04-20-x86_64-unknown-linux-gnu/lib/rustlib/x86_64-unknown-linux-gnu/lib/libcore-1ad943f92a4b1081.rlib" "/opt/rustwide/rustup-home/toolchains/beta-2023-04-20-x86_64-unknown-linux-gnu/lib/rustlib/x86_64-unknown-linux-gnu/lib/libcompiler_builtins-f0d6e4d0fc1e80b4.rlib" "-Wl,-Bdynamic" "-lgcc_s" "-lutil" "-lrt" "-lpthread" "-lm" "-ldl" "-lc" "-Wl,--eh-frame-hdr" "-Wl,-z,noexecstack" "-L" "/opt/rustwide/rustup-home/toolchains/beta-2023-04-20-x86_64-unknown-linux-gnu/lib/rustlib/x86_64-unknown-linux-gnu/lib" "-o" "/opt/rustwide/target/debug/deps/http_server-c73c76826dc3f320" "-Wl,--gc-sections" "-pie" "-Wl,-z,relro,-z,now" "-nodefaultlibs"
[INFO] [stdout]   = note: collect2: fatal error: ld terminated with signal 9 [Killed]
[INFO] [stdout]           compilation terminated.
[INFO] [stdout]           
[INFO] [stdout] 
[INFO] [stdout] 
[INFO] [stdout] error: aborting due to previous error
[INFO] [stdout] 
[INFO] [stdout] 
[INFO] [stderr] error: could not compile `learn-actix-web` (bin "http_server") due to 2 previous errors
[INFO] [stdout] error: linking with `cc` failed: exit status: 1
[INFO] [stdout]   |
[INFO] [stdout]   = note: LC_ALL="C" PATH="/opt/rustwide/rustup-home/toolchains/beta-2023-04-20-x86_64-unknown-linux-gnu/lib/rustlib/x86_64-unknown-linux-gnu/bin:/opt/rustwide/cargo-home/bin:/usr/local/sbin:/usr/local/bin:/usr/sbin:/usr/bin:/sbin:/bin" VSLANG="1033" "cc" "-m64" "/tmp/rustci0tfJ6/symbols.o" "/opt/rustwide/target/debug/deps/virtual_hosting-2ac3c173f292fa94.virtual_hosting.2dff6957-cgu.0.rcgu.o" "/opt/rustwide/target/debug/deps/virtual_hosting-2ac3c173f292fa94.virtual_hosting.2dff6957-cgu.1.rcgu.o" "/opt/rustwide/target/debug/deps/virtual_hosting-2ac3c173f292fa94.virtual_hosting.2dff6957-cgu.10.rcgu.o" "/opt/rustwide/target/debug/deps/virtual_hosting-2ac3c173f292fa94.virtual_hosting.2dff6957-cgu.11.rcgu.o" "/opt/rustwide/target/debug/deps/virtual_hosting-2ac3c173f292fa94.virtual_hosting.2dff6957-cgu.12.rcgu.o" "/opt/rustwide/target/debug/deps/virtual_hosting-2ac3c173f292fa94.virtual_hosting.2dff6957-cgu.13.rcgu.o" "/opt/rustwide/target/debug/deps/virtual_hosting-2ac3c173f292fa94.virtual_hosting.2dff6957-cgu.14.rcgu.o" "/opt/rustwide/target/debug/deps/virtual_hosting-2ac3c173f292fa94.virtual_hosting.2dff6957-cgu.15.rcgu.o" "/opt/rustwide/target/debug/deps/virtual_hosting-2ac3c173f292fa94.virtual_hosting.2dff6957-cgu.2.rcgu.o" "/opt/rustwide/target/debug/deps/virtual_hosting-2ac3c173f292fa94.virtual_hosting.2dff6957-cgu.3.rcgu.o" "/opt/rustwide/target/debug/deps/virtual_hosting-2ac3c173f292fa94.virtual_hosting.2dff6957-cgu.4.rcgu.o" "/opt/rustwide/target/debug/deps/virtual_hosting-2ac3c173f292fa94.virtual_hosting.2dff6957-cgu.5.rcgu.o" "/opt/rustwide/target/debug/deps/virtual_hosting-2ac3c173f292fa94.virtual_hosting.2dff6957-cgu.6.rcgu.o" "/opt/rustwide/target/debug/deps/virtual_hosting-2ac3c173f292fa94.virtual_hosting.2dff6957-cgu.7.rcgu.o" "/opt/rustwide/target/debug/deps/virtual_hosting-2ac3c173f292fa94.virtual_hosting.2dff6957-cgu.8.rcgu.o" "/opt/rustwide/target/debug/deps/virtual_hosting-2ac3c173f292fa94.virtual_hosting.2dff6957-cgu.9.rcgu.o" "/opt/rustwide/target/debug/deps/virtual_hosting-2ac3c173f292fa94.1bdqkq8kibi173vt.rcgu.o" "-Wl,--as-needed" "-L" "/opt/rustwide/target/debug/deps" "-L" "/opt/rustwide/target/debug/build/ring-18781a71d37daa3b/out" "-L" "/opt/rustwide/rustup-home/toolchains/beta-2023-04-20-x86_64-unknown-linux-gnu/lib/rustlib/x86_64-unknown-linux-gnu/lib" "-Wl,-Bstatic" "/opt/rustwide/target/debug/deps/libactix_web-c1d3da45975dbbfa.rlib" "/opt/rustwide/target/debug/deps/libawc-afb200edf97e21ad.rlib" "/opt/rustwide/target/debug/deps/libactix_server-ff2e31dc2cd14401.rlib" "/opt/rustwide/target/debug/deps/libsocket2-535666a5d64105f6.rlib" "/opt/rustwide/target/debug/deps/libactix_router-d1334d2c38bfa06f.rlib" "/opt/rustwide/target/debug/deps/libbytestring-c5aeca0c4eec74eb.rlib" "/opt/rustwide/target/debug/deps/libactix_http-3435b0090d7b66d1.rlib" "/opt/rustwide/target/debug/deps/libbase64-bff61f2d1660603b.rlib" "/opt/rustwide/target/debug/deps/libhttparse-72ae373da43497e9.rlib" "/opt/rustwide/target/debug/deps/libitoa-d0264c8ce1ce890b.rlib" "/opt/rustwide/target/debug/deps/libsha1-e589d762ca2a0195.rlib" "/opt/rustwide/target/debug/deps/libopaque_debug-ffbe13ab2928830a.rlib" "/opt/rustwide/target/debug/deps/libcpufeatures-0ab975038e942af0.rlib" "/opt/rustwide/target/debug/deps/libblock_buffer-70a34175df23a075.rlib" "/opt/rustwide/target/debug/deps/libdigest-a5dc0d346cb66e3d.rlib" "/opt/rustwide/target/debug/deps/libgeneric_array-349734d09e808f19.rlib" "/opt/rustwide/target/debug/deps/libtypenum-f068cdcc1d945756.rlib" "/opt/rustwide/target/debug/deps/libserde_urlencoded-1cdb2e5ebbd173d8.rlib" "/opt/rustwide/target/debug/deps/libserde_json-86647f98046d6fc6.rlib" "/opt/rustwide/target/debug/deps/libryu-1f87c9e09d988964.rlib" "/opt/rustwide/target/debug/deps/libcookie-57144eccd32c07d3.rlib" "/opt/rustwide/target/debug/deps/libactix_tls-cf8aea6daa72e322.rlib" "/opt/rustwide/target/debug/deps/libwebpki_roots-6fad14e58f3039e7.rlib" "/opt/rustwide/target/debug/deps/libserde-659ea92a8720e3c6.rlib" "/opt/rustwide/target/debug/deps/libencoding_rs-dbd08aaf41facaaa.rlib" "/opt/rustwide/target/debug/deps/libregex-da1e29c7a5edb1d3.rlib" "/opt/rustwide/target/debug/deps/libaho_corasick-ecbb33cb0ecb9f4f.rlib" "/opt/rustwide/target/debug/deps/libregex_syntax-fd0c3ba7c22fa1f4.rlib" "/opt/rustwide/target/debug/deps/liblanguage_tags-66706a840c6b3f9e.rlib" "/opt/rustwide/target/debug/deps/libmime-6adaefd5c465bdcc.rlib" "/opt/rustwide/target/debug/deps/libflate2-5d8131a0fcb09d1b.rlib" "/opt/rustwide/target/debug/deps/libminiz_oxide-bc5d546600890b9e.rlib" "/opt/rustwide/target/debug/deps/libadler-92f8db84032ff960.rlib" "/opt/rustwide/target/debug/deps/libcrc32fast-fc15e7c737c5fb18.rlib" "/opt/rustwide/target/debug/deps/libbrotli-0c978255cf43c778.rlib" "/opt/rustwide/target/debug/deps/libbrotli_decompressor-f273f1a80228c2b4.rlib" "/opt/rustwide/target/debug/deps/liballoc_stdlib-0596e8a6af30c3f3.rlib" "/opt/rustwide/target/debug/deps/liballoc_no_stdlib-394b41666b4a7459.rlib" "/opt/rustwide/target/debug/deps/libtime-c8ad98ace952d066.rlib" "/opt/rustwide/target/debug/deps/libtime_macros-02089fd3145c7fde.rlib" "/opt/rustwide/target/debug/deps/libstandback-8a02aa41c7349d54.rlib" "/opt/rustwide/target/debug/deps/libfxhash-e2bbac7e1bf7d43b.rlib" "/opt/rustwide/target/debug/deps/libbyteorder-614d7e4e7f7903e2.rlib" "/opt/rustwide/target/debug/deps/libactix_utils-42dbd3f70977d04d.rlib" "/opt/rustwide/target/debug/deps/libactix_connect-7c2cc613816ec8ae.rlib" "/opt/rustwide/target/debug/deps/libtokio_rustls-0b40ad89e79fc06f.rlib" "/opt/rustwide/target/debug/deps/librustls-f45ffe2af689c439.rlib" "/opt/rustwide/target/debug/deps/libbase64-8999ceb24e01210b.rlib" "/opt/rustwide/target/debug/deps/libsct-b3342d6032e29ea3.rlib" "/opt/rustwide/target/debug/deps/libwebpki-649dd14a03e56002.rlib" "/opt/rustwide/target/debug/deps/libring-39fe4f472eb967cb.rlib" "/opt/rustwide/target/debug/deps/libspin-0ce7eed86e654be1.rlib" "/opt/rustwide/target/debug/deps/libuntrusted-299fbcd347deffe0.rlib" "/opt/rustwide/target/debug/deps/libonce_cell-6cf04b9f111c9217.rlib" "/opt/rustwide/target/debug/deps/libtrust_dns_resolver-e72b1606d80070b0.rlib" "/opt/rustwide/target/debug/deps/libresolv_conf-7f2c1fb3e478cd98.rlib" "/opt/rustwide/target/debug/deps/libhostname-ccd25260f0703876.rlib" "/opt/rustwide/target/debug/deps/libmatch_cfg-f55f469ac74b7fae.rlib" "/opt/rustwide/target/debug/deps/libquick_error-9f037071f33ff693.rlib" "/opt/rustwide/target/debug/deps/libtrust_dns_proto-cc3d8456ee3c1086.rlib" "/opt/rustwide/target/debug/deps/librand-14242a408915345b.rlib" "/opt/rustwide/target/debug/deps/librand_chacha-97ee325d3f7d9609.rlib" "/opt/rustwide/target/debug/deps/libppv_lite86-0fa3e45be755835a.rlib" "/opt/rustwide/target/debug/deps/librand_core-21469ba0acfa1d4f.rlib" "/opt/rustwide/target/debug/deps/libgetrandom-f39a56b5f34c0c87.rlib" "/opt/rustwide/target/debug/deps/liburl-a02fb8fdb5737796.rlib" "/opt/rustwide/target/debug/deps/libform_urlencoded-a5e98da7c1c4a0eb.rlib" "/opt/rustwide/target/debug/deps/libpercent_encoding-8c83310236959ef9.rlib" "/opt/rustwide/target/debug/deps/libidna-6f8cd264df389d63.rlib" "/opt/rustwide/target/debug/deps/libunicode_normalization-78a01cc621c7dad6.rlib" "/opt/rustwide/target/debug/deps/libtinyvec-c348951c3414c332.rlib" "/opt/rustwide/target/debug/deps/libtinyvec_macros-c8728763a1cfbcab.rlib" "/opt/rustwide/target/debug/deps/libunicode_bidi-a69ffc9ceeb64fbb.rlib" "/opt/rustwide/target/debug/deps/libmatches-bfb4602457f1458f.rlib" "/opt/rustwide/target/debug/deps/libthiserror-da149ff4baa29217.rlib" "/opt/rustwide/target/debug/deps/liblru_cache-c9726424f3cfa668.rlib" "/opt/rustwide/target/debug/deps/liblinked_hash_map-2d73749d53e508e5.rlib" "/opt/rustwide/target/debug/deps/libfutures-3e5cfa36b1f09e09.rlib" "/opt/rustwide/target/debug/deps/libfutures_executor-0f48e4fdb064fcf4.rlib" "/opt/rustwide/target/debug/deps/libactix_rt-b7e5714e619384ca.rlib" "/opt/rustwide/target/debug/deps/libactix_threadpool-5172dda6d1eaa905.rlib" "/opt/rustwide/target/debug/deps/libthreadpool-0cfb40099e8d9d5b.rlib" "/opt/rustwide/target/debug/deps/libnum_cpus-4f54064a379fe45a.rlib" "/opt/rustwide/target/debug/deps/libparking_lot-bc2e9dc3b9d5a5f9.rlib" "/opt/rustwide/target/debug/deps/libparking_lot_core-b8f53b7c8af0473b.rlib" "/opt/rustwide/target/debug/deps/liblock_api-b68d8cfff37d1e2b.rlib" "/opt/rustwide/target/debug/deps/libscopeguard-54ff2283d814f48f.rlib" "/opt/rustwide/target/debug/deps/libinstant-939f0c301cdc968a.rlib" "/opt/rustwide/target/debug/deps/libsmallvec-9a9406f60e570d53.rlib" "/opt/rustwide/target/debug/deps/libcopyless-8cdcbfe983327a21.rlib" "/opt/rustwide/target/debug/deps/libeither-e3062db716b81c8a.rlib" "/opt/rustwide/target/debug/deps/libh2-d54cffa6af254cd6.rlib" "/opt/rustwide/target/debug/deps/libtracing_futures-b208ae1db86a8a22.rlib" "/opt/rustwide/target/debug/deps/libtracing-1f104a03efb00452.rlib" "/opt/rustwide/target/debug/deps/libtracing_core-3e7a02b8515b7efe.rlib" "/opt/rustwide/target/debug/deps/libindexmap-599f47ce0d01892b.rlib" "/opt/rustwide/target/debug/deps/libhashbrown-743e8c262a81811e.rlib" "/opt/rustwide/target/debug/deps/libhttp-e5a60057394e8171.rlib" "/opt/rustwide/target/debug/deps/libitoa-57ac2f3fee0fa4c3.rlib" "/opt/rustwide/target/debug/deps/libbytes-44851e2768c88cca.rlib" "/opt/rustwide/target/debug/deps/libfnv-bb690c336855f248.rlib" "/opt/rustwide/target/debug/deps/libactix_service-526821dca3be4598.rlib" "/opt/rustwide/target/debug/deps/libactix_codec-36299d31b4e292aa.rlib" "/opt/rustwide/target/debug/deps/libbitflags-610a73087f46ba3b.rlib" "/opt/rustwide/target/debug/deps/libtokio_util-3f2fee32807d927b.rlib" "/opt/rustwide/target/debug/deps/libtokio-73df7c3629c03579.rlib" "/opt/rustwide/target/debug/deps/libsignal_hook_registry-993bce68de23baac.rlib" "/opt/rustwide/target/debug/deps/libmio_uds-1b34c79ceb534592.rlib" "/opt/rustwide/target/debug/deps/liblazy_static-86422d76b8bd90ed.rlib" "/opt/rustwide/target/debug/deps/libmio-9b7f1c52e9670823.rlib" "/opt/rustwide/target/debug/deps/libiovec-3b89b7f6fd33c755.rlib" "/opt/rustwide/target/debug/deps/libnet2-20bfdc3b6ea34afc.rlib" "/opt/rustwide/target/debug/deps/libcfg_if-b22544e46cbb7baa.rlib" "/opt/rustwide/target/debug/deps/liblibc-6324f0b3a3e98ae1.rlib" "/opt/rustwide/target/debug/deps/libpin_project_lite-63b62835ca9808f8.rlib" "/opt/rustwide/target/debug/deps/libpin_project-16db84509c23dbc5.rlib" "/opt/rustwide/target/debug/deps/libpin_project-bf3635736488c70a.rlib" "/opt/rustwide/target/debug/deps/libfutures_util-d68495dc603fd18b.rlib" "/opt/rustwide/target/debug/deps/libmemchr-59863dd316d0aea8.rlib" "/opt/rustwide/target/debug/deps/libfutures_io-4300e281b5a02122.rlib" "/opt/rustwide/target/debug/deps/libslab-de4c8617047c1765.rlib" "/opt/rustwide/target/debug/deps/libfutures_channel-4b3345061ffd581b.rlib" "/opt/rustwide/target/debug/deps/libpin_project_lite-02e5e2d23f061f41.rlib" "/opt/rustwide/target/debug/deps/libfutures_sink-2ae458a46da8d250.rlib" "/opt/rustwide/target/debug/deps/libfutures_task-cbab94a1bc1cf455.rlib" "/opt/rustwide/target/debug/deps/libpin_utils-501725f4e360d46d.rlib" "/opt/rustwide/target/debug/deps/libfutures_core-6eb40deea68a95e1.rlib" "/opt/rustwide/target/debug/deps/libbytes-b63c3b3ea06c4474.rlib" "/opt/rustwide/target/debug/deps/liblog-25b121a22046e37a.rlib" "/opt/rustwide/target/debug/deps/libcfg_if-97437e183f3ae6e4.rlib" "/opt/rustwide/rustup-home/toolchains/beta-2023-04-20-x86_64-unknown-linux-gnu/lib/rustlib/x86_64-unknown-linux-gnu/lib/libstd-0e29cc23c5e02021.rlib" "/opt/rustwide/rustup-home/toolchains/beta-2023-04-20-x86_64-unknown-linux-gnu/lib/rustlib/x86_64-unknown-linux-gnu/lib/libpanic_unwind-d903621768a861d9.rlib" "/opt/rustwide/rustup-home/toolchains/beta-2023-04-20-x86_64-unknown-linux-gnu/lib/rustlib/x86_64-unknown-linux-gnu/lib/libobject-6d0225e655f31c13.rlib" "/opt/rustwide/rustup-home/toolchains/beta-2023-04-20-x86_64-unknown-linux-gnu/lib/rustlib/x86_64-unknown-linux-gnu/lib/libmemchr-9dbaf4eac7eaa079.rlib" "/opt/rustwide/rustup-home/toolchains/beta-2023-04-20-x86_64-unknown-linux-gnu/lib/rustlib/x86_64-unknown-linux-gnu/lib/libaddr2line-27f05b3d42a66dd0.rlib" "/opt/rustwide/rustup-home/toolchains/beta-2023-04-20-x86_64-unknown-linux-gnu/lib/rustlib/x86_64-unknown-linux-gnu/lib/libgimli-4d73f1030321c9a2.rlib" "/opt/rustwide/rustup-home/toolchains/beta-2023-04-20-x86_64-unknown-linux-gnu/lib/rustlib/x86_64-unknown-linux-gnu/lib/librustc_demangle-2846c9e58abd0acb.rlib" "/opt/rustwide/rustup-home/toolchains/beta-2023-04-20-x86_64-unknown-linux-gnu/lib/rustlib/x86_64-unknown-linux-gnu/lib/libstd_detect-a53d0f50415947be.rlib" "/opt/rustwide/rustup-home/toolchains/beta-2023-04-20-x86_64-unknown-linux-gnu/lib/rustlib/x86_64-unknown-linux-gnu/lib/libhashbrown-d48e4b6abc25b9dc.rlib" "/opt/rustwide/rustup-home/toolchains/beta-2023-04-20-x86_64-unknown-linux-gnu/lib/rustlib/x86_64-unknown-linux-gnu/lib/libminiz_oxide-2991859439ef1207.rlib" "/opt/rustwide/rustup-home/toolchains/beta-2023-04-20-x86_64-unknown-linux-gnu/lib/rustlib/x86_64-unknown-linux-gnu/lib/libadler-8a687517e4221bae.rlib" "/opt/rustwide/rustup-home/toolchains/beta-2023-04-20-x86_64-unknown-linux-gnu/lib/rustlib/x86_64-unknown-linux-gnu/lib/librustc_std_workspace_alloc-e07b554f6a67f5b3.rlib" "/opt/rustwide/rustup-home/toolchains/beta-2023-04-20-x86_64-unknown-linux-gnu/lib/rustlib/x86_64-unknown-linux-gnu/lib/libunwind-b68238b7c3c619dd.rlib" "/opt/rustwide/rustup-home/toolchains/beta-2023-04-20-x86_64-unknown-linux-gnu/lib/rustlib/x86_64-unknown-linux-gnu/lib/libcfg_if-d5e213e896c017e4.rlib" "/opt/rustwide/rustup-home/toolchains/beta-2023-04-20-x86_64-unknown-linux-gnu/lib/rustlib/x86_64-unknown-linux-gnu/lib/liblibc-0211a3b2e61d8689.rlib" "/opt/rustwide/rustup-home/toolchains/beta-2023-04-20-x86_64-unknown-linux-gnu/lib/rustlib/x86_64-unknown-linux-gnu/lib/liballoc-b371f055239ba51f.rlib" "/opt/rustwide/rustup-home/toolchains/beta-2023-04-20-x86_64-unknown-linux-gnu/lib/rustlib/x86_64-unknown-linux-gnu/lib/librustc_std_workspace_core-e60518d2760eb01e.rlib" "/opt/rustwide/rustup-home/toolchains/beta-2023-04-20-x86_64-unknown-linux-gnu/lib/rustlib/x86_64-unknown-linux-gnu/lib/libcore-1ad943f92a4b1081.rlib" "/opt/rustwide/rustup-home/toolchains/beta-2023-04-20-x86_64-unknown-linux-gnu/lib/rustlib/x86_64-unknown-linux-gnu/lib/libcompiler_builtins-f0d6e4d0fc1e80b4.rlib" "-Wl,-Bdynamic" "-lgcc_s" "-lutil" "-lrt" "-lpthread" "-lm" "-ldl" "-lc" "-Wl,--eh-frame-hdr" "-Wl,-z,noexecstack" "-L" "/opt/rustwide/rustup-home/toolchains/beta-2023-04-20-x86_64-unknown-linux-gnu/lib/rustlib/x86_64-unknown-linux-gnu/lib" "-o" "/opt/rustwide/target/debug/deps/virtual_hosting-2ac3c173f292fa94" "-Wl,--gc-sections" "-pie" "-Wl,-z,relro,-z,now" "-nodefaultlibs"
[INFO] [stdout]   = note: collect2: fatal error: ld terminated with signal 9 [Killed]
[INFO] [stdout]           compilation terminated.
[INFO] [stdout]           
[INFO] [stdout] 
[INFO] [stdout] 
[INFO] [stdout] error: aborting due to previous error
[INFO] [stdout] 
[INFO] [stdout] 
[INFO] [stderr] error: could not compile `learn-actix-web` (bin "virtual_hosting") due to 2 previous errors
[INFO] running `Command { std: "docker" "inspect" "84deba2d9b0997a347b5ec38071b268ef331870e6036636c420e8fd4ee7bb296", kill_on_drop: false }`
[INFO] running `Command { std: "docker" "rm" "-f" "84deba2d9b0997a347b5ec38071b268ef331870e6036636c420e8fd4ee7bb296", kill_on_drop: false }`
[INFO] [stdout] 84deba2d9b0997a347b5ec38071b268ef331870e6036636c420e8fd4ee7bb296
