[INFO] cloning repository https://github.com/epilys/rsqlite3
[INFO] running `Command { std: "git" "-c" "credential.helper=" "-c" "credential.helper=/workspace/cargo-home/bin/git-credential-null" "clone" "--bare" "https://github.com/epilys/rsqlite3" "/workspace/cache/git-repos/https%3A%2F%2Fgithub.com%2Fepilys%2Frsqlite3", kill_on_drop: false }`
[INFO] [stderr] Cloning into bare repository '/workspace/cache/git-repos/https%3A%2F%2Fgithub.com%2Fepilys%2Frsqlite3'...
[INFO] running `Command { std: "git" "rev-parse" "HEAD", kill_on_drop: false }`
[INFO] [stdout] 73e585273ffe23d7edd151d0716ff52e0e48084c
[INFO] testing epilys/rsqlite3 against beta-2023-04-20 for beta-1.70-1
[INFO] running `Command { std: "git" "clone" "/workspace/cache/git-repos/https%3A%2F%2Fgithub.com%2Fepilys%2Frsqlite3" "/workspace/builds/worker-4-tc2/source", kill_on_drop: false }`
[INFO] [stderr] Cloning into '/workspace/builds/worker-4-tc2/source'...
[INFO] [stderr] done.
[INFO] validating manifest of git repo https://github.com/epilys/rsqlite3 on toolchain beta-2023-04-20
[INFO] running `Command { std: CARGO_HOME="/workspace/cargo-home" RUSTUP_HOME="/workspace/rustup-home" "/workspace/cargo-home/bin/cargo" "+beta-2023-04-20" "metadata" "--manifest-path" "Cargo.toml" "--no-deps", kill_on_drop: false }`
[INFO] started tweaking git repo https://github.com/epilys/rsqlite3
[INFO] finished tweaking git repo https://github.com/epilys/rsqlite3
[INFO] tweaked toml for git repo https://github.com/epilys/rsqlite3 written to /workspace/builds/worker-4-tc2/source/Cargo.toml
[INFO] crate git repo https://github.com/epilys/rsqlite3 already has a lockfile, it will not be regenerated
[INFO] running `Command { std: CARGO_HOME="/workspace/cargo-home" RUSTUP_HOME="/workspace/rustup-home" "/workspace/cargo-home/bin/cargo" "+beta-2023-04-20" "fetch" "--manifest-path" "Cargo.toml", kill_on_drop: false }`
[INFO] [stderr]     Updating crates.io index
[INFO] [stderr]  Downloading crates ...
[INFO] [stderr]   Downloaded f128_input v0.2.1
[INFO] [stderr]   Downloaded c2rust-bitfields-derive v0.2.1
[INFO] [stderr]   Downloaded c2rust-bitfields v0.3.0
[INFO] [stderr]   Downloaded f128 v0.2.9
[INFO] [stderr]   Downloaded f128_internal v0.2.2
[INFO] running `Command { std: "docker" "create" "-v" "/var/lib/crater-agent-workspace/builds/worker-4-tc2/target:/opt/rustwide/target:rw,Z" "-v" "/var/lib/crater-agent-workspace/builds/worker-4-tc2/source:/opt/rustwide/workdir:ro,Z" "-v" "/var/lib/crater-agent-workspace/cargo-home:/opt/rustwide/cargo-home:ro,Z" "-v" "/var/lib/crater-agent-workspace/rustup-home:/opt/rustwide/rustup-home:ro,Z" "-e" "SOURCE_DIR=/opt/rustwide/workdir" "-e" "CARGO_TARGET_DIR=/opt/rustwide/target" "-e" "CARGO_HOME=/opt/rustwide/cargo-home" "-e" "RUSTUP_HOME=/opt/rustwide/rustup-home" "-w" "/opt/rustwide/workdir" "-m" "1610612736" "--user" "0:0" "--network" "none" "ghcr.io/rust-lang/crates-build-env/linux@sha256:5ff2268d62e97bff2cde7d5815dd6ed5b47097566f13b8d0ca110b04b60e07ed" "/opt/rustwide/cargo-home/bin/cargo" "+beta-2023-04-20" "metadata" "--no-deps" "--format-version=1", kill_on_drop: false }`
[INFO] [stdout] 45584a3ce54d6adcd29757c166e9a83580ba549727f30dd8ca82e8e42cc2d43c
[INFO] running `Command { std: "docker" "start" "-a" "45584a3ce54d6adcd29757c166e9a83580ba549727f30dd8ca82e8e42cc2d43c", kill_on_drop: false }`
[INFO] running `Command { std: "docker" "inspect" "45584a3ce54d6adcd29757c166e9a83580ba549727f30dd8ca82e8e42cc2d43c", kill_on_drop: false }`
[INFO] running `Command { std: "docker" "rm" "-f" "45584a3ce54d6adcd29757c166e9a83580ba549727f30dd8ca82e8e42cc2d43c", kill_on_drop: false }`
[INFO] [stdout] 45584a3ce54d6adcd29757c166e9a83580ba549727f30dd8ca82e8e42cc2d43c
[INFO] running `Command { std: "docker" "create" "-v" "/var/lib/crater-agent-workspace/builds/worker-4-tc2/target:/opt/rustwide/target:rw,Z" "-v" "/var/lib/crater-agent-workspace/builds/worker-4-tc2/source:/opt/rustwide/workdir:ro,Z" "-v" "/var/lib/crater-agent-workspace/cargo-home:/opt/rustwide/cargo-home:ro,Z" "-v" "/var/lib/crater-agent-workspace/rustup-home:/opt/rustwide/rustup-home:ro,Z" "-e" "SOURCE_DIR=/opt/rustwide/workdir" "-e" "CARGO_TARGET_DIR=/opt/rustwide/target" "-e" "CARGO_INCREMENTAL=0" "-e" "RUST_BACKTRACE=full" "-e" "RUSTFLAGS=--cap-lints=warn" "-e" "RUSTDOCFLAGS=--cap-lints=warn" "-e" "CARGO_HOME=/opt/rustwide/cargo-home" "-e" "RUSTUP_HOME=/opt/rustwide/rustup-home" "-w" "/opt/rustwide/workdir" "-m" "1610612736" "--user" "0:0" "--network" "none" "ghcr.io/rust-lang/crates-build-env/linux@sha256:5ff2268d62e97bff2cde7d5815dd6ed5b47097566f13b8d0ca110b04b60e07ed" "/opt/rustwide/cargo-home/bin/cargo" "+beta-2023-04-20" "build" "--frozen" "--message-format=json", kill_on_drop: false }`
[INFO] [stdout] 002e17a0df89196798228838d3813265646deda53a27b8c22c714625760155c0
[INFO] running `Command { std: "docker" "start" "-a" "002e17a0df89196798228838d3813265646deda53a27b8c22c714625760155c0", kill_on_drop: false }`
[INFO] [stderr]    Compiling autocfg v1.0.1
[INFO] [stderr]    Compiling proc-macro2 v1.0.32
[INFO] [stderr]    Compiling libc v0.2.105
[INFO] [stderr]    Compiling cc v1.0.71
[INFO] [stderr]    Compiling unicode-xid v0.2.2
[INFO] [stderr]    Compiling syn v1.0.81
[INFO] [stderr]    Compiling rsqlite3 v0.1.0 (/opt/rustwide/workdir)
[INFO] [stderr]    Compiling num-traits v0.2.14
[INFO] [stderr]    Compiling f128_internal v0.2.2
[INFO] [stderr]    Compiling quote v1.0.10
[INFO] [stderr]    Compiling f128_input v0.2.1
[INFO] [stderr]    Compiling f128 v0.2.9
[INFO] [stderr]    Compiling c2rust-bitfields-derive v0.2.1
[INFO] [stderr]    Compiling c2rust-bitfields v0.3.0
[INFO] [stdout] error[E0425]: cannot find function `atomic_fence` in module `std::intrinsics`
[INFO] [stdout]      --> src/lib.rs:11725:24
[INFO] [stdout]       |
[INFO] [stdout] 11725 |     ::std::intrinsics::atomic_fence();
[INFO] [stdout]       |                        ^^^^^^^^^^^^ not found in `std::intrinsics`
[INFO] [stdout] 
[INFO] [stdout] 
[INFO] [stdout] error[E0554]: `#![feature]` may not be used on the beta release channel
[INFO] [stdout]  --> src/lib.rs:4:1
[INFO] [stdout]   |
[INFO] [stdout] 4 | / #![feature(c_variadic, 
[INFO] [stdout] 5 | |            core_intrinsics, extern_types,
[INFO] [stdout] 6 | |            register_tool)]
[INFO] [stdout]   | |__________________________^
[INFO] [stdout] 
[INFO] [stdout] 
[INFO] [stdout] error[E0554]: `#![feature]` may not be used on the beta release channel
[INFO] [stdout]  --> src/lib.rs:5:12
[INFO] [stdout]   |
[INFO] [stdout] 5 |            core_intrinsics, extern_types,
[INFO] [stdout]   |            ^^^^^^^^^^^^^^^
[INFO] [stdout] 
[INFO] [stdout] 
[INFO] [stdout] warning: unused import: `num_traits`
[INFO] [stdout]  --> src/lib.rs:9:5
[INFO] [stdout]   |
[INFO] [stdout] 9 | use num_traits::*;
[INFO] [stdout]   |     ^^^^^^^^^^
[INFO] [stdout]   |
[INFO] [stdout]   = note: `#[warn(unused_imports)]` on by default
[INFO] [stdout] 
[INFO] [stdout] 
[INFO] [stdout] error: aborting due to 3 previous errors; 1 warning emitted
[INFO] [stdout] 
[INFO] [stdout] 
[INFO] [stdout] Some errors have detailed explanations: E0425, E0554.
[INFO] [stdout] 
[INFO] [stdout] For more information about an error, try `rustc --explain E0425`.
[INFO] [stdout] 
[INFO] [stderr] error: could not compile `rsqlite3` (lib) due to 4 previous errors; 1 warning emitted
[INFO] running `Command { std: "docker" "inspect" "002e17a0df89196798228838d3813265646deda53a27b8c22c714625760155c0", kill_on_drop: false }`
[INFO] running `Command { std: "docker" "rm" "-f" "002e17a0df89196798228838d3813265646deda53a27b8c22c714625760155c0", kill_on_drop: false }`
[INFO] [stdout] 002e17a0df89196798228838d3813265646deda53a27b8c22c714625760155c0
