[INFO] cloning repository https://github.com/eoriont/fat12-image-driver
[INFO] running `Command { std: "git" "-c" "credential.helper=" "-c" "credential.helper=/workspace/cargo-home/bin/git-credential-null" "clone" "--bare" "https://github.com/eoriont/fat12-image-driver" "/workspace/cache/git-repos/https%3A%2F%2Fgithub.com%2Feoriont%2Ffat12-image-driver", kill_on_drop: false }`
[INFO] [stderr] Cloning into bare repository '/workspace/cache/git-repos/https%3A%2F%2Fgithub.com%2Feoriont%2Ffat12-image-driver'...
[INFO] running `Command { std: "git" "rev-parse" "HEAD", kill_on_drop: false }`
[INFO] [stdout] 16f44b45128afa89b7c9d6ff4963cb2f10fe362e
[INFO] testing eoriont/fat12-image-driver against 1.69.0 for beta-1.70-1
[INFO] running `Command { std: "git" "clone" "/workspace/cache/git-repos/https%3A%2F%2Fgithub.com%2Feoriont%2Ffat12-image-driver" "/workspace/builds/worker-5-tc1/source", kill_on_drop: false }`
[INFO] [stderr] Cloning into '/workspace/builds/worker-5-tc1/source'...
[INFO] [stderr] done.
[INFO] validating manifest of git repo https://github.com/eoriont/fat12-image-driver on toolchain 1.69.0
[INFO] running `Command { std: CARGO_HOME="/workspace/cargo-home" RUSTUP_HOME="/workspace/rustup-home" "/workspace/cargo-home/bin/cargo" "+1.69.0" "metadata" "--manifest-path" "Cargo.toml" "--no-deps", kill_on_drop: false }`
[INFO] started tweaking git repo https://github.com/eoriont/fat12-image-driver
[INFO] finished tweaking git repo https://github.com/eoriont/fat12-image-driver
[INFO] tweaked toml for git repo https://github.com/eoriont/fat12-image-driver written to /workspace/builds/worker-5-tc1/source/Cargo.toml
[INFO] crate git repo https://github.com/eoriont/fat12-image-driver already has a lockfile, it will not be regenerated
[INFO] running `Command { std: CARGO_HOME="/workspace/cargo-home" RUSTUP_HOME="/workspace/rustup-home" "/workspace/cargo-home/bin/cargo" "+1.69.0" "fetch" "--manifest-path" "Cargo.toml", kill_on_drop: false }`
[INFO] running `Command { std: "docker" "create" "-v" "/var/lib/crater-agent-workspace/builds/worker-5-tc1/target:/opt/rustwide/target:rw,Z" "-v" "/var/lib/crater-agent-workspace/builds/worker-5-tc1/source:/opt/rustwide/workdir:ro,Z" "-v" "/var/lib/crater-agent-workspace/cargo-home:/opt/rustwide/cargo-home:ro,Z" "-v" "/var/lib/crater-agent-workspace/rustup-home:/opt/rustwide/rustup-home:ro,Z" "-e" "SOURCE_DIR=/opt/rustwide/workdir" "-e" "CARGO_TARGET_DIR=/opt/rustwide/target" "-e" "CARGO_HOME=/opt/rustwide/cargo-home" "-e" "RUSTUP_HOME=/opt/rustwide/rustup-home" "-w" "/opt/rustwide/workdir" "-m" "1610612736" "--user" "0:0" "--network" "none" "ghcr.io/rust-lang/crates-build-env/linux@sha256:5ff2268d62e97bff2cde7d5815dd6ed5b47097566f13b8d0ca110b04b60e07ed" "/opt/rustwide/cargo-home/bin/cargo" "+1.69.0" "metadata" "--no-deps" "--format-version=1", kill_on_drop: false }`
[INFO] [stdout] d7ed3cd57f3c72b353c193a71adf46edf7d98268c5d1577a73f3e5a4b6fa61e3
[INFO] running `Command { std: "docker" "start" "-a" "d7ed3cd57f3c72b353c193a71adf46edf7d98268c5d1577a73f3e5a4b6fa61e3", kill_on_drop: false }`
[INFO] running `Command { std: "docker" "inspect" "d7ed3cd57f3c72b353c193a71adf46edf7d98268c5d1577a73f3e5a4b6fa61e3", kill_on_drop: false }`
[INFO] running `Command { std: "docker" "rm" "-f" "d7ed3cd57f3c72b353c193a71adf46edf7d98268c5d1577a73f3e5a4b6fa61e3", kill_on_drop: false }`
[INFO] [stdout] d7ed3cd57f3c72b353c193a71adf46edf7d98268c5d1577a73f3e5a4b6fa61e3
[INFO] running `Command { std: "docker" "create" "-v" "/var/lib/crater-agent-workspace/builds/worker-5-tc1/target:/opt/rustwide/target:rw,Z" "-v" "/var/lib/crater-agent-workspace/builds/worker-5-tc1/source:/opt/rustwide/workdir:ro,Z" "-v" "/var/lib/crater-agent-workspace/cargo-home:/opt/rustwide/cargo-home:ro,Z" "-v" "/var/lib/crater-agent-workspace/rustup-home:/opt/rustwide/rustup-home:ro,Z" "-e" "SOURCE_DIR=/opt/rustwide/workdir" "-e" "CARGO_TARGET_DIR=/opt/rustwide/target" "-e" "CARGO_INCREMENTAL=0" "-e" "RUST_BACKTRACE=full" "-e" "RUSTFLAGS=--cap-lints=warn" "-e" "RUSTDOCFLAGS=--cap-lints=warn" "-e" "CARGO_HOME=/opt/rustwide/cargo-home" "-e" "RUSTUP_HOME=/opt/rustwide/rustup-home" "-w" "/opt/rustwide/workdir" "-m" "1610612736" "--user" "0:0" "--network" "none" "ghcr.io/rust-lang/crates-build-env/linux@sha256:5ff2268d62e97bff2cde7d5815dd6ed5b47097566f13b8d0ca110b04b60e07ed" "/opt/rustwide/cargo-home/bin/cargo" "+1.69.0" "build" "--frozen" "--message-format=json", kill_on_drop: false }`
[INFO] [stdout] 76d7c6fd1e0053a6f4b61a1bc1df0512d299c0ffbb8f95b420b9ebb939ac4b46
[INFO] running `Command { std: "docker" "start" "-a" "76d7c6fd1e0053a6f4b61a1bc1df0512d299c0ffbb8f95b420b9ebb939ac4b46", kill_on_drop: false }`
[INFO] [stderr]    Compiling fat12_image_driver v0.1.0 (/opt/rustwide/workdir)
[INFO] [stdout] error: expected `;`, found `shell_state`
[INFO] [stdout]   --> src/read_file.rs:26:41
[INFO] [stdout]    |
[INFO] [stdout] 26 |     let file = read_file(&shell_state, )
[INFO] [stdout]    |                                         ^ help: add `;` here
[INFO] [stdout] 27 |
[INFO] [stdout] 28 |     shell_state
[INFO] [stdout]    |     ----------- unexpected token
[INFO] [stdout] 
[INFO] [stdout] 
[INFO] [stdout] error[E0425]: cannot find value `root_entry_index` in this scope
[INFO] [stdout]    --> src/directories.rs:111:54
[INFO] [stdout]     |
[INFO] [stdout] 111 |         let dir_entry = read_directory_entry(&bytes, root_entry_index);
[INFO] [stdout]     |                                                      ^^^^^^^^^^^^^^^^ help: a local variable with a similar name exists: `entry_index`
[INFO] [stdout] 
[INFO] [stdout] 
[INFO] [stdout] error[E0425]: cannot find value `root_entry` in this scope
[INFO] [stdout]    --> src/directories.rs:113:12
[INFO] [stdout]     |
[INFO] [stdout] 113 |         if root_entry[0] == 0 {
[INFO] [stdout]     |            ^^^^^^^^^^ not found in this scope
[INFO] [stdout] 
[INFO] [stdout] 
[INFO] [stdout] error[E0425]: cannot find value `root_entry_index` in this scope
[INFO] [stdout]    --> src/directories.rs:114:20
[INFO] [stdout]     |
[INFO] [stdout] 114 |             return root_entry_index;
[INFO] [stdout]     |                    ^^^^^^^^^^^^^^^^ help: a local variable with a similar name exists: `entry_index`
[INFO] [stdout] 
[INFO] [stdout] 
[INFO] [stdout] error[E0425]: cannot find function `get_arg` in this scope
[INFO] [stdout]   --> src/read_file.rs:23:20
[INFO] [stdout]    |
[INFO] [stdout] 23 |     let filename = get_arg(&args, 1).expect("Missing filename!");
[INFO] [stdout]    |                    ^^^^^^^ not found in this scope
[INFO] [stdout]    |
[INFO] [stdout] help: consider importing this function
[INFO] [stdout]    |
[INFO] [stdout] 1  | use crate::shell_parsing::get_arg;
[INFO] [stdout]    |
[INFO] [stdout] 
[INFO] [stdout] 
[INFO] [stdout] warning: unused import: `read_file::read_file`
[INFO] [stdout]  --> src/main.rs:5:5
[INFO] [stdout]   |
[INFO] [stdout] 5 | use read_file::read_file;
[INFO] [stdout]   |     ^^^^^^^^^^^^^^^^^^^^
[INFO] [stdout]   |
[INFO] [stdout]   = note: `#[warn(unused_imports)]` on by default
[INFO] [stdout] 
[INFO] [stdout] 
[INFO] [stdout] error[E0061]: this function takes 2 arguments but 1 argument was supplied
[INFO] [stdout]   --> src/read_file.rs:26:16
[INFO] [stdout]    |
[INFO] [stdout] 26 |     let file = read_file(&shell_state, )
[INFO] [stdout]    |                ^^^^^^^^^---------------- an argument of type `usize` is missing
[INFO] [stdout]    |
[INFO] [stdout] note: function defined here
[INFO] [stdout]   --> src/read_file.rs:6:8
[INFO] [stdout]    |
[INFO] [stdout] 6  | pub fn read_file(shell_state: &ShellState, fat_entry: usize) -> Vec<u8> {
[INFO] [stdout]    |        ^^^^^^^^^ ------------------------  ----------------
[INFO] [stdout] help: provide the argument
[INFO] [stdout]    |
[INFO] [stdout] 26 |     let file = read_file(&shell_state, /* usize */)
[INFO] [stdout]    |                         ~~~~~~~~~~~~~~~~~~~~~~~~~~~
[INFO] [stdout] 
[INFO] [stdout] 
[INFO] [stdout] error[E0425]: cannot find function `get_first_free_root_entry` in this scope
[INFO] [stdout]   --> src/root_dir_util.rs:14:22
[INFO] [stdout]    |
[INFO] [stdout] 14 |     let root_entry = get_first_free_root_entry(&bytes);
[INFO] [stdout]    |                      ^^^^^^^^^^^^^^^^^^^^^^^^^ not found in this scope
[INFO] [stdout] 
[INFO] [stdout] 
[INFO] [stdout] error: aborting due to 7 previous errors; 1 warning emitted
[INFO] [stdout] 
[INFO] [stdout] 
[INFO] [stdout] Some errors have detailed explanations: E0061, E0425.
[INFO] [stdout] 
[INFO] [stdout] For more information about an error, try `rustc --explain E0061`.
[INFO] [stdout] 
[INFO] [stderr] error: could not compile `fat12_image_driver` due to 8 previous errors; 1 warning emitted
[INFO] running `Command { std: "docker" "inspect" "76d7c6fd1e0053a6f4b61a1bc1df0512d299c0ffbb8f95b420b9ebb939ac4b46", kill_on_drop: false }`
[INFO] running `Command { std: "docker" "rm" "-f" "76d7c6fd1e0053a6f4b61a1bc1df0512d299c0ffbb8f95b420b9ebb939ac4b46", kill_on_drop: false }`
[INFO] [stdout] 76d7c6fd1e0053a6f4b61a1bc1df0512d299c0ffbb8f95b420b9ebb939ac4b46
