[INFO] cloning repository https://github.com/enigmampc/SecretStablePools
[INFO] running `Command { std: "git" "-c" "credential.helper=" "-c" "credential.helper=/workspace/cargo-home/bin/git-credential-null" "clone" "--bare" "https://github.com/enigmampc/SecretStablePools" "/workspace/cache/git-repos/https%3A%2F%2Fgithub.com%2Fenigmampc%2FSecretStablePools", kill_on_drop: false }`
[INFO] [stderr] Cloning into bare repository '/workspace/cache/git-repos/https%3A%2F%2Fgithub.com%2Fenigmampc%2FSecretStablePools'...
[INFO] running `Command { std: "git" "rev-parse" "HEAD", kill_on_drop: false }`
[INFO] [stdout] c3fa06cd068b2264642f85d01e4dba7c093b3c29
[INFO] testing enigmampc/SecretStablePools against 1.69.0 for beta-1.70-1
[INFO] running `Command { std: "git" "clone" "/workspace/cache/git-repos/https%3A%2F%2Fgithub.com%2Fenigmampc%2FSecretStablePools" "/workspace/builds/worker-5-tc1/source", kill_on_drop: false }`
[INFO] [stderr] Cloning into '/workspace/builds/worker-5-tc1/source'...
[INFO] [stderr] done.
[INFO] validating manifest of git repo https://github.com/enigmampc/SecretStablePools on toolchain 1.69.0
[INFO] running `Command { std: CARGO_HOME="/workspace/cargo-home" RUSTUP_HOME="/workspace/rustup-home" "/workspace/cargo-home/bin/cargo" "+1.69.0" "metadata" "--manifest-path" "Cargo.toml" "--no-deps", kill_on_drop: false }`
[INFO] started tweaking git repo https://github.com/enigmampc/SecretStablePools
[INFO] finished tweaking git repo https://github.com/enigmampc/SecretStablePools
[INFO] tweaked toml for git repo https://github.com/enigmampc/SecretStablePools written to /workspace/builds/worker-5-tc1/source/Cargo.toml
[INFO] crate git repo https://github.com/enigmampc/SecretStablePools already has a lockfile, it will not be regenerated
[INFO] running `Command { std: CARGO_HOME="/workspace/cargo-home" RUSTUP_HOME="/workspace/rustup-home" "/workspace/cargo-home/bin/cargo" "+1.69.0" "fetch" "--manifest-path" "Cargo.toml", kill_on_drop: false }`
[INFO] [stderr] warning: profiles for the non root package will be ignored, specify profiles at the workspace root:
[INFO] [stderr] package:   /workspace/builds/worker-5-tc1/source/contracts/lp_token/Cargo.toml
[INFO] [stderr] workspace: /workspace/builds/worker-5-tc1/source/Cargo.toml
[INFO] [stderr]     Updating git repository `https://github.com/enigmampc/SecretNetwork`
[INFO] [stderr]     Updating git repository `https://github.com/enigmampc/secret-toolkit`
[INFO] [stderr]     Updating git repository `https://github.com/apache/teaclave-sgx-sdk.git`
[INFO] [stderr]     Updating git submodule `https://github.com/WebAssembly/testsuite`
[INFO] [stderr] warning: skipping duplicate package `app` found at `/workspace/cargo-home/git/checkouts/teaclave-sgx-sdk-be25c2ad2f03718d/8f065be/samplecode/http_req/app`
[INFO] [stderr] warning: skipping duplicate package `app` found at `/workspace/cargo-home/git/checkouts/teaclave-sgx-sdk-be25c2ad2f03718d/8f065be/samplecode/hello-rust-vscode-debug/app`
[INFO] [stderr] warning: skipping duplicate package `app` found at `/workspace/cargo-home/git/checkouts/teaclave-sgx-sdk-be25c2ad2f03718d/8f065be/samplecode/wasmi/app`
[INFO] [stderr] warning: skipping duplicate package `app` found at `/workspace/cargo-home/git/checkouts/teaclave-sgx-sdk-be25c2ad2f03718d/8f065be/samplecode/sgx-cov/app`
[INFO] [stderr] warning: skipping duplicate package `Helloworldsampleenclave` found at `/workspace/cargo-home/git/checkouts/teaclave-sgx-sdk-be25c2ad2f03718d/8f065be/samplecode/helloworld/enclave`
[INFO] [stderr] warning: skipping duplicate package `app` found at `/workspace/cargo-home/git/checkouts/teaclave-sgx-sdk-be25c2ad2f03718d/8f065be/samplecode/switchless/app`
[INFO] [stderr] warning: skipping duplicate package `app` found at `/workspace/cargo-home/git/checkouts/teaclave-sgx-sdk-be25c2ad2f03718d/8f065be/samplecode/mutual-ra/app`
[INFO] [stderr] warning: skipping duplicate package `app` found at `/workspace/cargo-home/git/checkouts/teaclave-sgx-sdk-be25c2ad2f03718d/8f065be/samplecode/mio/server/app`
[INFO] [stderr] warning: skipping duplicate package `app` found at `/workspace/cargo-home/git/checkouts/teaclave-sgx-sdk-be25c2ad2f03718d/8f065be/samplecode/mio/client/app`
[INFO] [stderr] warning: skipping duplicate package `app` found at `/workspace/cargo-home/git/checkouts/teaclave-sgx-sdk-be25c2ad2f03718d/8f065be/samplecode/db-proxy/db-proxy/app`
[INFO] [stderr] warning: skipping duplicate package `app` found at `/workspace/cargo-home/git/checkouts/teaclave-sgx-sdk-be25c2ad2f03718d/8f065be/samplecode/protobuf/app`
[INFO] [stderr] warning: skipping duplicate package `app` found at `/workspace/cargo-home/git/checkouts/teaclave-sgx-sdk-be25c2ad2f03718d/8f065be/samplecode/zlib-lazy-static-sample/app`
[INFO] [stderr] warning: skipping duplicate package `Helloworldsampleenclave` found at `/workspace/cargo-home/git/checkouts/teaclave-sgx-sdk-be25c2ad2f03718d/8f065be/samplecode/tcmalloc/enclave`
[INFO] [stderr] warning: skipping duplicate package `app` found at `/workspace/cargo-home/git/checkouts/teaclave-sgx-sdk-be25c2ad2f03718d/8f065be/samplecode/tcmalloc/app`
[INFO] [stderr] warning: skipping duplicate package `app` found at `/workspace/cargo-home/git/checkouts/teaclave-sgx-sdk-be25c2ad2f03718d/8f065be/samplecode/logger/app`
[INFO] [stderr] warning: skipping duplicate package `app` found at `/workspace/cargo-home/git/checkouts/teaclave-sgx-sdk-be25c2ad2f03718d/8f065be/samplecode/tr-mpc/tr-mpc-server/app`
[INFO] [stderr] warning: skipping duplicate package `app` found at `/workspace/cargo-home/git/checkouts/teaclave-sgx-sdk-be25c2ad2f03718d/8f065be/samplecode/pcl/pcl-seal/app`
[INFO] [stderr] warning: skipping duplicate package `Helloworldsampleenclave` found at `/workspace/cargo-home/git/checkouts/teaclave-sgx-sdk-be25c2ad2f03718d/8f065be/samplecode/pcl/encrypted-hello/enclave`
[INFO] [stderr] warning: skipping duplicate package `ue_send_recv` found at `/workspace/cargo-home/git/checkouts/teaclave-sgx-sdk-be25c2ad2f03718d/8f065be/samplecode/pcl/pcl-user/ue_send_recv`
[INFO] [stderr] warning: skipping duplicate package `Helloworldsampleenclave` found at `/workspace/cargo-home/git/checkouts/teaclave-sgx-sdk-be25c2ad2f03718d/8f065be/samplecode/net2/enclave`
[INFO] [stderr] warning: skipping duplicate package `app` found at `/workspace/cargo-home/git/checkouts/teaclave-sgx-sdk-be25c2ad2f03718d/8f065be/samplecode/net2/app`
[INFO] [stderr] warning: skipping duplicate package `Helloworldsampleenclave` found at `/workspace/cargo-home/git/checkouts/teaclave-sgx-sdk-be25c2ad2f03718d/8f065be/samplecode/prost-protobuf/enclave`
[INFO] [stderr] warning: skipping duplicate package `app` found at `/workspace/cargo-home/git/checkouts/teaclave-sgx-sdk-be25c2ad2f03718d/8f065be/samplecode/prost-protobuf/app`
[INFO] [stderr] warning: skipping duplicate package `Helloworldsampleenclave` found at `/workspace/cargo-home/git/checkouts/teaclave-sgx-sdk-be25c2ad2f03718d/8f065be/samplecode/kvdb-memdb/enclave`
[INFO] [stderr] warning: skipping duplicate package `app` found at `/workspace/cargo-home/git/checkouts/teaclave-sgx-sdk-be25c2ad2f03718d/8f065be/samplecode/kvdb-memdb/app`
[INFO] [stderr] warning: skipping duplicate package `app` found at `/workspace/cargo-home/git/checkouts/teaclave-sgx-sdk-be25c2ad2f03718d/8f065be/samplecode/unit-test/app`
[INFO] [stderr] warning: skipping duplicate package `app` found at `/workspace/cargo-home/git/checkouts/teaclave-sgx-sdk-be25c2ad2f03718d/8f065be/samplecode/static-data-distribution/app`
[INFO] [stderr] warning: skipping duplicate package `app` found at `/workspace/cargo-home/git/checkouts/teaclave-sgx-sdk-be25c2ad2f03718d/8f065be/samplecode/ue-ra/ue-ra-server/app`
[INFO] [stderr] warning: skipping duplicate package `PCKIDRetrievalTool` found at `/workspace/cargo-home/git/checkouts/teaclave-sgx-sdk-be25c2ad2f03718d/8f065be/samplecode/dcap-pckretrieval/app`
[INFO] [stderr] warning: skipping duplicate package `app` found at `/workspace/cargo-home/git/checkouts/teaclave-sgx-sdk-be25c2ad2f03718d/8f065be/samplecode/tls/tlsclient/app`
[INFO] [stderr] warning: skipping duplicate package `app` found at `/workspace/cargo-home/git/checkouts/teaclave-sgx-sdk-be25c2ad2f03718d/8f065be/samplecode/tls/tlsserver/app`
[INFO] [stderr] warning: skipping duplicate package `Helloworldsampleenclave` found at `/workspace/cargo-home/git/checkouts/teaclave-sgx-sdk-be25c2ad2f03718d/8f065be/samplecode/hello-rust/enclave`
[INFO] [stderr] warning: skipping duplicate package `app` found at `/workspace/cargo-home/git/checkouts/teaclave-sgx-sdk-be25c2ad2f03718d/8f065be/samplecode/hello-rust/app`
[INFO] [stderr]  Downloading crates ...
[INFO] [stderr]   Downloaded cosmwasm-schema v0.9.4
[INFO] [stderr]   Downloaded cbindgen v0.13.2
[INFO] running `Command { std: "docker" "create" "-v" "/var/lib/crater-agent-workspace/builds/worker-5-tc1/target:/opt/rustwide/target:rw,Z" "-v" "/var/lib/crater-agent-workspace/builds/worker-5-tc1/source:/opt/rustwide/workdir:ro,Z" "-v" "/var/lib/crater-agent-workspace/cargo-home:/opt/rustwide/cargo-home:ro,Z" "-v" "/var/lib/crater-agent-workspace/rustup-home:/opt/rustwide/rustup-home:ro,Z" "-e" "SOURCE_DIR=/opt/rustwide/workdir" "-e" "CARGO_TARGET_DIR=/opt/rustwide/target" "-e" "CARGO_HOME=/opt/rustwide/cargo-home" "-e" "RUSTUP_HOME=/opt/rustwide/rustup-home" "-w" "/opt/rustwide/workdir" "-m" "1610612736" "--user" "0:0" "--network" "none" "ghcr.io/rust-lang/crates-build-env/linux@sha256:5ff2268d62e97bff2cde7d5815dd6ed5b47097566f13b8d0ca110b04b60e07ed" "/opt/rustwide/cargo-home/bin/cargo" "+1.69.0" "metadata" "--no-deps" "--format-version=1", kill_on_drop: false }`
[INFO] [stdout] 4cbdcc7bd8a20cf56ec017c631bd044885fd13fbb6704f5cba7b643e018df44e
[INFO] running `Command { std: "docker" "start" "-a" "4cbdcc7bd8a20cf56ec017c631bd044885fd13fbb6704f5cba7b643e018df44e", kill_on_drop: false }`
[INFO] running `Command { std: "docker" "inspect" "4cbdcc7bd8a20cf56ec017c631bd044885fd13fbb6704f5cba7b643e018df44e", kill_on_drop: false }`
[INFO] running `Command { std: "docker" "rm" "-f" "4cbdcc7bd8a20cf56ec017c631bd044885fd13fbb6704f5cba7b643e018df44e", kill_on_drop: false }`
[INFO] [stdout] 4cbdcc7bd8a20cf56ec017c631bd044885fd13fbb6704f5cba7b643e018df44e
[INFO] running `Command { std: "docker" "create" "-v" "/var/lib/crater-agent-workspace/builds/worker-5-tc1/target:/opt/rustwide/target:rw,Z" "-v" "/var/lib/crater-agent-workspace/builds/worker-5-tc1/source:/opt/rustwide/workdir:ro,Z" "-v" "/var/lib/crater-agent-workspace/cargo-home:/opt/rustwide/cargo-home:ro,Z" "-v" "/var/lib/crater-agent-workspace/rustup-home:/opt/rustwide/rustup-home:ro,Z" "-e" "SOURCE_DIR=/opt/rustwide/workdir" "-e" "CARGO_TARGET_DIR=/opt/rustwide/target" "-e" "CARGO_INCREMENTAL=0" "-e" "RUST_BACKTRACE=full" "-e" "RUSTFLAGS=--cap-lints=warn" "-e" "RUSTDOCFLAGS=--cap-lints=warn" "-e" "CARGO_HOME=/opt/rustwide/cargo-home" "-e" "RUSTUP_HOME=/opt/rustwide/rustup-home" "-w" "/opt/rustwide/workdir" "-m" "1610612736" "--user" "0:0" "--network" "none" "ghcr.io/rust-lang/crates-build-env/linux@sha256:5ff2268d62e97bff2cde7d5815dd6ed5b47097566f13b8d0ca110b04b60e07ed" "/opt/rustwide/cargo-home/bin/cargo" "+1.69.0" "build" "--frozen" "--message-format=json", kill_on_drop: false }`
[INFO] [stdout] 38ae3dae29d9b69e4cd7e1a14a36cbbd34d80a987bae26ccf89dff1329341d8c
[INFO] running `Command { std: "docker" "start" "-a" "38ae3dae29d9b69e4cd7e1a14a36cbbd34d80a987bae26ccf89dff1329341d8c", kill_on_drop: false }`
[INFO] [stderr] warning: profiles for the non root package will be ignored, specify profiles at the workspace root:
[INFO] [stderr] package:   /opt/rustwide/workdir/contracts/lp_token/Cargo.toml
[INFO] [stderr] workspace: /opt/rustwide/workdir/Cargo.toml
[INFO] [stderr] warning: skipping duplicate package `app` found at `/opt/rustwide/cargo-home/git/checkouts/teaclave-sgx-sdk-be25c2ad2f03718d/8f065be/samplecode/http_req/app`
[INFO] [stderr] warning: skipping duplicate package `app` found at `/opt/rustwide/cargo-home/git/checkouts/teaclave-sgx-sdk-be25c2ad2f03718d/8f065be/samplecode/hello-rust-vscode-debug/app`
[INFO] [stderr] warning: skipping duplicate package `app` found at `/opt/rustwide/cargo-home/git/checkouts/teaclave-sgx-sdk-be25c2ad2f03718d/8f065be/samplecode/wasmi/app`
[INFO] [stderr] warning: skipping duplicate package `app` found at `/opt/rustwide/cargo-home/git/checkouts/teaclave-sgx-sdk-be25c2ad2f03718d/8f065be/samplecode/sgx-cov/app`
[INFO] [stderr] warning: skipping duplicate package `Helloworldsampleenclave` found at `/opt/rustwide/cargo-home/git/checkouts/teaclave-sgx-sdk-be25c2ad2f03718d/8f065be/samplecode/helloworld/enclave`
[INFO] [stderr] warning: skipping duplicate package `app` found at `/opt/rustwide/cargo-home/git/checkouts/teaclave-sgx-sdk-be25c2ad2f03718d/8f065be/samplecode/switchless/app`
[INFO] [stderr] warning: skipping duplicate package `app` found at `/opt/rustwide/cargo-home/git/checkouts/teaclave-sgx-sdk-be25c2ad2f03718d/8f065be/samplecode/mutual-ra/app`
[INFO] [stderr] warning: skipping duplicate package `app` found at `/opt/rustwide/cargo-home/git/checkouts/teaclave-sgx-sdk-be25c2ad2f03718d/8f065be/samplecode/mio/server/app`
[INFO] [stderr] warning: skipping duplicate package `app` found at `/opt/rustwide/cargo-home/git/checkouts/teaclave-sgx-sdk-be25c2ad2f03718d/8f065be/samplecode/mio/client/app`
[INFO] [stderr] warning: skipping duplicate package `app` found at `/opt/rustwide/cargo-home/git/checkouts/teaclave-sgx-sdk-be25c2ad2f03718d/8f065be/samplecode/db-proxy/db-proxy/app`
[INFO] [stderr] warning: skipping duplicate package `app` found at `/opt/rustwide/cargo-home/git/checkouts/teaclave-sgx-sdk-be25c2ad2f03718d/8f065be/samplecode/protobuf/app`
[INFO] [stderr] warning: skipping duplicate package `app` found at `/opt/rustwide/cargo-home/git/checkouts/teaclave-sgx-sdk-be25c2ad2f03718d/8f065be/samplecode/zlib-lazy-static-sample/app`
[INFO] [stderr] warning: skipping duplicate package `Helloworldsampleenclave` found at `/opt/rustwide/cargo-home/git/checkouts/teaclave-sgx-sdk-be25c2ad2f03718d/8f065be/samplecode/tcmalloc/enclave`
[INFO] [stderr] warning: skipping duplicate package `app` found at `/opt/rustwide/cargo-home/git/checkouts/teaclave-sgx-sdk-be25c2ad2f03718d/8f065be/samplecode/tcmalloc/app`
[INFO] [stderr] warning: skipping duplicate package `app` found at `/opt/rustwide/cargo-home/git/checkouts/teaclave-sgx-sdk-be25c2ad2f03718d/8f065be/samplecode/logger/app`
[INFO] [stderr] warning: skipping duplicate package `app` found at `/opt/rustwide/cargo-home/git/checkouts/teaclave-sgx-sdk-be25c2ad2f03718d/8f065be/samplecode/tr-mpc/tr-mpc-server/app`
[INFO] [stderr] warning: skipping duplicate package `app` found at `/opt/rustwide/cargo-home/git/checkouts/teaclave-sgx-sdk-be25c2ad2f03718d/8f065be/samplecode/pcl/pcl-seal/app`
[INFO] [stderr] warning: skipping duplicate package `Helloworldsampleenclave` found at `/opt/rustwide/cargo-home/git/checkouts/teaclave-sgx-sdk-be25c2ad2f03718d/8f065be/samplecode/pcl/encrypted-hello/enclave`
[INFO] [stderr] warning: skipping duplicate package `ue_send_recv` found at `/opt/rustwide/cargo-home/git/checkouts/teaclave-sgx-sdk-be25c2ad2f03718d/8f065be/samplecode/pcl/pcl-user/ue_send_recv`
[INFO] [stderr] warning: skipping duplicate package `Helloworldsampleenclave` found at `/opt/rustwide/cargo-home/git/checkouts/teaclave-sgx-sdk-be25c2ad2f03718d/8f065be/samplecode/net2/enclave`
[INFO] [stderr] warning: skipping duplicate package `app` found at `/opt/rustwide/cargo-home/git/checkouts/teaclave-sgx-sdk-be25c2ad2f03718d/8f065be/samplecode/net2/app`
[INFO] [stderr] warning: skipping duplicate package `Helloworldsampleenclave` found at `/opt/rustwide/cargo-home/git/checkouts/teaclave-sgx-sdk-be25c2ad2f03718d/8f065be/samplecode/prost-protobuf/enclave`
[INFO] [stderr] warning: skipping duplicate package `app` found at `/opt/rustwide/cargo-home/git/checkouts/teaclave-sgx-sdk-be25c2ad2f03718d/8f065be/samplecode/prost-protobuf/app`
[INFO] [stderr] warning: skipping duplicate package `Helloworldsampleenclave` found at `/opt/rustwide/cargo-home/git/checkouts/teaclave-sgx-sdk-be25c2ad2f03718d/8f065be/samplecode/kvdb-memdb/enclave`
[INFO] [stderr] warning: skipping duplicate package `app` found at `/opt/rustwide/cargo-home/git/checkouts/teaclave-sgx-sdk-be25c2ad2f03718d/8f065be/samplecode/kvdb-memdb/app`
[INFO] [stderr] warning: skipping duplicate package `app` found at `/opt/rustwide/cargo-home/git/checkouts/teaclave-sgx-sdk-be25c2ad2f03718d/8f065be/samplecode/unit-test/app`
[INFO] [stderr] warning: skipping duplicate package `app` found at `/opt/rustwide/cargo-home/git/checkouts/teaclave-sgx-sdk-be25c2ad2f03718d/8f065be/samplecode/static-data-distribution/app`
[INFO] [stderr] warning: skipping duplicate package `app` found at `/opt/rustwide/cargo-home/git/checkouts/teaclave-sgx-sdk-be25c2ad2f03718d/8f065be/samplecode/ue-ra/ue-ra-server/app`
[INFO] [stderr] warning: skipping duplicate package `PCKIDRetrievalTool` found at `/opt/rustwide/cargo-home/git/checkouts/teaclave-sgx-sdk-be25c2ad2f03718d/8f065be/samplecode/dcap-pckretrieval/app`
[INFO] [stderr] warning: skipping duplicate package `app` found at `/opt/rustwide/cargo-home/git/checkouts/teaclave-sgx-sdk-be25c2ad2f03718d/8f065be/samplecode/tls/tlsclient/app`
[INFO] [stderr] warning: skipping duplicate package `app` found at `/opt/rustwide/cargo-home/git/checkouts/teaclave-sgx-sdk-be25c2ad2f03718d/8f065be/samplecode/tls/tlsserver/app`
[INFO] [stderr] warning: skipping duplicate package `Helloworldsampleenclave` found at `/opt/rustwide/cargo-home/git/checkouts/teaclave-sgx-sdk-be25c2ad2f03718d/8f065be/samplecode/hello-rust/enclave`
[INFO] [stderr] warning: skipping duplicate package `app` found at `/opt/rustwide/cargo-home/git/checkouts/teaclave-sgx-sdk-be25c2ad2f03718d/8f065be/samplecode/hello-rust/app`
[INFO] [stderr] warning: profile package spec `secretswap` in profile `release` did not match any packages
[INFO] [stderr]    Compiling syn v1.0.73
[INFO] [stderr]    Compiling serde v1.0.126
[INFO] [stderr]    Compiling doc-comment v0.3.3
[INFO] [stderr]    Compiling schemars v0.7.6
[INFO] [stderr]    Compiling base64 v0.11.0
[INFO] [stderr]    Compiling crunchy v0.2.2
[INFO] [stderr]    Compiling byte-tools v0.3.1
[INFO] [stderr]    Compiling subtle v1.0.0
[INFO] [stderr]    Compiling ppv-lite86 v0.2.10
[INFO] [stderr]    Compiling rand_core v0.5.1
[INFO] [stderr]    Compiling opaque-debug v0.2.3
[INFO] [stderr]    Compiling opaque-debug v0.3.0
[INFO] [stderr]    Compiling cpufeatures v0.1.5
[INFO] [stderr]    Compiling arrayref v0.3.6
[INFO] [stderr]    Compiling digest v0.8.1
[INFO] [stderr]    Compiling block-buffer v0.9.0
[INFO] [stderr]    Compiling block-padding v0.1.5
[INFO] [stderr]    Compiling digest v0.9.0
[INFO] [stderr]    Compiling subtle v2.4.0
[INFO] [stderr]    Compiling static_assertions v1.1.0
[INFO] [stderr]    Compiling crypto-mac v0.7.0
[INFO] [stderr]    Compiling hex v0.4.3
[INFO] [stderr]    Compiling block-buffer v0.7.3
[INFO] [stderr]    Compiling base64 v0.12.3
[INFO] [stderr]    Compiling fixed-hash v0.7.0
[INFO] [stderr]    Compiling base64 v0.13.0
[INFO] [stderr]    Compiling hmac v0.7.1
[INFO] [stderr]    Compiling sha2 v0.9.5
[INFO] [stderr]    Compiling sha2 v0.8.2
[INFO] [stderr]    Compiling rand_chacha v0.2.2
[INFO] [stderr]    Compiling hmac-drbg v0.2.0
[INFO] [stderr]    Compiling uint v0.9.1
[INFO] [stderr]    Compiling rand v0.7.3
[INFO] [stderr]    Compiling primitive-types v0.9.0
[INFO] [stderr]    Compiling libsecp256k1 v0.3.5
[INFO] [stderr]    Compiling serde_derive_internals v0.25.0
[INFO] [stderr]    Compiling serde_derive v1.0.126
[INFO] [stderr]    Compiling schemars_derive v0.7.6
[INFO] [stderr]    Compiling snafu-derive v0.6.10
[INFO] [stderr]    Compiling snafu v0.6.10
[INFO] [stderr]    Compiling serde_json v1.0.64
[INFO] [stderr]    Compiling serde-json-wasm v0.2.3
[INFO] [stderr]    Compiling bincode2 v2.0.1
[INFO] [stderr]    Compiling cosmwasm-std v0.10.0 (https://github.com/enigmampc/SecretNetwork?tag=v1.0.4-debug-print#004c6bca)
[INFO] [stderr]    Compiling secret-toolkit-utils v0.1.0 (https://github.com/enigmampc/secret-toolkit?rev=v0.1.1-debug-print#41a2eb31)
[INFO] [stderr]    Compiling cosmwasm-storage v0.10.0 (https://github.com/enigmampc/SecretNetwork?tag=v1.0.4-debug-print#004c6bca)
[INFO] [stderr]    Compiling secret-toolkit-serialization v0.1.0 (https://github.com/enigmampc/secret-toolkit?rev=v0.1.1-debug-print#41a2eb31)
[INFO] [stderr]    Compiling secret-toolkit-crypto v0.1.0 (https://github.com/enigmampc/secret-toolkit?rev=v0.1.1-debug-print#41a2eb31)
[INFO] [stderr]    Compiling secret-toolkit-snip20 v0.1.0 (https://github.com/enigmampc/secret-toolkit?rev=v0.1.1-debug-print#41a2eb31)
[INFO] [stderr]    Compiling secret-toolkit-snip721 v0.1.0 (https://github.com/enigmampc/secret-toolkit?rev=v0.1.1-debug-print#41a2eb31)
[INFO] [stderr]    Compiling secret-toolkit-storage v0.1.0 (https://github.com/enigmampc/secret-toolkit?rev=v0.1.1-debug-print#41a2eb31)
[INFO] [stderr]    Compiling secret-toolkit v0.1.0 (https://github.com/enigmampc/secret-toolkit?rev=v0.1.1-debug-print#41a2eb31)
[INFO] [stderr]    Compiling lp-token v0.1.0 (/opt/rustwide/workdir/contracts/lp_token)
[INFO] [stderr]    Compiling secretswap-stablepools v0.0.1 (/opt/rustwide/workdir/contracts/stable_pool)
[INFO] [stdout] error[E0412]: cannot find type `PairInfoRaw` in this scope
[INFO] [stdout]    --> contracts/stable_pool/src/contract.rs:316:20
[INFO] [stdout]     |
[INFO] [stdout] 316 |     let pair_info: PairInfoRaw = read_pair_info(&deps.storage)?;
[INFO] [stdout]     |                    ^^^^^^^^^^^ not found in this scope
[INFO] [stdout] 
[INFO] [stdout] 
[INFO] [stdout] error[E0425]: cannot find value `return_asset` in this scope
[INFO] [stdout]    --> contracts/stable_pool/src/contract.rs:425:19
[INFO] [stdout]     |
[INFO] [stdout] 425 |     messages.push(return_asset.clone().into_msg(
[INFO] [stdout]     |                   ^^^^^^^^^^^^ not found in this scope
[INFO] [stdout] 
[INFO] [stdout] 
[INFO] [stdout] error[E0425]: cannot find value `to` in this scope
[INFO] [stdout]    --> contracts/stable_pool/src/contract.rs:428:9
[INFO] [stdout]     |
[INFO] [stdout] 428 |         to.clone().unwrap_or(sender.clone()),
[INFO] [stdout]     |         ^^ not found in this scope
[INFO] [stdout] 
[INFO] [stdout] 
[INFO] [stdout] error[E0425]: cannot find value `sender` in this scope
[INFO] [stdout]    --> contracts/stable_pool/src/contract.rs:428:30
[INFO] [stdout]     |
[INFO] [stdout] 428 |         to.clone().unwrap_or(sender.clone()),
[INFO] [stdout]     |                              ^^^^^^ not found in this scope
[INFO] [stdout] 
[INFO] [stdout] 
[INFO] [stdout] error[E0425]: cannot find value `offer_asset` in this scope
[INFO] [stdout]    --> contracts/stable_pool/src/contract.rs:435:32
[INFO] [stdout]     |
[INFO] [stdout] 435 |             log("offer_asset", offer_asset.info.to_string()),
[INFO] [stdout]     |                                ^^^^^^^^^^^ not found in this scope
[INFO] [stdout] 
[INFO] [stdout] 
[INFO] [stdout] error[E0425]: cannot find value `ask_pool` in this scope
[INFO] [stdout]    --> contracts/stable_pool/src/contract.rs:436:30
[INFO] [stdout]     |
[INFO] [stdout] 436 |             log("ask_asset", ask_pool.info.to_string()),
[INFO] [stdout]     |                              ^^^^^^^^ not found in this scope
[INFO] [stdout] 
[INFO] [stdout] 
[INFO] [stdout] error[E0425]: cannot find value `offer_amount` in this scope
[INFO] [stdout]    --> contracts/stable_pool/src/contract.rs:437:33
[INFO] [stdout]     |
[INFO] [stdout] 437 |             log("offer_amount", offer_amount.to_string()),
[INFO] [stdout]     |                                 ^^^^^^^^^^^^ not found in this scope
[INFO] [stdout] 
[INFO] [stdout] 
[INFO] [stdout] error[E0425]: cannot find value `return_amount` in this scope
[INFO] [stdout]    --> contracts/stable_pool/src/contract.rs:438:34
[INFO] [stdout]     |
[INFO] [stdout] 438 |             log("return_amount", return_amount.to_string()),
[INFO] [stdout]     |                                  ^^^^^^^^^^^^^ not found in this scope
[INFO] [stdout] 
[INFO] [stdout] 
[INFO] [stdout] error[E0425]: cannot find value `spread_amount` in this scope
[INFO] [stdout]    --> contracts/stable_pool/src/contract.rs:439:34
[INFO] [stdout]     |
[INFO] [stdout] 439 |             log("spread_amount", spread_amount.to_string()),
[INFO] [stdout]     |                                  ^^^^^^^^^^^^^ help: a local variable with a similar name exists: `src_amount`
[INFO] [stdout] 
[INFO] [stdout] 
[INFO] [stdout] error[E0425]: cannot find value `commission_amount` in this scope
[INFO] [stdout]    --> contracts/stable_pool/src/contract.rs:440:38
[INFO] [stdout]     |
[INFO] [stdout] 440 |             log("commission_amount", commission_amount.to_string()),
[INFO] [stdout]     |                                      ^^^^^^^^^^^^^^^^^ not found in this scope
[INFO] [stdout] 
[INFO] [stdout] 
[INFO] [stdout] error[E0412]: cannot find type `PairInfo` in this scope
[INFO] [stdout]    --> contracts/stable_pool/src/contract.rs:461:16
[INFO] [stdout]     |
[INFO] [stdout] 461 | ) -> StdResult<PairInfo> {
[INFO] [stdout]     |                ^^^^^^^^ not found in this scope
[INFO] [stdout]     |
[INFO] [stdout] help: you might be missing a type parameter
[INFO] [stdout]     |
[INFO] [stdout] 459 | pub fn query_pair_info<S: Storage, A: Api, Q: Querier, PairInfo>(
[INFO] [stdout]     |                                                      ++++++++++
[INFO] [stdout] 
[INFO] [stdout] 
[INFO] [stdout] error[E0412]: cannot find type `PairInfoRaw` in this scope
[INFO] [stdout]    --> contracts/stable_pool/src/contract.rs:462:20
[INFO] [stdout]     |
[INFO] [stdout] 462 |     let pair_info: PairInfoRaw = read_pair_info(&deps.storage)?;
[INFO] [stdout]     |                    ^^^^^^^^^^^ not found in this scope
[INFO] [stdout] 
[INFO] [stdout] 
[INFO] [stdout] error[E0412]: cannot find type `PoolResponse` in this scope
[INFO] [stdout]    --> contracts/stable_pool/src/contract.rs:468:16
[INFO] [stdout]     |
[INFO] [stdout] 468 | ) -> StdResult<PoolResponse> {
[INFO] [stdout]     |                ^^^^^^^^^^^^
[INFO] [stdout]     |
[INFO] [stdout]    ::: /opt/rustwide/cargo-home/git/checkouts/secretnetwork-2885a5c51d1243af/004c6bc/cosmwasm/packages/std/src/init_handle.rs:155:1
[INFO] [stdout]     |
[INFO] [stdout] 155 | pub struct InitResponse<T = Empty>
[INFO] [stdout]     | ---------------------------------- similarly named struct `InitResponse` defined here
[INFO] [stdout]     |
[INFO] [stdout] help: a struct with a similar name exists
[INFO] [stdout]     |
[INFO] [stdout] 468 | ) -> StdResult<InitResponse> {
[INFO] [stdout]     |                ~~~~~~~~~~~~
[INFO] [stdout] help: you might be missing a type parameter
[INFO] [stdout]     |
[INFO] [stdout] 466 | pub fn query_pool<S: Storage, A: Api, Q: Querier, PoolResponse>(
[INFO] [stdout]     |                                                 ++++++++++++++
[INFO] [stdout] 
[INFO] [stdout] 
[INFO] [stdout] error[E0412]: cannot find type `PairInfoRaw` in this scope
[INFO] [stdout]    --> contracts/stable_pool/src/contract.rs:469:20
[INFO] [stdout]     |
[INFO] [stdout] 469 |     let pair_info: PairInfoRaw = read_pair_info(&deps.storage)?;
[INFO] [stdout]     |                    ^^^^^^^^^^^ not found in this scope
[INFO] [stdout] 
[INFO] [stdout] 
[INFO] [stdout] error[E0422]: cannot find struct, variant or union type `PoolResponse` in this scope
[INFO] [stdout]    --> contracts/stable_pool/src/contract.rs:478:16
[INFO] [stdout]     |
[INFO] [stdout] 478 |     let resp = PoolResponse {
[INFO] [stdout]     |                ^^^^^^^^^^^^ help: a struct with a similar name exists: `InitResponse`
[INFO] [stdout]     |
[INFO] [stdout]    ::: /opt/rustwide/cargo-home/git/checkouts/secretnetwork-2885a5c51d1243af/004c6bc/cosmwasm/packages/std/src/init_handle.rs:155:1
[INFO] [stdout]     |
[INFO] [stdout] 155 | pub struct InitResponse<T = Empty>
[INFO] [stdout]     | ---------------------------------- similarly named struct `InitResponse` defined here
[INFO] [stdout] 
[INFO] [stdout] 
[INFO] [stdout] warning: unused imports: `Add`, `Mul`, `Sub`
[INFO] [stdout]  --> contracts/stable_pool/src/contract.rs:2:11
[INFO] [stdout]   |
[INFO] [stdout] 2 |     ops::{Add, Mul, Sub},
[INFO] [stdout]   |           ^^^  ^^^  ^^^
[INFO] [stdout]   |
[INFO] [stdout]   = note: `#[warn(unused_imports)]` on by default
[INFO] [stdout] 
[INFO] [stdout] 
[INFO] [stdout] warning: unused imports: `Decimal`, `debug_print`
[INFO] [stdout]  --> contracts/stable_pool/src/contract.rs:7:5
[INFO] [stdout]   |
[INFO] [stdout] 7 |     debug_print, from_binary, log, to_binary, Api, Binary, CosmosMsg, Decimal, Env, Extern,
[INFO] [stdout]   |     ^^^^^^^^^^^                                                       ^^^^^^^
[INFO] [stdout] 
[INFO] [stdout] 
[INFO] [stdout] warning: unused imports: `decimal_multiplication`, `decimal_subtraction`, `reverse_decimal`
[INFO] [stdout]   --> contracts/stable_pool/src/contract.rs:17:12
[INFO] [stdout]    |
[INFO] [stdout] 17 |     math::{decimal_multiplication, decimal_subtraction, reverse_decimal},
[INFO] [stdout]    |            ^^^^^^^^^^^^^^^^^^^^^^  ^^^^^^^^^^^^^^^^^^^  ^^^^^^^^^^^^^^^
[INFO] [stdout] 
[INFO] [stdout] 
[INFO] [stdout] warning: unused import: `query_token_balance`
[INFO] [stdout]   --> contracts/stable_pool/src/contract.rs:24:22
[INFO] [stdout]    |
[INFO] [stdout] 24 | use crate::querier::{query_token_balance, query_token_total_supply};
[INFO] [stdout]    |                      ^^^^^^^^^^^^^^^^^^^
[INFO] [stdout] 
[INFO] [stdout] 
[INFO] [stdout] error[E0560]: struct `msg::Config` has no field named `round_down_pool_answer_to_nearest`
[INFO] [stdout]    --> contracts/stable_pool/src/contract.rs:111:13
[INFO] [stdout]     |
[INFO] [stdout] 111 |             round_down_pool_answer_to_nearest: msg.round_down_pool_answer_to_nearest,
[INFO] [stdout]     |             ^^^^^^^^^^^^^^^^^^^^^^^^^^^^^^^^^ `msg::Config` does not have this field
[INFO] [stdout]     |
[INFO] [stdout]     = note: available fields are: `admin`, `swap_fee_nom`, `swap_fee_denom`, `is_halted`, `lp_token_address`, `lp_token_code_hash`
[INFO] [stdout] 
[INFO] [stdout] 
[INFO] [stdout] error[E0609]: no field `round_down_pool_answer_to_nearest` on type `msg::InitMsg`
[INFO] [stdout]    --> contracts/stable_pool/src/contract.rs:111:52
[INFO] [stdout]     |
[INFO] [stdout] 111 |             round_down_pool_answer_to_nearest: msg.round_down_pool_answer_to_nearest,
[INFO] [stdout]     |                                                    ^^^^^^^^^^^^^^^^^^^^^^^^^^^^^^^^^ unknown field
[INFO] [stdout]     |
[INFO] [stdout]     = note: available fields are: `assets`, `initial_tokens_viewing_key`, `lp_token_code_id`, `lp_token_code_hash`, `lp_token_prng_seed` ... and 5 others
[INFO] [stdout] 
[INFO] [stdout] 
[INFO] [stdout] error[E0425]: cannot find function `read_pair_info` in this scope
[INFO] [stdout]    --> contracts/stable_pool/src/contract.rs:316:34
[INFO] [stdout]     |
[INFO] [stdout] 316 |       let pair_info: PairInfoRaw = read_pair_info(&deps.storage)?;
[INFO] [stdout]     |                                    ^^^^^^^^^^^^^^ help: a function with a similar name exists: `query_pair_info`
[INFO] [stdout] ...
[INFO] [stdout] 459 | / pub fn query_pair_info<S: Storage, A: Api, Q: Querier>(
[INFO] [stdout] 460 | |     deps: &Extern<S, A, Q>,
[INFO] [stdout] 461 | | ) -> StdResult<PairInfo> {
[INFO] [stdout] 462 | |     let pair_info: PairInfoRaw = read_pair_info(&deps.storage)?;
[INFO] [stdout] 463 | |     pair_info.to_normal(&deps)
[INFO] [stdout] 464 | | }
[INFO] [stdout]     | |_- similarly named function `query_pair_info` defined here
[INFO] [stdout] 
[INFO] [stdout] 
[INFO] [stdout] error[E0560]: struct `Token` has no field named `info`
[INFO] [stdout]    --> contracts/stable_pool/src/contract.rs:346:17
[INFO] [stdout]     |
[INFO] [stdout] 346 |                 info: a.info.clone(),
[INFO] [stdout]     |                 ^^^^ `Token` does not have this field
[INFO] [stdout]     |
[INFO] [stdout]     = note: available fields are: `address`, `code_hash`
[INFO] [stdout] 
[INFO] [stdout] 
[INFO] [stdout] error[E0560]: struct `Token` has no field named `amount`
[INFO] [stdout]    --> contracts/stable_pool/src/contract.rs:347:17
[INFO] [stdout]     |
[INFO] [stdout] 347 |                 amount: Uint128(withdrawn_asset_amount.low_u128()),
[INFO] [stdout]     |                 ^^^^^^ `Token` does not have this field
[INFO] [stdout]     |
[INFO] [stdout]     = note: available fields are: `address`, `code_hash`
[INFO] [stdout] 
[INFO] [stdout] 
[INFO] [stdout] warning: unreachable expression
[INFO] [stdout]    --> contracts/stable_pool/src/contract.rs:451:5
[INFO] [stdout]     |
[INFO] [stdout] 450 |       todo!();
[INFO] [stdout]     |       ------- any code following this expression is unreachable
[INFO] [stdout] 451 | /     match msg {
[INFO] [stdout] 452 | |         QueryMsg::GetTokens {} => to_binary(&query_pair_info(&deps)?),
[INFO] [stdout] 453 | |         QueryMsg::GetPools {} => to_binary(&query_pool(&deps)?),
[INFO] [stdout] 454 | |         QueryMsg::GetConfig {} => to_binary(todo!()),
[INFO] [stdout] 455 | |         QueryMsg::GetMostNeededToken {} => to_binary(todo!()),
[INFO] [stdout] 456 | |     }
[INFO] [stdout]     | |_____^ unreachable expression
[INFO] [stdout]     |
[INFO] [stdout]     = note: `#[warn(unreachable_code)]` on by default
[INFO] [stdout] 
[INFO] [stdout] 
[INFO] [stdout] warning: unreachable call
[INFO] [stdout]    --> contracts/stable_pool/src/contract.rs:454:35
[INFO] [stdout]     |
[INFO] [stdout] 454 |         QueryMsg::GetConfig {} => to_binary(todo!()),
[INFO] [stdout]     |                                   ^^^^^^^^^ ------- any code following this expression is unreachable
[INFO] [stdout]     |                                   |
[INFO] [stdout]     |                                   unreachable call
[INFO] [stdout] 
[INFO] [stdout] 
[INFO] [stdout] warning: unreachable call
[INFO] [stdout]    --> contracts/stable_pool/src/contract.rs:455:44
[INFO] [stdout]     |
[INFO] [stdout] 455 |         QueryMsg::GetMostNeededToken {} => to_binary(todo!()),
[INFO] [stdout]     |                                            ^^^^^^^^^ ------- any code following this expression is unreachable
[INFO] [stdout]     |                                            |
[INFO] [stdout]     |                                            unreachable call
[INFO] [stdout] 
[INFO] [stdout] 
[INFO] [stdout] error[E0425]: cannot find function `read_pair_info` in this scope
[INFO] [stdout]    --> contracts/stable_pool/src/contract.rs:462:34
[INFO] [stdout]     |
[INFO] [stdout] 462 |     let pair_info: PairInfoRaw = read_pair_info(&deps.storage)?;
[INFO] [stdout]     |                                  ^^^^^^^^^^^^^^ not found in this scope
[INFO] [stdout] 
[INFO] [stdout] 
[INFO] [stdout] error[E0425]: cannot find function `read_pair_info` in this scope
[INFO] [stdout]    --> contracts/stable_pool/src/contract.rs:469:34
[INFO] [stdout]     |
[INFO] [stdout] 459 | / pub fn query_pair_info<S: Storage, A: Api, Q: Querier>(
[INFO] [stdout] 460 | |     deps: &Extern<S, A, Q>,
[INFO] [stdout] 461 | | ) -> StdResult<PairInfo> {
[INFO] [stdout] 462 | |     let pair_info: PairInfoRaw = read_pair_info(&deps.storage)?;
[INFO] [stdout] 463 | |     pair_info.to_normal(&deps)
[INFO] [stdout] 464 | | }
[INFO] [stdout]     | |_- similarly named function `query_pair_info` defined here
[INFO] [stdout] ...
[INFO] [stdout] 469 |       let pair_info: PairInfoRaw = read_pair_info(&deps.storage)?;
[INFO] [stdout]     |                                    ^^^^^^^^^^^^^^ help: a function with a similar name exists: `query_pair_info`
[INFO] [stdout] 
[INFO] [stdout] 
[INFO] [stdout] error: aborting due to 22 previous errors; 7 warnings emitted
[INFO] [stdout] 
[INFO] [stdout] 
[INFO] [stdout] Some errors have detailed explanations: E0412, E0422, E0425, E0560, E0609.
[INFO] [stdout] 
[INFO] [stdout] For more information about an error, try `rustc --explain E0412`.
[INFO] [stdout] 
[INFO] [stderr] error: could not compile `secretswap-stablepools` due to 23 previous errors; 7 warnings emitted
[INFO] running `Command { std: "docker" "inspect" "38ae3dae29d9b69e4cd7e1a14a36cbbd34d80a987bae26ccf89dff1329341d8c", kill_on_drop: false }`
[INFO] running `Command { std: "docker" "rm" "-f" "38ae3dae29d9b69e4cd7e1a14a36cbbd34d80a987bae26ccf89dff1329341d8c", kill_on_drop: false }`
[INFO] [stdout] 38ae3dae29d9b69e4cd7e1a14a36cbbd34d80a987bae26ccf89dff1329341d8c
