[INFO] cloning repository https://github.com/emilpriver/fastly-rust-image-resizer
[INFO] running `Command { std: "git" "-c" "credential.helper=" "-c" "credential.helper=/workspace/cargo-home/bin/git-credential-null" "clone" "--bare" "https://github.com/emilpriver/fastly-rust-image-resizer" "/workspace/cache/git-repos/https%3A%2F%2Fgithub.com%2Femilpriver%2Ffastly-rust-image-resizer", kill_on_drop: false }`
[INFO] [stderr] Cloning into bare repository '/workspace/cache/git-repos/https%3A%2F%2Fgithub.com%2Femilpriver%2Ffastly-rust-image-resizer'...
[INFO] running `Command { std: "git" "rev-parse" "HEAD", kill_on_drop: false }`
[INFO] [stdout] d634e3cdf70ece098d8ce4f200372f3f8747208f
[INFO] testing emilpriver/fastly-rust-image-resizer against beta-2023-04-20 for beta-1.70-1
[INFO] running `Command { std: "git" "clone" "/workspace/cache/git-repos/https%3A%2F%2Fgithub.com%2Femilpriver%2Ffastly-rust-image-resizer" "/workspace/builds/worker-6-tc2/source", kill_on_drop: false }`
[INFO] [stderr] Cloning into '/workspace/builds/worker-6-tc2/source'...
[INFO] [stderr] done.
[INFO] validating manifest of git repo https://github.com/emilpriver/fastly-rust-image-resizer on toolchain beta-2023-04-20
[INFO] running `Command { std: CARGO_HOME="/workspace/cargo-home" RUSTUP_HOME="/workspace/rustup-home" "/workspace/cargo-home/bin/cargo" "+beta-2023-04-20" "metadata" "--manifest-path" "Cargo.toml" "--no-deps", kill_on_drop: false }`
[INFO] removed /workspace/builds/worker-6-tc2/source/.cargo/config
[INFO] removed /workspace/builds/worker-6-tc2/source/rust-toolchain
[INFO] started tweaking git repo https://github.com/emilpriver/fastly-rust-image-resizer
[INFO] finished tweaking git repo https://github.com/emilpriver/fastly-rust-image-resizer
[INFO] tweaked toml for git repo https://github.com/emilpriver/fastly-rust-image-resizer written to /workspace/builds/worker-6-tc2/source/Cargo.toml
[INFO] crate git repo https://github.com/emilpriver/fastly-rust-image-resizer already has a lockfile, it will not be regenerated
[INFO] running `Command { std: CARGO_HOME="/workspace/cargo-home" RUSTUP_HOME="/workspace/rustup-home" "/workspace/cargo-home/bin/cargo" "+beta-2023-04-20" "fetch" "--manifest-path" "Cargo.toml", kill_on_drop: false }`
[INFO] [stderr]     Updating crates.io index
[INFO] [stderr]  Downloading crates ...
[INFO] [stderr]   Downloaded v_frame v0.2.5
[INFO] [stderr]   Downloaded fastly-macros v0.8.0
[INFO] [stderr]   Downloaded fastly-sys v0.8.0
[INFO] [stderr]   Downloaded loop9 v0.1.3
[INFO] [stderr]   Downloaded fastly v0.8.0
[INFO] [stderr]   Downloaded fastly-shared v0.8.0
[INFO] [stderr]   Downloaded time v0.3.2
[INFO] [stderr]   Downloaded rust_hawktracer v0.7.0
[INFO] [stderr]   Downloaded system-deps v3.1.2
[INFO] [stderr]   Downloaded scan_fmt v0.2.6
[INFO] [stderr]   Downloaded simd_helpers v0.1.0
[INFO] [stderr]   Downloaded av-metrics v0.7.2
[INFO] [stderr]   Downloaded arg_enum_proc_macro v0.3.2
[INFO] [stderr]   Downloaded nasm-rs v0.2.4
[INFO] [stderr]   Downloaded y4m v0.7.0
[INFO] [stderr]   Downloaded ravif v0.8.9
[INFO] [stderr]   Downloaded lab v0.11.0
[INFO] [stderr]   Downloaded bitstream-io v1.3.0
[INFO] [stderr]   Downloaded interpolate_name v0.2.3
[INFO] [stderr]   Downloaded ivf v0.1.1
[INFO] [stderr]   Downloaded libfuzzer-sys v0.3.5
[INFO] [stderr]   Downloaded rav1e v0.5.1
[INFO] [stderr]   Downloaded cfg-expr v0.7.4
[INFO] [stderr]   Downloaded rust_hawktracer_normal_macro v0.4.1
[INFO] [stderr]   Downloaded rust_hawktracer_proc_macro v0.4.1
[INFO] [stderr]   Downloaded avif-serialize v0.7.6
[INFO] running `Command { std: "docker" "create" "-v" "/var/lib/crater-agent-workspace/builds/worker-6-tc2/target:/opt/rustwide/target:rw,Z" "-v" "/var/lib/crater-agent-workspace/builds/worker-6-tc2/source:/opt/rustwide/workdir:ro,Z" "-v" "/var/lib/crater-agent-workspace/cargo-home:/opt/rustwide/cargo-home:ro,Z" "-v" "/var/lib/crater-agent-workspace/rustup-home:/opt/rustwide/rustup-home:ro,Z" "-e" "SOURCE_DIR=/opt/rustwide/workdir" "-e" "CARGO_TARGET_DIR=/opt/rustwide/target" "-e" "CARGO_HOME=/opt/rustwide/cargo-home" "-e" "RUSTUP_HOME=/opt/rustwide/rustup-home" "-w" "/opt/rustwide/workdir" "-m" "1610612736" "--user" "0:0" "--network" "none" "ghcr.io/rust-lang/crates-build-env/linux@sha256:97d61d7686bf65f8ecb15491ab51835e82dc9176a96a831f143a431b191fc501" "/opt/rustwide/cargo-home/bin/cargo" "+beta-2023-04-20" "metadata" "--no-deps" "--format-version=1", kill_on_drop: false }`
[INFO] [stdout] 53cf86ae3d2cda25b294f31d5ba460148af238d26cbb88e6d04f680b818fcfc5
[INFO] running `Command { std: "docker" "start" "-a" "53cf86ae3d2cda25b294f31d5ba460148af238d26cbb88e6d04f680b818fcfc5", kill_on_drop: false }`
[INFO] running `Command { std: "docker" "inspect" "53cf86ae3d2cda25b294f31d5ba460148af238d26cbb88e6d04f680b818fcfc5", kill_on_drop: false }`
[INFO] running `Command { std: "docker" "rm" "-f" "53cf86ae3d2cda25b294f31d5ba460148af238d26cbb88e6d04f680b818fcfc5", kill_on_drop: false }`
[INFO] [stdout] 53cf86ae3d2cda25b294f31d5ba460148af238d26cbb88e6d04f680b818fcfc5
[INFO] running `Command { std: "docker" "create" "-v" "/var/lib/crater-agent-workspace/builds/worker-6-tc2/target:/opt/rustwide/target:rw,Z" "-v" "/var/lib/crater-agent-workspace/builds/worker-6-tc2/source:/opt/rustwide/workdir:ro,Z" "-v" "/var/lib/crater-agent-workspace/cargo-home:/opt/rustwide/cargo-home:ro,Z" "-v" "/var/lib/crater-agent-workspace/rustup-home:/opt/rustwide/rustup-home:ro,Z" "-e" "SOURCE_DIR=/opt/rustwide/workdir" "-e" "CARGO_TARGET_DIR=/opt/rustwide/target" "-e" "CARGO_INCREMENTAL=0" "-e" "RUST_BACKTRACE=full" "-e" "RUSTFLAGS=--cap-lints=warn" "-e" "RUSTDOCFLAGS=--cap-lints=warn" "-e" "CARGO_HOME=/opt/rustwide/cargo-home" "-e" "RUSTUP_HOME=/opt/rustwide/rustup-home" "-w" "/opt/rustwide/workdir" "-m" "1610612736" "--user" "0:0" "--network" "none" "ghcr.io/rust-lang/crates-build-env/linux@sha256:97d61d7686bf65f8ecb15491ab51835e82dc9176a96a831f143a431b191fc501" "/opt/rustwide/cargo-home/bin/cargo" "+beta-2023-04-20" "build" "--frozen" "--message-format=json", kill_on_drop: false }`
[INFO] [stdout] 3c752a9abc1f6520539578f415800364a6cf6b7d45668630972ce3f03d972b64
[INFO] running `Command { std: "docker" "start" "-a" "3c752a9abc1f6520539578f415800364a6cf6b7d45668630972ce3f03d972b64", kill_on_drop: false }`
[INFO] [stderr]    Compiling autocfg v1.1.0
[INFO] [stderr]    Compiling libc v0.2.124
[INFO] [stderr]    Compiling cfg-if v1.0.0
[INFO] [stderr]    Compiling proc-macro2 v1.0.27
[INFO] [stderr]    Compiling unicode-xid v0.2.2
[INFO] [stderr]    Compiling syn v1.0.72
[INFO] [stderr]    Compiling log v0.4.16
[INFO] [stderr]    Compiling memchr v2.4.1
[INFO] [stderr]    Compiling bitflags v1.2.1
[INFO] [stderr]    Compiling crossbeam-utils v0.8.8
[INFO] [stderr]    Compiling scopeguard v1.1.0
[INFO] [stderr]    Compiling bytes v1.1.0
[INFO] [stderr]    Compiling rayon-core v1.9.2
[INFO] [stderr]    Compiling pin-project-lite v0.2.8
[INFO] [stderr]    Compiling pkg-config v0.3.25
[INFO] [stderr]    Compiling either v1.6.1
[INFO] [stderr]    Compiling wasm-bindgen-shared v0.2.80
[INFO] [stderr]    Compiling semver v1.0.7
[INFO] [stderr]    Compiling itoa v0.4.7
[INFO] [stderr]    Compiling fnv v1.0.7
[INFO] [stderr]    Compiling futures-core v0.3.21
[INFO] [stderr]    Compiling serde_derive v1.0.126
[INFO] [stderr]    Compiling futures-task v0.3.21
[INFO] [stderr]    Compiling serde v1.0.126
[INFO] [stderr]    Compiling http v0.2.4
[INFO] [stderr]    Compiling crossbeam-queue v0.3.5
[INFO] [stderr]    Compiling regex-syntax v0.6.25
[INFO] [stderr]    Compiling num-traits v0.2.14
[INFO] [stderr]    Compiling memoffset v0.6.5
[INFO] [stderr]    Compiling crossbeam-epoch v0.9.8
[INFO] [stderr]    Compiling num-integer v0.1.44
[INFO] [stderr]    Compiling crossbeam-channel v0.5.4
[INFO] [stderr]    Compiling rayon v1.5.2
[INFO] [stderr]    Compiling aho-corasick v0.7.18
[INFO] [stderr]    Compiling typenum v1.13.0
[INFO] [stderr]    Compiling quote v1.0.9
[INFO] [stderr]    Compiling num_cpus v1.13.1
[INFO] [stderr]    Compiling jobserver v0.1.24
[INFO] [stderr]    Compiling time v0.1.43
[INFO] [stderr]    Compiling mio v0.8.2
[INFO] [stderr]    Compiling cc v1.0.73
[INFO] [stderr]    Compiling socket2 v0.4.4
[INFO] [stderr]    Compiling matches v0.1.8
[INFO] [stderr]    Compiling version_check v0.9.3
[INFO] [stderr]    Compiling bumpalo v3.9.1
[INFO] [stderr]    Compiling rustc_version v0.4.0
[INFO] [stderr]    Compiling indexmap v1.8.1
[INFO] [stderr]    Compiling crossbeam-deque v0.8.1
[INFO] [stderr]    Compiling tokio v1.17.0
[INFO] [stderr]    Compiling tracing-core v0.1.26
[INFO] [stderr]    Compiling rust_hawktracer_normal_macro v0.4.1
[INFO] [stderr]    Compiling openssl v0.10.38
[INFO] [stderr]    Compiling generic-array v0.14.4
[INFO] [stderr]    Compiling crc32fast v1.3.2
[INFO] [stderr]    Compiling itoa v1.0.1
[INFO] [stderr]    Compiling rust_hawktracer_proc_macro v0.4.1
[INFO] [stderr]    Compiling futures-util v0.3.21
[INFO] [stderr]    Compiling foreign-types-shared v0.1.1
[INFO] [stderr]    Compiling tinyvec_macros v0.1.0
[INFO] [stderr]    Compiling ryu v1.0.5
[INFO] [stderr]    Compiling unicode-width v0.1.9
[INFO] [stderr]    Compiling tinyvec v1.2.0
[INFO] [stderr]    Compiling foreign-types v0.3.2
[INFO] [stderr]    Compiling chrono v0.4.19
[INFO] [stderr]    Compiling rust_hawktracer v0.7.0
[INFO] [stderr]    Compiling regex v1.5.5
[INFO] [stderr]    Compiling signal-hook v0.3.13
[INFO] [stderr]    Compiling futures-io v0.3.21
[INFO] [stderr]    Compiling httparse v1.7.0
[INFO] [stderr]    Compiling openssl-sys v0.9.72
[INFO] [stderr]    Compiling once_cell v1.10.0
[INFO] [stderr]    Compiling adler v1.0.2
[INFO] [stderr]    Compiling wasm-bindgen v0.2.80
[INFO] [stderr]    Compiling hashbrown v0.11.2
[INFO] [stderr]    Compiling slab v0.4.6
[INFO] [stderr]    Compiling percent-encoding v2.1.0
[INFO] [stderr]    Compiling futures-sink v0.3.21
[INFO] [stderr]    Compiling pin-utils v0.1.0
[INFO] [stderr]    Compiling native-tls v0.2.10
[INFO] [stderr]    Compiling futures-channel v0.3.21
[INFO] [stderr]    Compiling noop_proc_macro v0.3.0
[INFO] [stderr]    Compiling unicode-normalization v0.1.17
[INFO] [stderr]    Compiling form_urlencoded v1.0.1
[INFO] [stderr]    Compiling miniz_oxide v0.5.1
[INFO] [stderr]    Compiling crossbeam v0.8.1
[INFO] [stderr]    Compiling textwrap v0.11.0
[INFO] [stderr]    Compiling unicode-bidi v0.3.5
[INFO] [stderr]    Compiling vergen v3.2.0
[INFO] [stderr]    Compiling atty v0.2.14
[INFO] [stderr]    Compiling terminal_size v0.1.17
[INFO] [stderr]    Compiling signal-hook-registry v1.4.0
[INFO] [stderr]    Compiling itertools v0.10.3
[INFO] [stderr]    Compiling ansi_term v0.12.1
[INFO] [stderr]    Compiling arrayvec v0.7.2
[INFO] [stderr]    Compiling openssl-probe v0.1.5
[INFO] [stderr]    Compiling try-lock v0.2.3
[INFO] [stderr]    Compiling lab v0.11.0
[INFO] [stderr]    Compiling bitstream-io v1.3.0
[INFO] [stderr]    Compiling want v0.3.0
[INFO] [stderr]    Compiling clap v2.34.0
[INFO] [stderr]    Compiling idna v0.2.3
[INFO] [stderr]    Compiling console v0.14.1
[INFO] [stderr]    Compiling http-body v0.4.4
[INFO] [stderr]    Compiling simd_helpers v0.1.0
[INFO] [stderr]    Compiling nasm-rs v0.2.4
[INFO] [stderr]    Compiling ivf v0.1.1
[INFO] [stderr]    Compiling num-rational v0.4.0
[INFO] [stderr]    Compiling num-iter v0.1.42
[INFO] [stderr]    Compiling fern v0.6.1
[INFO] [stderr]    Compiling weezl v0.1.5
[INFO] [stderr]    Compiling y4m v0.7.0
[INFO] [stderr]    Compiling bytemuck v1.9.1
[INFO] [stderr]    Compiling imgref v1.9.1
[INFO] [stderr]    Compiling paste v1.0.7
[INFO] [stderr]    Compiling scan_fmt v0.2.6
[INFO] [stderr]    Compiling wasm-bindgen-backend v0.2.80
[INFO] [stderr]    Compiling anyhow v1.0.40
[INFO] [stderr]    Compiling httpdate v1.0.2
[INFO] [stderr]    Compiling adler32 v1.2.0
[INFO] [stderr]    Compiling encoding_rs v0.8.31
[INFO] [stderr]    Compiling tower-service v0.3.1
[INFO] [stderr]    Compiling serde_json v1.0.79
[INFO] [stderr]    Compiling deflate v1.0.0
[INFO] [stderr]    Compiling loop9 v0.1.3
[INFO] [stderr]    Compiling rgb v0.8.32
[INFO] [stderr]    Compiling url v2.2.2
[INFO] [stderr]    Compiling avif-serialize v0.7.6
[INFO] [stderr]    Compiling flate2 v1.0.23
[INFO] [stderr]    Compiling digest v0.9.0
[INFO] [stderr]    Compiling block-buffer v0.9.0
[INFO] [stderr]    Compiling cpufeatures v0.1.4
[INFO] [stderr]    Compiling mime v0.3.16
[INFO] [stderr]    Compiling color_quant v1.1.0
[INFO] [stderr]    Compiling jpeg-decoder v0.2.4
[INFO] [stderr]    Compiling opaque-debug v0.3.0
[INFO] [stderr]    Compiling png v0.17.5
[INFO] [stderr]    Compiling sha2 v0.9.5
[INFO] [stderr]    Compiling wasm-bindgen-macro-support v0.2.80
[INFO] [stderr]    Compiling gif v0.11.3
[INFO] [stderr]    Compiling tokio-native-tls v0.3.0
[INFO] [stderr]    Compiling rav1e v0.5.1
[INFO] [stderr]    Compiling tiff v0.7.2
[INFO] [stderr]    Compiling base64 v0.13.0
[INFO] [stderr]    Compiling scoped_threadpool v0.1.9
[INFO] [stderr]    Compiling ipnet v2.5.0
[INFO] [stderr]    Compiling byteorder v1.4.3
[INFO] [stderr]    Compiling bytes v0.5.6
[INFO] [stderr]    Compiling nanorand v0.5.2
[INFO] [stderr]    Compiling thiserror-impl v1.0.25
[INFO] [stderr]    Compiling tracing-attributes v0.1.20
[INFO] [stderr]    Compiling num-derive v0.3.3
[INFO] [stderr]    Compiling wasm-bindgen-macro v0.2.80
[INFO] [stderr]    Compiling arg_enum_proc_macro v0.3.2
[INFO] [stderr]    Compiling fastly-macros v0.8.0
[INFO] [stderr]    Compiling tracing v0.1.34
[INFO] [stderr]    Compiling v_frame v0.2.5
[INFO] [stderr]    Compiling thiserror v1.0.25
[INFO] [stderr]    Compiling tokio-util v0.7.1
[INFO] [stderr]    Compiling fastly-shared v0.8.0
[INFO] [stderr]    Compiling av-metrics v0.7.2
[INFO] [stderr]    Compiling fastly-sys v0.8.0
[INFO] [stderr]    Compiling h2 v0.3.13
[INFO] [stderr]    Compiling hyper v0.14.18
[INFO] [stderr]    Compiling serde_urlencoded v0.7.1
[INFO] [stderr]    Compiling time v0.3.2
[INFO] [stderr]    Compiling fastly v0.8.0
[INFO] [stderr]    Compiling hyper-tls v0.5.0
[INFO] [stderr]    Compiling reqwest v0.11.10
[INFO] [stdout] error[E0061]: this method takes 1 argument but 0 arguments were supplied
[INFO] [stdout]     --> /opt/rustwide/cargo-home/registry/src/index.crates.io-6f17d22bba15001f/rav1e-0.5.1/src/transform/inverse.rs:1611:62
[INFO] [stdout]      |
[INFO] [stdout] 1611 |     let txfm_fn = INV_TXFM_FNS[tx_types_1d.1 as usize][width.ilog() - 3];
[INFO] [stdout]      |                                                              ^^^^-- an argument of type `usize` is missing
[INFO] [stdout]      |
[INFO] [stdout] note: method defined here
[INFO] [stdout]     --> /rustc/1b7dd2252b99671ce5d1cb9664c5f8636329436d/library/core/src/num/mod.rs:1190:5
[INFO] [stdout]      = note: this error originates in the macro `uint_impl` (in Nightly builds, run with -Z macro-backtrace for more info)
[INFO] [stdout] help: provide the argument
[INFO] [stdout]      |
[INFO] [stdout] 1611 |     let txfm_fn = INV_TXFM_FNS[tx_types_1d.1 as usize][width.ilog(/* usize */) - 3];
[INFO] [stdout]      |                                                                  ~~~~~~~~~~~~~
[INFO] [stdout] 
[INFO] [stdout] 
[INFO] [stdout] error[E0277]: the type `[for<'a, 'b> fn(&'a [i32], &'b mut [i32], usize)]` cannot be indexed by `u32`
[INFO] [stdout]     --> /opt/rustwide/cargo-home/registry/src/index.crates.io-6f17d22bba15001f/rav1e-0.5.1/src/transform/inverse.rs:1611:56
[INFO] [stdout]      |
[INFO] [stdout] 1611 |     let txfm_fn = INV_TXFM_FNS[tx_types_1d.1 as usize][width.ilog() - 3];
[INFO] [stdout]      |                                                        ^^^^^^^^^^^^^^^^ slice indices are of type `usize` or ranges of `usize`
[INFO] [stdout]      |
[INFO] [stdout]      = help: the trait `SliceIndex<[for<'a, 'b> fn(&'a [i32], &'b mut [i32], usize)]>` is not implemented for `u32`
[INFO] [stdout]      = help: the trait `SliceIndex<[T]>` is implemented for `usize`
[INFO] [stdout]      = note: required for `[for<'a, 'b> fn(&'a [i32], &'b mut [i32], usize)]` to implement `std::ops::Index<u32>`
[INFO] [stdout] 
[INFO] [stdout] 
[INFO] [stdout] error[E0061]: this method takes 1 argument but 0 arguments were supplied
[INFO] [stdout]     --> /opt/rustwide/cargo-home/registry/src/index.crates.io-6f17d22bba15001f/rav1e-0.5.1/src/transform/inverse.rs:1637:63
[INFO] [stdout]      |
[INFO] [stdout] 1637 |     let txfm_fn = INV_TXFM_FNS[tx_types_1d.0 as usize][height.ilog() - 3];
[INFO] [stdout]      |                                                               ^^^^-- an argument of type `usize` is missing
[INFO] [stdout]      |
[INFO] [stdout] note: method defined here
[INFO] [stdout]     --> /rustc/1b7dd2252b99671ce5d1cb9664c5f8636329436d/library/core/src/num/mod.rs:1190:5
[INFO] [stdout]      = note: this error originates in the macro `uint_impl` (in Nightly builds, run with -Z macro-backtrace for more info)
[INFO] [stdout] help: provide the argument
[INFO] [stdout]      |
[INFO] [stdout] 1637 |     let txfm_fn = INV_TXFM_FNS[tx_types_1d.0 as usize][height.ilog(/* usize */) - 3];
[INFO] [stdout]      |                                                                   ~~~~~~~~~~~~~
[INFO] [stdout] 
[INFO] [stdout] 
[INFO] [stdout] error[E0277]: the type `[for<'a, 'b> fn(&'a [i32], &'b mut [i32], usize)]` cannot be indexed by `u32`
[INFO] [stdout]     --> /opt/rustwide/cargo-home/registry/src/index.crates.io-6f17d22bba15001f/rav1e-0.5.1/src/transform/inverse.rs:1637:56
[INFO] [stdout]      |
[INFO] [stdout] 1637 |     let txfm_fn = INV_TXFM_FNS[tx_types_1d.0 as usize][height.ilog() - 3];
[INFO] [stdout]      |                                                        ^^^^^^^^^^^^^^^^^ slice indices are of type `usize` or ranges of `usize`
[INFO] [stdout]      |
[INFO] [stdout]      = help: the trait `SliceIndex<[for<'a, 'b> fn(&'a [i32], &'b mut [i32], usize)]>` is not implemented for `u32`
[INFO] [stdout]      = help: the trait `SliceIndex<[T]>` is implemented for `usize`
[INFO] [stdout]      = note: required for `[for<'a, 'b> fn(&'a [i32], &'b mut [i32], usize)]` to implement `std::ops::Index<u32>`
[INFO] [stdout] 
[INFO] [stdout] 
[INFO] [stdout] error[E0061]: this method takes 1 argument but 0 arguments were supplied
[INFO] [stdout]    --> /opt/rustwide/cargo-home/registry/src/index.crates.io-6f17d22bba15001f/rav1e-0.5.1/src/transform/mod.rs:291:7
[INFO] [stdout]     |
[INFO] [stdout] 291 |   col.ilog() as i8 - row.ilog() as i8
[INFO] [stdout]     |       ^^^^-- an argument of type `usize` is missing
[INFO] [stdout]     |
[INFO] [stdout] note: method defined here
[INFO] [stdout]    --> /rustc/1b7dd2252b99671ce5d1cb9664c5f8636329436d/library/core/src/num/mod.rs:1190:5
[INFO] [stdout]     = note: this error originates in the macro `uint_impl` (in Nightly builds, run with -Z macro-backtrace for more info)
[INFO] [stdout] help: provide the argument
[INFO] [stdout]     |
[INFO] [stdout] 291 |   col.ilog(/* usize */) as i8 - row.ilog() as i8
[INFO] [stdout]     |           ~~~~~~~~~~~~~
[INFO] [stdout] 
[INFO] [stdout] 
[INFO] [stdout] error[E0061]: this method takes 1 argument but 0 arguments were supplied
[INFO] [stdout]    --> /opt/rustwide/cargo-home/registry/src/index.crates.io-6f17d22bba15001f/rav1e-0.5.1/src/transform/mod.rs:291:26
[INFO] [stdout]     |
[INFO] [stdout] 291 |   col.ilog() as i8 - row.ilog() as i8
[INFO] [stdout]     |                          ^^^^-- an argument of type `usize` is missing
[INFO] [stdout]     |
[INFO] [stdout] note: method defined here
[INFO] [stdout]    --> /rustc/1b7dd2252b99671ce5d1cb9664c5f8636329436d/library/core/src/num/mod.rs:1190:5
[INFO] [stdout]     = note: this error originates in the macro `uint_impl` (in Nightly builds, run with -Z macro-backtrace for more info)
[INFO] [stdout] help: provide the argument
[INFO] [stdout]     |
[INFO] [stdout] 291 |   col.ilog() as i8 - row.ilog(/* usize */) as i8
[INFO] [stdout]     |                              ~~~~~~~~~~~~~
[INFO] [stdout] 
[INFO] [stdout] 
[INFO] [stdout] error[E0061]: this method takes 1 argument but 0 arguments were supplied
[INFO] [stdout]    --> /opt/rustwide/cargo-home/registry/src/index.crates.io-6f17d22bba15001f/rav1e-0.5.1/src/ec.rs:195:20
[INFO] [stdout]     |
[INFO] [stdout] 195 |     let d = 16 - r.ilog();
[INFO] [stdout]     |                    ^^^^-- an argument of type `u16` is missing
[INFO] [stdout]     |
[INFO] [stdout] note: method defined here
[INFO] [stdout]    --> /rustc/1b7dd2252b99671ce5d1cb9664c5f8636329436d/library/core/src/num/mod.rs:1023:5
[INFO] [stdout]     = note: this error originates in the macro `uint_impl` (in Nightly builds, run with -Z macro-backtrace for more info)
[INFO] [stdout] help: provide the argument
[INFO] [stdout]     |
[INFO] [stdout] 195 |     let d = 16 - r.ilog(/* u16 */);
[INFO] [stdout]     |                        ~~~~~~~~~~~
[INFO] [stdout] 
[INFO] [stdout] 
[INFO] [stdout] error[E0061]: this method takes 1 argument but 0 arguments were supplied
[INFO] [stdout]    --> /opt/rustwide/cargo-home/registry/src/index.crates.io-6f17d22bba15001f/rav1e-0.5.1/src/ec.rs:233:20
[INFO] [stdout]     |
[INFO] [stdout] 233 |     let d = 16 - r.ilog();
[INFO] [stdout]     |                    ^^^^-- an argument of type `u16` is missing
[INFO] [stdout]     |
[INFO] [stdout] note: method defined here
[INFO] [stdout]    --> /rustc/1b7dd2252b99671ce5d1cb9664c5f8636329436d/library/core/src/num/mod.rs:1023:5
[INFO] [stdout]     = note: this error originates in the macro `uint_impl` (in Nightly builds, run with -Z macro-backtrace for more info)
[INFO] [stdout] help: provide the argument
[INFO] [stdout]     |
[INFO] [stdout] 233 |     let d = 16 - r.ilog(/* u16 */);
[INFO] [stdout]     |                        ~~~~~~~~~~~
[INFO] [stdout] 
[INFO] [stdout] 
[INFO] [stdout] error[E0061]: this method takes 1 argument but 0 arguments were supplied
[INFO] [stdout]    --> /opt/rustwide/cargo-home/registry/src/index.crates.io-6f17d22bba15001f/rav1e-0.5.1/src/ec.rs:274:20
[INFO] [stdout]     |
[INFO] [stdout] 274 |     let d = 16 - r.ilog();
[INFO] [stdout]     |                    ^^^^-- an argument of type `u16` is missing
[INFO] [stdout]     |
[INFO] [stdout] note: method defined here
[INFO] [stdout]    --> /rustc/1b7dd2252b99671ce5d1cb9664c5f8636329436d/library/core/src/num/mod.rs:1023:5
[INFO] [stdout]     = note: this error originates in the macro `uint_impl` (in Nightly builds, run with -Z macro-backtrace for more info)
[INFO] [stdout] help: provide the argument
[INFO] [stdout]     |
[INFO] [stdout] 274 |     let d = 16 - r.ilog(/* u16 */);
[INFO] [stdout]     |                        ~~~~~~~~~~~
[INFO] [stdout] 
[INFO] [stdout] 
[INFO] [stdout] error[E0061]: this method takes 1 argument but 0 arguments were supplied
[INFO] [stdout]    --> /opt/rustwide/cargo-home/registry/src/index.crates.io-6f17d22bba15001f/rav1e-0.5.1/src/ec.rs:587:20
[INFO] [stdout]     |
[INFO] [stdout] 587 |     let d = 16 - r.ilog();
[INFO] [stdout]     |                    ^^^^-- an argument of type `u32` is missing
[INFO] [stdout]     |
[INFO] [stdout] note: method defined here
[INFO] [stdout]    --> /rustc/1b7dd2252b99671ce5d1cb9664c5f8636329436d/library/core/src/num/mod.rs:1071:5
[INFO] [stdout]     = note: this error originates in the macro `uint_impl` (in Nightly builds, run with -Z macro-backtrace for more info)
[INFO] [stdout] help: provide the argument
[INFO] [stdout]     |
[INFO] [stdout] 587 |     let d = 16 - r.ilog(/* u32 */);
[INFO] [stdout]     |                        ~~~~~~~~~~~
[INFO] [stdout] 
[INFO] [stdout] 
[INFO] [stdout] error[E0061]: this method takes 1 argument but 0 arguments were supplied
[INFO] [stdout]     --> /opt/rustwide/cargo-home/registry/src/index.crates.io-6f17d22bba15001f/rav1e-0.5.1/src/deblock.rs:1584:37
[INFO] [stdout]      |
[INFO] [stdout] 1584 |     input.planes[0].plane_cfg.width.ilog()
[INFO] [stdout]      |                                     ^^^^-- an argument of type `usize` is missing
[INFO] [stdout]      |
[INFO] [stdout] note: method defined here
[INFO] [stdout]     --> /rustc/1b7dd2252b99671ce5d1cb9664c5f8636329436d/library/core/src/num/mod.rs:1190:5
[INFO] [stdout]      = note: this error originates in the macro `uint_impl` (in Nightly builds, run with -Z macro-backtrace for more info)
[INFO] [stdout] help: provide the argument
[INFO] [stdout]      |
[INFO] [stdout] 1584 |     input.planes[0].plane_cfg.width.ilog(/* usize */)
[INFO] [stdout]      |                                         ~~~~~~~~~~~~~
[INFO] [stdout] 
[INFO] [stdout] 
[INFO] [stdout] error[E0061]: this method takes 1 argument but 0 arguments were supplied
[INFO] [stdout]     --> /opt/rustwide/cargo-home/registry/src/index.crates.io-6f17d22bba15001f/rav1e-0.5.1/src/deblock.rs:1585:42
[INFO] [stdout]      |
[INFO] [stdout] 1585 |       + input.planes[0].plane_cfg.height.ilog()
[INFO] [stdout]      |                                          ^^^^-- an argument of type `usize` is missing
[INFO] [stdout]      |
[INFO] [stdout] note: method defined here
[INFO] [stdout]     --> /rustc/1b7dd2252b99671ce5d1cb9664c5f8636329436d/library/core/src/num/mod.rs:1190:5
[INFO] [stdout]      = note: this error originates in the macro `uint_impl` (in Nightly builds, run with -Z macro-backtrace for more info)
[INFO] [stdout] help: provide the argument
[INFO] [stdout]      |
[INFO] [stdout] 1585 |       + input.planes[0].plane_cfg.height.ilog(/* usize */)
[INFO] [stdout]      |                                              ~~~~~~~~~~~~~
[INFO] [stdout] 
[INFO] [stdout] 
[INFO] [stdout] error[E0061]: this method takes 1 argument but 0 arguments were supplied
[INFO] [stdout]     --> /opt/rustwide/cargo-home/registry/src/index.crates.io-6f17d22bba15001f/rav1e-0.5.1/src/encoder.rs:3056:39
[INFO] [stdout]      |
[INFO] [stdout] 3056 |   let max_tile_size_bytes = ((max_len.ilog() + 7) / 8) as u32;
[INFO] [stdout]      |                                       ^^^^-- an argument of type `usize` is missing
[INFO] [stdout]      |
[INFO] [stdout] note: method defined here
[INFO] [stdout]     --> /rustc/1b7dd2252b99671ce5d1cb9664c5f8636329436d/library/core/src/num/mod.rs:1190:5
[INFO] [stdout]      = note: this error originates in the macro `uint_impl` (in Nightly builds, run with -Z macro-backtrace for more info)
[INFO] [stdout] help: provide the argument
[INFO] [stdout]      |
[INFO] [stdout] 3056 |   let max_tile_size_bytes = ((max_len.ilog(/* usize */) + 7) / 8) as u32;
[INFO] [stdout]      |                                           ~~~~~~~~~~~~~
[INFO] [stdout] 
[INFO] [stdout] 
[INFO] [stdout] error[E0061]: this method takes 1 argument but 0 arguments were supplied
[INFO] [stdout]     --> /opt/rustwide/cargo-home/registry/src/index.crates.io-6f17d22bba15001f/rav1e-0.5.1/src/me.rs:1071:17
[INFO] [stdout]      |
[INFO] [stdout] 1071 |     2 * d.abs().ilog() as u32
[INFO] [stdout]      |                 ^^^^-- an argument of type `i16` is missing
[INFO] [stdout]      |
[INFO] [stdout] note: method defined here
[INFO] [stdout]     --> /rustc/1b7dd2252b99671ce5d1cb9664c5f8636329436d/library/core/src/num/mod.rs:252:5
[INFO] [stdout]      = note: this error originates in the macro `int_impl` (in Nightly builds, run with -Z macro-backtrace for more info)
[INFO] [stdout] help: provide the argument
[INFO] [stdout]      |
[INFO] [stdout] 1071 |     2 * d.abs().ilog(/* i16 */) as u32
[INFO] [stdout]      |                     ~~~~~~~~~~~
[INFO] [stdout] 
[INFO] [stdout] 
[INFO] [stdout] error[E0061]: this method takes 1 argument but 0 arguments were supplied
[INFO] [stdout]    --> /opt/rustwide/cargo-home/registry/src/index.crates.io-6f17d22bba15001f/rav1e-0.5.1/src/rate.rs:237:17
[INFO] [stdout]     |
[INFO] [stdout] 237 |   let ipart = w.ilog() as i32 - 1;
[INFO] [stdout]     |                 ^^^^-- an argument of type `i64` is missing
[INFO] [stdout]     |
[INFO] [stdout] note: method defined here
[INFO] [stdout]    --> /rustc/1b7dd2252b99671ce5d1cb9664c5f8636329436d/library/core/src/num/mod.rs:298:5
[INFO] [stdout]     = note: this error originates in the macro `int_impl` (in Nightly builds, run with -Z macro-backtrace for more info)
[INFO] [stdout] help: provide the argument
[INFO] [stdout]     |
[INFO] [stdout] 237 |   let ipart = w.ilog(/* i64 */) as i32 - 1;
[INFO] [stdout]     |                     ~~~~~~~~~~~
[INFO] [stdout] 
[INFO] [stdout] 
[INFO] [stdout] error: aborting due to 15 previous errors
[INFO] [stdout] 
[INFO] [stdout] 
[INFO] [stdout] Some errors have detailed explanations: E0061, E0277.
[INFO] [stdout] 
[INFO] [stdout] For more information about an error, try `rustc --explain E0061`.
[INFO] [stdout] 
[INFO] [stderr] error: could not compile `rav1e` (lib) due to 16 previous errors
[INFO] running `Command { std: "docker" "inspect" "3c752a9abc1f6520539578f415800364a6cf6b7d45668630972ce3f03d972b64", kill_on_drop: false }`
[INFO] running `Command { std: "docker" "rm" "-f" "3c752a9abc1f6520539578f415800364a6cf6b7d45668630972ce3f03d972b64", kill_on_drop: false }`
[INFO] [stdout] 3c752a9abc1f6520539578f415800364a6cf6b7d45668630972ce3f03d972b64
