[INFO] cloning repository https://github.com/emilio/local-search-algorithms
[INFO] running `Command { std: "git" "-c" "credential.helper=" "-c" "credential.helper=/workspace/cargo-home/bin/git-credential-null" "clone" "--bare" "https://github.com/emilio/local-search-algorithms" "/workspace/cache/git-repos/https%3A%2F%2Fgithub.com%2Femilio%2Flocal-search-algorithms", kill_on_drop: false }`
[INFO] [stderr] Cloning into bare repository '/workspace/cache/git-repos/https%3A%2F%2Fgithub.com%2Femilio%2Flocal-search-algorithms'...
[INFO] running `Command { std: "git" "rev-parse" "HEAD", kill_on_drop: false }`
[INFO] [stdout] 566736597ff5adccdf578bdfbd5582a36527b70e
[INFO] testing emilio/local-search-algorithms against beta-2023-04-20 for beta-1.70-1
[INFO] running `Command { std: "git" "clone" "/workspace/cache/git-repos/https%3A%2F%2Fgithub.com%2Femilio%2Flocal-search-algorithms" "/workspace/builds/worker-0-tc2/source", kill_on_drop: false }`
[INFO] [stderr] Cloning into '/workspace/builds/worker-0-tc2/source'...
[INFO] [stderr] done.
[INFO] validating manifest of git repo https://github.com/emilio/local-search-algorithms on toolchain beta-2023-04-20
[INFO] running `Command { std: CARGO_HOME="/workspace/cargo-home" RUSTUP_HOME="/workspace/rustup-home" "/workspace/cargo-home/bin/cargo" "+beta-2023-04-20" "metadata" "--manifest-path" "Cargo.toml" "--no-deps", kill_on_drop: false }`
[INFO] removed /workspace/builds/worker-0-tc2/source/.cargo/config
[INFO] started tweaking git repo https://github.com/emilio/local-search-algorithms
[INFO] finished tweaking git repo https://github.com/emilio/local-search-algorithms
[INFO] tweaked toml for git repo https://github.com/emilio/local-search-algorithms written to /workspace/builds/worker-0-tc2/source/Cargo.toml
[INFO] crate git repo https://github.com/emilio/local-search-algorithms already has a lockfile, it will not be regenerated
[INFO] running `Command { std: CARGO_HOME="/workspace/cargo-home" RUSTUP_HOME="/workspace/rustup-home" "/workspace/cargo-home/bin/cargo" "+beta-2023-04-20" "fetch" "--manifest-path" "Cargo.toml", kill_on_drop: false }`
[INFO] running `Command { std: "docker" "create" "-v" "/var/lib/crater-agent-workspace/builds/worker-0-tc2/target:/opt/rustwide/target:rw,Z" "-v" "/var/lib/crater-agent-workspace/builds/worker-0-tc2/source:/opt/rustwide/workdir:ro,Z" "-v" "/var/lib/crater-agent-workspace/cargo-home:/opt/rustwide/cargo-home:ro,Z" "-v" "/var/lib/crater-agent-workspace/rustup-home:/opt/rustwide/rustup-home:ro,Z" "-e" "SOURCE_DIR=/opt/rustwide/workdir" "-e" "CARGO_TARGET_DIR=/opt/rustwide/target" "-e" "CARGO_HOME=/opt/rustwide/cargo-home" "-e" "RUSTUP_HOME=/opt/rustwide/rustup-home" "-w" "/opt/rustwide/workdir" "-m" "1610612736" "--user" "0:0" "--network" "none" "ghcr.io/rust-lang/crates-build-env/linux@sha256:5ff2268d62e97bff2cde7d5815dd6ed5b47097566f13b8d0ca110b04b60e07ed" "/opt/rustwide/cargo-home/bin/cargo" "+beta-2023-04-20" "metadata" "--no-deps" "--format-version=1", kill_on_drop: false }`
[INFO] [stdout] d706cf2731faf3310ee108e8bf8c3cc142893bf2ea1f3d4b6bfc5a1ddea98d64
[INFO] running `Command { std: "docker" "start" "-a" "d706cf2731faf3310ee108e8bf8c3cc142893bf2ea1f3d4b6bfc5a1ddea98d64", kill_on_drop: false }`
[INFO] running `Command { std: "docker" "inspect" "d706cf2731faf3310ee108e8bf8c3cc142893bf2ea1f3d4b6bfc5a1ddea98d64", kill_on_drop: false }`
[INFO] running `Command { std: "docker" "rm" "-f" "d706cf2731faf3310ee108e8bf8c3cc142893bf2ea1f3d4b6bfc5a1ddea98d64", kill_on_drop: false }`
[INFO] [stdout] d706cf2731faf3310ee108e8bf8c3cc142893bf2ea1f3d4b6bfc5a1ddea98d64
[INFO] running `Command { std: "docker" "create" "-v" "/var/lib/crater-agent-workspace/builds/worker-0-tc2/target:/opt/rustwide/target:rw,Z" "-v" "/var/lib/crater-agent-workspace/builds/worker-0-tc2/source:/opt/rustwide/workdir:ro,Z" "-v" "/var/lib/crater-agent-workspace/cargo-home:/opt/rustwide/cargo-home:ro,Z" "-v" "/var/lib/crater-agent-workspace/rustup-home:/opt/rustwide/rustup-home:ro,Z" "-e" "SOURCE_DIR=/opt/rustwide/workdir" "-e" "CARGO_TARGET_DIR=/opt/rustwide/target" "-e" "CARGO_INCREMENTAL=0" "-e" "RUST_BACKTRACE=full" "-e" "RUSTFLAGS=--cap-lints=warn" "-e" "RUSTDOCFLAGS=--cap-lints=warn" "-e" "CARGO_HOME=/opt/rustwide/cargo-home" "-e" "RUSTUP_HOME=/opt/rustwide/rustup-home" "-w" "/opt/rustwide/workdir" "-m" "1610612736" "--user" "0:0" "--network" "none" "ghcr.io/rust-lang/crates-build-env/linux@sha256:5ff2268d62e97bff2cde7d5815dd6ed5b47097566f13b8d0ca110b04b60e07ed" "/opt/rustwide/cargo-home/bin/cargo" "+beta-2023-04-20" "build" "--frozen" "--message-format=json", kill_on_drop: false }`
[INFO] [stdout] 44b1f4ae41599cdc0a06f0bc87607036ac7d3cd3a132f5feff5a1866b05a961d
[INFO] running `Command { std: "docker" "start" "-a" "44b1f4ae41599cdc0a06f0bc87607036ac7d3cd3a132f5feff5a1866b05a961d", kill_on_drop: false }`
[INFO] [stderr]    Compiling libc v0.2.21
[INFO] [stderr]    Compiling local-search-algorithms v0.1.0 (/opt/rustwide/workdir)
[INFO] [stderr]    Compiling rand v0.3.15
[INFO] [stderr]     Finished dev [unoptimized + debuginfo] target(s) in 1.81s
[INFO] running `Command { std: "docker" "inspect" "44b1f4ae41599cdc0a06f0bc87607036ac7d3cd3a132f5feff5a1866b05a961d", kill_on_drop: false }`
[INFO] running `Command { std: "docker" "rm" "-f" "44b1f4ae41599cdc0a06f0bc87607036ac7d3cd3a132f5feff5a1866b05a961d", kill_on_drop: false }`
[INFO] [stdout] 44b1f4ae41599cdc0a06f0bc87607036ac7d3cd3a132f5feff5a1866b05a961d
[INFO] running `Command { std: "docker" "create" "-v" "/var/lib/crater-agent-workspace/builds/worker-0-tc2/target:/opt/rustwide/target:rw,Z" "-v" "/var/lib/crater-agent-workspace/builds/worker-0-tc2/source:/opt/rustwide/workdir:ro,Z" "-v" "/var/lib/crater-agent-workspace/cargo-home:/opt/rustwide/cargo-home:ro,Z" "-v" "/var/lib/crater-agent-workspace/rustup-home:/opt/rustwide/rustup-home:ro,Z" "-e" "SOURCE_DIR=/opt/rustwide/workdir" "-e" "CARGO_TARGET_DIR=/opt/rustwide/target" "-e" "CARGO_INCREMENTAL=0" "-e" "RUST_BACKTRACE=full" "-e" "RUSTFLAGS=--cap-lints=warn" "-e" "RUSTDOCFLAGS=--cap-lints=warn" "-e" "CARGO_HOME=/opt/rustwide/cargo-home" "-e" "RUSTUP_HOME=/opt/rustwide/rustup-home" "-w" "/opt/rustwide/workdir" "-m" "1610612736" "--user" "0:0" "--network" "none" "ghcr.io/rust-lang/crates-build-env/linux@sha256:5ff2268d62e97bff2cde7d5815dd6ed5b47097566f13b8d0ca110b04b60e07ed" "/opt/rustwide/cargo-home/bin/cargo" "+beta-2023-04-20" "test" "--frozen" "--no-run" "--message-format=json", kill_on_drop: false }`
[INFO] [stdout] f95bcdf9a6cc4d90e324ac113c116f2f208fdb4c6730b421a6aaa059c07f76b1
[INFO] running `Command { std: "docker" "start" "-a" "f95bcdf9a6cc4d90e324ac113c116f2f208fdb4c6730b421a6aaa059c07f76b1", kill_on_drop: false }`
[INFO] [stderr]     Blocking waiting for file lock on package cache
[INFO] [stderr]    Compiling local-search-algorithms v0.1.0 (/opt/rustwide/workdir)
[INFO] [stdout] error[E0599]: no method named `can_position` found for struct `constraint_propagation::ConstraintPropagation` in the current scope
[INFO] [stdout]    --> src/main.rs:148:31
[INFO] [stdout]     |
[INFO] [stdout] 73  |     pub struct ConstraintPropagation {
[INFO] [stdout]     |     -------------------------------- method `can_position` not found for this struct
[INFO] [stdout] ...
[INFO] [stdout] 148 |             assert!(challenge.can_position(pos(0, 0), pos(0, 0)).is_err());
[INFO] [stdout]     |                               ^^^^^^^^^^^^ method not found in `ConstraintPropagation`
[INFO] [stdout]     |
[INFO] [stdout] help: one of the expressions' fields has a method of the same name
[INFO] [stdout]     |
[INFO] [stdout] 148 |             assert!(challenge.base.can_position(pos(0, 0), pos(0, 0)).is_err());
[INFO] [stdout]     |                               +++++
[INFO] [stdout] 
[INFO] [stdout] 
[INFO] [stdout] error[E0599]: no method named `can_position` found for struct `constraint_propagation::ConstraintPropagation` in the current scope
[INFO] [stdout]    --> src/main.rs:149:31
[INFO] [stdout]     |
[INFO] [stdout] 73  |     pub struct ConstraintPropagation {
[INFO] [stdout]     |     -------------------------------- method `can_position` not found for this struct
[INFO] [stdout] ...
[INFO] [stdout] 149 |             assert!(challenge.can_position(pos(0, 1), pos(0, 0)).is_err());
[INFO] [stdout]     |                               ^^^^^^^^^^^^ method not found in `ConstraintPropagation`
[INFO] [stdout]     |
[INFO] [stdout] help: one of the expressions' fields has a method of the same name
[INFO] [stdout]     |
[INFO] [stdout] 149 |             assert!(challenge.base.can_position(pos(0, 1), pos(0, 0)).is_err());
[INFO] [stdout]     |                               +++++
[INFO] [stdout] 
[INFO] [stdout] 
[INFO] [stdout] error[E0599]: no method named `can_position` found for struct `constraint_propagation::ConstraintPropagation` in the current scope
[INFO] [stdout]    --> src/main.rs:150:31
[INFO] [stdout]     |
[INFO] [stdout] 73  |     pub struct ConstraintPropagation {
[INFO] [stdout]     |     -------------------------------- method `can_position` not found for this struct
[INFO] [stdout] ...
[INFO] [stdout] 150 |             assert!(challenge.can_position(pos(1, 0), pos(0, 0)).is_err());
[INFO] [stdout]     |                               ^^^^^^^^^^^^ method not found in `ConstraintPropagation`
[INFO] [stdout]     |
[INFO] [stdout] help: one of the expressions' fields has a method of the same name
[INFO] [stdout]     |
[INFO] [stdout] 150 |             assert!(challenge.base.can_position(pos(1, 0), pos(0, 0)).is_err());
[INFO] [stdout]     |                               +++++
[INFO] [stdout] 
[INFO] [stdout] 
[INFO] [stdout] error[E0599]: no method named `can_position` found for struct `constraint_propagation::ConstraintPropagation` in the current scope
[INFO] [stdout]    --> src/main.rs:151:31
[INFO] [stdout]     |
[INFO] [stdout] 73  |     pub struct ConstraintPropagation {
[INFO] [stdout]     |     -------------------------------- method `can_position` not found for this struct
[INFO] [stdout] ...
[INFO] [stdout] 151 |             assert!(challenge.can_position(pos(1, 1), pos(5, 5)).is_err());
[INFO] [stdout]     |                               ^^^^^^^^^^^^ method not found in `ConstraintPropagation`
[INFO] [stdout]     |
[INFO] [stdout] help: one of the expressions' fields has a method of the same name
[INFO] [stdout]     |
[INFO] [stdout] 151 |             assert!(challenge.base.can_position(pos(1, 1), pos(5, 5)).is_err());
[INFO] [stdout]     |                               +++++
[INFO] [stdout] 
[INFO] [stdout] 
[INFO] [stdout] error[E0599]: no method named `can_position` found for struct `constraint_propagation::ConstraintPropagation` in the current scope
[INFO] [stdout]    --> src/main.rs:152:31
[INFO] [stdout]     |
[INFO] [stdout] 73  |     pub struct ConstraintPropagation {
[INFO] [stdout]     |     -------------------------------- method `can_position` not found for this struct
[INFO] [stdout] ...
[INFO] [stdout] 152 |             assert!(challenge.can_position(pos(3, 2), pos(2, 3)).is_err());
[INFO] [stdout]     |                               ^^^^^^^^^^^^ method not found in `ConstraintPropagation`
[INFO] [stdout]     |
[INFO] [stdout] help: one of the expressions' fields has a method of the same name
[INFO] [stdout]     |
[INFO] [stdout] 152 |             assert!(challenge.base.can_position(pos(3, 2), pos(2, 3)).is_err());
[INFO] [stdout]     |                               +++++
[INFO] [stdout] 
[INFO] [stdout] 
[INFO] [stdout] error: aborting due to 5 previous errors
[INFO] [stdout] 
[INFO] [stdout] 
[INFO] [stdout] For more information about this error, try `rustc --explain E0599`.
[INFO] [stdout] 
[INFO] [stderr] error: could not compile `local-search-algorithms` (bin "local-search-algorithms" test) due to 6 previous errors
[INFO] running `Command { std: "docker" "inspect" "f95bcdf9a6cc4d90e324ac113c116f2f208fdb4c6730b421a6aaa059c07f76b1", kill_on_drop: false }`
[INFO] running `Command { std: "docker" "rm" "-f" "f95bcdf9a6cc4d90e324ac113c116f2f208fdb4c6730b421a6aaa059c07f76b1", kill_on_drop: false }`
[INFO] [stdout] f95bcdf9a6cc4d90e324ac113c116f2f208fdb4c6730b421a6aaa059c07f76b1
