[INFO] cloning repository https://github.com/elexis-eu/dictionary-service
[INFO] running `Command { std: "git" "-c" "credential.helper=" "-c" "credential.helper=/workspace/cargo-home/bin/git-credential-null" "clone" "--bare" "https://github.com/elexis-eu/dictionary-service" "/workspace/cache/git-repos/https%3A%2F%2Fgithub.com%2Felexis-eu%2Fdictionary-service", kill_on_drop: false }`
[INFO] [stderr] Cloning into bare repository '/workspace/cache/git-repos/https%3A%2F%2Fgithub.com%2Felexis-eu%2Fdictionary-service'...
[INFO] running `Command { std: "git" "rev-parse" "HEAD", kill_on_drop: false }`
[INFO] [stdout] 2bcb77ea7b755df51b3cb1e2f42f7c6ad9784d67
[INFO] testing elexis-eu/dictionary-service against beta-2023-04-20 for beta-1.70-1
[INFO] running `Command { std: "git" "clone" "/workspace/cache/git-repos/https%3A%2F%2Fgithub.com%2Felexis-eu%2Fdictionary-service" "/workspace/builds/worker-2-tc2/source", kill_on_drop: false }`
[INFO] [stderr] Cloning into '/workspace/builds/worker-2-tc2/source'...
[INFO] [stderr] done.
[INFO] validating manifest of git repo https://github.com/elexis-eu/dictionary-service on toolchain beta-2023-04-20
[INFO] running `Command { std: CARGO_HOME="/workspace/cargo-home" RUSTUP_HOME="/workspace/rustup-home" "/workspace/cargo-home/bin/cargo" "+beta-2023-04-20" "metadata" "--manifest-path" "Cargo.toml" "--no-deps", kill_on_drop: false }`
[INFO] started tweaking git repo https://github.com/elexis-eu/dictionary-service
[INFO] finished tweaking git repo https://github.com/elexis-eu/dictionary-service
[INFO] tweaked toml for git repo https://github.com/elexis-eu/dictionary-service written to /workspace/builds/worker-2-tc2/source/Cargo.toml
[INFO] running `Command { std: CARGO_HOME="/workspace/cargo-home" RUSTUP_HOME="/workspace/rustup-home" __CARGO_TEST_CHANNEL_OVERRIDE_DO_NOT_USE_THIS="nightly" "/workspace/cargo-home/bin/cargo" "+beta-2023-04-20" "generate-lockfile" "--manifest-path" "Cargo.toml" "-Zno-index-update", kill_on_drop: false }`
[INFO] running `Command { std: CARGO_HOME="/workspace/cargo-home" RUSTUP_HOME="/workspace/rustup-home" "/workspace/cargo-home/bin/cargo" "+beta-2023-04-20" "fetch" "--manifest-path" "Cargo.toml", kill_on_drop: false }`
[INFO] [stderr]  Downloading crates ...
[INFO] [stderr]   Downloaded borrow-bag v1.1.0
[INFO] [stderr]   Downloaded anstyle-wincon v1.0.1
[INFO] [stderr]   Downloaded anstream v0.3.1
[INFO] [stderr]   Downloaded clap v4.2.5
[INFO] [stderr]   Downloaded clap_builder v4.2.5
[INFO] [stderr]   Downloaded cookie v0.15.2
[INFO] [stderr]   Downloaded gotham v0.6.0
[INFO] [stderr]   Downloaded gotham_derive v0.7.1
[INFO] running `Command { std: "docker" "create" "-v" "/var/lib/crater-agent-workspace/builds/worker-2-tc2/target:/opt/rustwide/target:rw,Z" "-v" "/var/lib/crater-agent-workspace/builds/worker-2-tc2/source:/opt/rustwide/workdir:ro,Z" "-v" "/var/lib/crater-agent-workspace/cargo-home:/opt/rustwide/cargo-home:ro,Z" "-v" "/var/lib/crater-agent-workspace/rustup-home:/opt/rustwide/rustup-home:ro,Z" "-e" "SOURCE_DIR=/opt/rustwide/workdir" "-e" "CARGO_TARGET_DIR=/opt/rustwide/target" "-e" "CARGO_HOME=/opt/rustwide/cargo-home" "-e" "RUSTUP_HOME=/opt/rustwide/rustup-home" "-w" "/opt/rustwide/workdir" "-m" "1610612736" "--user" "0:0" "--network" "none" "ghcr.io/rust-lang/crates-build-env/linux@sha256:5ff2268d62e97bff2cde7d5815dd6ed5b47097566f13b8d0ca110b04b60e07ed" "/opt/rustwide/cargo-home/bin/cargo" "+beta-2023-04-20" "metadata" "--no-deps" "--format-version=1", kill_on_drop: false }`
[INFO] [stdout] 0e5ee12b51385266643c92db99edb5ef5fa1f2b9e72a60d4203ad2598094a092
[INFO] running `Command { std: "docker" "start" "-a" "0e5ee12b51385266643c92db99edb5ef5fa1f2b9e72a60d4203ad2598094a092", kill_on_drop: false }`
[INFO] running `Command { std: "docker" "inspect" "0e5ee12b51385266643c92db99edb5ef5fa1f2b9e72a60d4203ad2598094a092", kill_on_drop: false }`
[INFO] running `Command { std: "docker" "rm" "-f" "0e5ee12b51385266643c92db99edb5ef5fa1f2b9e72a60d4203ad2598094a092", kill_on_drop: false }`
[INFO] [stdout] 0e5ee12b51385266643c92db99edb5ef5fa1f2b9e72a60d4203ad2598094a092
[INFO] running `Command { std: "docker" "create" "-v" "/var/lib/crater-agent-workspace/builds/worker-2-tc2/target:/opt/rustwide/target:rw,Z" "-v" "/var/lib/crater-agent-workspace/builds/worker-2-tc2/source:/opt/rustwide/workdir:ro,Z" "-v" "/var/lib/crater-agent-workspace/cargo-home:/opt/rustwide/cargo-home:ro,Z" "-v" "/var/lib/crater-agent-workspace/rustup-home:/opt/rustwide/rustup-home:ro,Z" "-e" "SOURCE_DIR=/opt/rustwide/workdir" "-e" "CARGO_TARGET_DIR=/opt/rustwide/target" "-e" "CARGO_INCREMENTAL=0" "-e" "RUST_BACKTRACE=full" "-e" "RUSTFLAGS=--cap-lints=warn" "-e" "RUSTDOCFLAGS=--cap-lints=warn" "-e" "CARGO_HOME=/opt/rustwide/cargo-home" "-e" "RUSTUP_HOME=/opt/rustwide/rustup-home" "-w" "/opt/rustwide/workdir" "-m" "1610612736" "--user" "0:0" "--network" "none" "ghcr.io/rust-lang/crates-build-env/linux@sha256:5ff2268d62e97bff2cde7d5815dd6ed5b47097566f13b8d0ca110b04b60e07ed" "/opt/rustwide/cargo-home/bin/cargo" "+beta-2023-04-20" "build" "--frozen" "--message-format=json", kill_on_drop: false }`
[INFO] [stdout] 833f362df266b19d7ad84a15e48486e4dea3bfa7eb5e9dbd27aee71e3045437d
[INFO] running `Command { std: "docker" "start" "-a" "833f362df266b19d7ad84a15e48486e4dea3bfa7eb5e9dbd27aee71e3045437d", kill_on_drop: false }`
[INFO] [stderr]    Compiling libc v0.2.142
[INFO] [stderr]    Compiling version_check v0.9.4
[INFO] [stderr]    Compiling autocfg v1.1.0
[INFO] [stderr]    Compiling proc-macro2 v1.0.56
[INFO] [stderr]    Compiling cfg-if v1.0.0
[INFO] [stderr]    Compiling unicode-ident v1.0.8
[INFO] [stderr]    Compiling quote v1.0.26
[INFO] [stderr]    Compiling once_cell v1.17.1
[INFO] [stderr]    Compiling log v0.4.17
[INFO] [stderr]    Compiling memchr v2.5.0
[INFO] [stderr]    Compiling pin-project-lite v0.2.9
[INFO] [stderr]    Compiling futures-core v0.3.28
[INFO] [stderr]    Compiling syn v1.0.109
[INFO] [stderr]    Compiling bytes v1.4.0
[INFO] [stderr]    Compiling futures-sink v0.3.28
[INFO] [stderr]    Compiling futures-task v0.3.28
[INFO] [stderr]    Compiling futures-channel v0.3.28
[INFO] [stderr]    Compiling cc v1.0.79
[INFO] [stderr]    Compiling io-lifetimes v1.0.10
[INFO] [stderr]    Compiling futures-util v0.3.28
[INFO] [stderr]    Compiling proc-macro-hack v0.5.20+deprecated
[INFO] [stderr]    Compiling rustix v0.37.18
[INFO] [stderr]    Compiling standback v0.2.17
[INFO] [stderr]    Compiling unicase v2.6.0
[INFO] [stderr]    Compiling slab v0.4.8
[INFO] [stderr]    Compiling tokio v1.28.0
[INFO] [stderr]    Compiling futures-io v0.3.28
[INFO] [stderr]    Compiling pin-utils v0.1.0
[INFO] [stderr]    Compiling itoa v1.0.6
[INFO] [stderr]    Compiling untrusted v0.7.1
[INFO] [stderr]    Compiling spin v0.5.2
[INFO] [stderr]    Compiling bitflags v1.3.2
[INFO] [stderr]    Compiling num-traits v0.2.15
[INFO] [stderr]    Compiling indexmap v1.9.3
[INFO] [stderr]    Compiling ahash v0.7.6
[INFO] [stderr]    Compiling tracing-core v0.1.30
[INFO] [stderr]    Compiling serde v1.0.160
[INFO] [stderr]    Compiling const_fn v0.4.9
[INFO] [stderr]    Compiling linux-raw-sys v0.3.6
[INFO] [stderr]    Compiling fnv v1.0.7
[INFO] [stderr]    Compiling num-integer v0.1.45
[INFO] [stderr]    Compiling http v0.2.9
[INFO] [stderr]    Compiling time v0.2.27
[INFO] [stderr]    Compiling utf8parse v0.2.1
[INFO] [stderr]    Compiling hashbrown v0.12.3
[INFO] [stderr]    Compiling httparse v1.8.0
[INFO] [stderr]    Compiling pkg-config v0.3.26
[INFO] [stderr]    Compiling tracing v0.1.37
[INFO] [stderr]    Compiling syn v2.0.15
[INFO] [stderr]    Compiling ring v0.16.20
[INFO] [stderr]    Compiling mime_guess v2.0.4
[INFO] [stderr]    Compiling anstyle-parse v0.2.0
[INFO] [stderr]    Compiling cookie v0.15.2
[INFO] [stderr]    Compiling serde_derive v1.0.160
[INFO] [stderr]    Compiling colorchoice v1.0.0
[INFO] [stderr]    Compiling unicode-xid v0.0.4
[INFO] [stderr]    Compiling getrandom v0.2.9
[INFO] [stderr]    Compiling mio v0.8.6
[INFO] [stderr]    Compiling socket2 v0.4.9
[INFO] [stderr]    Compiling num_cpus v1.15.0
[INFO] [stderr]    Compiling rand_core v0.6.4
[INFO] [stderr]    Compiling libsqlite3-sys v0.22.2
[INFO] [stderr]    Compiling base64 v0.13.1
[INFO] [stderr]    Compiling anyhow v1.0.71
[INFO] [stderr]    Compiling anstyle-query v1.0.0
[INFO] [stderr]    Compiling anstyle v1.0.0
[INFO] [stderr]    Compiling try-lock v0.2.4
[INFO] [stderr]    Compiling ppv-lite86 v0.2.17
[INFO] [stderr]    Compiling want v0.3.0
[INFO] [stderr]    Compiling hashbrown v0.11.2
[INFO] [stderr]    Compiling http-body v0.4.5
[INFO] [stderr]    Compiling synom v0.11.3
[INFO] [stderr]    Compiling time v0.1.45
[INFO] [stderr]    Compiling aho-corasick v1.0.1
[INFO] [stderr]    Compiling mime v0.3.17
[INFO] [stderr]    Compiling httpdate v1.0.2
[INFO] [stderr]    Compiling quote v0.3.15
[INFO] [stderr]    Compiling strsim v0.10.0
[INFO] [stderr]    Compiling rand_chacha v0.3.1
[INFO] [stderr]    Compiling iana-time-zone v0.1.56
[INFO] [stderr]    Compiling clap_lex v0.4.1
[INFO] [stderr]    Compiling tower-service v0.3.2
[INFO] [stderr]    Compiling regex-syntax v0.7.1
[INFO] [stderr]    Compiling serde_json v1.0.96
[INFO] [stderr]    Compiling either v1.8.1
[INFO] [stderr]    Compiling rand v0.8.5
[INFO] [stderr]    Compiling chrono v0.4.24
[INFO] [stderr]    Compiling hashlink v0.7.0
[INFO] [stderr]    Compiling itertools v0.10.5
[INFO] [stderr]    Compiling syn v0.11.11
[INFO] [stderr]    Compiling is-terminal v0.4.7
[INFO] [stderr]    Compiling anstream v0.3.1
[INFO] [stderr]    Compiling uuid v0.8.2
[INFO] [stderr]    Compiling clap_builder v4.2.5
[INFO] [stderr]    Compiling borrow-bag v1.1.0
[INFO] [stderr]    Compiling fallible-iterator v0.2.0
[INFO] [stderr]    Compiling ryu v1.0.13
[INFO] [stderr]    Compiling percent-encoding v2.2.0
[INFO] [stderr]    Compiling pest v1.0.6
[INFO] [stderr]    Compiling httpdate v0.3.2
[INFO] [stderr]    Compiling linked-hash-map v0.5.6
[INFO] [stderr]    Compiling fallible-streaming-iterator v0.1.9
[INFO] [stderr]    Compiling bincode v1.3.3
[INFO] [stderr]    Compiling smallvec v1.10.0
[INFO] [stderr]    Compiling xml-rs v0.8.4
[INFO] [stderr]    Compiling quick-error v1.2.3
[INFO] [stderr]    Compiling rusqlite v0.25.4
[INFO] [stderr]    Compiling sct v0.6.1
[INFO] [stderr]    Compiling webpki v0.21.4
[INFO] [stderr]    Compiling regex v1.8.1
[INFO] [stderr]    Compiling pest_derive v1.0.8
[INFO] [stderr]    Compiling rustls v0.19.1
[INFO] [stderr]    Compiling futures-macro v0.3.28
[INFO] [stderr]    Compiling gotham_derive v0.7.1
[INFO] [stderr]    Compiling time-macros-impl v0.1.2
[INFO] [stderr]    Compiling pin-project-internal v1.0.12
[INFO] [stderr]    Compiling clap v4.2.5
[INFO] [stderr]    Compiling time-macros v0.1.1
[INFO] [stderr]    Compiling tokio-util v0.7.8
[INFO] [stderr]    Compiling tokio-rustls v0.22.0
[INFO] [stderr]    Compiling pin-project v1.0.12
[INFO] [stderr]    Compiling futures-executor v0.3.28
[INFO] [stderr]    Compiling h2 v0.3.18
[INFO] [stderr]    Compiling futures v0.3.28
[INFO] [stderr]    Compiling hyper v0.14.26
[INFO] [stderr]    Compiling gotham v0.6.0
[INFO] [stderr]    Compiling elexis-dictionary-service v0.1.0 (/opt/rustwide/workdir)
[INFO] [stdout] error[E0432]: unresolved imports `clap::App`, `clap::SubCommand`
[INFO] [stdout]   --> src/main.rs:41:12
[INFO] [stdout]    |
[INFO] [stdout] 41 | use clap::{App, Arg, SubCommand, ArgMatches};
[INFO] [stdout]    |            ^^^       ^^^^^^^^^^
[INFO] [stdout]    |            |         |
[INFO] [stdout]    |            |         no `SubCommand` in the root
[INFO] [stdout]    |            |         help: a similar name exists in the module (notice the capitalization): `Subcommand`
[INFO] [stdout]    |            no `App` in the root
[INFO] [stdout] 
[INFO] [stdout] 
[INFO] [stdout] error[E0405]: cannot find trait `StaticResponseExtender` in module `gotham::router::response`
[INFO] [stdout]   --> src/main.rs:84:34
[INFO] [stdout]    |
[INFO] [stdout] 84 | #[derive(Deserialize, StateData, StaticResponseExtender)]
[INFO] [stdout]    |                                  ^^^^^^^^^^^^^^^^^^^^^^ not found in `gotham::router::response`
[INFO] [stdout]    |
[INFO] [stdout]    = note: this error originates in the derive macro `StaticResponseExtender` (in Nightly builds, run with -Z macro-backtrace for more info)
[INFO] [stdout] help: consider importing this trait
[INFO] [stdout]    |
[INFO] [stdout] 27 + use gotham::router::response::extender::StaticResponseExtender;
[INFO] [stdout]    |
[INFO] [stdout] help: if you import `StaticResponseExtender`, refer to it directly
[INFO] [stdout]    |
[INFO] [stdout] 84 | #[derive(Deserialize, StateData, StaticResponseExtender)]
[INFO] [stdout]    |
[INFO] [stdout] 
[INFO] [stdout] 
[INFO] [stdout] error[E0405]: cannot find trait `StaticResponseExtender` in module `gotham::router::response`
[INFO] [stdout]   --> src/main.rs:88:34
[INFO] [stdout]    |
[INFO] [stdout] 88 | #[derive(Deserialize, StateData, StaticResponseExtender)]
[INFO] [stdout]    |                                  ^^^^^^^^^^^^^^^^^^^^^^ not found in `gotham::router::response`
[INFO] [stdout]    |
[INFO] [stdout]    = note: this error originates in the derive macro `StaticResponseExtender` (in Nightly builds, run with -Z macro-backtrace for more info)
[INFO] [stdout] help: consider importing this trait
[INFO] [stdout]    |
[INFO] [stdout] 27 + use gotham::router::response::extender::StaticResponseExtender;
[INFO] [stdout]    |
[INFO] [stdout] help: if you import `StaticResponseExtender`, refer to it directly
[INFO] [stdout]    |
[INFO] [stdout] 88 | #[derive(Deserialize, StateData, StaticResponseExtender)]
[INFO] [stdout]    |
[INFO] [stdout] 
[INFO] [stdout] 
[INFO] [stdout] error[E0405]: cannot find trait `StaticResponseExtender` in module `gotham::router::response`
[INFO] [stdout]   --> src/main.rs:92:34
[INFO] [stdout]    |
[INFO] [stdout] 92 | #[derive(Deserialize, StateData, StaticResponseExtender)]
[INFO] [stdout]    |                                  ^^^^^^^^^^^^^^^^^^^^^^ not found in `gotham::router::response`
[INFO] [stdout]    |
[INFO] [stdout]    = note: this error originates in the derive macro `StaticResponseExtender` (in Nightly builds, run with -Z macro-backtrace for more info)
[INFO] [stdout] help: consider importing this trait
[INFO] [stdout]    |
[INFO] [stdout] 27 + use gotham::router::response::extender::StaticResponseExtender;
[INFO] [stdout]    |
[INFO] [stdout] help: if you import `StaticResponseExtender`, refer to it directly
[INFO] [stdout]    |
[INFO] [stdout] 92 | #[derive(Deserialize, StateData, StaticResponseExtender)]
[INFO] [stdout]    |
[INFO] [stdout] 
[INFO] [stdout] 
[INFO] [stdout] error[E0405]: cannot find trait `StaticResponseExtender` in module `gotham::router::response`
[INFO] [stdout]   --> src/main.rs:97:34
[INFO] [stdout]    |
[INFO] [stdout] 97 | #[derive(Deserialize, StateData, StaticResponseExtender)]
[INFO] [stdout]    |                                  ^^^^^^^^^^^^^^^^^^^^^^ not found in `gotham::router::response`
[INFO] [stdout]    |
[INFO] [stdout]    = note: this error originates in the derive macro `StaticResponseExtender` (in Nightly builds, run with -Z macro-backtrace for more info)
[INFO] [stdout] help: consider importing this trait
[INFO] [stdout]    |
[INFO] [stdout] 27 + use gotham::router::response::extender::StaticResponseExtender;
[INFO] [stdout]    |
[INFO] [stdout] help: if you import `StaticResponseExtender`, refer to it directly
[INFO] [stdout]    |
[INFO] [stdout] 97 | #[derive(Deserialize, StateData, StaticResponseExtender)]
[INFO] [stdout]    |
[INFO] [stdout] 
[INFO] [stdout] 
[INFO] [stdout] error[E0405]: cannot find trait `StaticResponseExtender` in module `gotham::router::response`
[INFO] [stdout]    --> src/main.rs:102:34
[INFO] [stdout]     |
[INFO] [stdout] 102 | #[derive(Deserialize, StateData, StaticResponseExtender)]
[INFO] [stdout]     |                                  ^^^^^^^^^^^^^^^^^^^^^^ not found in `gotham::router::response`
[INFO] [stdout]     |
[INFO] [stdout]     = note: this error originates in the derive macro `StaticResponseExtender` (in Nightly builds, run with -Z macro-backtrace for more info)
[INFO] [stdout] help: consider importing this trait
[INFO] [stdout]     |
[INFO] [stdout] 27  + use gotham::router::response::extender::StaticResponseExtender;
[INFO] [stdout]     |
[INFO] [stdout] help: if you import `StaticResponseExtender`, refer to it directly
[INFO] [stdout]     |
[INFO] [stdout] 102 | #[derive(Deserialize, StateData, StaticResponseExtender)]
[INFO] [stdout]     |
[INFO] [stdout] 
[INFO] [stdout] 
[INFO] [stdout] error[E0405]: cannot find trait `StaticResponseExtender` in module `gotham::router::response`
[INFO] [stdout]    --> src/main.rs:110:34
[INFO] [stdout]     |
[INFO] [stdout] 110 | #[derive(Deserialize, StateData, StaticResponseExtender)]
[INFO] [stdout]     |                                  ^^^^^^^^^^^^^^^^^^^^^^ not found in `gotham::router::response`
[INFO] [stdout]     |
[INFO] [stdout]     = note: this error originates in the derive macro `StaticResponseExtender` (in Nightly builds, run with -Z macro-backtrace for more info)
[INFO] [stdout] help: consider importing this trait
[INFO] [stdout]     |
[INFO] [stdout] 27  + use gotham::router::response::extender::StaticResponseExtender;
[INFO] [stdout]     |
[INFO] [stdout] help: if you import `StaticResponseExtender`, refer to it directly
[INFO] [stdout]     |
[INFO] [stdout] 110 | #[derive(Deserialize, StateData, StaticResponseExtender)]
[INFO] [stdout]     |
[INFO] [stdout] 
[INFO] [stdout] 
[INFO] [stdout] error: aborting due to 7 previous errors
[INFO] [stdout] 
[INFO] [stdout] 
[INFO] [stdout] Some errors have detailed explanations: E0405, E0432.
[INFO] [stdout] 
[INFO] [stdout] For more information about an error, try `rustc --explain E0405`.
[INFO] [stdout] 
[INFO] [stderr] error: could not compile `elexis-dictionary-service` (bin "elexis-dictionary-service") due to 8 previous errors
[INFO] running `Command { std: "docker" "inspect" "833f362df266b19d7ad84a15e48486e4dea3bfa7eb5e9dbd27aee71e3045437d", kill_on_drop: false }`
[INFO] running `Command { std: "docker" "rm" "-f" "833f362df266b19d7ad84a15e48486e4dea3bfa7eb5e9dbd27aee71e3045437d", kill_on_drop: false }`
[INFO] [stdout] 833f362df266b19d7ad84a15e48486e4dea3bfa7eb5e9dbd27aee71e3045437d
