[INFO] cloning repository https://github.com/elementalchopsticks/adldl
[INFO] running `Command { std: "git" "-c" "credential.helper=" "-c" "credential.helper=/workspace/cargo-home/bin/git-credential-null" "clone" "--bare" "https://github.com/elementalchopsticks/adldl" "/workspace/cache/git-repos/https%3A%2F%2Fgithub.com%2Felementalchopsticks%2Fadldl", kill_on_drop: false }`
[INFO] [stderr] Cloning into bare repository '/workspace/cache/git-repos/https%3A%2F%2Fgithub.com%2Felementalchopsticks%2Fadldl'...
[INFO] running `Command { std: "git" "rev-parse" "HEAD", kill_on_drop: false }`
[INFO] [stdout] a0e6f9c9deeefb98efbbf4c832dc98cd323c93d2
[INFO] testing elementalchopsticks/adldl against 1.69.0 for beta-1.70-1
[INFO] running `Command { std: "git" "clone" "/workspace/cache/git-repos/https%3A%2F%2Fgithub.com%2Felementalchopsticks%2Fadldl" "/workspace/builds/worker-3-tc1/source", kill_on_drop: false }`
[INFO] [stderr] Cloning into '/workspace/builds/worker-3-tc1/source'...
[INFO] [stderr] done.
[INFO] validating manifest of git repo https://github.com/elementalchopsticks/adldl on toolchain 1.69.0
[INFO] running `Command { std: CARGO_HOME="/workspace/cargo-home" RUSTUP_HOME="/workspace/rustup-home" "/workspace/cargo-home/bin/cargo" "+1.69.0" "metadata" "--manifest-path" "Cargo.toml" "--no-deps", kill_on_drop: false }`
[INFO] started tweaking git repo https://github.com/elementalchopsticks/adldl
[INFO] finished tweaking git repo https://github.com/elementalchopsticks/adldl
[INFO] tweaked toml for git repo https://github.com/elementalchopsticks/adldl written to /workspace/builds/worker-3-tc1/source/Cargo.toml
[INFO] crate git repo https://github.com/elementalchopsticks/adldl already has a lockfile, it will not be regenerated
[INFO] running `Command { std: CARGO_HOME="/workspace/cargo-home" RUSTUP_HOME="/workspace/rustup-home" "/workspace/cargo-home/bin/cargo" "+1.69.0" "fetch" "--manifest-path" "Cargo.toml", kill_on_drop: false }`
[INFO] running `Command { std: "docker" "create" "-v" "/var/lib/crater-agent-workspace/builds/worker-3-tc1/target:/opt/rustwide/target:rw,Z" "-v" "/var/lib/crater-agent-workspace/builds/worker-3-tc1/source:/opt/rustwide/workdir:ro,Z" "-v" "/var/lib/crater-agent-workspace/cargo-home:/opt/rustwide/cargo-home:ro,Z" "-v" "/var/lib/crater-agent-workspace/rustup-home:/opt/rustwide/rustup-home:ro,Z" "-e" "SOURCE_DIR=/opt/rustwide/workdir" "-e" "CARGO_TARGET_DIR=/opt/rustwide/target" "-e" "CARGO_HOME=/opt/rustwide/cargo-home" "-e" "RUSTUP_HOME=/opt/rustwide/rustup-home" "-w" "/opt/rustwide/workdir" "-m" "1610612736" "--user" "0:0" "--network" "none" "ghcr.io/rust-lang/crates-build-env/linux@sha256:5ff2268d62e97bff2cde7d5815dd6ed5b47097566f13b8d0ca110b04b60e07ed" "/opt/rustwide/cargo-home/bin/cargo" "+1.69.0" "metadata" "--no-deps" "--format-version=1", kill_on_drop: false }`
[INFO] [stdout] ff4374192edc9fa84f131e542860cd464b0f79b06861fe451b8c2d3e6135e855
[INFO] running `Command { std: "docker" "start" "-a" "ff4374192edc9fa84f131e542860cd464b0f79b06861fe451b8c2d3e6135e855", kill_on_drop: false }`
[INFO] running `Command { std: "docker" "inspect" "ff4374192edc9fa84f131e542860cd464b0f79b06861fe451b8c2d3e6135e855", kill_on_drop: false }`
[INFO] running `Command { std: "docker" "rm" "-f" "ff4374192edc9fa84f131e542860cd464b0f79b06861fe451b8c2d3e6135e855", kill_on_drop: false }`
[INFO] [stdout] ff4374192edc9fa84f131e542860cd464b0f79b06861fe451b8c2d3e6135e855
[INFO] running `Command { std: "docker" "create" "-v" "/var/lib/crater-agent-workspace/builds/worker-3-tc1/target:/opt/rustwide/target:rw,Z" "-v" "/var/lib/crater-agent-workspace/builds/worker-3-tc1/source:/opt/rustwide/workdir:ro,Z" "-v" "/var/lib/crater-agent-workspace/cargo-home:/opt/rustwide/cargo-home:ro,Z" "-v" "/var/lib/crater-agent-workspace/rustup-home:/opt/rustwide/rustup-home:ro,Z" "-e" "SOURCE_DIR=/opt/rustwide/workdir" "-e" "CARGO_TARGET_DIR=/opt/rustwide/target" "-e" "CARGO_INCREMENTAL=0" "-e" "RUST_BACKTRACE=full" "-e" "RUSTFLAGS=--cap-lints=warn" "-e" "RUSTDOCFLAGS=--cap-lints=warn" "-e" "CARGO_HOME=/opt/rustwide/cargo-home" "-e" "RUSTUP_HOME=/opt/rustwide/rustup-home" "-w" "/opt/rustwide/workdir" "-m" "1610612736" "--user" "0:0" "--network" "none" "ghcr.io/rust-lang/crates-build-env/linux@sha256:5ff2268d62e97bff2cde7d5815dd6ed5b47097566f13b8d0ca110b04b60e07ed" "/opt/rustwide/cargo-home/bin/cargo" "+1.69.0" "build" "--frozen" "--message-format=json", kill_on_drop: false }`
[INFO] [stdout] e7a32ea87c6d6b3a9fe5a7967fee7396ff0fb43b72e953305f6e0e27a3955872
[INFO] running `Command { std: "docker" "start" "-a" "e7a32ea87c6d6b3a9fe5a7967fee7396ff0fb43b72e953305f6e0e27a3955872", kill_on_drop: false }`
[INFO] [stderr]    Compiling proc-macro2 v1.0.37
[INFO] [stderr]    Compiling libc v0.2.122
[INFO] [stderr]    Compiling unicode-xid v0.2.2
[INFO] [stderr]    Compiling syn v1.0.91
[INFO] [stderr]    Compiling cc v1.0.73
[INFO] [stderr]    Compiling version_check v0.9.4
[INFO] [stderr]    Compiling once_cell v1.10.0
[INFO] [stderr]    Compiling memchr v2.4.1
[INFO] [stderr]    Compiling spin v0.5.2
[INFO] [stderr]    Compiling untrusted v0.7.1
[INFO] [stderr]    Compiling tinyvec_macros v0.1.0
[INFO] [stderr]    Compiling proc-macro-error-attr v1.0.4
[INFO] [stderr]    Compiling serde_derive v1.0.136
[INFO] [stderr]    Compiling cfg-if v1.0.0
[INFO] [stderr]    Compiling proc-macro-error v1.0.4
[INFO] [stderr]    Compiling tinyvec v1.5.1
[INFO] [stderr]    Compiling serde v1.0.136
[INFO] [stderr]    Compiling crc32fast v1.3.2
[INFO] [stderr]    Compiling autocfg v1.1.0
[INFO] [stderr]    Compiling log v0.4.16
[INFO] [stderr]    Compiling quote v1.0.18
[INFO] [stderr]    Compiling matches v0.1.9
[INFO] [stderr]    Compiling unicode-bidi v0.3.7
[INFO] [stderr]    Compiling rustls v0.20.4
[INFO] [stderr]    Compiling indexmap v1.8.1
[INFO] [stderr]    Compiling adler v1.0.2
[INFO] [stderr]    Compiling ring v0.16.20
[INFO] [stderr]    Compiling percent-encoding v2.1.0
[INFO] [stderr]    Compiling unicode-normalization v0.1.19
[INFO] [stderr]    Compiling serde_json v1.0.79
[INFO] [stderr]    Compiling form_urlencoded v1.0.1
[INFO] [stderr]    Compiling miniz_oxide v0.5.1
[INFO] [stderr]    Compiling itoa v1.0.1
[INFO] [stderr]    Compiling anyhow v1.0.56
[INFO] [stderr]    Compiling ryu v1.0.9
[INFO] [stderr]    Compiling hashbrown v0.11.2
[INFO] [stderr]    Compiling heck v0.4.0
[INFO] [stderr]    Compiling flate2 v1.0.23
[INFO] [stderr]    Compiling idna v0.2.3
[INFO] [stderr]    Compiling atty v0.2.14
[INFO] [stderr]    Compiling aho-corasick v0.7.18
[INFO] [stderr]    Compiling os_str_bytes v6.0.0
[INFO] [stderr]    Compiling textwrap v0.15.0
[INFO] [stderr]    Compiling url v2.2.2
[INFO] [stderr]    Compiling termcolor v1.1.3
[INFO] [stderr]    Compiling bitflags v1.3.2
[INFO] [stderr]    Compiling regex-syntax v0.6.25
[INFO] [stderr]    Compiling base64 v0.13.0
[INFO] [stderr]    Compiling chunked_transfer v1.4.0
[INFO] [stderr]    Compiling strsim v0.10.0
[INFO] [stderr]    Compiling lazy_static v1.4.0
[INFO] [stderr]    Compiling clap_derive v3.1.7
[INFO] [stderr]    Compiling webpki v0.22.0
[INFO] [stderr]    Compiling sct v0.7.0
[INFO] [stderr]    Compiling regex v1.5.5
[INFO] [stderr]    Compiling webpki-roots v0.22.3
[INFO] [stderr]    Compiling clap v3.1.8
[INFO] [stderr]    Compiling ureq v2.4.0
[INFO] [stderr]    Compiling adldl v0.1.0 (/opt/rustwide/workdir)
[INFO] [stdout] error[E0432]: unresolved import `std::lazy`
[INFO] [stdout]  --> src/xdcc/mod.rs:8:10
[INFO] [stdout]   |
[INFO] [stdout] 8 | use std::lazy::SyncLazy;
[INFO] [stdout]   |          ^^^^ could not find `lazy` in `std`
[INFO] [stdout] 
[INFO] [stdout] 
[INFO] [stdout] error[E0554]: `#![feature]` may not be used on the stable release channel
[INFO] [stdout]  --> src/main.rs:1:12
[INFO] [stdout]   |
[INFO] [stdout] 1 | #![feature(backtrace, byte_slice_trim_ascii, once_cell)]
[INFO] [stdout]   |            ^^^^^^^^^
[INFO] [stdout] 
[INFO] [stdout] 
[INFO] [stdout] error[E0554]: `#![feature]` may not be used on the stable release channel
[INFO] [stdout]  --> src/main.rs:1:23
[INFO] [stdout]   |
[INFO] [stdout] 1 | #![feature(backtrace, byte_slice_trim_ascii, once_cell)]
[INFO] [stdout]   |                       ^^^^^^^^^^^^^^^^^^^^^
[INFO] [stdout] 
[INFO] [stdout] 
[INFO] [stdout] error[E0554]: `#![feature]` may not be used on the stable release channel
[INFO] [stdout]  --> src/main.rs:1:46
[INFO] [stdout]   |
[INFO] [stdout] 1 | #![feature(backtrace, byte_slice_trim_ascii, once_cell)]
[INFO] [stdout]   |                                              ^^^^^^^^^
[INFO] [stdout] 
[INFO] [stdout] 
[INFO] [stdout] warning: the feature `backtrace` has been stable since 1.65.0 and no longer requires an attribute to enable
[INFO] [stdout]  --> src/main.rs:1:12
[INFO] [stdout]   |
[INFO] [stdout] 1 | #![feature(backtrace, byte_slice_trim_ascii, once_cell)]
[INFO] [stdout]   |            ^^^^^^^^^
[INFO] [stdout]   |
[INFO] [stdout]   = note: `#[warn(stable_features)]` on by default
[INFO] [stdout] 
[INFO] [stdout] 
[INFO] [stdout] error[E0599]: no method named `backtrace` found for struct `anyhow::Error` in the current scope
[INFO] [stdout]   --> src/main.rs:82:22
[INFO] [stdout]    |
[INFO] [stdout] 82 |             if error.backtrace().status() == BacktraceStatus::Captured {
[INFO] [stdout]    |                      ^^^^^^^^^ method not found in `Error`
[INFO] [stdout] 
[INFO] [stdout] 
[INFO] [stdout] error[E0599]: no method named `backtrace` found for struct `anyhow::Error` in the current scope
[INFO] [stdout]   --> src/main.rs:83:57
[INFO] [stdout]    |
[INFO] [stdout] 83 |                 eprint!("\nStack backtrace:\n{}", error.backtrace());
[INFO] [stdout]    |                                                         ^^^^^^^^^ method not found in `Error`
[INFO] [stdout] 
[INFO] [stdout] 
[INFO] [stdout] error: aborting due to 6 previous errors; 1 warning emitted
[INFO] [stdout] 
[INFO] [stdout] 
[INFO] [stdout] Some errors have detailed explanations: E0432, E0554, E0599.
[INFO] [stdout] 
[INFO] [stdout] For more information about an error, try `rustc --explain E0432`.
[INFO] [stdout] 
[INFO] [stderr] error: could not compile `adldl` due to 7 previous errors; 1 warning emitted
[INFO] running `Command { std: "docker" "inspect" "e7a32ea87c6d6b3a9fe5a7967fee7396ff0fb43b72e953305f6e0e27a3955872", kill_on_drop: false }`
[INFO] running `Command { std: "docker" "rm" "-f" "e7a32ea87c6d6b3a9fe5a7967fee7396ff0fb43b72e953305f6e0e27a3955872", kill_on_drop: false }`
[INFO] [stdout] e7a32ea87c6d6b3a9fe5a7967fee7396ff0fb43b72e953305f6e0e27a3955872
