[INFO] cloning repository https://github.com/eisenhaus335/rockety_backend
[INFO] running `Command { std: "git" "-c" "credential.helper=" "-c" "credential.helper=/workspace/cargo-home/bin/git-credential-null" "clone" "--bare" "https://github.com/eisenhaus335/rockety_backend" "/workspace/cache/git-repos/https%3A%2F%2Fgithub.com%2Feisenhaus335%2Frockety_backend", kill_on_drop: false }`
[INFO] [stderr] Cloning into bare repository '/workspace/cache/git-repos/https%3A%2F%2Fgithub.com%2Feisenhaus335%2Frockety_backend'...
[INFO] running `Command { std: "git" "rev-parse" "HEAD", kill_on_drop: false }`
[INFO] [stdout] 75f1362be53181e79c637b53367c29f83dd78d17
[INFO] testing eisenhaus335/rockety_backend against 1.69.0 for beta-1.70-1
[INFO] running `Command { std: "git" "clone" "/workspace/cache/git-repos/https%3A%2F%2Fgithub.com%2Feisenhaus335%2Frockety_backend" "/workspace/builds/worker-1-tc1/source", kill_on_drop: false }`
[INFO] [stderr] Cloning into '/workspace/builds/worker-1-tc1/source'...
[INFO] [stderr] done.
[INFO] validating manifest of git repo https://github.com/eisenhaus335/rockety_backend on toolchain 1.69.0
[INFO] running `Command { std: CARGO_HOME="/workspace/cargo-home" RUSTUP_HOME="/workspace/rustup-home" "/workspace/cargo-home/bin/cargo" "+1.69.0" "metadata" "--manifest-path" "Cargo.toml" "--no-deps", kill_on_drop: false }`
[INFO] started tweaking git repo https://github.com/eisenhaus335/rockety_backend
[INFO] finished tweaking git repo https://github.com/eisenhaus335/rockety_backend
[INFO] tweaked toml for git repo https://github.com/eisenhaus335/rockety_backend written to /workspace/builds/worker-1-tc1/source/Cargo.toml
[INFO] crate git repo https://github.com/eisenhaus335/rockety_backend already has a lockfile, it will not be regenerated
[INFO] running `Command { std: CARGO_HOME="/workspace/cargo-home" RUSTUP_HOME="/workspace/rustup-home" "/workspace/cargo-home/bin/cargo" "+1.69.0" "fetch" "--manifest-path" "Cargo.toml", kill_on_drop: false }`
[INFO] [stderr]  Downloading crates ...
[INFO] [stderr]   Downloaded bcrypt v0.10.0
[INFO] [stderr]   Downloaded libsqlite3-sys v0.9.1
[INFO] running `Command { std: "docker" "create" "-v" "/var/lib/crater-agent-workspace/builds/worker-1-tc1/target:/opt/rustwide/target:rw,Z" "-v" "/var/lib/crater-agent-workspace/builds/worker-1-tc1/source:/opt/rustwide/workdir:ro,Z" "-v" "/var/lib/crater-agent-workspace/cargo-home:/opt/rustwide/cargo-home:ro,Z" "-v" "/var/lib/crater-agent-workspace/rustup-home:/opt/rustwide/rustup-home:ro,Z" "-e" "SOURCE_DIR=/opt/rustwide/workdir" "-e" "CARGO_TARGET_DIR=/opt/rustwide/target" "-e" "CARGO_HOME=/opt/rustwide/cargo-home" "-e" "RUSTUP_HOME=/opt/rustwide/rustup-home" "-w" "/opt/rustwide/workdir" "-m" "1610612736" "--user" "0:0" "--network" "none" "ghcr.io/rust-lang/crates-build-env/linux@sha256:5ff2268d62e97bff2cde7d5815dd6ed5b47097566f13b8d0ca110b04b60e07ed" "/opt/rustwide/cargo-home/bin/cargo" "+1.69.0" "metadata" "--no-deps" "--format-version=1", kill_on_drop: false }`
[INFO] [stdout] 8b193919b8a2d2715f738bbc98c9c1326f047939aea367f691ce29615d2a218c
[INFO] running `Command { std: "docker" "start" "-a" "8b193919b8a2d2715f738bbc98c9c1326f047939aea367f691ce29615d2a218c", kill_on_drop: false }`
[INFO] running `Command { std: "docker" "inspect" "8b193919b8a2d2715f738bbc98c9c1326f047939aea367f691ce29615d2a218c", kill_on_drop: false }`
[INFO] running `Command { std: "docker" "rm" "-f" "8b193919b8a2d2715f738bbc98c9c1326f047939aea367f691ce29615d2a218c", kill_on_drop: false }`
[INFO] [stdout] 8b193919b8a2d2715f738bbc98c9c1326f047939aea367f691ce29615d2a218c
[INFO] running `Command { std: "docker" "create" "-v" "/var/lib/crater-agent-workspace/builds/worker-1-tc1/target:/opt/rustwide/target:rw,Z" "-v" "/var/lib/crater-agent-workspace/builds/worker-1-tc1/source:/opt/rustwide/workdir:ro,Z" "-v" "/var/lib/crater-agent-workspace/cargo-home:/opt/rustwide/cargo-home:ro,Z" "-v" "/var/lib/crater-agent-workspace/rustup-home:/opt/rustwide/rustup-home:ro,Z" "-e" "SOURCE_DIR=/opt/rustwide/workdir" "-e" "CARGO_TARGET_DIR=/opt/rustwide/target" "-e" "CARGO_INCREMENTAL=0" "-e" "RUST_BACKTRACE=full" "-e" "RUSTFLAGS=--cap-lints=warn" "-e" "RUSTDOCFLAGS=--cap-lints=warn" "-e" "CARGO_HOME=/opt/rustwide/cargo-home" "-e" "RUSTUP_HOME=/opt/rustwide/rustup-home" "-w" "/opt/rustwide/workdir" "-m" "1610612736" "--user" "0:0" "--network" "none" "ghcr.io/rust-lang/crates-build-env/linux@sha256:5ff2268d62e97bff2cde7d5815dd6ed5b47097566f13b8d0ca110b04b60e07ed" "/opt/rustwide/cargo-home/bin/cargo" "+1.69.0" "build" "--frozen" "--message-format=json", kill_on_drop: false }`
[INFO] [stdout] 2d416306eda8eae4aabb154d7dc388a02e41f6347c605ccac983ee7dc6f7d361
[INFO] running `Command { std: "docker" "start" "-a" "2d416306eda8eae4aabb154d7dc388a02e41f6347c605ccac983ee7dc6f7d361", kill_on_drop: false }`
[INFO] [stderr]    Compiling version_check v0.9.3
[INFO] [stderr]    Compiling proc-macro2 v1.0.27
[INFO] [stderr]    Compiling unicode-xid v0.2.2
[INFO] [stderr]    Compiling syn v1.0.73
[INFO] [stderr]    Compiling libc v0.2.98
[INFO] [stderr]    Compiling typenum v1.13.0
[INFO] [stderr]    Compiling memchr v2.4.0
[INFO] [stderr]    Compiling futures-core v0.3.15
[INFO] [stderr]    Compiling log v0.4.14
[INFO] [stderr]    Compiling serde_derive v1.0.126
[INFO] [stderr]    Compiling pin-project-lite v0.2.7
[INFO] [stderr]    Compiling serde v1.0.126
[INFO] [stderr]    Compiling yansi v0.5.0
[INFO] [stderr]    Compiling opaque-debug v0.3.0
[INFO] [stderr]    Compiling futures-macro v0.3.15
[INFO] [stderr]    Compiling futures-task v0.3.15
[INFO] [stderr]    Compiling bytes v1.0.1
[INFO] [stderr]    Compiling futures-channel v0.3.15
[INFO] [stderr]    Compiling futures-sink v0.3.15
[INFO] [stderr]    Compiling subtle v2.4.0
[INFO] [stderr]    Compiling proc-macro-nested v0.1.7
[INFO] [stderr]    Compiling tokio v1.8.1
[INFO] [stderr]    Compiling futures-util v0.3.15
[INFO] [stderr]    Compiling generic-array v0.14.4
[INFO] [stderr]    Compiling proc-macro2-diagnostics v0.9.1
[INFO] [stderr]    Compiling standback v0.2.17
[INFO] [stderr]    Compiling itoa v0.4.7
[INFO] [stderr]    Compiling futures-io v0.3.15
[INFO] [stderr]    Compiling slab v0.4.3
[INFO] [stderr]    Compiling once_cell v1.8.0
[INFO] [stderr]    Compiling instant v0.1.9
[INFO] [stderr]    Compiling smallvec v1.6.1
[INFO] [stderr]    Compiling bitflags v1.2.1
[INFO] [stderr]    Compiling http v0.2.4
[INFO] [stderr]    Compiling lock_api v0.4.4
[INFO] [stderr]    Compiling indexmap v1.7.0
[INFO] [stderr]    Compiling const_fn v0.4.8
[INFO] [stderr]    Compiling cpuid-bool v0.2.0
[INFO] [stderr]    Compiling httparse v1.4.1
[INFO] [stderr]    Compiling ppv-lite86 v0.2.10
[INFO] [stderr]    Compiling tracing-core v0.1.18
[INFO] [stderr]    Compiling time v0.2.27
[INFO] [stderr]    Compiling uncased v0.9.6
[INFO] [stderr]    Compiling quote v1.0.9
[INFO] [stderr]    Compiling hashbrown v0.11.2
[INFO] [stderr]    Compiling cookie v0.15.0
[INFO] [stderr]    Compiling cpufeatures v0.1.5
[INFO] [stderr]    Compiling getrandom v0.2.3
[INFO] [stderr]    Compiling mio v0.7.13
[INFO] [stderr]    Compiling num_cpus v1.13.0
[INFO] [stderr]    Compiling signal-hook-registry v1.4.0
[INFO] [stderr]    Compiling parking_lot_core v0.8.3
[INFO] [stderr]    Compiling rand_core v0.6.3
[INFO] [stderr]    Compiling tracing v0.1.26
[INFO] [stderr]    Compiling ref-cast v1.0.6
[INFO] [stderr]    Compiling base64 v0.13.0
[INFO] [stderr]    Compiling parking_lot v0.11.1
[INFO] [stderr]    Compiling inlinable_string v0.1.14
[INFO] [stderr]    Compiling rand_chacha v0.3.1
[INFO] [stderr]    Compiling want v0.3.0
[INFO] [stderr]    Compiling socket2 v0.4.0
[INFO] [stderr]    Compiling mime v0.3.16
[INFO] [stderr]    Compiling tower-service v0.3.1
[INFO] [stderr]    Compiling encoding_rs v0.8.28
[INFO] [stderr]    Compiling httpdate v1.0.1
[INFO] [stderr]    Compiling libsqlite3-sys v0.9.1
[INFO] [stderr]    Compiling stable-pattern v0.1.0
[INFO] [stderr]    Compiling rand v0.8.4
[INFO] [stderr]    Compiling multer v2.0.0
[INFO] [stderr]    Compiling figment v0.10.6
[INFO] [stderr]    Compiling atomic v0.5.0
[INFO] [stderr]    Compiling cipher v0.2.5
[INFO] [stderr]    Compiling universal-hash v0.4.0
[INFO] [stderr]    Compiling digest v0.9.0
[INFO] [stderr]    Compiling crypto-mac v0.10.0
[INFO] [stderr]    Compiling polyval v0.4.5
[INFO] [stderr]    Compiling block-buffer v0.9.0
[INFO] [stderr]    Compiling aead v0.3.2
[INFO] [stderr]    Compiling convert_case v0.4.0
[INFO] [stderr]    Compiling serde_json v1.0.64
[INFO] [stderr]    Compiling unchecked-index v0.2.2
[INFO] [stderr]    Compiling state v0.5.2
[INFO] [stderr]    Compiling aes-soft v0.6.4
[INFO] [stderr]    Compiling ctr v0.6.0
[INFO] [stderr]    Compiling either v1.6.1
[INFO] [stderr]    Compiling hmac v0.10.1
[INFO] [stderr]    Compiling async-trait v0.1.50
[INFO] [stderr]    Compiling sha2 v0.9.5
[INFO] [stderr]    Compiling ghash v0.3.1
[INFO] [stderr]    Compiling twoway v0.2.2
[INFO] [stderr]    Compiling hkdf v0.10.0
[INFO] [stderr]    Compiling ryu v1.0.5
[INFO] [stderr]    Compiling scheduled-thread-pool v0.2.5
[INFO] [stderr]    Compiling rocket v0.5.0-rc.1
[INFO] [stderr]    Compiling aes v0.6.0
[INFO] [stderr]    Compiling glob v0.3.0
[INFO] [stderr]    Compiling aes-gcm v0.8.0
[INFO] [stderr]    Compiling http-body v0.4.2
[INFO] [stderr]    Compiling spin v0.9.1
[INFO] [stderr]    Compiling remove_dir_all v0.5.3
[INFO] [stderr]    Compiling r2d2 v0.8.9
[INFO] [stderr]    Compiling cipher v0.3.0
[INFO] [stderr]    Compiling atty v0.2.14
[INFO] [stderr]    Compiling tempfile v3.2.0
[INFO] [stderr]    Compiling binascii v0.1.4
[INFO] [stderr]    Compiling blowfish v0.8.0
[INFO] [stderr]    Compiling bcrypt v0.10.0
[INFO] [stderr]    Compiling devise_core v0.3.0
[INFO] [stderr]    Compiling tokio-macros v1.3.0
[INFO] [stderr]    Compiling time-macros-impl v0.1.2
[INFO] [stderr]    Compiling pear_codegen v0.2.3
[INFO] [stderr]    Compiling ref-cast-impl v1.0.6
[INFO] [stderr]    Compiling derive_more v0.99.16
[INFO] [stderr]    Compiling async-stream-impl v0.3.2
[INFO] [stderr]    Compiling diesel_derives v1.4.1
[INFO] [stderr]    Compiling devise_codegen v0.3.0
[INFO] [stderr]    Compiling async-stream v0.3.2
[INFO] [stderr]    Compiling time-macros v0.1.1
[INFO] [stderr]    Compiling devise v0.3.0
[INFO] [stderr]    Compiling pear v0.2.3
[INFO] [stderr]    Compiling rocket_sync_db_pools_codegen v0.1.0-rc.1
[INFO] [stderr]    Compiling diesel v1.4.7
[INFO] [stderr]    Compiling futures-executor v0.3.15
[INFO] [stderr]    Compiling futures v0.3.15
[INFO] [stderr]    Compiling tokio-util v0.6.7
[INFO] [stderr]    Compiling tokio-stream v0.1.7
[INFO] [stderr]    Compiling toml v0.5.8
[INFO] [stderr]    Compiling ubyte v0.10.1
[INFO] [stderr]    Compiling h2 v0.3.3
[INFO] [stderr]    Compiling hyper v0.14.10
[INFO] [stderr]    Compiling rocket_http v0.5.0-rc.1
[INFO] [stderr]    Compiling rocket_codegen v0.5.0-rc.1
[INFO] [stderr]    Compiling rocket_sync_db_pools v0.1.0-rc.1
[INFO] [stderr]    Compiling backend v0.1.0 (/opt/rustwide/workdir)
[INFO] [stdout] error[E0422]: cannot find struct, variant or union type `create` in this scope
[INFO] [stdout]   --> src/user.rs:63:40
[INFO] [stdout]    |
[INFO] [stdout] 63 |         rocket.mount("/users", routes![create])
[INFO] [stdout]    |                                        ^^^^^^ help: a struct with a similar name exists: `Created`
[INFO] [stdout]    |
[INFO] [stdout]   ::: /opt/rustwide/cargo-home/registry/src/github.com-1ecc6299db9ec823/rocket-0.5.0-rc.1/src/response/status.rs:54:1
[INFO] [stdout]    |
[INFO] [stdout] 54 | pub struct Created<R>(Cow<'static, str>, Option<R>, Option<u64>);
[INFO] [stdout]    | --------------------- similarly named struct `Created` defined here
[INFO] [stdout] 
[INFO] [stdout] 
[INFO] [stdout] warning: unused `#[macro_use]` import
[INFO] [stdout]  --> src/main.rs:2:1
[INFO] [stdout]   |
[INFO] [stdout] 2 | #[macro_use] extern crate rocket_sync_db_pools;
[INFO] [stdout]   | ^^^^^^^^^^^^
[INFO] [stdout]   |
[INFO] [stdout]   = note: `#[warn(unused_imports)]` on by default
[INFO] [stdout] 
[INFO] [stdout] 
[INFO] [stdout] warning: unused imports: `QueryDsl`, `RunQueryDsl`
[INFO] [stdout]  --> src/database.rs:1:14
[INFO] [stdout]   |
[INFO] [stdout] 1 | use diesel::{QueryDsl, RunQueryDsl};
[INFO] [stdout]   |              ^^^^^^^^  ^^^^^^^^^^^
[INFO] [stdout] 
[INFO] [stdout] 
[INFO] [stdout] warning: unused import: `Error`
[INFO] [stdout]  --> src/database.rs:2:14
[INFO] [stdout]   |
[INFO] [stdout] 2 | use rocket::{Error, fairing::AdHoc};
[INFO] [stdout]   |              ^^^^^
[INFO] [stdout] 
[INFO] [stdout] 
[INFO] [stdout] warning: unused imports: `Build`, `Rocket`
[INFO] [stdout]  --> src/database.rs:3:14
[INFO] [stdout]   |
[INFO] [stdout] 3 | use rocket::{Rocket, Build};
[INFO] [stdout]   |              ^^^^^^  ^^^^^
[INFO] [stdout] 
[INFO] [stdout] 
[INFO] [stdout] warning: unused imports: `Debug`, `status::Created`
[INFO] [stdout]  --> src/database.rs:4:24
[INFO] [stdout]   |
[INFO] [stdout] 4 | use rocket::response::{Debug, status::Created};
[INFO] [stdout]   |                        ^^^^^  ^^^^^^^^^^^^^^^
[INFO] [stdout] 
[INFO] [stdout] 
[INFO] [stdout] warning: unused imports: `Deserialize`, `Serialize`, `json::Json`
[INFO] [stdout]  --> src/database.rs:6:21
[INFO] [stdout]   |
[INFO] [stdout] 6 | use rocket::serde::{Serialize, Deserialize, json::Json};
[INFO] [stdout]   |                     ^^^^^^^^^  ^^^^^^^^^^^  ^^^^^^^^^^
[INFO] [stdout] 
[INFO] [stdout] 
[INFO] [stdout] warning: unused import: `rocket::figment::providers::Serialized`
[INFO] [stdout]  --> src/user.rs:2:5
[INFO] [stdout]   |
[INFO] [stdout] 2 | use rocket::figment::providers::Serialized;
[INFO] [stdout]   |     ^^^^^^^^^^^^^^^^^^^^^^^^^^^^^^^^^^^^^^
[INFO] [stdout] 
[INFO] [stdout] 
[INFO] [stdout] warning: unused import: `Created`
[INFO] [stdout]  --> src/user.rs:4:40
[INFO] [stdout]   |
[INFO] [stdout] 4 | use rocket::response::{Debug, status::{Created}};
[INFO] [stdout]   |                                        ^^^^^^^
[INFO] [stdout] 
[INFO] [stdout] 
[INFO] [stdout] warning: unused import: `json::Json`
[INFO] [stdout]  --> src/user.rs:5:45
[INFO] [stdout]   |
[INFO] [stdout] 5 | use rocket::serde::{Serialize, Deserialize, json::Json };
[INFO] [stdout]   |                                             ^^^^^^^^^^
[INFO] [stdout] 
[INFO] [stdout] 
[INFO] [stdout] error[E0282]: type annotations needed
[INFO] [stdout]   --> src/user.rs:33:18
[INFO] [stdout]    |
[INFO] [stdout] 33 |                 .first(conn);
[INFO] [stdout]    |                  ^^^^^ cannot infer type of the type parameter `U` declared on the method `first`
[INFO] [stdout]    |
[INFO] [stdout] help: consider specifying the generic argument
[INFO] [stdout]    |
[INFO] [stdout] 33 |                 .first::<U>(conn);
[INFO] [stdout]    |                       +++++
[INFO] [stdout] 
[INFO] [stdout] 
[INFO] [stdout] error[E0283]: type annotations needed
[INFO] [stdout]     --> src/user.rs:33:18
[INFO] [stdout]      |
[INFO] [stdout] 33   |                 .first(conn);
[INFO] [stdout]      |                  ^^^^^ ---- type must be known at this point
[INFO] [stdout]      |                  |
[INFO] [stdout]      |                  cannot infer type of the type parameter `U` declared on the method `first`
[INFO] [stdout]      |
[INFO] [stdout] note: multiple `impl`s satisfying `_: Queryable<(diesel::sql_types::Nullable<diesel::sql_types::Integer>, diesel::sql_types::Text, diesel::sql_types::Text), Sqlite>` found
[INFO] [stdout]     --> src/user.rs:43:48
[INFO] [stdout]      |
[INFO] [stdout] 43   | #[derive(Debug, Clone, Serialize, Deserialize, Queryable, Insertable)]
[INFO] [stdout]      |                                                ^^^^^^^^^
[INFO] [stdout]      = note: and more `impl`s found in the following crates: `diesel`:
[INFO] [stdout]              - impl<'a, T, ST, DB> Queryable<ST, DB> for Cow<'a, T>
[INFO] [stdout]                where T: 'a, T: ToOwned, DB: Backend, Cow<'a, T>: FromSqlRow<ST, DB>, T: ?Sized;
[INFO] [stdout]              - impl<A, B, C, SA, SB, SC, __DB> Queryable<(SA, SB, SC), __DB> for (A, B, C)
[INFO] [stdout]                where __DB: Backend, A: Queryable<SA, __DB>, B: Queryable<SB, __DB>, C: Queryable<SC, __DB>;
[INFO] [stdout]      = note: required for `SelectStatement<table, DefaultSelectClause, NoDistinctClause, WhereClause<Eq<id, Bound<..., ...>>>, ..., ...>` to implement `LoadQuery<SqliteConnection, _>`
[INFO] [stdout]      = note: the full type name has been written to '/opt/rustwide/target/debug/deps/backend-a29761444bc250f0.long-type-74740060804377959.txt'
[INFO] [stdout] note: required by a bound in `first`
[INFO] [stdout]     --> /opt/rustwide/cargo-home/registry/src/github.com-1ecc6299db9ec823/diesel-1.4.7/src/query_dsl/mod.rs:1343:22
[INFO] [stdout]      |
[INFO] [stdout] 1343 |         Limit<Self>: LoadQuery<Conn, U>,
[INFO] [stdout]      |                      ^^^^^^^^^^^^^^^^^^ required by this bound in `RunQueryDsl::first`
[INFO] [stdout]      = note: this error originates in the derive macro `Queryable` (in Nightly builds, run with -Z macro-backtrace for more info)
[INFO] [stdout] help: consider specifying the generic argument
[INFO] [stdout]      |
[INFO] [stdout] 33   |                 .first::<U>(conn);
[INFO] [stdout]      |                       +++++
[INFO] [stdout] 
[INFO] [stdout] 
[INFO] [stdout] error: aborting due to 3 previous errors; 9 warnings emitted
[INFO] [stdout] 
[INFO] [stdout] 
[INFO] [stdout] Some errors have detailed explanations: E0282, E0283, E0422.
[INFO] [stdout] 
[INFO] [stdout] For more information about an error, try `rustc --explain E0282`.
[INFO] [stdout] 
[INFO] [stderr] error: could not compile `backend` due to 4 previous errors; 9 warnings emitted
[INFO] running `Command { std: "docker" "inspect" "2d416306eda8eae4aabb154d7dc388a02e41f6347c605ccac983ee7dc6f7d361", kill_on_drop: false }`
[INFO] running `Command { std: "docker" "rm" "-f" "2d416306eda8eae4aabb154d7dc388a02e41f6347c605ccac983ee7dc6f7d361", kill_on_drop: false }`
[INFO] [stdout] 2d416306eda8eae4aabb154d7dc388a02e41f6347c605ccac983ee7dc6f7d361
