[INFO] cloning repository https://github.com/einsJannis/computer
[INFO] running `Command { std: "git" "-c" "credential.helper=" "-c" "credential.helper=/workspace/cargo-home/bin/git-credential-null" "clone" "--bare" "https://github.com/einsJannis/computer" "/workspace/cache/git-repos/https%3A%2F%2Fgithub.com%2FeinsJannis%2Fcomputer", kill_on_drop: false }`
[INFO] [stderr] Cloning into bare repository '/workspace/cache/git-repos/https%3A%2F%2Fgithub.com%2FeinsJannis%2Fcomputer'...
[INFO] running `Command { std: "git" "rev-parse" "HEAD", kill_on_drop: false }`
[INFO] [stdout] 38d359ce7e3ca944708aceb4d50a1fd9008baa12
[INFO] testing einsJannis/computer against 1.69.0 for beta-1.70-1
[INFO] running `Command { std: "git" "clone" "/workspace/cache/git-repos/https%3A%2F%2Fgithub.com%2FeinsJannis%2Fcomputer" "/workspace/builds/worker-6-tc1/source", kill_on_drop: false }`
[INFO] [stderr] Cloning into '/workspace/builds/worker-6-tc1/source'...
[INFO] [stderr] done.
[INFO] validating manifest of git repo https://github.com/einsJannis/computer on toolchain 1.69.0
[INFO] running `Command { std: CARGO_HOME="/workspace/cargo-home" RUSTUP_HOME="/workspace/rustup-home" "/workspace/cargo-home/bin/cargo" "+1.69.0" "metadata" "--manifest-path" "Cargo.toml" "--no-deps", kill_on_drop: false }`
[INFO] started tweaking git repo https://github.com/einsJannis/computer
[INFO] finished tweaking git repo https://github.com/einsJannis/computer
[INFO] tweaked toml for git repo https://github.com/einsJannis/computer written to /workspace/builds/worker-6-tc1/source/Cargo.toml
[INFO] crate git repo https://github.com/einsJannis/computer already has a lockfile, it will not be regenerated
[INFO] running `Command { std: CARGO_HOME="/workspace/cargo-home" RUSTUP_HOME="/workspace/rustup-home" "/workspace/cargo-home/bin/cargo" "+1.69.0" "fetch" "--manifest-path" "Cargo.toml", kill_on_drop: false }`
[INFO] [stderr]     Updating git repository `https://github.com/einsjannis/rpc`
[INFO] running `Command { std: "docker" "create" "-v" "/var/lib/crater-agent-workspace/builds/worker-6-tc1/target:/opt/rustwide/target:rw,Z" "-v" "/var/lib/crater-agent-workspace/builds/worker-6-tc1/source:/opt/rustwide/workdir:ro,Z" "-v" "/var/lib/crater-agent-workspace/cargo-home:/opt/rustwide/cargo-home:ro,Z" "-v" "/var/lib/crater-agent-workspace/rustup-home:/opt/rustwide/rustup-home:ro,Z" "-e" "SOURCE_DIR=/opt/rustwide/workdir" "-e" "CARGO_TARGET_DIR=/opt/rustwide/target" "-e" "CARGO_HOME=/opt/rustwide/cargo-home" "-e" "RUSTUP_HOME=/opt/rustwide/rustup-home" "-w" "/opt/rustwide/workdir" "-m" "1610612736" "--user" "0:0" "--network" "none" "ghcr.io/rust-lang/crates-build-env/linux@sha256:5ff2268d62e97bff2cde7d5815dd6ed5b47097566f13b8d0ca110b04b60e07ed" "/opt/rustwide/cargo-home/bin/cargo" "+1.69.0" "metadata" "--no-deps" "--format-version=1", kill_on_drop: false }`
[INFO] [stdout] 9428ddb2db48c737f0434150b14c3610e8a5c2f579cd85c331f74591274741c9
[INFO] running `Command { std: "docker" "start" "-a" "9428ddb2db48c737f0434150b14c3610e8a5c2f579cd85c331f74591274741c9", kill_on_drop: false }`
[INFO] running `Command { std: "docker" "inspect" "9428ddb2db48c737f0434150b14c3610e8a5c2f579cd85c331f74591274741c9", kill_on_drop: false }`
[INFO] running `Command { std: "docker" "rm" "-f" "9428ddb2db48c737f0434150b14c3610e8a5c2f579cd85c331f74591274741c9", kill_on_drop: false }`
[INFO] [stdout] 9428ddb2db48c737f0434150b14c3610e8a5c2f579cd85c331f74591274741c9
[INFO] running `Command { std: "docker" "create" "-v" "/var/lib/crater-agent-workspace/builds/worker-6-tc1/target:/opt/rustwide/target:rw,Z" "-v" "/var/lib/crater-agent-workspace/builds/worker-6-tc1/source:/opt/rustwide/workdir:ro,Z" "-v" "/var/lib/crater-agent-workspace/cargo-home:/opt/rustwide/cargo-home:ro,Z" "-v" "/var/lib/crater-agent-workspace/rustup-home:/opt/rustwide/rustup-home:ro,Z" "-e" "SOURCE_DIR=/opt/rustwide/workdir" "-e" "CARGO_TARGET_DIR=/opt/rustwide/target" "-e" "CARGO_INCREMENTAL=0" "-e" "RUST_BACKTRACE=full" "-e" "RUSTFLAGS=--cap-lints=warn" "-e" "RUSTDOCFLAGS=--cap-lints=warn" "-e" "CARGO_HOME=/opt/rustwide/cargo-home" "-e" "RUSTUP_HOME=/opt/rustwide/rustup-home" "-w" "/opt/rustwide/workdir" "-m" "1610612736" "--user" "0:0" "--network" "none" "ghcr.io/rust-lang/crates-build-env/linux@sha256:5ff2268d62e97bff2cde7d5815dd6ed5b47097566f13b8d0ca110b04b60e07ed" "/opt/rustwide/cargo-home/bin/cargo" "+1.69.0" "build" "--frozen" "--message-format=json", kill_on_drop: false }`
[INFO] [stdout] 951339d5b61311831f3228de2feb55c75a386a6c0056851989b7c17350debf7a
[INFO] running `Command { std: "docker" "start" "-a" "951339d5b61311831f3228de2feb55c75a386a6c0056851989b7c17350debf7a", kill_on_drop: false }`
[INFO] [stderr]    Compiling rpc v0.1.0 (https://github.com/einsjannis/rpc#26c908f5)
[INFO] [stderr]    Compiling computer_emulator v0.1.0 (/opt/rustwide/workdir/computer_emulator)
[INFO] [stdout] error[E0425]: cannot find value `content_orgin` in this scope
[INFO] [stdout]   --> /opt/rustwide/cargo-home/git/checkouts/rpc-85592123ecc9275d/26c908f/src/lexer/mod.rs:67:34
[INFO] [stdout]    |
[INFO] [stdout] 67 |                 origin: Box::new(content_orgin)
[INFO] [stdout]    |                                  ^^^^^^^^^^^^^ help: a local variable with a similar name exists: `content_origin`
[INFO] [stdout] 
[INFO] [stdout] 
[INFO] [stdout] error[E0425]: cannot find value `H` in module `register`
[INFO] [stdout]   --> computer_emulator/src/main.rs:52:30
[INFO] [stdout]    |
[INFO] [stdout] 52 |         self.reg16(register::H)
[INFO] [stdout]    |                              ^ not found in `register`
[INFO] [stdout] 
[INFO] [stdout] 
[INFO] [stdout] warning: unused import: `std::intrinsics::unreachable`
[INFO] [stdout]  --> computer_emulator/src/main.rs:1:5
[INFO] [stdout]   |
[INFO] [stdout] 1 | use std::intrinsics::unreachable;
[INFO] [stdout]   |     ^^^^^^^^^^^^^^^^^^^^^^^^^^^^
[INFO] [stdout]   |
[INFO] [stdout]   = note: `#[warn(unused_imports)]` on by default
[INFO] [stdout] 
[INFO] [stdout] 
[INFO] [stdout] warning: unused imports: `HIGH`, `PC_H`
[INFO] [stdout]  --> computer_emulator/src/main.rs:2:23
[INFO] [stdout]   |
[INFO] [stdout] 2 | use crate::register::{HIGH, PC_H};
[INFO] [stdout]   |                       ^^^^  ^^^^
[INFO] [stdout] 
[INFO] [stdout] 
[INFO] [stdout] error[E0658]: use of unstable library feature 'core_intrinsics': intrinsics are unlikely to ever be stabilized, instead they should be used through stabilized interfaces in the rest of the standard library
[INFO] [stdout]  --> computer_emulator/src/main.rs:1:5
[INFO] [stdout]   |
[INFO] [stdout] 1 | use std::intrinsics::unreachable;
[INFO] [stdout]   |     ^^^^^^^^^^^^^^^^^^^^^^^^^^^^
[INFO] [stdout] 
[INFO] [stdout] 
[INFO] [stdout] error[E0614]: type `{integer}` cannot be dereferenced
[INFO] [stdout]   --> computer_emulator/src/main.rs:30:23
[INFO] [stdout]    |
[INFO] [stdout] 30 |     registers: [u8; 2**3],
[INFO] [stdout]    |                       ^^
[INFO] [stdout] 
[INFO] [stdout] 
[INFO] [stdout] error[E0614]: type `{integer}` cannot be dereferenced
[INFO] [stdout]   --> computer_emulator/src/main.rs:31:17
[INFO] [stdout]    |
[INFO] [stdout] 31 |     ram: [u8; 2**16],
[INFO] [stdout]    |                 ^^^
[INFO] [stdout] 
[INFO] [stdout] 
[INFO] [stdout] error[E0614]: type `{integer}` cannot be dereferenced
[INFO] [stdout]   --> computer_emulator/src/main.rs:32:19
[INFO] [stdout]    |
[INFO] [stdout] 32 |     stack: [u8; 2**8]
[INFO] [stdout]    |                   ^^
[INFO] [stdout] 
[INFO] [stdout] 
[INFO] [stdout] error[E0277]: the size for values of type `(dyn ContentOrigin + 'static)` cannot be known at compilation time
[INFO] [stdout]   --> /opt/rustwide/cargo-home/git/checkouts/rpc-85592123ecc9275d/26c908f/src/lib.rs:23:13
[INFO] [stdout]    |
[INFO] [stdout] 23 |     origin: dyn ContentOrigin,
[INFO] [stdout]    |             ^^^^^^^^^^^^^^^^^ doesn't have a size known at compile-time
[INFO] [stdout]    |
[INFO] [stdout]    = help: the trait `Sized` is not implemented for `(dyn ContentOrigin + 'static)`
[INFO] [stdout]    = note: only the last field of a struct may have a dynamically sized type
[INFO] [stdout]    = help: change the field's type to have a statically known size
[INFO] [stdout] help: borrowed types always have a statically known size
[INFO] [stdout]    |
[INFO] [stdout] 23 |     origin: &dyn ContentOrigin,
[INFO] [stdout]    |             +
[INFO] [stdout] help: the `Box` type always has a statically known size and allocates its contents in the heap
[INFO] [stdout]    |
[INFO] [stdout] 23 |     origin: Box<dyn ContentOrigin>,
[INFO] [stdout]    |             ++++                 +
[INFO] [stdout] 
[INFO] [stdout] 
[INFO] [stdout] error: aborting due to 5 previous errors; 2 warnings emitted
[INFO] [stdout] 
[INFO] [stdout] 
[INFO] [stdout] Some errors have detailed explanations: E0425, E0614, E0658.
[INFO] [stdout] 
[INFO] [stdout] For more information about an error, try `rustc --explain E0425`.
[INFO] [stdout] 
[INFO] [stderr] error: could not compile `computer_emulator` due to 6 previous errors; 2 warnings emitted
[INFO] [stderr] warning: build failed, waiting for other jobs to finish...
[INFO] [stdout] error[E0277]: the size for values of type `Self` cannot be known at compilation time
[INFO] [stdout]   --> /opt/rustwide/cargo-home/git/checkouts/rpc-85592123ecc9275d/26c908f/src/parser/mod.rs:17:45
[INFO] [stdout]    |
[INFO] [stdout] 17 |     fn parse(tokens: &mut TokenIterator) -> Result<(ContentLocation, Self), ParseError>;
[INFO] [stdout]    |                                             ^^^^^^^^^^^^^^^^^^^^^^^^^^^^^^^^^^^^^^^^^^^ doesn't have a size known at compile-time
[INFO] [stdout]    |
[INFO] [stdout]    = note: required because it appears within the type `(ContentLocation, Self)`
[INFO] [stdout] note: required by a bound in `Result`
[INFO] [stdout]   --> /rustc/84c898d65adf2f39a5a98507f1fe0ce10a2b8dbc/library/core/src/result.rs:503:1
[INFO] [stdout] help: consider further restricting `Self`
[INFO] [stdout]    |
[INFO] [stdout] 17 |     fn parse(tokens: &mut TokenIterator) -> Result<(ContentLocation, Self), ParseError> where Self: Sized;
[INFO] [stdout]    |                                                                                         +++++++++++++++++
[INFO] [stdout] 
[INFO] [stdout] 
[INFO] [stdout] error: aborting due to 3 previous errors
[INFO] [stdout] 
[INFO] [stdout] 
[INFO] [stdout] Some errors have detailed explanations: E0277, E0425.
[INFO] [stdout] 
[INFO] [stdout] For more information about an error, try `rustc --explain E0277`.
[INFO] [stdout] 
[INFO] [stderr] error: could not compile `rpc` due to 4 previous errors
[INFO] running `Command { std: "docker" "inspect" "951339d5b61311831f3228de2feb55c75a386a6c0056851989b7c17350debf7a", kill_on_drop: false }`
[INFO] running `Command { std: "docker" "rm" "-f" "951339d5b61311831f3228de2feb55c75a386a6c0056851989b7c17350debf7a", kill_on_drop: false }`
[INFO] [stdout] 951339d5b61311831f3228de2feb55c75a386a6c0056851989b7c17350debf7a
