[INFO] cloning repository https://github.com/eightys3v3n/word_processor
[INFO] running `Command { std: "git" "-c" "credential.helper=" "-c" "credential.helper=/workspace/cargo-home/bin/git-credential-null" "clone" "--bare" "https://github.com/eightys3v3n/word_processor" "/workspace/cache/git-repos/https%3A%2F%2Fgithub.com%2Feightys3v3n%2Fword_processor", kill_on_drop: false }`
[INFO] [stderr] Cloning into bare repository '/workspace/cache/git-repos/https%3A%2F%2Fgithub.com%2Feightys3v3n%2Fword_processor'...
[INFO] running `Command { std: "git" "rev-parse" "HEAD", kill_on_drop: false }`
[INFO] [stdout] ee2f968432de5ec55d0c86825131db03043c170e
[INFO] testing eightys3v3n/word_processor against beta-2023-04-20 for beta-1.70-1
[INFO] running `Command { std: "git" "clone" "/workspace/cache/git-repos/https%3A%2F%2Fgithub.com%2Feightys3v3n%2Fword_processor" "/workspace/builds/worker-7-tc2/source", kill_on_drop: false }`
[INFO] [stderr] Cloning into '/workspace/builds/worker-7-tc2/source'...
[INFO] [stderr] done.
[INFO] validating manifest of git repo https://github.com/eightys3v3n/word_processor on toolchain beta-2023-04-20
[INFO] running `Command { std: CARGO_HOME="/workspace/cargo-home" RUSTUP_HOME="/workspace/rustup-home" "/workspace/cargo-home/bin/cargo" "+beta-2023-04-20" "metadata" "--manifest-path" "Cargo.toml" "--no-deps", kill_on_drop: false }`
[INFO] started tweaking git repo https://github.com/eightys3v3n/word_processor
[INFO] finished tweaking git repo https://github.com/eightys3v3n/word_processor
[INFO] tweaked toml for git repo https://github.com/eightys3v3n/word_processor written to /workspace/builds/worker-7-tc2/source/Cargo.toml
[INFO] crate git repo https://github.com/eightys3v3n/word_processor already has a lockfile, it will not be regenerated
[INFO] running `Command { std: CARGO_HOME="/workspace/cargo-home" RUSTUP_HOME="/workspace/rustup-home" "/workspace/cargo-home/bin/cargo" "+beta-2023-04-20" "fetch" "--manifest-path" "Cargo.toml", kill_on_drop: false }`
[INFO] running `Command { std: "docker" "create" "-v" "/var/lib/crater-agent-workspace/builds/worker-7-tc2/target:/opt/rustwide/target:rw,Z" "-v" "/var/lib/crater-agent-workspace/builds/worker-7-tc2/source:/opt/rustwide/workdir:ro,Z" "-v" "/var/lib/crater-agent-workspace/cargo-home:/opt/rustwide/cargo-home:ro,Z" "-v" "/var/lib/crater-agent-workspace/rustup-home:/opt/rustwide/rustup-home:ro,Z" "-e" "SOURCE_DIR=/opt/rustwide/workdir" "-e" "CARGO_TARGET_DIR=/opt/rustwide/target" "-e" "CARGO_HOME=/opt/rustwide/cargo-home" "-e" "RUSTUP_HOME=/opt/rustwide/rustup-home" "-w" "/opt/rustwide/workdir" "-m" "1610612736" "--user" "0:0" "--network" "none" "ghcr.io/rust-lang/crates-build-env/linux@sha256:5ff2268d62e97bff2cde7d5815dd6ed5b47097566f13b8d0ca110b04b60e07ed" "/opt/rustwide/cargo-home/bin/cargo" "+beta-2023-04-20" "metadata" "--no-deps" "--format-version=1", kill_on_drop: false }`
[INFO] [stdout] 2d1027aae161dfa6e05c9351e30dbca844c215ede60f3240761c63cb7375dc9f
[INFO] running `Command { std: "docker" "start" "-a" "2d1027aae161dfa6e05c9351e30dbca844c215ede60f3240761c63cb7375dc9f", kill_on_drop: false }`
[INFO] running `Command { std: "docker" "inspect" "2d1027aae161dfa6e05c9351e30dbca844c215ede60f3240761c63cb7375dc9f", kill_on_drop: false }`
[INFO] running `Command { std: "docker" "rm" "-f" "2d1027aae161dfa6e05c9351e30dbca844c215ede60f3240761c63cb7375dc9f", kill_on_drop: false }`
[INFO] [stdout] 2d1027aae161dfa6e05c9351e30dbca844c215ede60f3240761c63cb7375dc9f
[INFO] running `Command { std: "docker" "create" "-v" "/var/lib/crater-agent-workspace/builds/worker-7-tc2/target:/opt/rustwide/target:rw,Z" "-v" "/var/lib/crater-agent-workspace/builds/worker-7-tc2/source:/opt/rustwide/workdir:ro,Z" "-v" "/var/lib/crater-agent-workspace/cargo-home:/opt/rustwide/cargo-home:ro,Z" "-v" "/var/lib/crater-agent-workspace/rustup-home:/opt/rustwide/rustup-home:ro,Z" "-e" "SOURCE_DIR=/opt/rustwide/workdir" "-e" "CARGO_TARGET_DIR=/opt/rustwide/target" "-e" "CARGO_INCREMENTAL=0" "-e" "RUST_BACKTRACE=full" "-e" "RUSTFLAGS=--cap-lints=warn" "-e" "RUSTDOCFLAGS=--cap-lints=warn" "-e" "CARGO_HOME=/opt/rustwide/cargo-home" "-e" "RUSTUP_HOME=/opt/rustwide/rustup-home" "-w" "/opt/rustwide/workdir" "-m" "1610612736" "--user" "0:0" "--network" "none" "ghcr.io/rust-lang/crates-build-env/linux@sha256:5ff2268d62e97bff2cde7d5815dd6ed5b47097566f13b8d0ca110b04b60e07ed" "/opt/rustwide/cargo-home/bin/cargo" "+beta-2023-04-20" "build" "--frozen" "--message-format=json", kill_on_drop: false }`
[INFO] [stdout] 6dbc8b8bc0316f0fe62902cf1442196fc569837932c80274b0d7f508b9403a83
[INFO] running `Command { std: "docker" "start" "-a" "6dbc8b8bc0316f0fe62902cf1442196fc569837932c80274b0d7f508b9403a83", kill_on_drop: false }`
[INFO] [stderr]    Compiling libc v0.2.66
[INFO] [stderr]    Compiling memchr v2.3.3
[INFO] [stderr]    Compiling bitflags v1.2.1
[INFO] [stderr]    Compiling unicode-width v0.1.7
[INFO] [stderr]    Compiling lazy_static v1.4.0
[INFO] [stderr]    Compiling ansi_term v0.11.0
[INFO] [stderr]    Compiling vec_map v0.8.1
[INFO] [stderr]    Compiling strsim v0.8.0
[INFO] [stderr]    Compiling regex-syntax v0.6.16
[INFO] [stderr]    Compiling textwrap v0.11.0
[INFO] [stderr]    Compiling thread_local v1.0.1
[INFO] [stderr]    Compiling aho-corasick v0.7.10
[INFO] [stderr]    Compiling atty v0.2.14
[INFO] [stderr]    Compiling clap v2.33.0
[INFO] [stderr]    Compiling regex v1.3.4
[INFO] [stderr]    Compiling word_processor v0.1.0 (/opt/rustwide/workdir)
[INFO] [stdout] warning: unused import: `std::error::Error`
[INFO] [stdout]  --> src/file_system.rs:1:5
[INFO] [stdout]   |
[INFO] [stdout] 1 | use std::error::Error;
[INFO] [stdout]   |     ^^^^^^^^^^^^^^^^^
[INFO] [stdout]   |
[INFO] [stdout]   = note: `#[warn(unused_imports)]` on by default
[INFO] [stdout] 
[INFO] [stdout] 
[INFO] [stdout] warning: function `remove_contains_symbols` is never used
[INFO] [stdout]   --> src/processors.rs:50:8
[INFO] [stdout]    |
[INFO] [stdout] 50 | pub fn remove_contains_symbols(words: Vec<String>) -> Vec<String> {
[INFO] [stdout]    |        ^^^^^^^^^^^^^^^^^^^^^^^
[INFO] [stdout]    |
[INFO] [stdout]    = note: `#[warn(dead_code)]` on by default
[INFO] [stdout] 
[INFO] [stdout] 
[INFO] [stdout] warning: function `remove_lacking_symbols` is never used
[INFO] [stdout]   --> src/processors.rs:82:8
[INFO] [stdout]    |
[INFO] [stdout] 82 | pub fn remove_lacking_symbols(words: Vec<String>) -> Vec<String> {
[INFO] [stdout]    |        ^^^^^^^^^^^^^^^^^^^^^^
[INFO] [stdout] 
[INFO] [stdout] 
[INFO] [stdout] warning: 3 warnings emitted
[INFO] [stdout] 
[INFO] [stdout] 
[INFO] [stderr]     Finished dev [unoptimized + debuginfo] target(s) in 4.44s
[INFO] running `Command { std: "docker" "inspect" "6dbc8b8bc0316f0fe62902cf1442196fc569837932c80274b0d7f508b9403a83", kill_on_drop: false }`
[INFO] running `Command { std: "docker" "rm" "-f" "6dbc8b8bc0316f0fe62902cf1442196fc569837932c80274b0d7f508b9403a83", kill_on_drop: false }`
[INFO] [stdout] 6dbc8b8bc0316f0fe62902cf1442196fc569837932c80274b0d7f508b9403a83
[INFO] running `Command { std: "docker" "create" "-v" "/var/lib/crater-agent-workspace/builds/worker-7-tc2/target:/opt/rustwide/target:rw,Z" "-v" "/var/lib/crater-agent-workspace/builds/worker-7-tc2/source:/opt/rustwide/workdir:ro,Z" "-v" "/var/lib/crater-agent-workspace/cargo-home:/opt/rustwide/cargo-home:ro,Z" "-v" "/var/lib/crater-agent-workspace/rustup-home:/opt/rustwide/rustup-home:ro,Z" "-e" "SOURCE_DIR=/opt/rustwide/workdir" "-e" "CARGO_TARGET_DIR=/opt/rustwide/target" "-e" "CARGO_INCREMENTAL=0" "-e" "RUST_BACKTRACE=full" "-e" "RUSTFLAGS=--cap-lints=warn" "-e" "RUSTDOCFLAGS=--cap-lints=warn" "-e" "CARGO_HOME=/opt/rustwide/cargo-home" "-e" "RUSTUP_HOME=/opt/rustwide/rustup-home" "-w" "/opt/rustwide/workdir" "-m" "1610612736" "--user" "0:0" "--network" "none" "ghcr.io/rust-lang/crates-build-env/linux@sha256:5ff2268d62e97bff2cde7d5815dd6ed5b47097566f13b8d0ca110b04b60e07ed" "/opt/rustwide/cargo-home/bin/cargo" "+beta-2023-04-20" "test" "--frozen" "--no-run" "--message-format=json", kill_on_drop: false }`
[INFO] [stdout] 1089701a60efe83f2a241326ef45452e8b08092f80f524e67a4950a1b0df8582
[INFO] running `Command { std: "docker" "start" "-a" "1089701a60efe83f2a241326ef45452e8b08092f80f524e67a4950a1b0df8582", kill_on_drop: false }`
[INFO] [stderr]    Compiling word_processor v0.1.0 (/opt/rustwide/workdir)
[INFO] [stdout] warning: use of deprecated method `std::error::Error::description`: use the Display impl or to_string()
[INFO] [stdout]    --> src/file_system.rs:234:21
[INFO] [stdout]     |
[INFO] [stdout] 234 |                 why.description()
[INFO] [stdout]     |                     ^^^^^^^^^^^
[INFO] [stdout]     |
[INFO] [stdout]     = note: `#[warn(deprecated)]` on by default
[INFO] [stdout] 
[INFO] [stdout] 
[INFO] [stdout] warning: use of deprecated method `std::error::Error::description`: use the Display impl or to_string()
[INFO] [stdout]    --> src/file_system.rs:250:71
[INFO] [stdout]     |
[INFO] [stdout] 250 |             Err(why) => panic!("couldn't create {}: {}", display, why.description()),
[INFO] [stdout]     |                                                                       ^^^^^^^^^^^
[INFO] [stdout] 
[INFO] [stdout] 
[INFO] [stdout] warning: use of deprecated method `std::error::Error::description`: use the Display impl or to_string()
[INFO] [stdout]    --> src/file_system.rs:255:73
[INFO] [stdout]     |
[INFO] [stdout] 255 |             Err(why) => panic!("couldn't write to {}: {}", display, why.description()),
[INFO] [stdout]     |                                                                         ^^^^^^^^^^^
[INFO] [stdout] 
[INFO] [stdout] 
[INFO] [stdout] warning: use of deprecated method `std::error::Error::description`: use the Display impl or to_string()
[INFO] [stdout]    --> src/file_system.rs:265:21
[INFO] [stdout]     |
[INFO] [stdout] 265 |                 why.description()
[INFO] [stdout]     |                     ^^^^^^^^^^^
[INFO] [stdout] 
[INFO] [stdout] 
[INFO] [stdout] warning: use of deprecated method `std::error::Error::description`: use the Display impl or to_string()
[INFO] [stdout]    --> src/file_system.rs:292:21
[INFO] [stdout]     |
[INFO] [stdout] 292 |                 why.description()
[INFO] [stdout]     |                     ^^^^^^^^^^^
[INFO] [stdout] 
[INFO] [stdout] 
[INFO] [stdout] error[E0308]: mismatched types
[INFO] [stdout]    --> src/processors.rs:352:27
[INFO] [stdout]     |
[INFO] [stdout] 352 |         let prefix: str = "John ";
[INFO] [stdout]     |                     ---   ^^^^^^^ expected `str`, found `&str`
[INFO] [stdout]     |                     |
[INFO] [stdout]     |                     expected due to this
[INFO] [stdout] 
[INFO] [stdout] 
[INFO] [stdout] error[E0618]: expected function, found `str`
[INFO] [stdout]    --> src/processors.rs:353:22
[INFO] [stdout]     |
[INFO] [stdout] 352 |         let prefix: str = "John ";
[INFO] [stdout]     |             ------ `prefix` has type `str`
[INFO] [stdout] 353 |         let result = prefix(prefix, words);
[INFO] [stdout]     |                      ^^^^^^---------------
[INFO] [stdout]     |                      |
[INFO] [stdout]     |                      call expression requires function
[INFO] [stdout] 
[INFO] [stdout] 
[INFO] [stdout] error[E0277]: the size for values of type `str` cannot be known at compilation time
[INFO] [stdout]    --> src/processors.rs:352:13
[INFO] [stdout]     |
[INFO] [stdout] 352 |         let prefix: str = "John ";
[INFO] [stdout]     |             ^^^^^^ doesn't have a size known at compile-time
[INFO] [stdout]     |
[INFO] [stdout]     = help: the trait `Sized` is not implemented for `str`
[INFO] [stdout]     = note: all local variables must have a statically known size
[INFO] [stdout]     = help: unsized locals are gated as an unstable feature
[INFO] [stdout] help: consider borrowing here
[INFO] [stdout]     |
[INFO] [stdout] 352 |         let prefix: &str = "John ";
[INFO] [stdout]     |                     +
[INFO] [stdout] 
[INFO] [stdout] 
[INFO] [stdout] error: aborting due to 3 previous errors; 5 warnings emitted
[INFO] [stdout] 
[INFO] [stdout] 
[INFO] [stdout] Some errors have detailed explanations: E0277, E0308, E0618.
[INFO] [stdout] 
[INFO] [stdout] For more information about an error, try `rustc --explain E0277`.
[INFO] [stdout] 
[INFO] [stderr] error: could not compile `word_processor` (bin "word_processor" test) due to 4 previous errors; 5 warnings emitted
[INFO] running `Command { std: "docker" "inspect" "1089701a60efe83f2a241326ef45452e8b08092f80f524e67a4950a1b0df8582", kill_on_drop: false }`
[INFO] running `Command { std: "docker" "rm" "-f" "1089701a60efe83f2a241326ef45452e8b08092f80f524e67a4950a1b0df8582", kill_on_drop: false }`
[INFO] [stdout] 1089701a60efe83f2a241326ef45452e8b08092f80f524e67a4950a1b0df8582
