[INFO] cloning repository https://github.com/eigenein/my-iot-rs
[INFO] running `Command { std: "git" "-c" "credential.helper=" "-c" "credential.helper=/workspace/cargo-home/bin/git-credential-null" "clone" "--bare" "https://github.com/eigenein/my-iot-rs" "/workspace/cache/git-repos/https%3A%2F%2Fgithub.com%2Feigenein%2Fmy-iot-rs", kill_on_drop: false }`
[INFO] [stderr] Cloning into bare repository '/workspace/cache/git-repos/https%3A%2F%2Fgithub.com%2Feigenein%2Fmy-iot-rs'...
[INFO] running `Command { std: "git" "rev-parse" "HEAD", kill_on_drop: false }`
[INFO] [stdout] f1f8880d42fae35104cf41e1b239b6014fd42330
[INFO] testing eigenein/my-iot-rs against beta-2023-04-20 for beta-1.70-1
[INFO] running `Command { std: "git" "clone" "/workspace/cache/git-repos/https%3A%2F%2Fgithub.com%2Feigenein%2Fmy-iot-rs" "/workspace/builds/worker-3-tc2/source", kill_on_drop: false }`
[INFO] [stderr] Cloning into '/workspace/builds/worker-3-tc2/source'...
[INFO] [stderr] done.
[INFO] validating manifest of git repo https://github.com/eigenein/my-iot-rs on toolchain beta-2023-04-20
[INFO] running `Command { std: CARGO_HOME="/workspace/cargo-home" RUSTUP_HOME="/workspace/rustup-home" "/workspace/cargo-home/bin/cargo" "+beta-2023-04-20" "metadata" "--manifest-path" "Cargo.toml" "--no-deps", kill_on_drop: false }`
[INFO] started tweaking git repo https://github.com/eigenein/my-iot-rs
[INFO] finished tweaking git repo https://github.com/eigenein/my-iot-rs
[INFO] tweaked toml for git repo https://github.com/eigenein/my-iot-rs written to /workspace/builds/worker-3-tc2/source/Cargo.toml
[INFO] crate git repo https://github.com/eigenein/my-iot-rs already has a lockfile, it will not be regenerated
[INFO] running `Command { std: CARGO_HOME="/workspace/cargo-home" RUSTUP_HOME="/workspace/rustup-home" "/workspace/cargo-home/bin/cargo" "+beta-2023-04-20" "fetch" "--manifest-path" "Cargo.toml", kill_on_drop: false }`
[INFO] [stderr]     Updating crates.io index
[INFO] [stderr]  Downloading crates ...
[INFO] [stderr]   Downloaded sqlx-core v0.4.2
[INFO] [stderr]   Downloaded mdns v1.1.0
[INFO] [stderr]   Downloaded debugid v0.7.2
[INFO] [stderr]   Downloaded askama_shared v0.11.1
[INFO] [stderr]   Downloaded nom v6.1.0
[INFO] [stderr]   Downloaded simplelog v0.9.0
[INFO] [stderr]   Downloaded bitvec v0.19.4
[INFO] [stderr]   Downloaded async-rustls v0.1.2
[INFO] [stderr]   Downloaded sqlx-macros v0.4.2
[INFO] [stderr]   Downloaded rhai v0.18.3
[INFO] [stderr]   Downloaded sentry-anyhow v0.21.0
[INFO] [stderr]   Downloaded sentry-contexts v0.21.0
[INFO] [stderr]   Downloaded sentry-log v0.21.0
[INFO] [stderr]   Downloaded sentry-backtrace v0.21.0
[INFO] [stderr]   Downloaded sentry-types v0.21.0
[INFO] [stderr]   Downloaded sentry-core v0.21.0
[INFO] [stderr]   Downloaded sentry-panic v0.21.0
[INFO] [stderr]   Downloaded sentry v0.21.0
[INFO] [stderr]   Downloaded spa v0.2.0
[INFO] [stderr]   Downloaded sqlformat v0.1.5
[INFO] [stderr]   Downloaded sqlx-rt v0.2.0
[INFO] [stderr]   Downloaded sqlx v0.4.2
[INFO] running `Command { std: "docker" "create" "-v" "/var/lib/crater-agent-workspace/builds/worker-3-tc2/target:/opt/rustwide/target:rw,Z" "-v" "/var/lib/crater-agent-workspace/builds/worker-3-tc2/source:/opt/rustwide/workdir:ro,Z" "-v" "/var/lib/crater-agent-workspace/cargo-home:/opt/rustwide/cargo-home:ro,Z" "-v" "/var/lib/crater-agent-workspace/rustup-home:/opt/rustwide/rustup-home:ro,Z" "-e" "SOURCE_DIR=/opt/rustwide/workdir" "-e" "CARGO_TARGET_DIR=/opt/rustwide/target" "-e" "CARGO_HOME=/opt/rustwide/cargo-home" "-e" "RUSTUP_HOME=/opt/rustwide/rustup-home" "-w" "/opt/rustwide/workdir" "-m" "1610612736" "--user" "0:0" "--network" "none" "ghcr.io/rust-lang/crates-build-env/linux@sha256:5ff2268d62e97bff2cde7d5815dd6ed5b47097566f13b8d0ca110b04b60e07ed" "/opt/rustwide/cargo-home/bin/cargo" "+beta-2023-04-20" "metadata" "--no-deps" "--format-version=1", kill_on_drop: false }`
[INFO] [stdout] 149a59e6657714e303463d75e2fc4d76480b7fe6feec59d64ff0d7e512e276d7
[INFO] running `Command { std: "docker" "start" "-a" "149a59e6657714e303463d75e2fc4d76480b7fe6feec59d64ff0d7e512e276d7", kill_on_drop: false }`
[INFO] running `Command { std: "docker" "inspect" "149a59e6657714e303463d75e2fc4d76480b7fe6feec59d64ff0d7e512e276d7", kill_on_drop: false }`
[INFO] running `Command { std: "docker" "rm" "-f" "149a59e6657714e303463d75e2fc4d76480b7fe6feec59d64ff0d7e512e276d7", kill_on_drop: false }`
[INFO] [stdout] 149a59e6657714e303463d75e2fc4d76480b7fe6feec59d64ff0d7e512e276d7
[INFO] running `Command { std: "docker" "create" "-v" "/var/lib/crater-agent-workspace/builds/worker-3-tc2/target:/opt/rustwide/target:rw,Z" "-v" "/var/lib/crater-agent-workspace/builds/worker-3-tc2/source:/opt/rustwide/workdir:ro,Z" "-v" "/var/lib/crater-agent-workspace/cargo-home:/opt/rustwide/cargo-home:ro,Z" "-v" "/var/lib/crater-agent-workspace/rustup-home:/opt/rustwide/rustup-home:ro,Z" "-e" "SOURCE_DIR=/opt/rustwide/workdir" "-e" "CARGO_TARGET_DIR=/opt/rustwide/target" "-e" "CARGO_INCREMENTAL=0" "-e" "RUST_BACKTRACE=full" "-e" "RUSTFLAGS=--cap-lints=warn" "-e" "RUSTDOCFLAGS=--cap-lints=warn" "-e" "CARGO_HOME=/opt/rustwide/cargo-home" "-e" "RUSTUP_HOME=/opt/rustwide/rustup-home" "-w" "/opt/rustwide/workdir" "-m" "1610612736" "--user" "0:0" "--network" "none" "ghcr.io/rust-lang/crates-build-env/linux@sha256:5ff2268d62e97bff2cde7d5815dd6ed5b47097566f13b8d0ca110b04b60e07ed" "/opt/rustwide/cargo-home/bin/cargo" "+beta-2023-04-20" "build" "--frozen" "--message-format=json", kill_on_drop: false }`
[INFO] [stdout] b029bf2923a58edc7ec7134757a109f40a52c0e93bf9f62ec7c8b323d5d33931
[INFO] running `Command { std: "docker" "start" "-a" "b029bf2923a58edc7ec7134757a109f40a52c0e93bf9f62ec7c8b323d5d33931", kill_on_drop: false }`
[INFO] [stderr]    Compiling proc-macro2 v1.0.24
[INFO] [stderr]    Compiling unicode-xid v0.2.1
[INFO] [stderr]    Compiling syn v1.0.60
[INFO] [stderr]    Compiling libc v0.2.85
[INFO] [stderr]    Compiling version_check v0.9.2
[INFO] [stderr]    Compiling autocfg v1.0.1
[INFO] [stderr]    Compiling memchr v2.3.4
[INFO] [stderr]    Compiling value-bag v1.0.0-alpha.6
[INFO] [stderr]    Compiling log v0.4.14
[INFO] [stderr]    Compiling once_cell v1.5.2
[INFO] [stderr]    Compiling cc v1.0.66
[INFO] [stderr]    Compiling serde_derive v1.0.123
[INFO] [stderr]    Compiling serde v1.0.123
[INFO] [stderr]    Compiling typenum v1.12.0
[INFO] [stderr]    Compiling futures-core v0.3.12
[INFO] [stderr]    Compiling pkg-config v0.3.19
[INFO] [stderr]    Compiling itoa v0.4.7
[INFO] [stderr]    Compiling tinyvec_macros v0.1.0
[INFO] [stderr]    Compiling libm v0.2.1
[INFO] [stderr]    Compiling pin-project-lite v0.2.4
[INFO] [stderr]    Compiling ryu v1.0.5
[INFO] [stderr]    Compiling tinyvec v1.1.1
[INFO] [stderr]    Compiling futures-io v0.3.12
[INFO] [stderr]    Compiling generic-array v0.14.4
[INFO] [stderr]    Compiling num-traits v0.2.14
[INFO] [stderr]    Compiling serde_json v1.0.61
[INFO] [stderr]    Compiling getrandom v0.1.16
[INFO] [stderr]    Compiling futures-sink v0.3.12
[INFO] [stderr]    Compiling openssl-src v111.13.0+1.1.1i
[INFO] [stderr]    Compiling form_urlencoded v1.0.0
[INFO] [stderr]    Compiling num-integer v0.1.44
[INFO] [stderr]    Compiling futures-channel v0.3.12
[INFO] [stderr]    Compiling parking v2.0.0
[INFO] [stderr]    Compiling ppv-lite86 v0.2.10
[INFO] [stderr]    Compiling fastrand v1.4.0
[INFO] [stderr]    Compiling getrandom v0.2.2
[INFO] [stderr]    Compiling bytes v0.5.6
[INFO] [stderr]    Compiling waker-fn v1.1.0
[INFO] [stderr]    Compiling quote v1.0.8
[INFO] [stderr]    Compiling ahash v0.4.7
[INFO] [stderr]    Compiling futures-lite v1.11.3
[INFO] [stderr]    Compiling proc-macro-nested v0.1.7
[INFO] [stderr]    Compiling num_cpus v1.13.0
[INFO] [stderr]    Compiling unicode-normalization v0.1.16
[INFO] [stderr]    Compiling openssl-sys v0.9.60
[INFO] [stderr]    Compiling time v0.1.43
[INFO] [stderr]    Compiling cache-padded v1.1.1
[INFO] [stderr]    Compiling hashbrown v0.9.1
[INFO] [stderr]    Compiling rand_core v0.5.1
[INFO] [stderr]    Compiling concurrent-queue v1.2.2
[INFO] [stderr]    Compiling aho-corasick v0.7.15
[INFO] [stderr]    Compiling thread_local v1.1.2
[INFO] [stderr]    Compiling event-listener v2.5.1
[INFO] [stderr]    Compiling regex-syntax v0.6.22
[INFO] [stderr]    Compiling rand_chacha v0.2.2
[INFO] [stderr]    Compiling net2 v0.2.37
[INFO] [stderr]    Compiling iovec v0.1.4
[INFO] [stderr]    Compiling crossbeam-utils v0.8.1
[INFO] [stderr]    Compiling futures-task v0.3.12
[INFO] [stderr]    Compiling yansi v0.5.0
[INFO] [stderr]    Compiling idna v0.2.0
[INFO] [stderr]    Compiling rand v0.7.3
[INFO] [stderr]    Compiling byteorder v1.4.2
[INFO] [stderr]    Compiling base64 v0.12.3
[INFO] [stderr]    Compiling vec-arena v1.0.0
[INFO] [stderr]    Compiling pin-project-internal v0.4.27
[INFO] [stderr]    Compiling ring v0.16.20
[INFO] [stderr]    Compiling nb-connect v1.0.2
[INFO] [stderr]    Compiling indexmap v1.6.1
[INFO] [stderr]    Compiling async-task v4.0.3
[INFO] [stderr]    Compiling httparse v1.3.5
[INFO] [stderr]    Compiling radium v0.5.3
[INFO] [stderr]    Compiling subtle v2.4.0
[INFO] [stderr]    Compiling async-channel v1.5.1
[INFO] [stderr]    Compiling libz-sys v1.1.2
[INFO] [stderr]    Compiling libnghttp2-sys v0.1.5+1.42.0
[INFO] [stderr]    Compiling signal-hook-registry v1.3.0
[INFO] [stderr]    Compiling tracing-core v0.1.17
[INFO] [stderr]    Compiling bytes v1.0.1
[INFO] [stderr]    Compiling atomic-waker v1.0.0
[INFO] [stderr]    Compiling pin-project-lite v0.1.11
[INFO] [stderr]    Compiling lexical-core v0.7.4
[INFO] [stderr]    Compiling smallvec v1.6.1
[INFO] [stderr]    Compiling blocking v1.0.2
[INFO] [stderr]    Compiling signal-hook v0.1.17
[INFO] [stderr]    Compiling lock_api v0.4.2
[INFO] [stderr]    Compiling http v0.2.3
[INFO] [stderr]    Compiling async-executor v1.4.0
[INFO] [stderr]    Compiling async-mutex v1.4.0
[INFO] [stderr]    Compiling bitmaps v2.1.0
[INFO] [stderr]    Compiling im v15.0.0
[INFO] [stderr]    Compiling standback v0.2.14
[INFO] [stderr]    Compiling nom v6.1.0
[INFO] [stderr]    Compiling wyz v0.2.0
[INFO] [stderr]    Compiling funty v1.1.0
[INFO] [stderr]    Compiling arrayvec v0.5.2
[INFO] [stderr]    Compiling regex v1.4.3
[INFO] [stderr]    Compiling openssl-probe v0.1.2
[INFO] [stderr]    Compiling static_assertions v1.1.0
[INFO] [stderr]    Compiling tap v1.0.0
[INFO] [stderr]    Compiling cipher v0.2.5
[INFO] [stderr]    Compiling async-lock v2.3.0
[INFO] [stderr]    Compiling rand_xoshiro v0.4.0
[INFO] [stderr]    Compiling curl-sys v0.4.39+curl-7.74.0
[INFO] [stderr]    Compiling socket2 v0.3.19
[INFO] [stderr]    Compiling unicase v2.6.0
[INFO] [stderr]    Compiling bitvec v0.19.4
[INFO] [stderr]    Compiling sized-chunks v0.6.2
[INFO] [stderr]    Compiling universal-hash v0.4.0
[INFO] [stderr]    Compiling pear_codegen v0.1.4
[INFO] [stderr]    Compiling digest v0.9.0
[INFO] [stderr]    Compiling proc-macro-error-attr v1.0.4
[INFO] [stderr]    Compiling openssl v0.10.32
[INFO] [stderr]    Compiling const_fn v0.4.5
[INFO] [stderr]    Compiling anyhow v1.0.38
[INFO] [stderr]    Compiling foreign-types-shared v0.1.1
[INFO] [stderr]    Compiling foreign-types v0.3.2
[INFO] [stdout] error[E0308]: mismatched types
[INFO] [stdout]   --> /opt/rustwide/cargo-home/registry/src/index.crates.io-6f17d22bba15001f/lexical-core-0.7.4/src/atof/algorithm/bhcomp.rs:62:24
[INFO] [stdout]    |
[INFO] [stdout] 62 |     let bytes = bits / Limb::BITS;
[INFO] [stdout]    |                        ^^^^^^^^^^ expected `usize`, found `u32`
[INFO] [stdout] 
[INFO] [stdout] 
[INFO] [stdout] error[E0277]: cannot divide `usize` by `u32`
[INFO] [stdout]   --> /opt/rustwide/cargo-home/registry/src/index.crates.io-6f17d22bba15001f/lexical-core-0.7.4/src/atof/algorithm/bhcomp.rs:62:22
[INFO] [stdout]    |
[INFO] [stdout] 62 |     let bytes = bits / Limb::BITS;
[INFO] [stdout]    |                      ^ no implementation for `usize / u32`
[INFO] [stdout]    |
[INFO] [stdout]    = help: the trait `Div<u32>` is not implemented for `usize`
[INFO] [stdout]    = help: the following other types implement trait `Div<Rhs>`:
[INFO] [stdout]              <&'a usize as Div<usize>>
[INFO] [stdout]              <&usize as Div<&usize>>
[INFO] [stdout]              <usize as Div<&usize>>
[INFO] [stdout]              <usize as Div<NonZeroUsize>>
[INFO] [stdout]              <usize as Div>
[INFO] [stdout] 
[INFO] [stdout] 
[INFO] [stdout] error[E0308]: mismatched types
[INFO] [stdout]    --> /opt/rustwide/cargo-home/registry/src/index.crates.io-6f17d22bba15001f/lexical-core-0.7.4/src/atof/algorithm/bigcomp.rs:157:55
[INFO] [stdout]     |
[INFO] [stdout] 157 |     let nlz = den.leading_zeros().wrapping_sub(wlz) & (u32::BITS - 1);
[INFO] [stdout]     |                                                       ^^^^^^^^^^^^^^^ expected `usize`, found `u32`
[INFO] [stdout] 
[INFO] [stdout] 
[INFO] [stdout] error[E0277]: no implementation for `usize & u32`
[INFO] [stdout]    --> /opt/rustwide/cargo-home/registry/src/index.crates.io-6f17d22bba15001f/lexical-core-0.7.4/src/atof/algorithm/bigcomp.rs:157:53
[INFO] [stdout]     |
[INFO] [stdout] 157 |     let nlz = den.leading_zeros().wrapping_sub(wlz) & (u32::BITS - 1);
[INFO] [stdout]     |                                                     ^ no implementation for `usize & u32`
[INFO] [stdout]     |
[INFO] [stdout]     = help: the trait `BitAnd<u32>` is not implemented for `usize`
[INFO] [stdout]     = help: the following other types implement trait `BitAnd<Rhs>`:
[INFO] [stdout]               <&'a usize as BitAnd<usize>>
[INFO] [stdout]               <&usize as BitAnd<&usize>>
[INFO] [stdout]               <usize as BitAnd<&usize>>
[INFO] [stdout]               <usize as BitAnd>
[INFO] [stdout] 
[INFO] [stdout] 
[INFO] [stdout] error[E0308]: mismatched types
[INFO] [stdout]    --> /opt/rustwide/cargo-home/registry/src/index.crates.io-6f17d22bba15001f/lexical-core-0.7.4/src/atof/algorithm/bigcomp.rs:175:40
[INFO] [stdout]     |
[INFO] [stdout] 175 |         let (q, r) = shift.ceil_divmod(Limb::BITS);
[INFO] [stdout]     |                            ----------- ^^^^^^^^^^ expected `usize`, found `u32`
[INFO] [stdout]     |                            |
[INFO] [stdout]     |                            arguments to this method are incorrect
[INFO] [stdout]     |
[INFO] [stdout] help: the return type of this call is `u32` due to the type of the argument passed
[INFO] [stdout]    --> /opt/rustwide/cargo-home/registry/src/index.crates.io-6f17d22bba15001f/lexical-core-0.7.4/src/atof/algorithm/bigcomp.rs:175:22
[INFO] [stdout]     |
[INFO] [stdout] 175 |         let (q, r) = shift.ceil_divmod(Limb::BITS);
[INFO] [stdout]     |                      ^^^^^^^^^^^^^^^^^^----------^
[INFO] [stdout]     |                                        |
[INFO] [stdout]     |                                        this argument influences the return type of `ceil_divmod`
[INFO] [stdout] note: method defined here
[INFO] [stdout]    --> /opt/rustwide/cargo-home/registry/src/index.crates.io-6f17d22bba15001f/lexical-core-0.7.4/src/util/num.rs:209:8
[INFO] [stdout]     |
[INFO] [stdout] 209 |     fn ceil_divmod(self, y: Self) -> (Self, i32) {
[INFO] [stdout]     |        ^^^^^^^^^^^       -------
[INFO] [stdout] help: you can convert a `u32` to a `usize` and panic if the converted value doesn't fit
[INFO] [stdout]     |
[INFO] [stdout] 175 |         let (q, r) = shift.ceil_divmod(Limb::BITS.try_into().unwrap());
[INFO] [stdout]     |                                                  ++++++++++++++++++++
[INFO] [stdout] 
[INFO] [stdout] 
[INFO] [stdout] error[E0308]: mismatched types
[INFO] [stdout]     --> /opt/rustwide/cargo-home/registry/src/index.crates.io-6f17d22bba15001f/lexical-core-0.7.4/src/atof/algorithm/math.rs:1043:42
[INFO] [stdout]      |
[INFO] [stdout] 1043 |     let mut count = index.saturating_mul(Limb::BITS);
[INFO] [stdout]      |                           -------------- ^^^^^^^^^^ expected `usize`, found `u32`
[INFO] [stdout]      |                           |
[INFO] [stdout]      |                           arguments to this method are incorrect
[INFO] [stdout]      |
[INFO] [stdout] note: method defined here
[INFO] [stdout]     --> /rustc/1b7dd2252b99671ce5d1cb9664c5f8636329436d/library/core/src/num/mod.rs:1190:5
[INFO] [stdout]      = note: this error originates in the macro `uint_impl` (in Nightly builds, run with -Z macro-backtrace for more info)
[INFO] [stdout] help: you can convert a `u32` to a `usize` and panic if the converted value doesn't fit
[INFO] [stdout]      |
[INFO] [stdout] 1043 |     let mut count = index.saturating_mul(Limb::BITS.try_into().unwrap());
[INFO] [stdout]      |                                                    ++++++++++++++++++++
[INFO] [stdout] 
[INFO] [stdout] 
[INFO] [stdout] error[E0308]: mismatched types
[INFO] [stdout]     --> /opt/rustwide/cargo-home/registry/src/index.crates.io-6f17d22bba15001f/lexical-core-0.7.4/src/atof/algorithm/math.rs:1058:28
[INFO] [stdout]      |
[INFO] [stdout] 1058 |     Limb::BITS.checked_mul(x.len())
[INFO] [stdout]      |                ----------- ^^^^^^^ expected `u32`, found `usize`
[INFO] [stdout]      |                |
[INFO] [stdout]      |                arguments to this method are incorrect
[INFO] [stdout]      |
[INFO] [stdout] note: method defined here
[INFO] [stdout]     --> /rustc/1b7dd2252b99671ce5d1cb9664c5f8636329436d/library/core/src/num/mod.rs:1071:5
[INFO] [stdout]      = note: this error originates in the macro `uint_impl` (in Nightly builds, run with -Z macro-backtrace for more info)
[INFO] [stdout] help: you can convert a `usize` to a `u32` and panic if the converted value doesn't fit
[INFO] [stdout]      |
[INFO] [stdout] 1058 |     Limb::BITS.checked_mul(x.len().try_into().unwrap())
[INFO] [stdout]      |                                   ++++++++++++++++++++
[INFO] [stdout] 
[INFO] [stdout] 
[INFO] [stdout] error[E0308]: mismatched types
[INFO] [stdout]     --> /opt/rustwide/cargo-home/registry/src/index.crates.io-6f17d22bba15001f/lexical-core-0.7.4/src/atof/algorithm/math.rs:1059:22
[INFO] [stdout]      |
[INFO] [stdout] 1059 |         .map(|v| v - nlz)
[INFO] [stdout]      |                      ^^^ expected `u32`, found `usize`
[INFO] [stdout] 
[INFO] [stdout] 
[INFO] [stdout] error[E0277]: cannot subtract `usize` from `u32`
[INFO] [stdout]     --> /opt/rustwide/cargo-home/registry/src/index.crates.io-6f17d22bba15001f/lexical-core-0.7.4/src/atof/algorithm/math.rs:1059:20
[INFO] [stdout]      |
[INFO] [stdout] 1059 |         .map(|v| v - nlz)
[INFO] [stdout]      |                    ^ no implementation for `u32 - usize`
[INFO] [stdout]      |
[INFO] [stdout]      = help: the trait `Sub<usize>` is not implemented for `u32`
[INFO] [stdout]      = help: the following other types implement trait `Sub<Rhs>`:
[INFO] [stdout]                <&'a u32 as Sub<u32>>
[INFO] [stdout]                <&u32 as Sub<&u32>>
[INFO] [stdout]                <u32 as Sub<&u32>>
[INFO] [stdout]                <u32 as Sub>
[INFO] [stdout] 
[INFO] [stdout] 
[INFO] [stdout] error[E0308]: mismatched types
[INFO] [stdout]     --> /opt/rustwide/cargo-home/registry/src/index.crates.io-6f17d22bba15001f/lexical-core-0.7.4/src/atof/algorithm/math.rs:1060:20
[INFO] [stdout]      |
[INFO] [stdout] 1060 |         .unwrap_or(usize::max_value())
[INFO] [stdout]      |          --------- ^^^^^^^^^^^^^^^^^^ expected `u32`, found `usize`
[INFO] [stdout]      |          |
[INFO] [stdout]      |          arguments to this method are incorrect
[INFO] [stdout]      |
[INFO] [stdout] help: the return type of this call is `usize` due to the type of the argument passed
[INFO] [stdout]     --> /opt/rustwide/cargo-home/registry/src/index.crates.io-6f17d22bba15001f/lexical-core-0.7.4/src/atof/algorithm/math.rs:1058:5
[INFO] [stdout]      |
[INFO] [stdout] 1058 | /     Limb::BITS.checked_mul(x.len())
[INFO] [stdout] 1059 | |         .map(|v| v - nlz)
[INFO] [stdout] 1060 | |         .unwrap_or(usize::max_value())
[INFO] [stdout]      | |____________________------------------^
[INFO] [stdout]      |                      |
[INFO] [stdout]      |                      this argument influences the return type of `unwrap_or`
[INFO] [stdout] note: method defined here
[INFO] [stdout]     --> /rustc/1b7dd2252b99671ce5d1cb9664c5f8636329436d/library/core/src/option.rs:971:18
[INFO] [stdout] help: you can convert a `usize` to a `u32` and panic if the converted value doesn't fit
[INFO] [stdout]      |
[INFO] [stdout] 1060 |         .unwrap_or(usize::max_value().try_into().unwrap())
[INFO] [stdout]      |                                      ++++++++++++++++++++
[INFO] [stdout] 
[INFO] [stdout] 
[INFO] [stdout] error[E0308]: mismatched types
[INFO] [stdout]     --> /opt/rustwide/cargo-home/registry/src/index.crates.io-6f17d22bba15001f/lexical-core-0.7.4/src/atof/algorithm/math.rs:1058:5
[INFO] [stdout]      |
[INFO] [stdout] 1054 |   pub fn bit_length(x: &[Limb]) -> usize {
[INFO] [stdout]      |                                    ----- expected `usize` because of return type
[INFO] [stdout] ...
[INFO] [stdout] 1058 | /     Limb::BITS.checked_mul(x.len())
[INFO] [stdout] 1059 | |         .map(|v| v - nlz)
[INFO] [stdout] 1060 | |         .unwrap_or(usize::max_value())
[INFO] [stdout]      | |______________________________________^ expected `usize`, found `u32`
[INFO] [stdout]      |
[INFO] [stdout] help: you can convert a `u32` to a `usize` and panic if the converted value doesn't fit
[INFO] [stdout]      |
[INFO] [stdout] 1060 |         .unwrap_or(usize::max_value()).try_into().unwrap()
[INFO] [stdout]      |                                       ++++++++++++++++++++
[INFO] [stdout] 
[INFO] [stdout] 
[INFO] [stdout] error[E0308]: mismatched types
[INFO] [stdout]     --> /opt/rustwide/cargo-home/registry/src/index.crates.io-6f17d22bba15001f/lexical-core-0.7.4/src/atof/algorithm/math.rs:1085:23
[INFO] [stdout]      |
[INFO] [stdout] 1085 |     debug_assert!(n < bits && n != 0);
[INFO] [stdout]      |                   -   ^^^^ expected `usize`, found `u32`
[INFO] [stdout]      |                   |
[INFO] [stdout]      |                   expected because this is `usize`
[INFO] [stdout]      |
[INFO] [stdout] help: you can convert a `u32` to a `usize` and panic if the converted value doesn't fit
[INFO] [stdout]      |
[INFO] [stdout] 1085 |     debug_assert!(n < bits.try_into().unwrap() && n != 0);
[INFO] [stdout]      |                           ++++++++++++++++++++
[INFO] [stdout] 
[INFO] [stdout] 
[INFO] [stdout] error[E0308]: mismatched types
[INFO] [stdout]     --> /opt/rustwide/cargo-home/registry/src/index.crates.io-6f17d22bba15001f/lexical-core-0.7.4/src/atof/algorithm/math.rs:1092:25
[INFO] [stdout]      |
[INFO] [stdout] 1092 |     let lshift = bits - n;
[INFO] [stdout]      |                         ^ expected `u32`, found `usize`
[INFO] [stdout] 
[INFO] [stdout] 
[INFO] [stdout] error[E0277]: cannot subtract `usize` from `u32`
[INFO] [stdout]     --> /opt/rustwide/cargo-home/registry/src/index.crates.io-6f17d22bba15001f/lexical-core-0.7.4/src/atof/algorithm/math.rs:1092:23
[INFO] [stdout]      |
[INFO] [stdout] 1092 |     let lshift = bits - n;
[INFO] [stdout]      |                       ^ no implementation for `u32 - usize`
[INFO] [stdout]      |
[INFO] [stdout]      = help: the trait `Sub<usize>` is not implemented for `u32`
[INFO] [stdout]      = help: the following other types implement trait `Sub<Rhs>`:
[INFO] [stdout]                <&'a u32 as Sub<u32>>
[INFO] [stdout]                <&u32 as Sub<&u32>>
[INFO] [stdout]                <u32 as Sub<&u32>>
[INFO] [stdout]                <u32 as Sub>
[INFO] [stdout] 
[INFO] [stdout] 
[INFO] [stdout] error[E0308]: mismatched types
[INFO] [stdout]     --> /opt/rustwide/cargo-home/registry/src/index.crates.io-6f17d22bba15001f/lexical-core-0.7.4/src/atof/algorithm/math.rs:1134:19
[INFO] [stdout]      |
[INFO] [stdout] 1134 |     let rem = n % bits;
[INFO] [stdout]      |                   ^^^^ expected `usize`, found `u32`
[INFO] [stdout] 
[INFO] [stdout] 
[INFO] [stdout] error[E0277]: cannot calculate the remainder of `usize` divided by `u32`
[INFO] [stdout]     --> /opt/rustwide/cargo-home/registry/src/index.crates.io-6f17d22bba15001f/lexical-core-0.7.4/src/atof/algorithm/math.rs:1134:17
[INFO] [stdout]      |
[INFO] [stdout] 1134 |     let rem = n % bits;
[INFO] [stdout]      |                 ^ no implementation for `usize % u32`
[INFO] [stdout]      |
[INFO] [stdout]      = help: the trait `Rem<u32>` is not implemented for `usize`
[INFO] [stdout]      = help: the following other types implement trait `Rem<Rhs>`:
[INFO] [stdout]                <&'a usize as Rem<usize>>
[INFO] [stdout]                <&usize as Rem<&usize>>
[INFO] [stdout]                <usize as Rem<&usize>>
[INFO] [stdout]                <usize as Rem<NonZeroUsize>>
[INFO] [stdout]                <usize as Rem>
[INFO] [stdout] 
[INFO] [stdout] 
[INFO] [stdout] error[E0308]: mismatched types
[INFO] [stdout]     --> /opt/rustwide/cargo-home/registry/src/index.crates.io-6f17d22bba15001f/lexical-core-0.7.4/src/atof/algorithm/math.rs:1135:19
[INFO] [stdout]      |
[INFO] [stdout] 1135 |     let div = n / bits;
[INFO] [stdout]      |                   ^^^^ expected `usize`, found `u32`
[INFO] [stdout] 
[INFO] [stdout] 
[INFO] [stdout] error[E0277]: cannot divide `usize` by `u32`
[INFO] [stdout]     --> /opt/rustwide/cargo-home/registry/src/index.crates.io-6f17d22bba15001f/lexical-core-0.7.4/src/atof/algorithm/math.rs:1135:17
[INFO] [stdout]      |
[INFO] [stdout] 1135 |     let div = n / bits;
[INFO] [stdout]      |                 ^ no implementation for `usize / u32`
[INFO] [stdout]      |
[INFO] [stdout]      = help: the trait `Div<u32>` is not implemented for `usize`
[INFO] [stdout]      = help: the following other types implement trait `Div<Rhs>`:
[INFO] [stdout]                <&'a usize as Div<usize>>
[INFO] [stdout]                <&usize as Div<&usize>>
[INFO] [stdout]                <usize as Div<&usize>>
[INFO] [stdout]                <usize as Div<NonZeroUsize>>
[INFO] [stdout]                <usize as Div>
[INFO] [stdout] 
[INFO] [stdout] 
[INFO] [stdout] error[E0308]: mismatched types
[INFO] [stdout]     --> /opt/rustwide/cargo-home/registry/src/index.crates.io-6f17d22bba15001f/lexical-core-0.7.4/src/atof/algorithm/math.rs:1191:23
[INFO] [stdout]      |
[INFO] [stdout] 1191 |     debug_assert!(n < bits);
[INFO] [stdout]      |                   -   ^^^^ expected `usize`, found `u32`
[INFO] [stdout]      |                   |
[INFO] [stdout]      |                   expected because this is `usize`
[INFO] [stdout]      |
[INFO] [stdout] help: you can convert a `u32` to a `usize` and panic if the converted value doesn't fit
[INFO] [stdout]      |
[INFO] [stdout] 1191 |     debug_assert!(n < bits.try_into().unwrap());
[INFO] [stdout]      |                           ++++++++++++++++++++
[INFO] [stdout] 
[INFO] [stdout] 
[INFO] [stdout] error[E0308]: mismatched types
[INFO] [stdout]     --> /opt/rustwide/cargo-home/registry/src/index.crates.io-6f17d22bba15001f/lexical-core-0.7.4/src/atof/algorithm/math.rs:1201:25
[INFO] [stdout]      |
[INFO] [stdout] 1201 |     let rshift = bits - n;
[INFO] [stdout]      |                         ^ expected `u32`, found `usize`
[INFO] [stdout] 
[INFO] [stdout] 
[INFO] [stdout] error[E0277]: cannot subtract `usize` from `u32`
[INFO] [stdout]     --> /opt/rustwide/cargo-home/registry/src/index.crates.io-6f17d22bba15001f/lexical-core-0.7.4/src/atof/algorithm/math.rs:1201:23
[INFO] [stdout]      |
[INFO] [stdout] 1201 |     let rshift = bits - n;
[INFO] [stdout]      |                       ^ no implementation for `u32 - usize`
[INFO] [stdout]      |
[INFO] [stdout]      = help: the trait `Sub<usize>` is not implemented for `u32`
[INFO] [stdout]      = help: the following other types implement trait `Sub<Rhs>`:
[INFO] [stdout]                <&'a u32 as Sub<u32>>
[INFO] [stdout]                <&u32 as Sub<&u32>>
[INFO] [stdout]                <u32 as Sub<&u32>>
[INFO] [stdout]                <u32 as Sub>
[INFO] [stdout] 
[INFO] [stdout] 
[INFO] [stdout] error[E0308]: mismatched types
[INFO] [stdout]     --> /opt/rustwide/cargo-home/registry/src/index.crates.io-6f17d22bba15001f/lexical-core-0.7.4/src/atof/algorithm/math.rs:1253:19
[INFO] [stdout]      |
[INFO] [stdout] 1253 |     let rem = n % bits;
[INFO] [stdout]      |                   ^^^^ expected `usize`, found `u32`
[INFO] [stdout] 
[INFO] [stdout] 
[INFO] [stdout] error[E0277]: cannot calculate the remainder of `usize` divided by `u32`
[INFO] [stdout]     --> /opt/rustwide/cargo-home/registry/src/index.crates.io-6f17d22bba15001f/lexical-core-0.7.4/src/atof/algorithm/math.rs:1253:17
[INFO] [stdout]      |
[INFO] [stdout] 1253 |     let rem = n % bits;
[INFO] [stdout]      |                 ^ no implementation for `usize % u32`
[INFO] [stdout]      |
[INFO] [stdout]      = help: the trait `Rem<u32>` is not implemented for `usize`
[INFO] [stdout]      = help: the following other types implement trait `Rem<Rhs>`:
[INFO] [stdout]                <&'a usize as Rem<usize>>
[INFO] [stdout]                <&usize as Rem<&usize>>
[INFO] [stdout]                <usize as Rem<&usize>>
[INFO] [stdout]                <usize as Rem<NonZeroUsize>>
[INFO] [stdout]                <usize as Rem>
[INFO] [stdout] 
[INFO] [stdout] 
[INFO] [stdout] error[E0308]: mismatched types
[INFO] [stdout]     --> /opt/rustwide/cargo-home/registry/src/index.crates.io-6f17d22bba15001f/lexical-core-0.7.4/src/atof/algorithm/math.rs:1254:19
[INFO] [stdout]      |
[INFO] [stdout] 1254 |     let div = n / bits;
[INFO] [stdout]      |                   ^^^^ expected `usize`, found `u32`
[INFO] [stdout] 
[INFO] [stdout] 
[INFO] [stdout] error[E0277]: cannot divide `usize` by `u32`
[INFO] [stdout]     --> /opt/rustwide/cargo-home/registry/src/index.crates.io-6f17d22bba15001f/lexical-core-0.7.4/src/atof/algorithm/math.rs:1254:17
[INFO] [stdout]      |
[INFO] [stdout] 1254 |     let div = n / bits;
[INFO] [stdout]      |                 ^ no implementation for `usize / u32`
[INFO] [stdout]      |
[INFO] [stdout]      = help: the trait `Div<u32>` is not implemented for `usize`
[INFO] [stdout]      = help: the following other types implement trait `Div<Rhs>`:
[INFO] [stdout]                <&'a usize as Div<usize>>
[INFO] [stdout]                <&usize as Div<&usize>>
[INFO] [stdout]                <usize as Div<&usize>>
[INFO] [stdout]                <usize as Div<NonZeroUsize>>
[INFO] [stdout]                <usize as Div>
[INFO] [stdout] 
[INFO] [stdout] 
[INFO] [stdout] error[E0308]: mismatched types
[INFO] [stdout]     --> /opt/rustwide/cargo-home/registry/src/index.crates.io-6f17d22bba15001f/lexical-core-0.7.4/src/atof/algorithm/math.rs:2065:27
[INFO] [stdout]      |
[INFO] [stdout] 2065 |     let rs = Limb::BITS - s;
[INFO] [stdout]      |                           ^ expected `u32`, found `usize`
[INFO] [stdout] 
[INFO] [stdout] 
[INFO] [stdout] error[E0277]: cannot subtract `usize` from `u32`
[INFO] [stdout]     --> /opt/rustwide/cargo-home/registry/src/index.crates.io-6f17d22bba15001f/lexical-core-0.7.4/src/atof/algorithm/math.rs:2065:25
[INFO] [stdout]      |
[INFO] [stdout] 2065 |     let rs = Limb::BITS - s;
[INFO] [stdout]      |                         ^ no implementation for `u32 - usize`
[INFO] [stdout]      |
[INFO] [stdout]      = help: the trait `Sub<usize>` is not implemented for `u32`
[INFO] [stdout]      = help: the following other types implement trait `Sub<Rhs>`:
[INFO] [stdout]                <&'a u32 as Sub<u32>>
[INFO] [stdout]                <&u32 as Sub<&u32>>
[INFO] [stdout]                <u32 as Sub<&u32>>
[INFO] [stdout]                <u32 as Sub>
[INFO] [stdout] 
[INFO] [stdout] 
[INFO] [stderr]    Compiling polyval v0.4.5
[INFO] [stderr]    Compiling aes-soft v0.6.4
[INFO] [stderr] error: failed to run custom build command for `pear_codegen v0.1.4`
[INFO] [stderr] note: To improve backtraces for build dependencies, set the CARGO_PROFILE_DEV_BUILD_OVERRIDE_DEBUG=true environment variable to enable debug information generation.
[INFO] [stderr] 
[INFO] [stderr] Caused by:
[INFO] [stderr]   process didn't exit successfully: `/opt/rustwide/target/debug/build/pear_codegen-9640b3c29230e9b8/build-script-build` (exit status: 101)
[INFO] [stderr]   --- stderr
[INFO] [stderr]   [1;31mError:[0m [1mPear requires a 'dev' or 'nightly' version of rustc.[0m
[INFO] [stderr]   Installed version: [33m1.70.0 (2023-04-19)[0m
[INFO] [stderr]   Minimum required:  [33m1.31.0-nightly (2018-10-05)[0m
[INFO] [stderr]   thread 'main' panicked at 'Aborting compilation due to incompatible compiler.', /opt/rustwide/cargo-home/registry/src/index.crates.io-6f17d22bba15001f/pear_codegen-0.1.4/build.rs:24:13
[INFO] [stderr]   stack backtrace:
[INFO] [stderr]      0:     0x55b5bf31eb6a - std::backtrace_rs::backtrace::libunwind::trace::h2f05d0192276a8f6
[INFO] [stderr]                                  at /rustc/1b7dd2252b99671ce5d1cb9664c5f8636329436d/library/std/src/../../backtrace/src/backtrace/libunwind.rs:93:5
[INFO] [stderr]      1:     0x55b5bf31eb6a - std::backtrace_rs::backtrace::trace_unsynchronized::hedc23dff7a1af150
[INFO] [stderr]                                  at /rustc/1b7dd2252b99671ce5d1cb9664c5f8636329436d/library/std/src/../../backtrace/src/backtrace/mod.rs:66:5
[INFO] [stderr]      2:     0x55b5bf31eb6a - std::sys_common::backtrace::_print_fmt::h17541ef7592f3ce2
[INFO] [stderr]                                  at /rustc/1b7dd2252b99671ce5d1cb9664c5f8636329436d/library/std/src/sys_common/backtrace.rs:65:5
[INFO] [stderr]      3:     0x55b5bf31eb6a - <std::sys_common::backtrace::_print::DisplayBacktrace as core::fmt::Display>::fmt::h20f75df5ab0c0792
[INFO] [stderr]                                  at /rustc/1b7dd2252b99671ce5d1cb9664c5f8636329436d/library/std/src/sys_common/backtrace.rs:44:22
[INFO] [stderr]      4:     0x55b5bf33c76f - core::fmt::write::h78109e6f466b3af6
[INFO] [stderr]                                  at /rustc/1b7dd2252b99671ce5d1cb9664c5f8636329436d/library/core/src/fmt/mod.rs:1254:17
[INFO] [stderr]      5:     0x55b5bf31c475 - std::io::Write::write_fmt::hc59e1b02dd273c8a
[INFO] [stderr]                                  at /rustc/1b7dd2252b99671ce5d1cb9664c5f8636329436d/library/std/src/io/mod.rs:1698:15
[INFO] [stderr]      6:     0x55b5bf31e935 - std::sys_common::backtrace::_print::h8dac57a9f8fbf9a5
[INFO] [stderr]                                  at /rustc/1b7dd2252b99671ce5d1cb9664c5f8636329436d/library/std/src/sys_common/backtrace.rs:47:5
[INFO] [stderr]      7:     0x55b5bf31e935 - std::sys_common::backtrace::print::hf9ecbf41d1aa712f
[INFO] [stderr]                                  at /rustc/1b7dd2252b99671ce5d1cb9664c5f8636329436d/library/std/src/sys_common/backtrace.rs:34:9
[INFO] [stderr]      8:     0x55b5bf31febe - std::panicking::default_hook::{{closure}}::h04c07acfc84ca028
[INFO] [stderr]                                  at /rustc/1b7dd2252b99671ce5d1cb9664c5f8636329436d/library/std/src/panicking.rs:269:22
[INFO] [stderr]      9:     0x55b5bf31fc65 - std::panicking::default_hook::h01f6bb23e1eceb2c
[INFO] [stderr]                                  at /rustc/1b7dd2252b99671ce5d1cb9664c5f8636329436d/library/std/src/panicking.rs:288:9
[INFO] [stderr]     10:     0x55b5bf32041e - std::panicking::rust_panic_with_hook::h2bb3722bbaf2f6df
[INFO] [stderr]                                  at /rustc/1b7dd2252b99671ce5d1cb9664c5f8636329436d/library/std/src/panicking.rs:691:13
[INFO] [stderr]     11:     0x55b5bf2ee246 - std::panicking::begin_panic::{{closure}}::h84be9b624c8120a2
[INFO] [stderr]     12:     0x55b5bf2ee426 - std::sys_common::backtrace::__rust_end_short_backtrace::hef45781c0203baee
[INFO] [stderr]     13:     0x55b5bf2ee197 - std::panicking::begin_panic::h277f2be86f8321e5
[INFO] [stderr]     14:     0x55b5bf2f0e31 - build_script_build::main::hdec968e2ce082803
[INFO] [stderr]     15:     0x55b5bf2ee933 - core::ops::function::FnOnce::call_once::hb9030e417df35bc7
[INFO] [stderr]     16:     0x55b5bf2ee436 - std::sys_common::backtrace::__rust_begin_short_backtrace::hfc683e03f95e125d
[INFO] [stderr]     17:     0x55b5bf2ee489 - std::rt::lang_start::{{closure}}::h20962262f5cf52ba
[INFO] [stderr]     18:     0x55b5bf31968e - core::ops::function::impls::<impl core::ops::function::FnOnce<A> for &F>::call_once::h2eb19b8ce4148df4
[INFO] [stderr]                                  at /rustc/1b7dd2252b99671ce5d1cb9664c5f8636329436d/library/core/src/ops/function.rs:287:13
[INFO] [stderr]     19:     0x55b5bf31968e - std::panicking::try::do_call::h2e900feff5d504c5
[INFO] [stderr]                                  at /rustc/1b7dd2252b99671ce5d1cb9664c5f8636329436d/library/std/src/panicking.rs:485:40
[INFO] [stderr]     20:     0x55b5bf31968e - std::panicking::try::h8854836cb85aa9f2
[INFO] [stderr]                                  at /rustc/1b7dd2252b99671ce5d1cb9664c5f8636329436d/library/std/src/panicking.rs:449:19
[INFO] [stderr]     21:     0x55b5bf31968e - std::panic::catch_unwind::h706025dd4c48f64b
[INFO] [stderr]                                  at /rustc/1b7dd2252b99671ce5d1cb9664c5f8636329436d/library/std/src/panic.rs:140:14
[INFO] [stderr]     22:     0x55b5bf31968e - std::rt::lang_start_internal::{{closure}}::h7be5b97f4a07a91a
[INFO] [stderr]                                  at /rustc/1b7dd2252b99671ce5d1cb9664c5f8636329436d/library/std/src/rt.rs:148:48
[INFO] [stderr]     23:     0x55b5bf31968e - std::panicking::try::do_call::h59847e9d0a176965
[INFO] [stderr]                                  at /rustc/1b7dd2252b99671ce5d1cb9664c5f8636329436d/library/std/src/panicking.rs:485:40
[INFO] [stderr]     24:     0x55b5bf31968e - std::panicking::try::h399a918ba8522823
[INFO] [stderr]                                  at /rustc/1b7dd2252b99671ce5d1cb9664c5f8636329436d/library/std/src/panicking.rs:449:19
[INFO] [stderr]     25:     0x55b5bf31968e - std::panic::catch_unwind::hca7ca6c55b2a2e26
[INFO] [stderr]                                  at /rustc/1b7dd2252b99671ce5d1cb9664c5f8636329436d/library/std/src/panic.rs:140:14
[INFO] [stderr]     26:     0x55b5bf31968e - std::rt::lang_start_internal::h2c807a81560459eb
[INFO] [stderr]                                  at /rustc/1b7dd2252b99671ce5d1cb9664c5f8636329436d/library/std/src/rt.rs:148:20
[INFO] [stderr]     27:     0x55b5bf2ee467 - std::rt::lang_start::h899b832b36bc1d82
[INFO] [stderr]     28:     0x55b5bf2f12d5 - main
[INFO] [stderr]     29:     0x7fa1d12b5d90 - <unknown>
[INFO] [stderr]     30:     0x7fa1d12b5e40 - __libc_start_main
[INFO] [stderr]     31:     0x55b5bf2ed8b5 - _start
[INFO] [stderr]     32:                0x0 - <unknown>
[INFO] [stderr] warning: build failed, waiting for other jobs to finish...
[INFO] [stdout] error: aborting due to 27 previous errors
[INFO] [stdout] 
[INFO] [stdout] 
[INFO] [stdout] Some errors have detailed explanations: E0277, E0308.
[INFO] [stdout] 
[INFO] [stdout] For more information about an error, try `rustc --explain E0277`.
[INFO] [stdout] 
[INFO] [stderr] error: could not compile `lexical-core` (lib) due to 28 previous errors
[INFO] running `Command { std: "docker" "inspect" "b029bf2923a58edc7ec7134757a109f40a52c0e93bf9f62ec7c8b323d5d33931", kill_on_drop: false }`
[INFO] running `Command { std: "docker" "rm" "-f" "b029bf2923a58edc7ec7134757a109f40a52c0e93bf9f62ec7c8b323d5d33931", kill_on_drop: false }`
[INFO] [stdout] b029bf2923a58edc7ec7134757a109f40a52c0e93bf9f62ec7c8b323d5d33931
