[INFO] cloning repository https://github.com/eengamer2007/advent_of_code_2020
[INFO] running `Command { std: "git" "-c" "credential.helper=" "-c" "credential.helper=/workspace/cargo-home/bin/git-credential-null" "clone" "--bare" "https://github.com/eengamer2007/advent_of_code_2020" "/workspace/cache/git-repos/https%3A%2F%2Fgithub.com%2Feengamer2007%2Fadvent_of_code_2020", kill_on_drop: false }`
[INFO] [stderr] Cloning into bare repository '/workspace/cache/git-repos/https%3A%2F%2Fgithub.com%2Feengamer2007%2Fadvent_of_code_2020'...
[INFO] running `Command { std: "git" "rev-parse" "HEAD", kill_on_drop: false }`
[INFO] [stdout] 5797145c227046805d4bfb877fd750bbdc11f2fe
[INFO] testing eengamer2007/advent_of_code_2020 against beta-2023-04-20 for beta-1.70-1
[INFO] running `Command { std: "git" "clone" "/workspace/cache/git-repos/https%3A%2F%2Fgithub.com%2Feengamer2007%2Fadvent_of_code_2020" "/workspace/builds/worker-5-tc2/source", kill_on_drop: false }`
[INFO] [stderr] Cloning into '/workspace/builds/worker-5-tc2/source'...
[INFO] [stderr] done.
[INFO] validating manifest of git repo https://github.com/eengamer2007/advent_of_code_2020 on toolchain beta-2023-04-20
[INFO] running `Command { std: CARGO_HOME="/workspace/cargo-home" RUSTUP_HOME="/workspace/rustup-home" "/workspace/cargo-home/bin/cargo" "+beta-2023-04-20" "metadata" "--manifest-path" "Cargo.toml" "--no-deps", kill_on_drop: false }`
[INFO] started tweaking git repo https://github.com/eengamer2007/advent_of_code_2020
[INFO] finished tweaking git repo https://github.com/eengamer2007/advent_of_code_2020
[INFO] tweaked toml for git repo https://github.com/eengamer2007/advent_of_code_2020 written to /workspace/builds/worker-5-tc2/source/Cargo.toml
[INFO] crate git repo https://github.com/eengamer2007/advent_of_code_2020 already has a lockfile, it will not be regenerated
[INFO] running `Command { std: CARGO_HOME="/workspace/cargo-home" RUSTUP_HOME="/workspace/rustup-home" "/workspace/cargo-home/bin/cargo" "+beta-2023-04-20" "fetch" "--manifest-path" "Cargo.toml", kill_on_drop: false }`
[INFO] running `Command { std: "docker" "create" "-v" "/var/lib/crater-agent-workspace/builds/worker-5-tc2/target:/opt/rustwide/target:rw,Z" "-v" "/var/lib/crater-agent-workspace/builds/worker-5-tc2/source:/opt/rustwide/workdir:ro,Z" "-v" "/var/lib/crater-agent-workspace/cargo-home:/opt/rustwide/cargo-home:ro,Z" "-v" "/var/lib/crater-agent-workspace/rustup-home:/opt/rustwide/rustup-home:ro,Z" "-e" "SOURCE_DIR=/opt/rustwide/workdir" "-e" "CARGO_TARGET_DIR=/opt/rustwide/target" "-e" "CARGO_HOME=/opt/rustwide/cargo-home" "-e" "RUSTUP_HOME=/opt/rustwide/rustup-home" "-w" "/opt/rustwide/workdir" "-m" "1610612736" "--user" "0:0" "--network" "none" "ghcr.io/rust-lang/crates-build-env/linux@sha256:5ff2268d62e97bff2cde7d5815dd6ed5b47097566f13b8d0ca110b04b60e07ed" "/opt/rustwide/cargo-home/bin/cargo" "+beta-2023-04-20" "metadata" "--no-deps" "--format-version=1", kill_on_drop: false }`
[INFO] [stdout] aea98512029a15c65a4edec53364e87000c8a677014cab045e26b5e9415a51c6
[INFO] running `Command { std: "docker" "start" "-a" "aea98512029a15c65a4edec53364e87000c8a677014cab045e26b5e9415a51c6", kill_on_drop: false }`
[INFO] running `Command { std: "docker" "inspect" "aea98512029a15c65a4edec53364e87000c8a677014cab045e26b5e9415a51c6", kill_on_drop: false }`
[INFO] running `Command { std: "docker" "rm" "-f" "aea98512029a15c65a4edec53364e87000c8a677014cab045e26b5e9415a51c6", kill_on_drop: false }`
[INFO] [stdout] aea98512029a15c65a4edec53364e87000c8a677014cab045e26b5e9415a51c6
[INFO] running `Command { std: "docker" "create" "-v" "/var/lib/crater-agent-workspace/builds/worker-5-tc2/target:/opt/rustwide/target:rw,Z" "-v" "/var/lib/crater-agent-workspace/builds/worker-5-tc2/source:/opt/rustwide/workdir:ro,Z" "-v" "/var/lib/crater-agent-workspace/cargo-home:/opt/rustwide/cargo-home:ro,Z" "-v" "/var/lib/crater-agent-workspace/rustup-home:/opt/rustwide/rustup-home:ro,Z" "-e" "SOURCE_DIR=/opt/rustwide/workdir" "-e" "CARGO_TARGET_DIR=/opt/rustwide/target" "-e" "CARGO_INCREMENTAL=0" "-e" "RUST_BACKTRACE=full" "-e" "RUSTFLAGS=--cap-lints=warn" "-e" "RUSTDOCFLAGS=--cap-lints=warn" "-e" "CARGO_HOME=/opt/rustwide/cargo-home" "-e" "RUSTUP_HOME=/opt/rustwide/rustup-home" "-w" "/opt/rustwide/workdir" "-m" "1610612736" "--user" "0:0" "--network" "none" "ghcr.io/rust-lang/crates-build-env/linux@sha256:5ff2268d62e97bff2cde7d5815dd6ed5b47097566f13b8d0ca110b04b60e07ed" "/opt/rustwide/cargo-home/bin/cargo" "+beta-2023-04-20" "build" "--frozen" "--message-format=json", kill_on_drop: false }`
[INFO] [stdout] c36375908b464ad6c20faf3267950d82077b4047bc7b713a71661a9d6c051be8
[INFO] running `Command { std: "docker" "start" "-a" "c36375908b464ad6c20faf3267950d82077b4047bc7b713a71661a9d6c051be8", kill_on_drop: false }`
[INFO] [stderr]    Compiling autocfg v1.0.1
[INFO] [stderr]    Compiling libc v0.2.107
[INFO] [stderr]    Compiling log v0.4.14
[INFO] [stderr]    Compiling termcolor v1.1.2
[INFO] [stderr]    Compiling humantime v1.3.0
[INFO] [stderr]    Compiling regex v1.5.4
[INFO] [stderr]    Compiling num-traits v0.2.14
[INFO] [stderr]    Compiling num-integer v0.1.44
[INFO] [stderr]    Compiling atty v0.2.14
[INFO] [stderr]    Compiling time v0.1.44
[INFO] [stderr]    Compiling env_logger v0.6.2
[INFO] [stderr]    Compiling chrono v0.4.19
[INFO] [stderr]    Compiling pretty_env_logger v0.3.1
[INFO] [stderr]    Compiling advent_code_2020 v0.1.0 (/opt/rustwide/workdir)
[INFO] [stdout] error[E0425]: cannot find value `y` in this scope
[INFO] [stdout]   --> src/day_8.rs:73:19
[INFO] [stdout]    |
[INFO] [stdout] 73 |             match y{
[INFO] [stdout]    |                   ^ help: a local variable with a similar name exists: `i`
[INFO] [stdout] 
[INFO] [stdout] 
[INFO] [stdout] warning: unreachable expression
[INFO] [stdout]   --> src/day_8.rs:51:5
[INFO] [stdout]    |
[INFO] [stdout] 37 | /     loop{
[INFO] [stdout] 38 | |         if input[prog_count as usize].executed{
[INFO] [stdout] 39 | |             return acc
[INFO] [stdout] 40 | |         }
[INFO] [stdout] ...  |
[INFO] [stdout] 49 | |         prog_count += 1;
[INFO] [stdout] 50 | |     }
[INFO] [stdout]    | |_____- any code following this expression is unreachable
[INFO] [stdout] 51 |       return acc
[INFO] [stdout]    |       ^^^^^^^^^^ unreachable expression
[INFO] [stdout]    |
[INFO] [stdout]    = note: `#[warn(unreachable_code)]` on by default
[INFO] [stdout] 
[INFO] [stdout] 
[INFO] [stdout] error[E0609]: no field `instruction` on type `Vec<Instr>`
[INFO] [stdout]   --> src/day_8.rs:63:35
[INFO] [stdout]    |
[INFO] [stdout] 63 |             Instruction::Nop => x.instruction = Instruction::Jmp,
[INFO] [stdout]    |                                   ^^^^^^^^^^^ unknown field
[INFO] [stdout] 
[INFO] [stdout] 
[INFO] [stdout] error[E0609]: no field `instruction` on type `Vec<Instr>`
[INFO] [stdout]   --> src/day_8.rs:64:35
[INFO] [stdout]    |
[INFO] [stdout] 64 |             Instruction::Jmp => x.instruction = Instruction::Nop,
[INFO] [stdout]    |                                   ^^^^^^^^^^^ unknown field
[INFO] [stdout] 
[INFO] [stdout] 
[INFO] [stdout] error[E0608]: cannot index into a value of type `&Instruction`
[INFO] [stdout]   --> src/day_8.rs:72:53
[INFO] [stdout]    |
[INFO] [stdout] 72 |             println!("{},{},{:?}", acc, prog_count, x[prog_count as usize]);
[INFO] [stdout]    |                                                     ^^^^^^^^^^^^^^^^^^^^^^
[INFO] [stdout] 
[INFO] [stdout] 
[INFO] [stdout] error[E0608]: cannot index into a value of type `&Instruction`
[INFO] [stdout]   --> src/day_8.rs:75:52
[INFO] [stdout]    |
[INFO] [stdout] 75 |                 Instruction::Jmp => prog_count += (x[prog_count as usize].parameter - 1) as i64,
[INFO] [stdout]    |                                                    ^^^^^^^^^^^^^^^^^^^^^^
[INFO] [stdout] 
[INFO] [stdout] 
[INFO] [stdout] error[E0608]: cannot index into a value of type `&Instruction`
[INFO] [stdout]   --> src/day_8.rs:76:44
[INFO] [stdout]    |
[INFO] [stdout] 76 |                 Instruction::Acc => acc += x[prog_count as usize].parameter,
[INFO] [stdout]    |                                            ^^^^^^^^^^^^^^^^^^^^^^
[INFO] [stdout] 
[INFO] [stdout] 
[INFO] [stdout] error: aborting due to 6 previous errors; 1 warning emitted
[INFO] [stdout] 
[INFO] [stdout] 
[INFO] [stdout] Some errors have detailed explanations: E0425, E0608, E0609.
[INFO] [stdout] 
[INFO] [stdout] For more information about an error, try `rustc --explain E0425`.
[INFO] [stdout] 
[INFO] [stderr] error: could not compile `advent_code_2020` (bin "advent_code_2020") due to 7 previous errors; 1 warning emitted
[INFO] running `Command { std: "docker" "inspect" "c36375908b464ad6c20faf3267950d82077b4047bc7b713a71661a9d6c051be8", kill_on_drop: false }`
[INFO] running `Command { std: "docker" "rm" "-f" "c36375908b464ad6c20faf3267950d82077b4047bc7b713a71661a9d6c051be8", kill_on_drop: false }`
[INFO] [stdout] c36375908b464ad6c20faf3267950d82077b4047bc7b713a71661a9d6c051be8
