[INFO] cloning repository https://github.com/edmand46/proxus
[INFO] running `Command { std: "git" "-c" "credential.helper=" "-c" "credential.helper=/workspace/cargo-home/bin/git-credential-null" "clone" "--bare" "https://github.com/edmand46/proxus" "/workspace/cache/git-repos/https%3A%2F%2Fgithub.com%2Fedmand46%2Fproxus", kill_on_drop: false }`
[INFO] [stderr] Cloning into bare repository '/workspace/cache/git-repos/https%3A%2F%2Fgithub.com%2Fedmand46%2Fproxus'...
[INFO] running `Command { std: "git" "rev-parse" "HEAD", kill_on_drop: false }`
[INFO] [stdout] 5620fd016d65d317b7b714d78b374bcaa1aff1b6
[INFO] testing edmand46/proxus against beta-2023-04-20 for beta-1.70-1
[INFO] running `Command { std: "git" "clone" "/workspace/cache/git-repos/https%3A%2F%2Fgithub.com%2Fedmand46%2Fproxus" "/workspace/builds/worker-1-tc2/source", kill_on_drop: false }`
[INFO] [stderr] Cloning into '/workspace/builds/worker-1-tc2/source'...
[INFO] [stderr] done.
[INFO] validating manifest of git repo https://github.com/edmand46/proxus on toolchain beta-2023-04-20
[INFO] running `Command { std: CARGO_HOME="/workspace/cargo-home" RUSTUP_HOME="/workspace/rustup-home" "/workspace/cargo-home/bin/cargo" "+beta-2023-04-20" "metadata" "--manifest-path" "Cargo.toml" "--no-deps", kill_on_drop: false }`
[INFO] started tweaking git repo https://github.com/edmand46/proxus
[INFO] finished tweaking git repo https://github.com/edmand46/proxus
[INFO] tweaked toml for git repo https://github.com/edmand46/proxus written to /workspace/builds/worker-1-tc2/source/Cargo.toml
[INFO] crate git repo https://github.com/edmand46/proxus already has a lockfile, it will not be regenerated
[INFO] running `Command { std: CARGO_HOME="/workspace/cargo-home" RUSTUP_HOME="/workspace/rustup-home" "/workspace/cargo-home/bin/cargo" "+beta-2023-04-20" "fetch" "--manifest-path" "Cargo.toml", kill_on_drop: false }`
[INFO] [stderr]     Updating crates.io index
[INFO] [stderr]  Downloading crates ...
[INFO] [stderr]   Downloaded redis v0.21.1
[INFO] [stderr]   Downloaded hyper-proxy v0.9.1
[INFO] [stderr]   Downloaded hyper-tungstenite v0.4.0
[INFO] running `Command { std: "docker" "create" "-v" "/var/lib/crater-agent-workspace/builds/worker-1-tc2/target:/opt/rustwide/target:rw,Z" "-v" "/var/lib/crater-agent-workspace/builds/worker-1-tc2/source:/opt/rustwide/workdir:ro,Z" "-v" "/var/lib/crater-agent-workspace/cargo-home:/opt/rustwide/cargo-home:ro,Z" "-v" "/var/lib/crater-agent-workspace/rustup-home:/opt/rustwide/rustup-home:ro,Z" "-e" "SOURCE_DIR=/opt/rustwide/workdir" "-e" "CARGO_TARGET_DIR=/opt/rustwide/target" "-e" "CARGO_HOME=/opt/rustwide/cargo-home" "-e" "RUSTUP_HOME=/opt/rustwide/rustup-home" "-w" "/opt/rustwide/workdir" "-m" "1610612736" "--user" "0:0" "--network" "none" "ghcr.io/rust-lang/crates-build-env/linux@sha256:5ff2268d62e97bff2cde7d5815dd6ed5b47097566f13b8d0ca110b04b60e07ed" "/opt/rustwide/cargo-home/bin/cargo" "+beta-2023-04-20" "metadata" "--no-deps" "--format-version=1", kill_on_drop: false }`
[INFO] [stdout] a3313106b6835731aacffb181b2bf1f27a6a01190572167de1f0e05f7dbac9d3
[INFO] running `Command { std: "docker" "start" "-a" "a3313106b6835731aacffb181b2bf1f27a6a01190572167de1f0e05f7dbac9d3", kill_on_drop: false }`
[INFO] running `Command { std: "docker" "inspect" "a3313106b6835731aacffb181b2bf1f27a6a01190572167de1f0e05f7dbac9d3", kill_on_drop: false }`
[INFO] running `Command { std: "docker" "rm" "-f" "a3313106b6835731aacffb181b2bf1f27a6a01190572167de1f0e05f7dbac9d3", kill_on_drop: false }`
[INFO] [stdout] a3313106b6835731aacffb181b2bf1f27a6a01190572167de1f0e05f7dbac9d3
[INFO] running `Command { std: "docker" "create" "-v" "/var/lib/crater-agent-workspace/builds/worker-1-tc2/target:/opt/rustwide/target:rw,Z" "-v" "/var/lib/crater-agent-workspace/builds/worker-1-tc2/source:/opt/rustwide/workdir:ro,Z" "-v" "/var/lib/crater-agent-workspace/cargo-home:/opt/rustwide/cargo-home:ro,Z" "-v" "/var/lib/crater-agent-workspace/rustup-home:/opt/rustwide/rustup-home:ro,Z" "-e" "SOURCE_DIR=/opt/rustwide/workdir" "-e" "CARGO_TARGET_DIR=/opt/rustwide/target" "-e" "CARGO_INCREMENTAL=0" "-e" "RUST_BACKTRACE=full" "-e" "RUSTFLAGS=--cap-lints=warn" "-e" "RUSTDOCFLAGS=--cap-lints=warn" "-e" "CARGO_HOME=/opt/rustwide/cargo-home" "-e" "RUSTUP_HOME=/opt/rustwide/rustup-home" "-w" "/opt/rustwide/workdir" "-m" "1610612736" "--user" "0:0" "--network" "none" "ghcr.io/rust-lang/crates-build-env/linux@sha256:5ff2268d62e97bff2cde7d5815dd6ed5b47097566f13b8d0ca110b04b60e07ed" "/opt/rustwide/cargo-home/bin/cargo" "+beta-2023-04-20" "build" "--frozen" "--message-format=json", kill_on_drop: false }`
[INFO] [stdout] 9d710a871acfb2e0e145b2d20645ecd582a81d363bb3462ae61f7ae372656d8c
[INFO] running `Command { std: "docker" "start" "-a" "9d710a871acfb2e0e145b2d20645ecd582a81d363bb3462ae61f7ae372656d8c", kill_on_drop: false }`
[INFO] [stderr]    Compiling libc v0.2.101
[INFO] [stderr]    Compiling proc-macro2 v1.0.28
[INFO] [stderr]    Compiling autocfg v1.0.1
[INFO] [stderr]    Compiling unicode-xid v0.2.2
[INFO] [stderr]    Compiling syn v1.0.75
[INFO] [stderr]    Compiling memchr v2.4.1
[INFO] [stderr]    Compiling log v0.4.14
[INFO] [stderr]    Compiling bytes v1.1.0
[INFO] [stderr]    Compiling pin-project-lite v0.2.7
[INFO] [stderr]    Compiling futures-core v0.3.17
[INFO] [stderr]    Compiling futures-sink v0.3.17
[INFO] [stderr]    Compiling proc-macro-hack v0.5.19
[INFO] [stderr]    Compiling proc-macro-nested v0.1.7
[INFO] [stderr]    Compiling itoa v0.4.8
[INFO] [stderr]    Compiling futures-channel v0.3.17
[INFO] [stderr]    Compiling typenum v1.14.0
[INFO] [stderr]    Compiling futures-task v0.3.17
[INFO] [stderr]    Compiling version_check v0.9.3
[INFO] [stderr]    Compiling pkg-config v0.3.19
[INFO] [stderr]    Compiling fnv v1.0.7
[INFO] [stderr]    Compiling cc v1.0.70
[INFO] [stderr]    Compiling slab v0.4.4
[INFO] [stderr]    Compiling tokio v1.12.0
[INFO] [stderr]    Compiling futures-macro v0.3.17
[INFO] [stderr]    Compiling futures-util v0.3.17
[INFO] [stderr]    Compiling http v0.2.5
[INFO] [stderr]    Compiling generic-array v0.14.4
[INFO] [stderr]    Compiling pin-utils v0.1.0
[INFO] [stderr]    Compiling futures-io v0.3.17
[INFO] [stderr]    Compiling tinyvec_macros v0.1.0
[INFO] [stderr]    Compiling httparse v1.5.1
[INFO] [stderr]    Compiling semver v1.0.4
[INFO] [stderr]    Compiling matches v0.1.9
[INFO] [stderr]    Compiling tinyvec v1.3.1
[INFO] [stderr]    Compiling opaque-debug v0.3.0
[INFO] [stderr]    Compiling cpufeatures v0.2.1
[INFO] [stderr]    Compiling lazy_static v1.4.0
[INFO] [stderr]    Compiling openssl v0.10.36
[INFO] [stderr]    Compiling percent-encoding v2.1.0
[INFO] [stderr]    Compiling foreign-types-shared v0.1.1
[INFO] [stderr]    Compiling unicode-bidi v0.3.6
[INFO] [stderr]    Compiling quote v1.0.9
[INFO] [stderr]    Compiling tracing-core v0.1.20
[INFO] [stderr]    Compiling foreign-types v0.3.2
[INFO] [stderr]    Compiling mio v0.7.13
[INFO] [stderr]    Compiling num_cpus v1.13.0
[INFO] [stderr]    Compiling getrandom v0.2.3
[INFO] [stderr]    Compiling form_urlencoded v1.0.1
[INFO] [stderr]    Compiling base64 v0.13.0
[INFO] [stderr]    Compiling rand_core v0.6.3
[INFO] [stderr]    Compiling try-lock v0.2.3
[INFO] [stderr]    Compiling once_cell v1.8.0
[INFO] [stderr]    Compiling ppv-lite86 v0.2.10
[INFO] [stderr]    Compiling native-tls v0.2.8
[INFO] [stderr]    Compiling openssl-sys v0.9.67
[INFO] [stderr]    Compiling want v0.3.0
[INFO] [stderr]    Compiling rustc_version v0.4.0
[INFO] [stderr]    Compiling tracing v0.1.28
[INFO] [stderr]    Compiling socket2 v0.4.2
[INFO] [stderr]    Compiling tower-service v0.3.1
[INFO] [stderr]    Compiling openssl-probe v0.1.4
[INFO] [stderr]    Compiling httpdate v1.0.1
[INFO] [stderr]    Compiling utf-8 v0.7.6
[INFO] [stderr]    Compiling async-trait v0.1.51
[INFO] [stderr]    Compiling unicode-normalization v0.1.19
[INFO] [stderr]    Compiling byteorder v1.4.3
[INFO] [stderr]    Compiling atty v0.2.14
[INFO] [stderr]    Compiling rand_chacha v0.3.1
[INFO] [stderr]    Compiling block-buffer v0.9.0
[INFO] [stderr]    Compiling digest v0.9.0
[INFO] [stderr]    Compiling time v0.1.43
[INFO] [stderr]    Compiling aho-corasick v0.7.18
[INFO] [stderr]    Compiling mime v0.3.16
[INFO] [stderr]    Compiling assert2-macros v0.3.6
[INFO] [stderr]    Compiling regex-syntax v0.6.25
[INFO] [stderr]    Compiling yansi v0.5.0
[INFO] [stderr]    Compiling sha-1 v0.9.8
[INFO] [stderr]    Compiling dtoa v0.4.8
[INFO] [stderr]    Compiling rand v0.8.4
[INFO] [stderr]    Compiling termcolor v1.1.2
[INFO] [stderr]    Compiling humantime v2.1.0
[INFO] [stderr]    Compiling sha1 v0.6.0
[INFO] [stderr]    Compiling dotenv v0.15.0
[INFO] [stderr]    Compiling http-body v0.4.3
[INFO] [stderr]    Compiling headers-core v0.2.0
[INFO] [stderr]    Compiling headers v0.3.4
[INFO] [stderr]    Compiling idna v0.2.3
[INFO] [stderr]    Compiling regex v1.5.4
[INFO] [stderr]    Compiling url v2.2.2
[INFO] [stderr]    Compiling env_logger v0.9.0
[INFO] [stderr]    Compiling tokio-macros v1.3.0
[INFO] [stderr]    Compiling thiserror-impl v1.0.29
[INFO] [stderr]    Compiling pin-project-internal v1.0.8
[INFO] [stderr]    Compiling assert2 v0.3.6
[INFO] [stderr]    Compiling pin-project v1.0.8
[INFO] [stderr]    Compiling thiserror v1.0.29
[INFO] [stderr]    Compiling tungstenite v0.14.0
[INFO] [stderr]    Compiling futures-executor v0.3.17
[INFO] [stderr]    Compiling futures v0.3.17
[INFO] [stderr]    Compiling tokio-util v0.6.7
[INFO] [stderr]    Compiling tokio-native-tls v0.3.0
[INFO] [stderr]    Compiling tokio-tungstenite v0.15.0
[INFO] [stderr]    Compiling tokio-stream v0.1.7
[INFO] [stderr]    Compiling combine v4.6.1
[INFO] [stderr]    Compiling hyper v0.14.13
[INFO] [stderr]    Compiling hyper-tls v0.5.0
[INFO] [stderr]    Compiling hyper-tungstenite v0.4.0
[INFO] [stderr]    Compiling hyper-proxy v0.9.1
[INFO] [stderr]    Compiling redis v0.21.1
[INFO] [stderr]    Compiling proxus v0.1.0 (/opt/rustwide/workdir)
[INFO] [stdout] warning: unused import: `Error`
[INFO] [stdout]  --> src/main.rs:8:27
[INFO] [stdout]   |
[INFO] [stdout] 8 | use hyper::{Body, Client, Error, Method, Request, Response, Uri};
[INFO] [stdout]   |                           ^^^^^
[INFO] [stdout]   |
[INFO] [stdout]   = note: `#[warn(unused_imports)]` on by default
[INFO] [stdout] 
[INFO] [stdout] 
[INFO] [stdout] warning: unused import: `TcpSocket`
[INFO] [stdout]   --> src/main.rs:11:18
[INFO] [stdout]    |
[INFO] [stdout] 11 | use tokio::net::{TcpSocket, TcpStream};
[INFO] [stdout]    |                  ^^^^^^^^^
[INFO] [stdout] 
[INFO] [stdout] 
[INFO] [stdout] warning: unused imports: `Receiver`, `Sender`
[INFO] [stdout]   --> src/main.rs:12:28
[INFO] [stdout]    |
[INFO] [stdout] 12 | use tokio::sync::oneshot::{Receiver, Sender};
[INFO] [stdout]    |                            ^^^^^^^^  ^^^^^^
[INFO] [stdout] 
[INFO] [stdout] 
[INFO] [stdout] error[E0277]: the trait bound `RequestError: std::error::Error` is not satisfied
[INFO] [stdout]    --> src/main.rs:88:53
[INFO] [stdout]     |
[INFO] [stdout] 88  |     let http_server = server.http1_only(true).serve(service);
[INFO] [stdout]     |                                               ----- ^^^^^^^ the trait `std::error::Error` is not implemented for `RequestError`
[INFO] [stdout]     |                                               |
[INFO] [stdout]     |                                               required by a bound introduced by this call
[INFO] [stdout]     |
[INFO] [stdout]     = note: required for `Box<(dyn std::error::Error + std::marker::Send + Sync + 'static)>` to implement `From<RequestError>`
[INFO] [stdout]     = note: required for `RequestError` to implement `Into<Box<(dyn std::error::Error + std::marker::Send + Sync + 'static)>>`
[INFO] [stdout] note: required by a bound in `hyper::server::Builder::<I, E>::serve`
[INFO] [stdout]    --> /opt/rustwide/cargo-home/registry/src/index.crates.io-6f17d22bba15001f/hyper-0.14.13/src/server/server.rs:452:19
[INFO] [stdout]     |
[INFO] [stdout] 452 |         S::Error: Into<Box<dyn StdError + Send + Sync>>,
[INFO] [stdout]     |                   ^^^^^^^^^^^^^^^^^^^^^^^^^^^^^^^^^^^^^ required by this bound in `Builder::<I, E>::serve`
[INFO] [stdout] 
[INFO] [stdout] 
[INFO] [stdout] error[E0277]: the trait bound `hyper::common::exec::Exec: hyper::common::exec::ConnStreamExec<[async block@src/main.rs:83:17: 83:79], Body>` is not satisfied
[INFO] [stdout]   --> src/main.rs:93:19
[INFO] [stdout]    |
[INFO] [stdout] 93 |     let _ = join!(http_server, discovery);
[INFO] [stdout]    |             ------^^^^^^^^^^^------------
[INFO] [stdout]    |             |     |
[INFO] [stdout]    |             |     the trait `hyper::common::exec::ConnStreamExec<[async block@src/main.rs:83:17: 83:79], Body>` is not implemented for `hyper::common::exec::Exec`
[INFO] [stdout]    |             required by a bound introduced by this call
[INFO] [stdout]    |
[INFO] [stdout]    = help: the trait `hyper::common::exec::ConnStreamExec<F, B>` is implemented for `hyper::common::exec::Exec`
[INFO] [stdout]    = note: required for `NewSvcTask<AddrStream, [async block@src/main.rs:80:9: 86:10], ServiceFn<..., ...>, ..., ...>` to implement `futures::Future`
[INFO] [stdout]    = note: the full type name has been written to '/opt/rustwide/target/debug/deps/proxus-372c7a0ddf35fb45.long-type-9832167711812877828.txt'
[INFO] [stdout]    = note: required for `hyper::common::exec::Exec` to implement `hyper::common::exec::NewSvcExec<AddrStream, [async block@src/main.rs:80:9: 86:10], hyper::service::util::ServiceFn<[closure@src/main.rs:81:47: 81:57], Body>, hyper::common::exec::Exec, hyper::server::conn::spawn_all::NoopWatcher>`
[INFO] [stdout]    = note: 1 redundant requirement hidden
[INFO] [stdout]    = note: required for `hyper::Server<AddrIncoming, hyper::service::make::MakeServiceFn<[closure@src/main.rs:78:35: 78:43]>>` to implement `futures::Future`
[INFO] [stdout] note: required by a bound in `tokio::future::maybe_done::maybe_done`
[INFO] [stdout]   --> /opt/rustwide/cargo-home/registry/src/index.crates.io-6f17d22bba15001f/tokio-1.12.0/src/future/maybe_done.rs:24:24
[INFO] [stdout]    |
[INFO] [stdout] 24 | pub fn maybe_done<Fut: Future>(future: Fut) -> MaybeDone<Fut> {
[INFO] [stdout]    |                        ^^^^^^ required by this bound in `maybe_done`
[INFO] [stdout] 
[INFO] [stdout] 
[INFO] [stdout] error[E0277]: the trait bound `RequestError: std::error::Error` is not satisfied
[INFO] [stdout]   --> src/main.rs:88:47
[INFO] [stdout]    |
[INFO] [stdout] 88 |     let http_server = server.http1_only(true).serve(service);
[INFO] [stdout]    |                                               ^^^^^ the trait `std::error::Error` is not implemented for `RequestError`
[INFO] [stdout]    |
[INFO] [stdout]    = note: required for `Box<(dyn std::error::Error + std::marker::Send + Sync + 'static)>` to implement `From<RequestError>`
[INFO] [stdout]    = note: required for `RequestError` to implement `Into<Box<(dyn std::error::Error + std::marker::Send + Sync + 'static)>>`
[INFO] [stdout]    = note: required for `hyper::service::util::ServiceFn<[closure@src/main.rs:81:47: 81:57], Body>` to implement `Service<Request<Body>>`
[INFO] [stdout]    = note: required for `hyper::service::util::ServiceFn<[closure@src/main.rs:81:47: 81:57], Body>` to implement `hyper::service::http::HttpService<Body>`
[INFO] [stdout] 
[INFO] [stdout] 
[INFO] [stdout] error[E0277]: the trait bound `RequestError: std::error::Error` is not satisfied
[INFO] [stdout]   --> src/main.rs:93:19
[INFO] [stdout]    |
[INFO] [stdout] 93 |     let _ = join!(http_server, discovery);
[INFO] [stdout]    |             ------^^^^^^^^^^^------------
[INFO] [stdout]    |             |     |
[INFO] [stdout]    |             |     the trait `std::error::Error` is not implemented for `RequestError`
[INFO] [stdout]    |             required by a bound introduced by this call
[INFO] [stdout]    |
[INFO] [stdout]    = note: required for `Box<(dyn std::error::Error + std::marker::Send + Sync + 'static)>` to implement `From<RequestError>`
[INFO] [stdout]    = note: required for `RequestError` to implement `Into<Box<(dyn std::error::Error + std::marker::Send + Sync + 'static)>>`
[INFO] [stdout]    = note: required for `hyper::service::make::MakeServiceFn<[closure@src/main.rs:78:35: 78:43]>` to implement `hyper::service::make::MakeServiceRef<AddrStream, Body>`
[INFO] [stdout]    = note: required for `hyper::Server<AddrIncoming, hyper::service::make::MakeServiceFn<[closure@src/main.rs:78:35: 78:43]>>` to implement `futures::Future`
[INFO] [stdout] note: required by a bound in `tokio::future::maybe_done::maybe_done`
[INFO] [stdout]   --> /opt/rustwide/cargo-home/registry/src/index.crates.io-6f17d22bba15001f/tokio-1.12.0/src/future/maybe_done.rs:24:24
[INFO] [stdout]    |
[INFO] [stdout] 24 | pub fn maybe_done<Fut: Future>(future: Fut) -> MaybeDone<Fut> {
[INFO] [stdout]    |                        ^^^^^^ required by this bound in `maybe_done`
[INFO] [stdout] 
[INFO] [stdout] 
[INFO] [stdout] error[E0277]: the trait bound `hyper::common::exec::Exec: hyper::common::exec::ConnStreamExec<[async block@src/main.rs:83:17: 83:79], Body>` is not satisfied
[INFO] [stdout]   --> src/main.rs:93:13
[INFO] [stdout]    |
[INFO] [stdout] 93 |     let _ = join!(http_server, discovery);
[INFO] [stdout]    |             ^^^^^^^^^^^^^^^^^^^^^^^^^^^^^ the trait `hyper::common::exec::ConnStreamExec<[async block@src/main.rs:83:17: 83:79], Body>` is not implemented for `hyper::common::exec::Exec`
[INFO] [stdout]    |
[INFO] [stdout]    = help: the trait `hyper::common::exec::ConnStreamExec<F, B>` is implemented for `hyper::common::exec::Exec`
[INFO] [stdout]    = note: required for `NewSvcTask<AddrStream, [async block@src/main.rs:80:9: 86:10], ServiceFn<..., ...>, ..., ...>` to implement `futures::Future`
[INFO] [stdout]    = note: the full type name has been written to '/opt/rustwide/target/debug/deps/proxus-372c7a0ddf35fb45.long-type-9832167711812877828.txt'
[INFO] [stdout]    = note: required for `hyper::common::exec::Exec` to implement `hyper::common::exec::NewSvcExec<AddrStream, [async block@src/main.rs:80:9: 86:10], hyper::service::util::ServiceFn<[closure@src/main.rs:81:47: 81:57], Body>, hyper::common::exec::Exec, hyper::server::conn::spawn_all::NoopWatcher>`
[INFO] [stdout]    = note: 1 redundant requirement hidden
[INFO] [stdout]    = note: required for `hyper::Server<AddrIncoming, hyper::service::make::MakeServiceFn<[closure@src/main.rs:78:35: 78:43]>>` to implement `futures::Future`
[INFO] [stdout] note: required by a bound in `tokio::future::maybe_done::MaybeDone`
[INFO] [stdout]   --> /opt/rustwide/cargo-home/registry/src/index.crates.io-6f17d22bba15001f/tokio-1.12.0/src/future/maybe_done.rs:10:25
[INFO] [stdout]    |
[INFO] [stdout] 10 | pub enum MaybeDone<Fut: Future> {
[INFO] [stdout]    |                         ^^^^^^ required by this bound in `MaybeDone`
[INFO] [stdout]    = note: this error originates in the macro `$crate::join` which comes from the expansion of the macro `join` (in Nightly builds, run with -Z macro-backtrace for more info)
[INFO] [stdout] 
[INFO] [stdout] 
[INFO] [stdout] error[E0277]: the trait bound `hyper::common::exec::Exec: hyper::common::exec::ConnStreamExec<[async block@src/main.rs:83:17: 83:79], Body>` is not satisfied
[INFO] [stdout]   --> src/main.rs:93:13
[INFO] [stdout]    |
[INFO] [stdout] 93 |     let _ = join!(http_server, discovery);
[INFO] [stdout]    |             ^^^^^^^^^^^^^^^^^^^^^^^^^^^^^ the trait `hyper::common::exec::ConnStreamExec<[async block@src/main.rs:83:17: 83:79], Body>` is not implemented for `hyper::common::exec::Exec`
[INFO] [stdout]    |
[INFO] [stdout]    = help: the trait `hyper::common::exec::ConnStreamExec<F, B>` is implemented for `hyper::common::exec::Exec`
[INFO] [stdout]    = note: required for `NewSvcTask<AddrStream, [async block@src/main.rs:80:9: 86:10], ServiceFn<..., ...>, ..., ...>` to implement `futures::Future`
[INFO] [stdout]    = note: the full type name has been written to '/opt/rustwide/target/debug/deps/proxus-372c7a0ddf35fb45.long-type-9832167711812877828.txt'
[INFO] [stdout]    = note: required for `hyper::common::exec::Exec` to implement `hyper::common::exec::NewSvcExec<AddrStream, [async block@src/main.rs:80:9: 86:10], hyper::service::util::ServiceFn<[closure@src/main.rs:81:47: 81:57], Body>, hyper::common::exec::Exec, hyper::server::conn::spawn_all::NoopWatcher>`
[INFO] [stdout]    = note: 1 redundant requirement hidden
[INFO] [stdout]    = note: required for `hyper::Server<AddrIncoming, hyper::service::make::MakeServiceFn<[closure@src/main.rs:78:35: 78:43]>>` to implement `futures::Future`
[INFO] [stdout] note: required by a bound in `tokio::future::maybe_done::MaybeDone`
[INFO] [stdout]   --> /opt/rustwide/cargo-home/registry/src/index.crates.io-6f17d22bba15001f/tokio-1.12.0/src/future/maybe_done.rs:10:25
[INFO] [stdout]    |
[INFO] [stdout] 10 | pub enum MaybeDone<Fut: Future> {
[INFO] [stdout]    |                         ^^^^^^ required by this bound in `MaybeDone`
[INFO] [stdout]    = note: this error originates in the macro `$crate::join` which comes from the expansion of the macro `join` (in Nightly builds, run with -Z macro-backtrace for more info)
[INFO] [stdout] 
[INFO] [stdout] 
[INFO] [stdout] error[E0277]: the trait bound `hyper::common::exec::Exec: hyper::common::exec::ConnStreamExec<[async block@src/main.rs:83:17: 83:79], Body>` is not satisfied
[INFO] [stdout]   --> src/main.rs:93:13
[INFO] [stdout]    |
[INFO] [stdout] 93 |     let _ = join!(http_server, discovery);
[INFO] [stdout]    |             ^^^^^^^^^^^^^^^^^^^^^^^^^^^^^ the trait `hyper::common::exec::ConnStreamExec<[async block@src/main.rs:83:17: 83:79], Body>` is not implemented for `hyper::common::exec::Exec`
[INFO] [stdout]    |
[INFO] [stdout]    = help: the trait `hyper::common::exec::ConnStreamExec<F, B>` is implemented for `hyper::common::exec::Exec`
[INFO] [stdout]    = note: required for `NewSvcTask<AddrStream, [async block@src/main.rs:80:9: 86:10], ServiceFn<..., ...>, ..., ...>` to implement `futures::Future`
[INFO] [stdout]    = note: the full type name has been written to '/opt/rustwide/target/debug/deps/proxus-372c7a0ddf35fb45.long-type-9832167711812877828.txt'
[INFO] [stdout]    = note: required for `hyper::common::exec::Exec` to implement `hyper::common::exec::NewSvcExec<AddrStream, [async block@src/main.rs:80:9: 86:10], hyper::service::util::ServiceFn<[closure@src/main.rs:81:47: 81:57], Body>, hyper::common::exec::Exec, hyper::server::conn::spawn_all::NoopWatcher>`
[INFO] [stdout]    = note: 1 redundant requirement hidden
[INFO] [stdout]    = note: required for `hyper::Server<AddrIncoming, hyper::service::make::MakeServiceFn<[closure@src/main.rs:78:35: 78:43]>>` to implement `futures::Future`
[INFO] [stdout] note: required by a bound in `tokio::future::maybe_done::MaybeDone`
[INFO] [stdout]   --> /opt/rustwide/cargo-home/registry/src/index.crates.io-6f17d22bba15001f/tokio-1.12.0/src/future/maybe_done.rs:10:25
[INFO] [stdout]    |
[INFO] [stdout] 10 | pub enum MaybeDone<Fut: Future> {
[INFO] [stdout]    |                         ^^^^^^ required by this bound in `MaybeDone`
[INFO] [stdout]    = note: this error originates in the macro `$crate::join` which comes from the expansion of the macro `join` (in Nightly builds, run with -Z macro-backtrace for more info)
[INFO] [stdout] 
[INFO] [stdout] 
[INFO] [stdout] error[E0599]: the method `poll` exists for struct `Pin<&mut MaybeDone<Server<AddrIncoming, MakeServiceFn<[closure@main.rs:78:35]>>>>`, but its trait bounds were not satisfied
[INFO] [stdout]   --> src/main.rs:93:13
[INFO] [stdout]    |
[INFO] [stdout] 93 |       let _ = join!(http_server, discovery);
[INFO] [stdout]    |               ^^^^^^^^^^^^^^^^^^^^^^^^^^^^^ method cannot be called due to unsatisfied trait bounds
[INFO] [stdout]    |
[INFO] [stdout]   ::: /opt/rustwide/cargo-home/registry/src/index.crates.io-6f17d22bba15001f/tokio-1.12.0/src/future/maybe_done.rs:10:1
[INFO] [stdout]    |
[INFO] [stdout] 10 |   pub enum MaybeDone<Fut: Future> {
[INFO] [stdout]    |   ------------------------------- doesn't satisfy `_: Future`
[INFO] [stdout]    |
[INFO] [stdout]   ::: /opt/rustwide/cargo-home/registry/src/index.crates.io-6f17d22bba15001f/hyper-0.14.13/src/server/server.rs:31:1
[INFO] [stdout]    |
[INFO] [stdout] 31 | / pin_project! {
[INFO] [stdout] 32 | |     /// A listening HTTP server that accepts connections in both HTTP1 and HTTP2 by default.
[INFO] [stdout] 33 | |     ///
[INFO] [stdout] 34 | |     /// `Server` is a `Future` mapping a bound listener with a set of service
[INFO] [stdout] ...  |
[INFO] [stdout] 41 | |     }
[INFO] [stdout] 42 | | }
[INFO] [stdout]    | |_- doesn't satisfy `_: Future`
[INFO] [stdout]    |
[INFO] [stdout]    = note: the full type name has been written to '/opt/rustwide/target/debug/deps/proxus-372c7a0ddf35fb45.long-type-279354938547422265.txt'
[INFO] [stdout]    = note: the following trait bounds were not satisfied:
[INFO] [stdout]            `hyper::Server<AddrIncoming, hyper::service::make::MakeServiceFn<[closure@src/main.rs:78:35: 78:43]>>: futures::Future`
[INFO] [stdout]            which is required by `tokio::future::maybe_done::MaybeDone<hyper::Server<AddrIncoming, hyper::service::make::MakeServiceFn<[closure@src/main.rs:78:35: 78:43]>>>: futures::Future`
[INFO] [stdout]    = note: this error originates in the macro `$crate::join` which comes from the expansion of the macro `join` (in Nightly builds, run with -Z macro-backtrace for more info)
[INFO] [stdout] 
[INFO] [stdout] 
[INFO] [stdout] error[E0277]: the trait bound `hyper::common::exec::Exec: hyper::common::exec::ConnStreamExec<[async block@src/main.rs:83:17: 83:79], Body>` is not satisfied
[INFO] [stdout]   --> src/main.rs:93:13
[INFO] [stdout]    |
[INFO] [stdout] 93 |     let _ = join!(http_server, discovery);
[INFO] [stdout]    |             ^^^^^^^^^^^^^^^^^^^^^^^^^^^^^ the trait `hyper::common::exec::ConnStreamExec<[async block@src/main.rs:83:17: 83:79], Body>` is not implemented for `hyper::common::exec::Exec`
[INFO] [stdout]    |
[INFO] [stdout]    = help: the trait `hyper::common::exec::ConnStreamExec<F, B>` is implemented for `hyper::common::exec::Exec`
[INFO] [stdout]    = note: required for `NewSvcTask<AddrStream, [async block@src/main.rs:80:9: 86:10], ServiceFn<..., ...>, ..., ...>` to implement `futures::Future`
[INFO] [stdout]    = note: the full type name has been written to '/opt/rustwide/target/debug/deps/proxus-372c7a0ddf35fb45.long-type-9832167711812877828.txt'
[INFO] [stdout]    = note: required for `hyper::common::exec::Exec` to implement `hyper::common::exec::NewSvcExec<AddrStream, [async block@src/main.rs:80:9: 86:10], hyper::service::util::ServiceFn<[closure@src/main.rs:81:47: 81:57], Body>, hyper::common::exec::Exec, hyper::server::conn::spawn_all::NoopWatcher>`
[INFO] [stdout]    = note: 1 redundant requirement hidden
[INFO] [stdout]    = note: required for `hyper::Server<AddrIncoming, hyper::service::make::MakeServiceFn<[closure@src/main.rs:78:35: 78:43]>>` to implement `futures::Future`
[INFO] [stdout] note: required by a bound in `tokio::future::maybe_done::MaybeDone`
[INFO] [stdout]   --> /opt/rustwide/cargo-home/registry/src/index.crates.io-6f17d22bba15001f/tokio-1.12.0/src/future/maybe_done.rs:10:25
[INFO] [stdout]    |
[INFO] [stdout] 10 | pub enum MaybeDone<Fut: Future> {
[INFO] [stdout]    |                         ^^^^^^ required by this bound in `MaybeDone`
[INFO] [stdout]    = note: this error originates in the macro `$crate::join` which comes from the expansion of the macro `join` (in Nightly builds, run with -Z macro-backtrace for more info)
[INFO] [stdout] 
[INFO] [stdout] 
[INFO] [stdout] error[E0277]: the trait bound `hyper::common::exec::Exec: hyper::common::exec::ConnStreamExec<[async block@src/main.rs:83:17: 83:79], Body>` is not satisfied
[INFO] [stdout]   --> src/main.rs:93:13
[INFO] [stdout]    |
[INFO] [stdout] 93 |     let _ = join!(http_server, discovery);
[INFO] [stdout]    |             ^^^^^^^^^^^^^^^^^^^^^^^^^^^^^ the trait `hyper::common::exec::ConnStreamExec<[async block@src/main.rs:83:17: 83:79], Body>` is not implemented for `hyper::common::exec::Exec`
[INFO] [stdout]    |
[INFO] [stdout]    = help: the trait `hyper::common::exec::ConnStreamExec<F, B>` is implemented for `hyper::common::exec::Exec`
[INFO] [stdout]    = note: required for `NewSvcTask<AddrStream, [async block@src/main.rs:80:9: 86:10], ServiceFn<..., ...>, ..., ...>` to implement `futures::Future`
[INFO] [stdout]    = note: the full type name has been written to '/opt/rustwide/target/debug/deps/proxus-372c7a0ddf35fb45.long-type-9832167711812877828.txt'
[INFO] [stdout]    = note: required for `hyper::common::exec::Exec` to implement `hyper::common::exec::NewSvcExec<AddrStream, [async block@src/main.rs:80:9: 86:10], hyper::service::util::ServiceFn<[closure@src/main.rs:81:47: 81:57], Body>, hyper::common::exec::Exec, hyper::server::conn::spawn_all::NoopWatcher>`
[INFO] [stdout]    = note: 1 redundant requirement hidden
[INFO] [stdout]    = note: required for `hyper::Server<AddrIncoming, hyper::service::make::MakeServiceFn<[closure@src/main.rs:78:35: 78:43]>>` to implement `futures::Future`
[INFO] [stdout] note: required by a bound in `tokio::future::maybe_done::MaybeDone`
[INFO] [stdout]   --> /opt/rustwide/cargo-home/registry/src/index.crates.io-6f17d22bba15001f/tokio-1.12.0/src/future/maybe_done.rs:10:25
[INFO] [stdout]    |
[INFO] [stdout] 10 | pub enum MaybeDone<Fut: Future> {
[INFO] [stdout]    |                         ^^^^^^ required by this bound in `MaybeDone`
[INFO] [stdout]    = note: this error originates in the macro `$crate::join` which comes from the expansion of the macro `join` (in Nightly builds, run with -Z macro-backtrace for more info)
[INFO] [stdout] 
[INFO] [stdout] 
[INFO] [stdout] error[E0599]: the method `take_output` exists for struct `Pin<&mut MaybeDone<Server<AddrIncoming, MakeServiceFn<[closure@main.rs:78:35]>>>>`, but its trait bounds were not satisfied
[INFO] [stdout]    --> src/main.rs:93:13
[INFO] [stdout]     |
[INFO] [stdout] 93  |       let _ = join!(http_server, discovery);
[INFO] [stdout]     |               ^^^^^^^^^^^^^^^^^^^^^^^^^^^^^ method cannot be called due to unsatisfied trait bounds
[INFO] [stdout]     |
[INFO] [stdout]    ::: /opt/rustwide/cargo-home/registry/src/index.crates.io-6f17d22bba15001f/hyper-0.14.13/src/service/make.rs:148:1
[INFO] [stdout]     |
[INFO] [stdout] 148 |   pub struct MakeServiceFn<F> {
[INFO] [stdout]     |   ---------------------------
[INFO] [stdout]     |   |
[INFO] [stdout]     |   doesn't satisfy `<_ as MakeServiceRef<_, Body>>::ResBody = _`
[INFO] [stdout]     |   doesn't satisfy `_: MakeServiceRef<_, Body>`
[INFO] [stdout]     |   doesn't satisfy `_: Sealed<(_, Body)>`
[INFO] [stdout]     |
[INFO] [stdout]    ::: /opt/rustwide/cargo-home/registry/src/index.crates.io-6f17d22bba15001f/hyper-0.14.13/src/server/server.rs:31:1
[INFO] [stdout]     |
[INFO] [stdout] 31  | / pin_project! {
[INFO] [stdout] 32  | |     /// A listening HTTP server that accepts connections in both HTTP1 and HTTP2 by default.
[INFO] [stdout] 33  | |     ///
[INFO] [stdout] 34  | |     /// `Server` is a `Future` mapping a bound listener with a set of service
[INFO] [stdout] ...   |
[INFO] [stdout] 41  | |     }
[INFO] [stdout] 42  | | }
[INFO] [stdout]     | |_- doesn't satisfy `_: Future`
[INFO] [stdout]     |
[INFO] [stdout]     = note: the full type name has been written to '/opt/rustwide/target/debug/deps/proxus-372c7a0ddf35fb45.long-type-17245879966985598718.txt'
[INFO] [stdout]     = note: the following trait bounds were not satisfied:
[INFO] [stdout]             `hyper::Server<AddrIncoming, hyper::service::make::MakeServiceFn<[closure@src/main.rs:78:35: 78:43]>>: futures::Future`
[INFO] [stdout]             `<hyper::service::make::MakeServiceFn<[closure@src/main.rs:78:35: 78:43]> as hyper::service::make::MakeServiceRef<_, Body>>::ResBody = _`
[INFO] [stdout]             `hyper::service::make::MakeServiceFn<[closure@src/main.rs:78:35: 78:43]>: hyper::service::make::MakeServiceRef<_, Body>`
[INFO] [stdout]             `hyper::service::make::MakeServiceFn<[closure@src/main.rs:78:35: 78:43]>: hyper::service::make::sealed::Sealed<(_, Body)>`
[INFO] [stdout]             which is required by `hyper::service::make::MakeServiceFn<[closure@src/main.rs:78:35: 78:43]>: hyper::service::make::MakeServiceRef<_, Body>`
[INFO] [stdout]     = note: this error originates in the macro `$crate::join` which comes from the expansion of the macro `join` (in Nightly builds, run with -Z macro-backtrace for more info)
[INFO] [stdout] 
[INFO] [stdout] 
[INFO] [stdout] error: aborting due to 11 previous errors; 3 warnings emitted
[INFO] [stdout] 
[INFO] [stdout] 
[INFO] [stdout] Some errors have detailed explanations: E0277, E0599.
[INFO] [stdout] 
[INFO] [stdout] For more information about an error, try `rustc --explain E0277`.
[INFO] [stdout] 
[INFO] [stderr] error: could not compile `proxus` (bin "proxus") due to 12 previous errors; 3 warnings emitted
[INFO] running `Command { std: "docker" "inspect" "9d710a871acfb2e0e145b2d20645ecd582a81d363bb3462ae61f7ae372656d8c", kill_on_drop: false }`
[INFO] running `Command { std: "docker" "rm" "-f" "9d710a871acfb2e0e145b2d20645ecd582a81d363bb3462ae61f7ae372656d8c", kill_on_drop: false }`
[INFO] [stdout] 9d710a871acfb2e0e145b2d20645ecd582a81d363bb3462ae61f7ae372656d8c
